89.149.249.188 - - [31/May/2009:23:51:38 +0100] "HEAD / HTTP/1.1" 200 - "http://freie-spiele.parkhotel-silverio.at" "Mozilla/4.0 (compatible; MSIE 6.0; Windows NT 5.1; Neostrada TP 6.1)" 191 302
89.149.249.189 - - [31/May/2009:23:51:38 +0100] "HEAD / HTTP/1.1" 200 - "http://freie-spiele.parkhotel-silverio.at" "Mozilla/4.0 (compatible; MSIE 6.0; Windows NT 5.1; cw-mep2000-retail)" 192 302
89.149.212.93 - - [31/May/2009:23:51:38 +0100] "HEAD / HTTP/1.1" 200 - "http://freie-spiele.parkhotel-silverio.at" "Mozilla/4.0 (compatible; MSIE 6.0; Windows NT 5.1; SV1; .NET CLR 1.1.4322)" 197 302
89.149.207.78 - - [31/May/2009:23:51:38 +0100] "HEAD / HTTP/1.1" 200 - "http://freie-spiele.parkhotel-silverio.at" "Mozilla/4.0 (compatible; MSIE 6.0; Windows NT 5.1)" 173 302
89.149.249.182 - - [31/May/2009:23:51:38 +0100] "HEAD / HTTP/1.1" 200 - "http://freie-spiele.parkhotel-silverio.at" "Mozilla/4.0 (compatible; MSIE 6.0; Windows NT 5.1; SV1; Hotbar4.5.3.0)" 193 302
89.149.212.94 - - [31/May/2009:23:51:38 +0100] "HEAD / HTTP/1.1" 200 - "http://freie-spiele.parkhotel-silverio.at" "Mozilla/5.0 (compatible; Konqueror/3.2; Linux 2.4.27; X11) (KHTML, like Gecko)" 201 302
89.149.234.43 - - [31/May/2009:23:51:38 +0100] "HEAD / HTTP/1.1" 200 - "http://freie-spiele.parkhotel-silverio.at" "Mozilla/5.0 (Windows; U; Windows NT 5.1; en-US; rv:1.4) Gecko/20030624 Netscape/7.1 (ax)" 211 302
89.149.207.78 - - [31/May/2009:23:51:38 +0100] "HEAD / HTTP/1.1" 200 - "http://freie-spiele.parkhotel-silverio.at" "Mozilla/4.0 (compatible; MSIE 6.0; Windows 98; Win 9x 4.90)" 182 302
89.149.249.185 - - [31/May/2009:23:51:38 +0100] "HEAD / HTTP/1.1" 200 - "http://freie-spiele.parkhotel-silverio.at" "Mozilla/4.0 (compatible; MSIE 5.01; Windows 98)" 170 302
89.149.249.184 - - [31/May/2009:23:51:38 +0100] "HEAD / HTTP/1.1" 200 - "http://freie-spiele.parkhotel-silverio.at" "Mozilla/4.0 (compatible; MSIE 6.0; Windows NT 5.1; SV1; Neostrada TP 6.1)" 196 302
89.149.234.42 - - [31/May/2009:23:51:38 +0100] "HEAD / HTTP/1.1" 200 - "http://freie-spiele.parkhotel-silverio.at" "msnbot/0.3 (+http://search.msn.com/msnbot.htm)" 169 302
124.115.0.22 - - [01/Jun/2009:01:36:25 +0100] "HEAD / HTTP/1.1" 200 - "http://www.decodeine.com/" "Sosospider+(+http://help.soso.com/webspider.htm)" 244 359
58.61.164.140 - - [01/Jun/2009:02:12:34 +0100] "GET / HTTP/1.1" 200 1266 "http://www.decodeine.com/" "Mozilla/4.0 (compatible; MSIE 6.0; Windows NT 5.1)" 245 1625
58.61.164.40 - - [01/Jun/2009:02:26:16 +0100] "GET / HTTP/1.1" 200 1266 "http://www.decodeine.com/" "Mozilla/4.0 (compatible; MSIE 6.0; Windows NT 5.1)" 245 1625
58.61.164.39 - - [01/Jun/2009:02:42:30 +0100] "GET / HTTP/1.1" 200 1266 "http://www.decodeine.com/" "Mozilla/4.0 (compatible; MSIE 6.0; Windows NT 5.1)" 245 1625
72.94.249.34 - - [01/Jun/2009:03:07:28 +0100] "GET / HTTP/1.1" 200 1266 "-" "Mozilla/4.0 (compatible; MSIE 6.0; Windows NT 5.1; SV1; .NET CLR 1.1.4322)" 178 1587
124.115.1.8 - - [01/Jun/2009:03:20:49 +0100] "GET / HTTP/1.1" 200 1266 "http://www.decodeine.com/" "Mozilla/4.0 (compatible; MSIE 6.0; Windows NT 5.1)" 245 1625
114.80.93.71 - - [01/Jun/2009:05:03:42 +0100] "GET / HTTP/1.1" 200 1266 "http://www.decodeine.com/" "Mozilla/4.0 (compatible; MSIE 6.0; Windows NT 5.1)" 245 1625
124.207.131.170 - - [01/Jun/2009:07:11:23 +0100] "GET / HTTP/1.1" 200 1266 "http://www.decodeine.org/" "Mozilla/4.0 (compatible; MSIE 6.0; Windows NT 5.1; SV1; GTB6; CIBA; .NET CLR 2.0.50727)" 461 1625
124.207.131.170 - - [01/Jun/2009:07:11:27 +0100] "GET /indexbutton.jpg HTTP/1.1" 200 153759 "http://www.decodeine.com/" "Mozilla/4.0 (compatible; MSIE 6.0; Windows NT 5.1; SV1; GTB6; CIBA; .NET CLR 2.0.50727)" 288 154122
124.207.131.170 - - [01/Jun/2009:07:11:27 +0100] "GET /index.jpg HTTP/1.1" 200 225683 "http://www.decodeine.com/" "Mozilla/4.0 (compatible; MSIE 6.0; Windows NT 5.1; SV1; GTB6; CIBA; .NET CLR 2.0.50727)" 282 226047
124.207.131.170 - - [01/Jun/2009:07:11:38 +0100] "GET /feidad.html HTTP/1.1" 200 820 "http://www.decodeine.com/" "Mozilla/4.0 (compatible; MSIE 6.0; Windows NT 5.1; SV1; GTB6; CIBA; .NET CLR 2.0.50727)" 472 1177
124.207.131.170 - - [01/Jun/2009:07:11:39 +0100] "GET /dec4b.swf HTTP/1.1" 200 7503350 "http://www.decodeine.com/feidad.html" "Mozilla/4.0 (compatible; MSIE 6.0; Windows NT 5.1; SV1; GTB6; CIBA; .NET CLR 2.0.50727)" 322 747520
58.61.164.139 - - [01/Jun/2009:07:31:16 +0100] "GET / HTTP/1.1" 200 1266 "http://www.decodeine.com/" "Mozilla/4.0 (compatible; MSIE 6.0; Windows NT 5.1)" 245 1625
216.129.119.14 - - [01/Jun/2009:07:46:18 +0100] "GET /robots.txt HTTP/1.0" 404 357 "-" "Mozilla/5.0 (Twiceler-0.9 http://www.cuil.com/twiceler/robot.html)" 199 603
65.55.105.64 - - [01/Jun/2009:10:24:53 +0100] "GET /robots.txt HTTP/1.1" 404 357 "-" "msnbot/1.1 (+http://search.msn.com/msnbot.htm)" 208 603
65.55.105.64 - - [01/Jun/2009:10:24:53 +0100] "GET / HTTP/1.1" 304 - "-" "msnbot/1.1 (+http://search.msn.com/msnbot.htm)" 248 216
66.249.71.237 - - [01/Jun/2009:11:04:45 +0100] "GET /robots.txt HTTP/1.1" 404 357 "-" "Mozilla/5.0 (compatible; Googlebot/2.1; +http://www.google.com/bot.html)" 258 641
66.249.71.237 - - [01/Jun/2009:11:04:45 +0100] "GET /webalizer/usage_200906.html HTTP/1.1" 200 63581 "-" "Mozilla/5.0 (compatible; Googlebot/2.1; +http://www.google.com/bot.html)" 258 63942
58.61.164.141 - - [01/Jun/2009:14:46:42 +0100] "GET / HTTP/1.1" 200 1266 "http://www.decodeine.com/" "Mozilla/4.0 (compatible; MSIE 6.0; Windows NT 5.1)" 245 1625
124.115.1.7 - - [01/Jun/2009:16:48:42 +0100] "GET / HTTP/1.1" 200 1266 "http://www.decodeine.com/" "Mozilla/4.0 (compatible; MSIE 6.0; Windows NT 5.1)" 245 1625
58.61.164.140 - - [01/Jun/2009:17:56:06 +0100] "GET / HTTP/1.1" 200 1266 "http://www.decodeine.com/" "Mozilla/4.0 (compatible; MSIE 6.0; Windows NT 5.1)" 245 1625
208.80.195.56 - - [01/Jun/2009:19:44:37 +0100] "GET / HTTP/1.0" 200 1266 "-" "Mozilla/4.0 (compatible; MSIE 7.0; Windows NT 5.1; IEMB3; .NET CLR 1.1.4322; .NET CLR 2.0.50727; IEMB3; IEMB3)" 167 1587
124.115.1.8 - - [01/Jun/2009:20:27:11 +0100] "GET / HTTP/1.1" 200 1266 "http://www.decodeine.com/" "Mozilla/4.0 (compatible; MSIE 6.0; Windows NT 5.1)" 245 1625
124.115.0.22 - - [02/Jun/2009:00:48:56 +0100] "HEAD / HTTP/1.1" 200 - "http://www.decodeine.com/" "Sosospider+(+http://help.soso.com/webspider.htm)" 244 359
58.61.164.40 - - [02/Jun/2009:01:36:23 +0100] "GET / HTTP/1.1" 200 1266 "http://www.decodeine.com/" "Mozilla/4.0 (compatible; MSIE 6.0; Windows NT 5.1)" 245 1625
58.61.164.39 - - [02/Jun/2009:01:37:02 +0100] "GET / HTTP/1.1" 200 1266 "http://www.decodeine.com/" "Mozilla/4.0 (compatible; MSIE 6.0; Windows NT 5.1)" 245 1625
216.145.16.237 - - [02/Jun/2009:02:11:31 +0100] "GET / HTTP/1.1" 200 1266 "-" "Mozilla/4.0 (compatible; MSIE 7.0; Windows NT 5.2; GTB5; .NET CLR 1.1.4322)" 238 1625
216.145.16.237 - - [02/Jun/2009:02:11:31 +0100] "GET /index.jpg HTTP/1.1" 200 225683 "http://www.decodeine.com/" "Mozilla/4.0 (compatible; MSIE 7.0; Windows NT 5.2; GTB5; .NET CLR 1.1.4322)" 367 226046
64.246.165.130 - - [02/Jun/2009:02:11:31 +0100] "GET /indexbutton.jpg HTTP/1.1" 200 153759 "http://www.decodeine.com/" "Mozilla/4.0 (compatible; MSIE 7.0; Windows NT 5.2; GTB5; .NET CLR 1.1.4322)" 373 154123
66.249.71.237 - - [02/Jun/2009:02:58:48 +0100] "GET /robots.txt HTTP/1.1" 404 357 "-" "Googlebot-Image/1.0" 205 641
66.249.71.237 - - [02/Jun/2009:02:58:48 +0100] "GET /bs16.jpg HTTP/1.1" 304 - "-" "Googlebot-Image/1.0" 236 255
77.244.212.231 - - [02/Jun/2009:03:11:47 +0100] "GET /webalizer/usage_200506.html HTTP/1.0" 200 86228 "http://www.netvibes.com/carisoprodol" "Mozilla/4.0 (compatible; MSIE 5.5; Windows NT 4.0)" 234 86552
77.244.212.231 - - [02/Jun/2009:03:11:56 +0100] "GET /webalizer/usage_200506.html HTTP/1.0" 200 86228 "http://www.netvibes.com/carisoprodol" "Mozilla/4.0 (compatible; MSIE 6.0; Windows NT 5.1; SV1; FunWebProducts)" 255 35040
77.244.212.231 - - [02/Jun/2009:03:12:02 +0100] "GET /webalizer/usage_200506.html HTTP/1.0" 200 86228 "http://www.netvibes.com/carisoprodol" "Opera/9.00 (Windows NT 4.0; U; en)" 218 35040
77.244.212.231 - - [02/Jun/2009:03:12:10 +0100] "GET /webalizer/usage_200506.html HTTP/1.0" 200 86228 "http://www.netvibes.com/carisoprodol" "Mozilla/4.0 (compatible; MSIE 5.0; Windows 2000) Opera 6.0 [en]" 247 35040
77.244.212.231 - - [02/Jun/2009:03:12:20 +0100] "GET /webalizer/usage_200506.html HTTP/1.0" 200 86228 "http://www.netvibes.com/carisoprodol" "Mozilla/5.0 (Windows NT 5.1; U; en) Opera 8.00" 230 35040
77.244.212.231 - - [02/Jun/2009:03:12:25 +0100] "GET /webalizer/usage_200506.html HTTP/1.0" 200 86228 "http://www.netvibes.com/carisoprodol" "Mozilla/4.0 (compatible; MSIE 5.0; Windows NT; DigExt)" 238 35040
77.244.212.231 - - [02/Jun/2009:03:12:31 +0100] "GET /webalizer/usage_200506.html HTTP/1.0" 200 86228 "http://www.netvibes.com/carisoprodol" "Mozilla/4.0 (compatible; MSIE 6.0; Windows NT 5.2; WOW64; SV1; .NET CLR 2.0.50727)" 266 35040
74.6.17.154 - - [02/Jun/2009:04:20:53 +0100] "GET /robots.txt HTTP/1.0" 404 357 "-" "Mozilla/5.0 (compatible; Yahoo! Slurp; http://help.yahoo.com/help/us/ysearch/slurp)" 194 603
74.6.17.154 - - [02/Jun/2009:04:20:54 +0100] "GET /log/?N=D HTTP/1.0" 200 3184 "-" "Mozilla/5.0 (compatible; Yahoo! Slurp/3.0; http://help.yahoo.com/help/us/ysearch/slurp)" 373 3418
58.61.164.141 - - [02/Jun/2009:04:48:41 +0100] "GET / HTTP/1.1" 200 1266 "http://www.decodeine.com/" "Mozilla/4.0 (compatible; MSIE 6.0; Windows NT 5.1)" 245 1625
74.6.17.154 - - [02/Jun/2009:06:12:28 +0100] "GET / HTTP/1.0" 200 1266 "-" "Mozilla/5.0 (compatible; Yahoo! Slurp/3.0; http://help.yahoo.com/help/us/ysearch/slurp)" 365 1587
64.246.165.190 - - [02/Jun/2009:07:02:42 +0100] "GET /robots.txt HTTP/1.0" 404 357 "http://www.whois.sc/" "SurveyBot/2.3 (Whois Source)" 212 603
64.246.165.190 - - [02/Jun/2009:07:02:43 +0100] "GET / HTTP/1.1" 206 1266 "http://whois.domaintools.com/decodeine.com" "SurveyBot/2.3 (Whois Source)" 351 1634
124.115.1.7 - - [02/Jun/2009:07:48:57 +0100] "GET / HTTP/1.1" 200 1266 "http://www.decodeine.com/" "Mozilla/4.0 (compatible; MSIE 6.0; Windows NT 5.1)" 245 1625
216.129.119.14 - - [02/Jun/2009:07:51:27 +0100] "GET /robots.txt HTTP/1.0" 404 357 "-" "Mozilla/5.0 (Twiceler-0.9 http://www.cuil.com/twiceler/robot.html)" 199 603
58.61.164.140 - - [02/Jun/2009:08:27:07 +0100] "GET / HTTP/1.1" 200 1266 "http://www.decodeine.com/" "Mozilla/4.0 (compatible; MSIE 6.0; Windows NT 5.1)" 245 1625
88.117.93.17 - - [02/Jun/2009:09:30:06 +0100] "GET /bs03.jpg HTTP/1.1" 200 137025 "http://images.google.at/imgres?imgurl=http://www.decodeine.com/bs03.jpg&imgrefurl=http://www.decodeine.com/dec4b.swf&usg=__NbaQgliO4WhAC5cnw7H-05d17n0=&h=340&w=605&sz=134&hl=de&start=18&um=1&tbnid=KQhCjh2qaPof1M:&tbnh=76&tbnw=135&prev=/images%3Fq%3DKrasojevic%2Bpool%26hl%3Dde%26sa%3DN%26um%3D1" "Mozilla/5.0 (Windows; U; Windows NT 6.0; de; rv:1.9.0.10) Gecko/2009042316 Firefox/3.0.10 (.NET CLR 3.5.30729)" 727 137389
88.117.93.17 - - [02/Jun/2009:09:30:05 +0100] "GET /dec4b.swf HTTP/1.1" 200 7503350 "http://images.google.at/imgres?imgurl=http://www.decodeine.com/bs03.jpg&imgrefurl=http://www.decodeine.com/dec4b.swf&usg=__NbaQgliO4WhAC5cnw7H-05d17n0=&h=340&w=605&sz=134&hl=de&start=18&um=1&tbnid=KQhCjh2qaPof1M:&tbnh=76&tbnw=135&prev=/images%3Fq%3DKrasojevic%2Bpool%26hl%3Dde%26sa%3DN%26um%3D1" "Mozilla/5.0 (Windows; U; Windows NT 6.0; de; rv:1.9.0.10) Gecko/2009042316 Firefox/3.0.10 (.NET CLR 3.5.30729)" 728 473760
88.117.93.17 - - [02/Jun/2009:09:30:19 +0100] "GET /dec4b.swf HTTP/1.1" 200 7503350 "http://images.google.at/imgres?imgurl=http://www.decodeine.com/bs03.jpg&imgrefurl=http://www.decodeine.com/dec4b.swf&usg=__NbaQgliO4WhAC5cnw7H-05d17n0=&h=340&w=605&sz=134&hl=de&start=18&um=1&tbnid=KQhCjh2qaPof1M:&tbnh=76&tbnw=135&prev=/images%3Fq%3DKrasojevic%2Bpool%26hl%3Dde%26sa%3DN%26um%3D1" "Mozilla/5.0 (Windows; U; Windows NT 6.0; de; rv:1.9.0.10) Gecko/2009042316 Firefox/3.0.10 (.NET CLR 3.5.30729)" 728 490680
88.117.93.17 - - [02/Jun/2009:09:34:38 +0100] "GET /dec4b.swf HTTP/1.1" 200 7503350 "http://images.google.at/imgres?imgurl=http://www.decodeine.com/bs03.jpg&imgrefurl=http://www.decodeine.com/dec4b.swf&usg=__NbaQgliO4WhAC5cnw7H-05d17n0=&h=340&w=605&sz=134&hl=de&start=18&um=1&tbnid=KQhCjh2qaPof1M:&tbnh=76&tbnw=135&prev=/images%3Fq%3DKrasojevic%2Bpool%26hl%3Dde%26sa%3DN%26um%3D1" "Mozilla/5.0 (Windows; U; Windows NT 6.0; de; rv:1.9.0.10) Gecko/2009042316 Firefox/3.0.10 (.NET CLR 3.5.30729)" 728 473760
88.117.93.17 - - [02/Jun/2009:09:34:46 +0100] "GET /dec4b.swf HTTP/1.1" 200 7503350 "http://images.google.at/imgres?imgurl=http://www.decodeine.com/bs03.jpg&imgrefurl=http://www.decodeine.com/dec4b.swf&usg=__NbaQgliO4WhAC5cnw7H-05d17n0=&h=340&w=605&sz=134&hl=de&start=18&um=1&tbnid=KQhCjh2qaPof1M:&tbnh=76&tbnw=135&prev=/images%3Fq%3DKrasojevic%2Bpool%26hl%3Dde%26sa%3DN%26um%3D1" "Mozilla/5.0 (Windows; U; Windows NT 6.0; de; rv:1.9.0.10) Gecko/2009042316 Firefox/3.0.10 (.NET CLR 3.5.30729)" 728 279180
88.117.93.17 - - [02/Jun/2009:09:36:27 +0100] "GET /bs02.jpg HTTP/1.1" 200 192720 "http://images.google.at/imgres?imgurl=http://www.decodeine.com/bs02.jpg&imgrefurl=http://www.decodeine.com/dec4b.swf&usg=__Q_pkbXTDSiOZwyDF4pBExHENA28=&h=340&w=605&sz=189&hl=de&start=25&um=1&tbnid=ajRcraqg3eVA3M:&tbnh=76&tbnw=135&prev=/images%3Fq%3DKrasojevic%2Bpool%26ndsp%3D21%26hl%3Dde%26sa%3DN%26start%3D21%26um%3D1" "Mozilla/5.0 (Windows; U; Windows NT 6.0; de; rv:1.9.0.10) Gecko/2009042316 Firefox/3.0.10 (.NET CLR 3.5.30729)" 752 193084
88.117.93.17 - - [02/Jun/2009:09:36:26 +0100] "GET /dec4b.swf HTTP/1.1" 200 7503350 "http://images.google.at/imgres?imgurl=http://www.decodeine.com/bs02.jpg&imgrefurl=http://www.decodeine.com/dec4b.swf&usg=__Q_pkbXTDSiOZwyDF4pBExHENA28=&h=340&w=605&sz=189&hl=de&start=25&um=1&tbnid=ajRcraqg3eVA3M:&tbnh=76&tbnw=135&prev=/images%3Fq%3DKrasojevic%2Bpool%26ndsp%3D21%26hl%3Dde%26sa%3DN%26start%3D21%26um%3D1" "Mozilla/5.0 (Windows; U; Windows NT 6.0; de; rv:1.9.0.10) Gecko/2009042316 Firefox/3.0.10 (.NET CLR 3.5.30729)" 753 473760
88.117.93.17 - - [02/Jun/2009:09:36:50 +0100] "GET /dec4b.swf HTTP/1.1" 200 7503350 "http://images.google.at/imgres?imgurl=http://www.decodeine.com/bs02.jpg&imgrefurl=http://www.decodeine.com/dec4b.swf&usg=__Q_pkbXTDSiOZwyDF4pBExHENA28=&h=340&w=605&sz=189&hl=de&start=25&um=1&tbnid=ajRcraqg3eVA3M:&tbnh=76&tbnw=135&prev=/images%3Fq%3DKrasojevic%2Bpool%26ndsp%3D21%26hl%3Dde%26sa%3DN%26start%3D21%26um%3D1" "Mozilla/5.0 (Windows; U; Windows NT 6.0; de; rv:1.9.0.10) Gecko/2009042316 Firefox/3.0.10 (.NET CLR 3.5.30729)" 753 376470
88.117.93.17 - - [02/Jun/2009:09:36:54 +0100] "GET /hs08.jpg HTTP/1.1" 200 56299 "http://images.google.at/imgres?imgurl=http://www.decodeine.com/hs08.jpg&imgrefurl=http://www.decodeine.com/dec4b.swf&usg=__nVzr5mywLUSQ6r4fjqlJgSzwy2c=&h=365&w=602&sz=55&hl=de&start=31&um=1&tbnid=BI8wOz76t3m8NM:&tbnh=82&tbnw=135&prev=/images%3Fq%3DKrasojevic%2Bpool%26ndsp%3D21%26hl%3Dde%26sa%3DN%26start%3D21%26um%3D1" "Mozilla/5.0 (Windows; U; Windows NT 6.0; de; rv:1.9.0.10) Gecko/2009042316 Firefox/3.0.10 (.NET CLR 3.5.30729)" 751 56661
88.117.93.17 - - [02/Jun/2009:09:36:52 +0100] "GET /dec4b.swf HTTP/1.1" 200 7503350 "http://images.google.at/imgres?imgurl=http://www.decodeine.com/hs08.jpg&imgrefurl=http://www.decodeine.com/dec4b.swf&usg=__nVzr5mywLUSQ6r4fjqlJgSzwy2c=&h=365&w=602&sz=55&hl=de&start=31&um=1&tbnid=BI8wOz76t3m8NM:&tbnh=82&tbnw=135&prev=/images%3Fq%3DKrasojevic%2Bpool%26ndsp%3D21%26hl%3Dde%26sa%3DN%26start%3D21%26um%3D1" "Mozilla/5.0 (Windows; U; Windows NT 6.0; de; rv:1.9.0.10) Gecko/2009042316 Firefox/3.0.10 (.NET CLR 3.5.30729)" 752 571050
88.117.93.17 - - [02/Jun/2009:09:37:23 +0100] "GET /dec4b.swf HTTP/1.1" 200 7503350 "http://images.google.at/imgres?imgurl=http://www.decodeine.com/hs08.jpg&imgrefurl=http://www.decodeine.com/dec4b.swf&usg=__nVzr5mywLUSQ6r4fjqlJgSzwy2c=&h=365&w=602&sz=55&hl=de&start=31&um=1&tbnid=BI8wOz76t3m8NM:&tbnh=82&tbnw=135&prev=/images%3Fq%3DKrasojevic%2Bpool%26ndsp%3D21%26hl%3Dde%26sa%3DN%26start%3D21%26um%3D1" "Mozilla/5.0 (Windows; U; Windows NT 6.0; de; rv:1.9.0.10) Gecko/2009042316 Firefox/3.0.10 (.NET CLR 3.5.30729)" 752 463890
88.117.93.17 - - [02/Jun/2009:09:37:27 +0100] "GET /bs06.jpg HTTP/1.1" 200 189485 "http://images.google.at/imgres?imgurl=http://www.decodeine.com/bs06.jpg&imgrefurl=http://www.decodeine.com/dec4b.swf&usg=__T5mszx8CvOFiww6aLeTo8LpltQA=&h=340&w=605&sz=161&hl=de&start=37&um=1&tbnid=6qXqNBdLD1UZjM:&tbnh=76&tbnw=135&prev=/images%3Fq%3DKrasojevic%2Bpool%26ndsp%3D21%26hl%3Dde%26sa%3DN%26start%3D21%26um%3D1" "Mozilla/5.0 (Windows; U; Windows NT 6.0; de; rv:1.9.0.10) Gecko/2009042316 Firefox/3.0.10 (.NET CLR 3.5.30729)" 752 189849
88.117.93.17 - - [02/Jun/2009:09:37:26 +0100] "GET /dec4b.swf HTTP/1.1" 200 7503350 "http://images.google.at/imgres?imgurl=http://www.decodeine.com/bs06.jpg&imgrefurl=http://www.decodeine.com/dec4b.swf&usg=__T5mszx8CvOFiww6aLeTo8LpltQA=&h=340&w=605&sz=161&hl=de&start=37&um=1&tbnid=6qXqNBdLD1UZjM:&tbnh=76&tbnw=135&prev=/images%3Fq%3DKrasojevic%2Bpool%26ndsp%3D21%26hl%3Dde%26sa%3DN%26start%3D21%26um%3D1" "Mozilla/5.0 (Windows; U; Windows NT 6.0; de; rv:1.9.0.10) Gecko/2009042316 Firefox/3.0.10 (.NET CLR 3.5.30729)" 753 473760
88.117.93.17 - - [02/Jun/2009:09:37:31 +0100] "GET /dec4b.swf HTTP/1.1" 200 7503350 "http://images.google.at/imgres?imgurl=http://www.decodeine.com/bs06.jpg&imgrefurl=http://www.decodeine.com/dec4b.swf&usg=__T5mszx8CvOFiww6aLeTo8LpltQA=&h=340&w=605&sz=161&hl=de&start=37&um=1&tbnid=6qXqNBdLD1UZjM:&tbnh=76&tbnw=135&prev=/images%3Fq%3DKrasojevic%2Bpool%26ndsp%3D21%26hl%3Dde%26sa%3DN%26start%3D21%26um%3D1" "Mozilla/5.0 (Windows; U; Windows NT 6.0; de; rv:1.9.0.10) Gecko/2009042316 Firefox/3.0.10 (.NET CLR 3.5.30729)" 753 7503734
88.117.93.17 - - [02/Jun/2009:09:38:59 +0100] "GET /o1.jpg HTTP/1.1" 200 258267 "-" "Mozilla/5.0 (Windows; U; Windows NT 6.0; de; rv:1.9.0.10) Gecko/2009042316 Firefox/3.0.10 (.NET CLR 3.5.30729)" 420 258631
88.117.93.17 - - [02/Jun/2009:09:39:04 +0100] "GET /o2.jpg HTTP/1.1" 200 216322 "-" "Mozilla/5.0 (Windows; U; Windows NT 6.0; de; rv:1.9.0.10) Gecko/2009042316 Firefox/3.0.10 (.NET CLR 3.5.30729)" 420 216685
88.117.93.17 - - [02/Jun/2009:09:39:09 +0100] "GET /o3.jpg HTTP/1.1" 200 153363 "-" "Mozilla/5.0 (Windows; U; Windows NT 6.0; de; rv:1.9.0.10) Gecko/2009042316 Firefox/3.0.10 (.NET CLR 3.5.30729)" 420 153726
88.117.93.17 - - [02/Jun/2009:09:39:14 +0100] "GET /o5.jpg HTTP/1.1" 200 60308 "-" "Mozilla/5.0 (Windows; U; Windows NT 6.0; de; rv:1.9.0.10) Gecko/2009042316 Firefox/3.0.10 (.NET CLR 3.5.30729)" 420 60670
114.80.93.71 - - [02/Jun/2009:10:03:50 +0100] "GET / HTTP/1.1" 200 1266 "http://www.decodeine.com/" "Mozilla/4.0 (compatible; MSIE 6.0; Windows NT 5.1)" 245 1625
114.80.93.71 - - [02/Jun/2009:10:34:43 +0100] "GET / HTTP/1.1" 200 1266 "http://www.decodeine.com/" "Mozilla/4.0 (compatible; MSIE 6.0; Windows NT 5.1)" 245 1625
66.249.71.237 - - [02/Jun/2009:11:04:25 +0100] "GET /webalizer/usage_200906.html HTTP/1.1" 200 82766 "-" "Mozilla/5.0 (compatible; Googlebot/2.1; +http://www.google.com/bot.html)" 352 83129
124.115.1.8 - - [02/Jun/2009:11:18:03 +0100] "GET / HTTP/1.1" 200 1266 "http://www.decodeine.com/" "Mozilla/4.0 (compatible; MSIE 6.0; Windows NT 5.1)" 245 1625
88.117.93.17 - - [02/Jun/2009:11:58:10 +0100] "GET /favicon.ico HTTP/1.1" 404 358 "-" "Mozilla/5.0 (Windows; U; Windows NT 6.0; de; rv:1.9.0.10) Gecko/2009042316 Firefox/3.0.10 (.NET CLR 3.5.30729)" 395 642
88.117.93.17 - - [02/Jun/2009:11:58:13 +0100] "GET /favicon.ico HTTP/1.1" 404 358 "-" "Mozilla/5.0 (Windows; U; Windows NT 6.0; de; rv:1.9.0.10) Gecko/2009042316 Firefox/3.0.10 (.NET CLR 3.5.30729)" 425 641
66.235.124.4 - - [02/Jun/2009:12:21:15 +0100] "GET /robots.txt HTTP/1.1" 404 357 "-" "Mozilla/5.0 (compatible; Ask Jeeves/Teoma; +http://about.ask.com/en/docs/about/webmasters.shtml)" 221 641
66.235.124.4 - - [02/Jun/2009:12:21:30 +0100] "GET / HTTP/1.1" 200 1266 "-" "Mozilla/5.0 (compatible; Ask Jeeves/Teoma; +http://about.ask.com/en/docs/about/webmasters.shtml)" 246 1587
208.115.111.250 - - [02/Jun/2009:12:59:49 +0100] "GET /robots.txt HTTP/1.1" 404 357 "-" "Mozilla/5.0 (compatible; DotBot/1.1; http://www.dotnetdotcom.org/, crawler@dotnetdotcom.org)" 249 584
58.61.164.139 - - [02/Jun/2009:14:57:04 +0100] "GET / HTTP/1.1" 200 1266 "http://www.decodeine.com/" "Mozilla/4.0 (compatible; MSIE 6.0; Windows NT 5.1)" 245 1625
208.115.111.250 - - [02/Jun/2009:15:19:23 +0100] "GET / HTTP/1.1" 200 1266 "-" "Mozilla/5.0 (compatible; DotBot/1.1; http://www.dotnetdotcom.org/, crawler@dotnetdotcom.org)" 239 1568
78.16.118.172 - - [02/Jun/2009:17:44:13 +0100] "GET /favicon.ico HTTP/1.1" 404 358 "-" "Mozilla/4.0 (compatible; MSIE 7.0; Windows NT 6.0; GTB6; SLCC1; .NET CLR 2.0.50727; Media Center PC 5.0; .NET CLR 3.0.04506; InfoPath.2)" 286 642
78.16.118.172 - - [02/Jun/2009:17:44:13 +0100] "GET / HTTP/1.1" 200 1266 "http://www.linkedin.com/in/margotkrasojevic" "Mozilla/4.0 (compatible; MSIE 7.0; Windows NT 6.0; GTB6; SLCC1; .NET CLR 2.0.50727; Media Center PC 5.0; .NET CLR 3.0.04506; InfoPath.2)" 353 1625
78.16.118.172 - - [02/Jun/2009:17:44:13 +0100] "GET /indexbutton.jpg HTTP/1.1" 200 153759 "http://www.decodeine.com/" "Mozilla/4.0 (compatible; MSIE 7.0; Windows NT 6.0; GTB6; SLCC1; .NET CLR 2.0.50727; Media Center PC 5.0; .NET CLR 3.0.04506; InfoPath.2)" 350 154122
78.16.118.172 - - [02/Jun/2009:17:44:13 +0100] "GET /index.jpg HTTP/1.1" 200 225683 "http://www.decodeine.com/" "Mozilla/4.0 (compatible; MSIE 7.0; Windows NT 6.0; GTB6; SLCC1; .NET CLR 2.0.50727; Media Center PC 5.0; .NET CLR 3.0.04506; InfoPath.2)" 344 226046
78.16.118.172 - - [02/Jun/2009:17:44:19 +0100] "GET /feidad.html HTTP/1.1" 200 820 "http://www.decodeine.com/" "Mozilla/4.0 (compatible; MSIE 7.0; Windows NT 6.0; GTB6; SLCC1; .NET CLR 2.0.50727; Media Center PC 5.0; .NET CLR 3.0.04506; InfoPath.2)" 614 1177
78.16.118.172 - - [02/Jun/2009:17:44:19 +0100] "GET /dec4b.swf HTTP/1.1" 200 7503350 "http://www.decodeine.com/feidad.html" "Mozilla/4.0 (compatible; MSIE 7.0; Windows NT 6.0; GTB6; SLCC1; .NET CLR 2.0.50727; Media Center PC 5.0; .NET CLR 3.0.04506; InfoPath.2)" 384 7503734
78.16.118.172 - - [02/Jun/2009:17:44:41 +0100] "GET /eh5.jpg HTTP/1.1" 200 52657 "http://www.decodeine.com/dec4b.swf" "Mozilla/4.0 (compatible; MSIE 7.0; Windows NT 6.0; GTB6; SLCC1; .NET CLR 2.0.50727; Media Center PC 5.0; .NET CLR 3.0.04506; InfoPath.2)" 409 53018
78.16.118.172 - - [02/Jun/2009:17:44:43 +0100] "GET /eh14.jpg HTTP/1.1" 200 111982 "http://www.decodeine.com/eh5.jpg" "Mozilla/4.0 (compatible; MSIE 7.0; Windows NT 6.0; GTB6; SLCC1; .NET CLR 2.0.50727; Media Center PC 5.0; .NET CLR 3.0.04506; InfoPath.2)" 408 112346
78.16.118.172 - - [02/Jun/2009:17:44:45 +0100] "GET /eh12.jpg HTTP/1.1" 200 125271 "http://www.decodeine.com/eh14.jpg" "Mozilla/4.0 (compatible; MSIE 7.0; Windows NT 6.0; GTB6; SLCC1; .NET CLR 2.0.50727; Media Center PC 5.0; .NET CLR 3.0.04506; InfoPath.2)" 409 125635
78.16.118.172 - - [02/Jun/2009:17:44:46 +0100] "GET /eh16.jpg HTTP/1.1" 200 70919 "http://www.decodeine.com/eh12.jpg" "Mozilla/4.0 (compatible; MSIE 7.0; Windows NT 6.0; GTB6; SLCC1; .NET CLR 2.0.50727; Media Center PC 5.0; .NET CLR 3.0.04506; InfoPath.2)" 409 71281
78.16.118.172 - - [02/Jun/2009:17:44:47 +0100] "GET /eh18.jpg HTTP/1.1" 200 119010 "http://www.decodeine.com/eh16.jpg" "Mozilla/4.0 (compatible; MSIE 7.0; Windows NT 6.0; GTB6; SLCC1; .NET CLR 2.0.50727; Media Center PC 5.0; .NET CLR 3.0.04506; InfoPath.2)" 409 119373
66.249.71.237 - - [02/Jun/2009:18:57:58 +0100] "GET /robots.txt HTTP/1.1" 404 357 "-" "Googlebot-Image/1.0" 205 641
66.249.71.237 - - [02/Jun/2009:18:57:58 +0100] "GET /o2.jpg HTTP/1.1" 304 - "-" "Googlebot-Image/1.0" 234 255
220.181.61.234 - - [02/Jun/2009:19:40:25 +0100] "GET / HTTP/1.1" 200 1266 "-" "Sogou web spider/4.0(+http://www.sogou.com/docs/help/webmasters.htm#07)" 275 1587
208.80.195.31 - - [02/Jun/2009:20:15:08 +0100] "GET / HTTP/1.0" 200 1266 "-" "Mozilla/4.0 (compatible; MSIE 5.5; Windows 98; AT&T WNS5.1; FunWebProducts)" 132 1587
70.246.130.114 - - [02/Jun/2009:20:49:22 +0100] "GET /dec4b.swf HTTP/1.1" 200 7503350 "http://images.google.com/imgres?imgurl=http://www.decodeine.com/hs14.jpg&imgrefurl=http://www.decodeine.com/dec4b.swf&usg=__mpR5g_Ds_Kz3Es2y90vyiUP1rg8=&h=316&w=602&sz=166&hl=en&start=81&um=1&tbnid=Mm9gH6cbLzDbWM:&tbnh=71&tbnw=135&prev=/images%3Fq%3D%2522Axi:Ome%2522%26ndsp%3D18%26hl%3Den%26sa%3DN%26start%3D72%26um%3D1" "Mozilla/5.0 (Windows; U; Windows NT 5.1; en-US; rv:1.9.0.10) Gecko/2009042316 Firefox/3.0.10 (.NET CLR 3.5.30729)" 736 63888
70.246.130.114 - - [02/Jun/2009:20:49:34 +0100] "GET /hs14.jpg HTTP/1.1" 200 169029 "http://images.google.com/imgres?imgurl=http://www.decodeine.com/hs14.jpg&imgrefurl=http://www.decodeine.com/dec4b.swf&usg=__mpR5g_Ds_Kz3Es2y90vyiUP1rg8=&h=316&w=602&sz=166&hl=en&start=81&um=1&tbnid=Mm9gH6cbLzDbWM:&tbnh=71&tbnw=135&prev=/images%3Fq%3D%2522Axi:Ome%2522%26ndsp%3D18%26hl%3Den%26sa%3DN%26start%3D72%26um%3D1" "Mozilla/5.0 (Windows; U; Windows NT 5.1; en-US; rv:1.9.0.10) Gecko/2009042316 Firefox/3.0.10 (.NET CLR 3.5.30729)" 735 169393
70.246.130.114 - - [02/Jun/2009:20:49:55 +0100] "GET /dec4b.swf HTTP/1.1" 206 7465983 "http://images.google.com/imgres?imgurl=http://www.decodeine.com/hs14.jpg&imgrefurl=http://www.decodeine.com/dec4b.swf&usg=__mpR5g_Ds_Kz3Es2y90vyiUP1rg8=&h=316&w=602&sz=166&hl=en&start=81&um=1&tbnid=Mm9gH6cbLzDbWM:&tbnh=71&tbnw=135&prev=/images%3Fq%3D%2522Axi:Ome%2522%26ndsp%3D18%26hl%3Den%26sa%3DN%26start%3D72%26um%3D1" "Mozilla/5.0 (Windows; U; Windows NT 5.1; en-US; rv:1.9.0.10) Gecko/2009042316 Firefox/3.0.10 (.NET CLR 3.5.30729)" 797 47916
124.115.1.7 - - [02/Jun/2009:21:30:36 +0100] "GET / HTTP/1.1" 200 1266 "http://www.decodeine.com/" "Mozilla/4.0 (compatible; MSIE 6.0; Windows NT 5.1)" 245 1625
124.115.0.23 - - [02/Jun/2009:23:11:24 +0100] "HEAD / HTTP/1.1" 200 - "http://www.decodeine.com/" "Sosospider+(+http://help.soso.com/webspider.htm)" 244 359
58.61.164.207 - - [03/Jun/2009:01:50:11 +0100] "GET /robots.txt HTTP/1.1" 404 357 "http://www.decodeine.com/robots.txt" "Sosospider+(+http://help.soso.com/webspider.htm)" 263 641
58.61.164.40 - - [03/Jun/2009:01:58:01 +0100] "GET / HTTP/1.1" 200 1266 "http://www.decodeine.com/" "Mozilla/4.0 (compatible; MSIE 6.0; Windows NT 5.1)" 245 1625
58.61.164.39 - - [03/Jun/2009:02:09:30 +0100] "GET / HTTP/1.1" 200 1266 "http://www.decodeine.com/" "Mozilla/4.0 (compatible; MSIE 6.0; Windows NT 5.1)" 245 1625
124.115.1.8 - - [03/Jun/2009:02:14:35 +0100] "GET / HTTP/1.1" 200 1266 "http://www.decodeine.com/" "Mozilla/4.0 (compatible; MSIE 6.0; Windows NT 5.1)" 245 1625
58.61.164.140 - - [03/Jun/2009:02:21:18 +0100] "GET / HTTP/1.1" 200 1266 "http://www.decodeine.com/" "Mozilla/4.0 (compatible; MSIE 6.0; Windows NT 5.1)" 245 1625
66.249.71.237 - - [03/Jun/2009:02:57:56 +0100] "GET /hs14.jpg HTTP/1.1" 304 - "-" "Googlebot-Image/1.0" 236 256
216.129.119.14 - - [03/Jun/2009:03:03:12 +0100] "GET / HTTP/1.0" 200 1266 "-" "Mozilla/5.0 (Twiceler-0.9 http://www.cuil.com/twiceler/robot.html)" 189 1587
114.80.93.71 - - [03/Jun/2009:05:54:51 +0100] "GET / HTTP/1.1" 200 1266 "http://www.decodeine.com/" "Mozilla/4.0 (compatible; MSIE 6.0; Windows NT 5.1)" 245 1625
58.61.164.139 - - [03/Jun/2009:06:28:08 +0100] "GET / HTTP/1.1" 200 1266 "http://www.decodeine.com/" "Mozilla/4.0 (compatible; MSIE 6.0; Windows NT 5.1)" 245 1625
66.249.71.237 - - [03/Jun/2009:07:00:54 +0100] "GET /robots.txt HTTP/1.1" 404 357 "-" "Mozilla/5.0 (compatible; Googlebot/2.1; +http://www.google.com/bot.html)" 258 641
66.249.71.237 - - [03/Jun/2009:07:00:55 +0100] "GET /log/?C=S;O=A HTTP/1.1" 200 3184 "-" "Mozilla/5.0 (compatible; Googlebot/2.1; +http://www.google.com/bot.html)" 243 3455
66.249.71.237 - - [03/Jun/2009:07:39:42 +0100] "GET /log/error.log.3 HTTP/1.1" 200 611 "-" "Mozilla/5.0 (compatible; Googlebot/2.1; +http://www.google.com/bot.html)" 246 971
216.129.119.14 - - [03/Jun/2009:08:06:47 +0100] "GET /robots.txt HTTP/1.0" 404 357 "-" "Mozilla/5.0 (Twiceler-0.9 http://www.cuil.com/twiceler/robot.html)" 199 603
58.61.164.141 - - [03/Jun/2009:08:45:23 +0100] "GET / HTTP/1.1" 200 1266 "http://www.decodeine.com/" "Mozilla/4.0 (compatible; MSIE 6.0; Windows NT 5.1)" 245 1625
77.119.215.39 - - [03/Jun/2009:09:42:09 +0100] "GET /hs19.jpg HTTP/1.1" 200 125900 "-" "Mozilla/5.0 (Windows; U; Windows NT 6.0; de; rv:1.9.0.10) Gecko/2009042316 Firefox/3.0.10 (.NET CLR 3.5.30729)" 422 126264
77.119.215.39 - - [03/Jun/2009:09:42:20 +0100] "GET / HTTP/1.1" 200 1266 "-" "Mozilla/5.0 (Windows; U; Windows NT 6.0; de; rv:1.9.0.10) Gecko/2009042316 Firefox/3.0.10 (.NET CLR 3.5.30729)" 414 1624
77.119.215.39 - - [03/Jun/2009:09:42:20 +0100] "GET /index.jpg HTTP/1.1" 200 225683 "http://www.decodeine.com/" "Mozilla/5.0 (Windows; U; Windows NT 6.0; de; rv:1.9.0.10) Gecko/2009042316 Firefox/3.0.10 (.NET CLR 3.5.30729)" 429 226046
77.119.215.39 - - [03/Jun/2009:09:42:20 +0100] "GET /indexbutton.jpg HTTP/1.1" 200 153759 "http://www.decodeine.com/" "Mozilla/5.0 (Windows; U; Windows NT 6.0; de; rv:1.9.0.10) Gecko/2009042316 Firefox/3.0.10 (.NET CLR 3.5.30729)" 435 154123
77.119.215.39 - - [03/Jun/2009:09:42:26 +0100] "GET /favicon.ico HTTP/1.1" 404 358 "-" "Mozilla/5.0 (Windows; U; Windows NT 6.0; de; rv:1.9.0.10) Gecko/2009042316 Firefox/3.0.10 (.NET CLR 3.5.30729)" 425 641
77.119.215.39 - - [03/Jun/2009:09:42:34 +0100] "GET /feidad.html HTTP/1.1" 200 820 "http://www.decodeine.com/" "Mozilla/5.0 (Windows; U; Windows NT 6.0; de; rv:1.9.0.10) Gecko/2009042316 Firefox/3.0.10 (.NET CLR 3.5.30729)" 461 1177
77.119.215.39 - - [03/Jun/2009:09:44:52 +0100] "GET /o4.jpg HTTP/1.1" 200 34271 "-" "Mozilla/5.0 (Windows; U; Windows NT 6.0; de; rv:1.9.0.10) Gecko/2009042316 Firefox/3.0.10 (.NET CLR 3.5.30729)" 420 34633
77.119.215.39 - - [03/Jun/2009:09:45:03 +0100] "GET /o8.jpg HTTP/1.1" 200 221331 "-" "Mozilla/5.0 (Windows; U; Windows NT 6.0; de; rv:1.9.0.10) Gecko/2009042316 Firefox/3.0.10 (.NET CLR 3.5.30729)" 420 221695
77.119.215.39 - - [03/Jun/2009:09:45:11 +0100] "GET /o9.jpg HTTP/1.1" 200 142448 "-" "Mozilla/5.0 (Windows; U; Windows NT 6.0; de; rv:1.9.0.10) Gecko/2009042316 Firefox/3.0.10 (.NET CLR 3.5.30729)" 420 142812
77.119.215.39 - - [03/Jun/2009:09:45:14 +0100] "GET /o10.jpg HTTP/1.1" 200 59922 "-" "Mozilla/5.0 (Windows; U; Windows NT 6.0; de; rv:1.9.0.10) Gecko/2009042316 Firefox/3.0.10 (.NET CLR 3.5.30729)" 421 60284
77.119.215.39 - - [03/Jun/2009:09:45:16 +0100] "GET /o12.jpg HTTP/1.1" 404 354 "-" "Mozilla/5.0 (Windows; U; Windows NT 6.0; de; rv:1.9.0.10) Gecko/2009042316 Firefox/3.0.10 (.NET CLR 3.5.30729)" 421 637
77.119.215.39 - - [03/Jun/2009:09:45:15 +0100] "GET /o11.jpg HTTP/1.1" 200 58591 "-" "Mozilla/5.0 (Windows; U; Windows NT 6.0; de; rv:1.9.0.10) Gecko/2009042316 Firefox/3.0.10 (.NET CLR 3.5.30729)" 421 58954
77.119.215.39 - - [03/Jun/2009:09:45:17 +0100] "GET /o13.jpg HTTP/1.1" 200 76280 "-" "Mozilla/5.0 (Windows; U; Windows NT 6.0; de; rv:1.9.0.10) Gecko/2009042316 Firefox/3.0.10 (.NET CLR 3.5.30729)" 421 76642
77.119.215.39 - - [03/Jun/2009:09:45:27 +0100] "GET /o7.jpg HTTP/1.1" 200 129833 "-" "Mozilla/5.0 (Windows; U; Windows NT 6.0; de; rv:1.9.0.10) Gecko/2009042316 Firefox/3.0.10 (.NET CLR 3.5.30729)" 420 130197
77.119.215.39 - - [03/Jun/2009:09:45:29 +0100] "GET /o6.jpg HTTP/1.1" 200 70616 "-" "Mozilla/5.0 (Windows; U; Windows NT 6.0; de; rv:1.9.0.10) Gecko/2009042316 Firefox/3.0.10 (.NET CLR 3.5.30729)" 420 70979
66.249.71.237 - - [03/Jun/2009:11:05:00 +0100] "GET /webalizer/usage_200906.html HTTP/1.1" 200 94486 "-" "Mozilla/5.0 (compatible; Googlebot/2.1; +http://www.google.com/bot.html)" 353 94849
124.115.1.7 - - [03/Jun/2009:11:52:25 +0100] "GET / HTTP/1.1" 200 1266 "http://www.decodeine.com/" "Mozilla/4.0 (compatible; MSIE 6.0; Windows NT 5.1)" 245 1625
78.226.72.156 - - [03/Jun/2009:12:45:42 +0100] "GET / HTTP/1.1" 200 1266 "http://www.decodeine.org/" "Mozilla/4.0 (compatible; MSIE 7.0; Windows NT 5.1; GTB6; Media Center PC 3.0; .NET CLR 1.0.3705; .NET CLR 1.1.4322; .NET CLR 2.0.50727)" 335 1625
202.156.14.254 - - [03/Jun/2009:13:51:34 +0100] "GET / HTTP/1.1" 200 1266 "http://www.google.com.sg/search?q=decodeine&ie=utf-8&oe=utf-8&aq=t&rls=org.mozilla:en-US:official&client=firefox-a" "Mozilla/5.0 (Windows; U; Windows NT 6.0; en-US; rv:1.9.0.10) Gecko/2009042316 Firefox/3.0.10 (.NET CLR 3.5.30729)" 521 1625
202.156.14.74 - - [03/Jun/2009:13:51:35 +0100] "GET /indexbutton.jpg HTTP/1.1" 200 153759 "http://www.decodeine.com/" "Mozilla/5.0 (Windows; U; Windows NT 6.0; en-US; rv:1.9.0.10) Gecko/2009042316 Firefox/3.0.10 (.NET CLR 3.5.30729)" 495 154123
202.156.14.74 - - [03/Jun/2009:13:51:35 +0100] "GET /index.jpg HTTP/1.1" 200 225683 "http://www.decodeine.com/" "Mozilla/5.0 (Windows; U; Windows NT 6.0; en-US; rv:1.9.0.10) Gecko/2009042316 Firefox/3.0.10 (.NET CLR 3.5.30729)" 489 226047
202.156.14.254 - - [03/Jun/2009:13:51:39 +0100] "GET /favicon.ico HTTP/1.1" 404 358 "-" "Mozilla/5.0 (Windows; U; Windows NT 6.0; en-US; rv:1.9.0.10) Gecko/2009042316 Firefox/3.0.10 (.NET CLR 3.5.30729)" 377 642
114.80.93.71 - - [03/Jun/2009:14:07:27 +0100] "GET / HTTP/1.1" 200 1266 "http://www.decodeine.com/" "Mozilla/4.0 (compatible; MSIE 6.0; Windows NT 5.1)" 245 1625
124.115.2.231 - - [03/Jun/2009:16:15:58 +0100] "GET /robots.txt HTTP/1.1" 404 357 "http://www.decodeine.com/robots.txt" "Mozilla/4.0 (compatible; MSIE 6.0; Windows NT 5.1)" 242 641
66.249.71.237 - - [03/Jun/2009:17:08:47 +0100] "GET / HTTP/1.1" 200 1266 "-" "Mozilla/5.0 (compatible; Googlebot/2.1; +http://www.google.com/bot.html)" 231 1625
58.61.164.139 - - [03/Jun/2009:20:34:22 +0100] "GET / HTTP/1.1" 200 1266 "http://www.decodeine.com/" "Mozilla/4.0 (compatible; MSIE 6.0; Windows NT 5.1)" 245 1625
64.61.123.2 - - [03/Jun/2009:21:31:09 +0100] "GET /dec4b.swf HTTP/1.1" 200 7503350 "http://images.google.com/imgres?imgurl=http://www.decodeine.com/hs20.jpg&imgrefurl=http://www.decodeine.com/dec4b.swf&usg=__reHNXjUGZo8EHaYufeNgKZL93dk=&h=365&w=513&sz=149&hl=en&start=86&um=1&tbnid=aHcDUMg5VVn3RM:&tbnh=93&tbnw=131&prev=/images%3Fq%3DAA%2Bparametric%2Bmodelling%26ndsp%3D18%26hl%3Den%26sa%3DN%26start%3D72%26um%3D1" "Mozilla/4.0 (compatible; MSIE 6.0; Windows NT 5.1; SV1; .NET CLR 2.0.50727; .NET CLR 3.0.04506.30; .NET CLR 3.0.4506.2152; .NET CLR 3.5.30729)" 910 666468
64.61.123.2 - - [03/Jun/2009:21:31:11 +0100] "GET /hs20.jpg HTTP/1.1" 200 152343 "http://images.google.com/imgres?imgurl=http://www.decodeine.com/hs20.jpg&imgrefurl=http://www.decodeine.com/dec4b.swf&usg=__reHNXjUGZo8EHaYufeNgKZL93dk=&h=365&w=513&sz=149&hl=en&start=86&um=1&tbnid=aHcDUMg5VVn3RM:&tbnh=93&tbnw=131&prev=/images%3Fq%3DAA%2Bparametric%2Bmodelling%26ndsp%3D18%26hl%3Den%26sa%3DN%26start%3D72%26um%3D1" "Mozilla/4.0 (compatible; MSIE 6.0; Windows NT 5.1; SV1; .NET CLR 2.0.50727; .NET CLR 3.0.04506.30; .NET CLR 3.0.4506.2152; .NET CLR 3.5.30729)" 909 152707
64.61.123.2 - - [03/Jun/2009:21:31:14 +0100] "GET /dec4b.swf HTTP/1.1" 206 7034739 "-" "Mozilla/4.0 (compatible; MSIE 6.0; Windows NT 5.1; SV1; .NET CLR 2.0.50727; .NET CLR 3.0.04506.30; .NET CLR 3.0.4506.2152; .NET CLR 3.5.30729)" 685 132132
124.115.0.23 - - [03/Jun/2009:21:57:21 +0100] "HEAD / HTTP/1.1" 200 - "http://www.decodeine.com/" "Sosospider+(+http://help.soso.com/webspider.htm)" 244 359
119.63.193.62 - - [04/Jun/2009:02:54:57 +0100] "GET /robots.txt HTTP/1.1" 404 357 "-" "Baiduspider+(+http://www.baidu.jp/spider/)" 164 603
124.115.1.8 - - [04/Jun/2009:03:22:17 +0100] "GET / HTTP/1.1" 200 1266 "http://www.decodeine.com/" "Mozilla/4.0 (compatible; MSIE 6.0; Windows NT 5.1)" 245 1625
58.61.164.40 - - [04/Jun/2009:03:22:20 +0100] "GET / HTTP/1.1" 200 1266 "http://www.decodeine.com/" "Mozilla/4.0 (compatible; MSIE 6.0; Windows NT 5.1)" 245 1625
124.115.1.7 - - [04/Jun/2009:03:24:42 +0100] "GET / HTTP/1.1" 200 1266 "http://www.decodeine.com/" "Mozilla/4.0 (compatible; MSIE 6.0; Windows NT 5.1)" 245 1625
58.61.164.39 - - [04/Jun/2009:03:26:40 +0100] "GET / HTTP/1.1" 200 1266 "http://www.decodeine.com/" "Mozilla/4.0 (compatible; MSIE 6.0; Windows NT 5.1)" 245 1625
58.61.164.141 - - [04/Jun/2009:03:29:42 +0100] "GET / HTTP/1.1" 200 1266 "http://www.decodeine.com/" "Mozilla/4.0 (compatible; MSIE 6.0; Windows NT 5.1)" 245 1625
58.61.164.140 - - [04/Jun/2009:03:32:42 +0100] "GET / HTTP/1.1" 200 1266 "http://www.decodeine.com/" "Mozilla/4.0 (compatible; MSIE 6.0; Windows NT 5.1)" 245 1625
216.129.119.14 - - [04/Jun/2009:04:11:57 +0100] "GET /robots.txt HTTP/1.0" 404 357 "-" "Mozilla/5.0 (Twiceler-0.9 http://www.cuil.com/twiceler/robot.html)" 199 603
114.80.93.71 - - [04/Jun/2009:06:24:45 +0100] "GET / HTTP/1.1" 200 1266 "http://www.decodeine.com/" "Mozilla/4.0 (compatible; MSIE 6.0; Windows NT 5.1)" 245 1625
72.30.161.248 - - [04/Jun/2009:08:49:07 +0100] "GET /robots.txt HTTP/1.0" 404 357 "-" "Mozilla/5.0 (compatible; Yahoo! Slurp; http://help.yahoo.com/help/us/ysearch/slurp)" 194 603
72.30.161.248 - - [04/Jun/2009:08:49:08 +0100] "GET /feidad.html HTTP/1.0" 200 820 "-" "Mozilla/5.0 (compatible; Yahoo! Slurp/3.0; http://help.yahoo.com/help/us/ysearch/slurp)" 376 1140
66.249.71.237 - - [04/Jun/2009:11:07:07 +0100] "GET /robots.txt HTTP/1.1" 404 357 "-" "Mozilla/5.0 (compatible; Googlebot/2.1; +http://www.google.com/bot.html)" 258 641
66.249.71.237 - - [04/Jun/2009:11:07:07 +0100] "GET /webalizer/usage_200906.html HTTP/1.1" 200 98851 "-" "Mozilla/5.0 (compatible; Googlebot/2.1; +http://www.google.com/bot.html)" 353 99213
58.61.164.139 - - [04/Jun/2009:11:27:22 +0100] "GET / HTTP/1.1" 200 1266 "http://www.decodeine.com/" "Mozilla/4.0 (compatible; MSIE 6.0; Windows NT 5.1)" 245 1625
66.249.71.237 - - [04/Jun/2009:11:36:45 +0100] "GET /webalizer/usage_200506.html HTTP/1.1" 200 86228 "-" "Mozilla/5.0 (compatible; Googlebot/2.1; +http://www.google.com/bot.html)" 258 86590
66.249.71.237 - - [04/Jun/2009:12:15:08 +0100] "GET /log/web.log.5 HTTP/1.1" 200 2798 "-" "Mozilla/5.0 (compatible; Googlebot/2.1; +http://www.google.com/bot.html)" 244 3159
66.249.71.237 - - [04/Jun/2009:13:21:21 +0100] "GET /webalizer/usage_200706.html HTTP/1.1" 200 142042 "-" "Mozilla/5.0 (compatible; Googlebot/2.1; +http://www.google.com/bot.html)" 258 142406
66.249.71.237 - - [04/Jun/2009:14:03:42 +0100] "GET /CAM.swf HTTP/1.1" 404 354 "-" "Mozilla/5.0 (compatible; Googlebot/2.1; +http://www.google.com/bot.html)" 238 638
93.158.151.24 - - [04/Jun/2009:14:44:51 +0100] "GET /robots.txt HTTP/1.1" 404 357 "-" "Yandex/1.01.001 (compatible; Win16; I)" 155 641
93.158.151.24 - - [04/Jun/2009:14:44:51 +0100] "GET / HTTP/1.1" 200 1266 "-" "Yandex/1.01.001 (compatible; Win16; I)" 450 1624
66.249.71.237 - - [04/Jun/2009:15:04:00 +0100] "GET /webalizer/usage_200610.html%5Cr HTTP/1.1" 404 376 "-" "Mozilla/5.0 (compatible; Googlebot/2.1; +http://www.google.com/bot.html)" 262 660
66.235.124.4 - - [04/Jun/2009:17:44:25 +0100] "GET /robots.txt HTTP/1.1" 404 357 "-" "Mozilla/5.0 (compatible; Ask Jeeves/Teoma; +http://about.ask.com/en/docs/about/webmasters.shtml)" 221 641
66.235.124.4 - - [04/Jun/2009:17:44:41 +0100] "GET / HTTP/1.1" 200 1266 "-" "Mozilla/5.0 (compatible; Ask Jeeves/Teoma; +http://about.ask.com/en/docs/about/webmasters.shtml)" 246 1587
114.80.93.71 - - [04/Jun/2009:18:19:28 +0100] "GET / HTTP/1.1" 200 1266 "http://www.decodeine.com/" "Mozilla/4.0 (compatible; MSIE 6.0; Windows NT 5.1)" 245 1625
66.249.71.237 - - [04/Jun/2009:18:49:25 +0100] "GET /log/web.log.1 HTTP/1.1" 304 - "-" "Mozilla/5.0 (compatible; Googlebot/2.1; +http://www.google.com/bot.html)" 294 256
38.105.83.12 - - [04/Jun/2009:19:10:23 +0100] "GET / HTTP/1.1" 200 1266 "-" "Mozilla/4.0 (compatible; MSIE 7.0; Windows NT 5.2)" 169 1625
38.105.83.12 - - [04/Jun/2009:19:10:38 +0100] "GET /feidad.html HTTP/1.1" 200 820 "http://www.decodeine.com/" "Mozilla/4.0 (compatible; MSIE 7.0; Windows NT 5.2)" 216 1178
220.181.61.234 - - [04/Jun/2009:19:12:24 +0100] "GET / HTTP/1.1" 200 1266 "-" "Sogou web spider/4.0(+http://www.sogou.com/docs/help/webmasters.htm#07)" 275 1587
208.80.195.32 - - [04/Jun/2009:19:31:48 +0100] "GET / HTTP/1.0" 200 1266 "-" "Mozilla/4.0 (compatible; MSIE 6.0; Windows NT 5.1; SV1; ImageShack Toolbar 4.4.3)" 138 1587
124.115.0.23 - - [04/Jun/2009:20:19:05 +0100] "HEAD / HTTP/1.1" 200 - "http://www.decodeine.com/" "Sosospider+(+http://help.soso.com/webspider.htm)" 244 359
66.249.71.237 - - [05/Jun/2009:00:46:04 +0100] "GET /robots.txt HTTP/1.1" 404 357 "-" "Googlebot-Image/1.0" 205 641
66.249.71.237 - - [05/Jun/2009:00:46:04 +0100] "GET /hs04.jpg HTTP/1.1" 304 - "-" "Googlebot-Image/1.0" 236 255
66.249.71.237 - - [05/Jun/2009:01:06:58 +0100] "GET /hs05.jpg HTTP/1.1" 304 - "-" "Googlebot-Image/1.0" 236 255
119.63.193.231 - - [05/Jun/2009:02:50:26 +0100] "GET /robots.txt HTTP/1.1" 404 357 "-" "Baiduspider+(+http://www.baidu.jp/spider/)" 164 603
216.129.119.14 - - [05/Jun/2009:04:10:31 +0100] "GET /robots.txt HTTP/1.0" 404 357 "-" "Mozilla/5.0 (Twiceler-0.9 http://www.cuil.com/twiceler/robot.html)" 199 603
220.181.61.234 - - [05/Jun/2009:05:10:14 +0100] "GET / HTTP/1.1" 200 1266 "-" "Sogou web spider/4.0(+http://www.sogou.com/docs/help/webmasters.htm#07)" 275 1587
114.80.93.71 - - [05/Jun/2009:06:04:30 +0100] "GET / HTTP/1.1" 200 1266 "http://www.decodeine.com/" "Mozilla/4.0 (compatible; MSIE 6.0; Windows NT 5.1)" 245 1625
219.232.240.213 - - [05/Jun/2009:07:09:18 +0100] "GET / HTTP/1.1" 200 1266 "http://www.Decodeine.com/" "Mozilla/4.0 (compatible; MSIE 6.0; Windows NT 5.1; SV1)" 231 1587
66.249.72.141 - - [05/Jun/2009:11:06:00 +0100] "GET /robots.txt HTTP/1.1" 404 357 "-" "Mozilla/5.0 (compatible; Googlebot/2.1; +http://www.google.com/bot.html)" 258 641
66.249.72.141 - - [05/Jun/2009:11:06:00 +0100] "GET /webalizer/usage_200906.html HTTP/1.1" 200 103781 "-" "Mozilla/5.0 (compatible; Googlebot/2.1; +http://www.google.com/bot.html)" 258 104144
208.80.195.34 - - [05/Jun/2009:17:37:49 +0100] "GET / HTTP/1.0" 200 1266 "-" "Mozilla/4.0 (compatible; MSIE 6.0; Windows NT 5.1; SV1; GenealogyBrowser 3.6.1 (Build 056); .NET CLR 1.1.4322)" 167 1587
66.249.72.141 - - [05/Jun/2009:18:09:52 +0100] "GET /log/?C=D;O=D HTTP/1.1" 200 3184 "-" "Mozilla/5.0 (compatible; Googlebot/2.1; +http://www.google.com/bot.html)" 243 3456
92.150.166.57 - - [05/Jun/2009:18:13:20 +0100] "GET / HTTP/1.1" 200 1266 "http://www.google.fr/search?hl=fr&q=decodeline.com&btnG=Recherche+Google&meta=&aq=f&oq=" "Mozilla/4.0 (compatible; MSIE 6.0; Windows NT 5.1; SV1; Orange 8.0; .NET CLR 1.1.4322; IEMB3)" 499 1625
92.150.166.57 - - [05/Jun/2009:18:13:20 +0100] "GET /indexbutton.jpg HTTP/1.1" 200 153759 "http://www.decodeine.com/" "Mozilla/4.0 (compatible; MSIE 6.0; Windows NT 5.1; SV1; Orange 8.0; .NET CLR 1.1.4322; IEMB3)" 291 154122
92.150.166.57 - - [05/Jun/2009:18:13:20 +0100] "GET /index.jpg HTTP/1.1" 200 225683 "http://www.decodeine.com/" "Mozilla/4.0 (compatible; MSIE 6.0; Windows NT 5.1; SV1; Orange 8.0; .NET CLR 1.1.4322; IEMB3)" 285 226047
92.150.166.57 - - [05/Jun/2009:18:13:50 +0100] "GET /feidad.html HTTP/1.1" 200 820 "http://www.decodeine.com/" "Mozilla/4.0 (compatible; MSIE 6.0; Windows NT 5.1; SV1; Orange 8.0; .NET CLR 1.1.4322; IEMB3)" 448 1178
92.150.166.57 - - [05/Jun/2009:18:13:50 +0100] "GET /dec4b.swf HTTP/1.1" 200 7503350 "http://www.decodeine.com/feidad.html" "Mozilla/4.0 (compatible; MSIE 6.0; Windows NT 5.1; SV1; Orange 8.0; .NET CLR 1.1.4322; IEMB3)" 328 5259144
92.150.166.57 - - [05/Jun/2009:18:14:24 +0100] "GET /dec4b.swf HTTP/1.1" 200 7503350 "http://www.decodeine.com/feidad.html" "Mozilla/4.0 (compatible; MSIE 6.0; Windows NT 5.1; SV1; Orange 8.0; .NET CLR 1.1.4322; IEMB3)" 328 7503735
76.198.247.98 - - [05/Jun/2009:18:23:56 +0100] "GET /dec4b.swf HTTP/1.0" 200 7503350 "http://images.google.com/imgres?imgurl=http://www.decodeine.com/bs10.jpg&imgrefurl=http://www.decodeine.com/dec4b.swf&usg=__gk7T7-t2c4g-SUHrmbaphfxqw4g=&h=340&w=605&sz=146&hl=en&start=37&um=1&tbnid=pJVmb-w-ryiA7M:&tbnh=76&tbnw=135&prev=/images%3Fq%3Dspace-cave%2Barchitecture%26ndsp%3D20%26hl%3Den%26sa%3DN%26start%3D20%26um%3D1" "Mozilla/4.0 (compatible; MSIE 7.0; Windows NT 5.1; Trident/4.0)" 686 755040
76.198.247.98 - - [05/Jun/2009:18:24:10 +0100] "GET /bs10.jpg HTTP/1.0" 200 22950 "http://images.google.com/imgres?imgurl=http://www.decodeine.com/bs10.jpg&imgrefurl=http://www.decodeine.com/dec4b.swf&usg=__gk7T7-t2c4g-SUHrmbaphfxqw4g=&h=340&w=605&sz=146&hl=en&start=37&um=1&tbnid=pJVmb-w-ryiA7M:&tbnh=76&tbnw=135&prev=/images%3Fq%3Dspace-cave%2Barchitecture%26ndsp%3D20%26hl%3Den%26sa%3DN%26start%3D20%26um%3D1" "Mozilla/4.0 (compatible; MSIE 8.0; Windows NT 5.1; Trident/4.0)" 685 23312
76.198.247.98 - - [05/Jun/2009:18:24:11 +0100] "GET /favicon.ico HTTP/1.0" 404 358 "-" "Mozilla/4.0 (compatible; MSIE 8.0; Windows NT 5.1; Trident/4.0)" 168 641
76.198.247.98 - - [05/Jun/2009:18:24:13 +0100] "GET /dec4b.swf HTTP/1.0" 206 6859047 "-" "Mozilla/4.0 (compatible; MSIE 8.0; Windows NT 5.1; Trident/4.0)" 463 111804
76.198.247.98 - - [05/Jun/2009:18:24:16 +0100] "GET /dec4b.swf HTTP/1.0" 206 6828997 "http://images.google.com/imgres?imgurl=http://www.decodeine.com/bs08.jpg&imgrefurl=http://www.decodeine.com/dec4b.swf&usg=__Ah_EQ-B3wKuhz3U3mY44KYUJGxA=&h=363&w=602&sz=137&hl=en&start=38&um=1&tbnid=w34nrzSUWQuITM:&tbnh=81&tbnw=135&prev=/images%3Fq%3Dspace-cave%2Barchitecture%26ndsp%3D20%26hl%3Den%26sa%3DN%26start%3D20%26um%3D1" "Mozilla/4.0 (compatible; MSIE 7.0; Windows NT 5.1; Trident/4.0)" 802 582252
76.198.247.98 - - [05/Jun/2009:18:24:26 +0100] "GET /bs08.jpg HTTP/1.0" 200 168821 "http://images.google.com/imgres?imgurl=http://www.decodeine.com/bs08.jpg&imgrefurl=http://www.decodeine.com/dec4b.swf&usg=__Ah_EQ-B3wKuhz3U3mY44KYUJGxA=&h=363&w=602&sz=137&hl=en&start=38&um=1&tbnid=w34nrzSUWQuITM:&tbnh=81&tbnw=135&prev=/images%3Fq%3Dspace-cave%2Barchitecture%26ndsp%3D20%26hl%3Den%26sa%3DN%26start%3D20%26um%3D1" "Mozilla/4.0 (compatible; MSIE 8.0; Windows NT 5.1; Trident/4.0)" 685 169185
76.198.247.98 - - [05/Jun/2009:18:24:28 +0100] "GET /favicon.ico HTTP/1.0" 404 358 "-" "Mozilla/4.0 (compatible; MSIE 8.0; Windows NT 5.1; Trident/4.0)" 168 641
76.198.247.98 - - [05/Jun/2009:18:24:33 +0100] "GET /dec4b.swf HTTP/1.0" 206 6329952 "-" "Mozilla/4.0 (compatible; MSIE 8.0; Windows NT 5.1; Trident/4.0)" 464 132132
66.249.72.141 - - [05/Jun/2009:18:40:26 +0100] "GET /webalizer/usage_200702.html HTTP/1.1" 200 109786 "-" "Mozilla/5.0 (compatible; Googlebot/2.1; +http://www.google.com/bot.html)" 258 110149
66.249.72.141 - - [05/Jun/2009:19:26:16 +0100] "GET /log/error.log.5 HTTP/1.1" 200 364 "-" "Mozilla/5.0 (compatible; Googlebot/2.1; +http://www.google.com/bot.html)" 246 724
114.80.93.71 - - [05/Jun/2009:19:28:13 +0100] "GET / HTTP/1.1" 200 1266 "http://www.decodeine.com/" "Mozilla/4.0 (compatible; MSIE 6.0; Windows NT 5.1)" 245 1625
124.115.0.23 - - [05/Jun/2009:19:33:25 +0100] "HEAD / HTTP/1.1" 200 - "http://www.decodeine.com/" "Sosospider+(+http://help.soso.com/webspider.htm)" 244 359
66.249.72.141 - - [05/Jun/2009:20:12:06 +0100] "GET /log/error.log.2 HTTP/1.1" 200 2074 "-" "Mozilla/5.0 (compatible; Googlebot/2.1; +http://www.google.com/bot.html)" 246 2434
89.149.234.43 - - [05/Jun/2009:20:26:26 +0100] "GET /webalizer/usage_200906.html HTTP/1.0" 200 106353 "-" "-" 70 106679
89.149.212.91 - - [05/Jun/2009:20:26:26 +0100] "HEAD / HTTP/1.1" 200 - "http://autoversicherung.parkhotel-silverio.at" "Mozilla/4.0 (compatible; MSIE 6.0; Windows NT 5.1)" 177 302
89.149.234.43 - - [05/Jun/2009:20:26:26 +0100] "HEAD / HTTP/1.1" 200 - "http://autoversicherung.parkhotel-silverio.at" "Mozilla/4.0 (compatible; MSIE 6.0; Windows NT 5.1) Opera 7.54 [en]" 193 302
89.149.212.94 - - [05/Jun/2009:20:26:26 +0100] "HEAD / HTTP/1.1" 200 - "http://autoversicherung.parkhotel-silverio.at" "Mozilla/4.0 (compatible; MSIE 6.0; Windows NT 5.1) Opera 7.54 [en]" 193 302
89.149.249.183 - - [05/Jun/2009:20:26:26 +0100] "HEAD / HTTP/1.1" 200 - "http://autoversicherung.parkhotel-silverio.at" "Mozilla/5.0 (Windows; U; Windows NT 5.1; pl-PL; rv:1.7) Gecko/20040707 Firefox/0.9.2" 211 302
89.149.249.184 - - [05/Jun/2009:20:26:26 +0100] "HEAD / HTTP/1.1" 200 - "http://autoversicherung.parkhotel-silverio.at" "Mozilla/4.0 (compatible; MSIE 6.0; Windows NT 5.1) Opera 7.54 [en]" 193 302
89.149.212.93 - - [05/Jun/2009:20:26:26 +0100] "HEAD / HTTP/1.1" 200 - "http://autoversicherung.parkhotel-silverio.at" "Mozilla/4.0 (compatible; MSIE 6.0; Windows NT 5.1; cw-mep2000-retail)" 196 302
89.149.249.183 - - [05/Jun/2009:20:26:26 +0100] "HEAD / HTTP/1.1" 200 - "http://autoversicherung.parkhotel-silverio.at" "Mozilla/4.0 (compatible; MSIE 6.0; Windows 98)" 173 302
89.149.207.79 - - [05/Jun/2009:20:26:26 +0100] "HEAD / HTTP/1.1" 200 - "http://autoversicherung.parkhotel-silverio.at" "Mozilla/5.0 (compatible; Konqueror/3.2; Linux 2.4.27; X11) (KHTML, like Gecko)" 205 302
89.149.207.79 - - [05/Jun/2009:20:26:27 +0100] "HEAD / HTTP/1.1" 200 - "http://autoversicherung.parkhotel-silverio.at" "-" 113 302
89.149.212.94 - - [05/Jun/2009:20:26:27 +0100] "HEAD / HTTP/1.1" 200 - "http://autoversicherung.parkhotel-silverio.at" "Mozilla/4.0 (compatible; MSIE 6.0; Windows NT 5.1; FunWebProducts)" 193 302
89.149.234.42 - - [05/Jun/2009:20:26:27 +0100] "HEAD / HTTP/1.1" 200 - "http://autoversicherung.parkhotel-silverio.at" "msnbot/0.3 (+http://search.msn.com/msnbot.htm)" 173 302
89.149.249.186 - - [05/Jun/2009:20:26:27 +0100] "HEAD / HTTP/1.1" 200 - "http://autoversicherung.parkhotel-silverio.at" "Mozilla/4.0 (compatible; MSIE 6.0; Windows NT 5.1; Neostrada TP 6.1)" 195 302
89.149.249.185 - - [05/Jun/2009:20:26:27 +0100] "HEAD / HTTP/1.1" 200 - "http://autoversicherung.parkhotel-silverio.at" "Mozilla/5.0 (Windows; U; Windows NT 5.1; pl-PL; rv:1.7) Gecko/20040707 Firefox/0.9.2" 211 302
89.149.212.94 - - [05/Jun/2009:20:26:27 +0100] "HEAD / HTTP/1.1" 200 - "http://autoversicherung.parkhotel-silverio.at" "Mozilla/5.0 (compatible; Yahoo! Slurp; http://help.yahoo.com/help/us/ysearch/slurp)" 210 302
89.149.234.43 - - [05/Jun/2009:20:26:27 +0100] "HEAD / HTTP/1.1" 200 - "http://autoversicherung.parkhotel-silverio.at" "Mozilla/5.0 (Windows; U; Windows NT 5.1; pl-PL; rv:1.7) Gecko/20040707 Firefox/0.9.2" 211 302
