94.178.0.170 - - [27/Apr/2009:03:16:19 +0100] "GET / HTTP/1.1" 206 986 "http://ddpmall.com/Details-1yaself.html" "Mozilla/4.0 (compatible; MSIE 7.0; Windows NT 5.1; .NET CLR 1.1.4322)" 472 1352
94.178.0.170 - - [27/Apr/2009:03:18:38 +0100] "GET / HTTP/1.1" 206 1266 "http://ddpmall.com/Details-1yaself.html" "Mozilla/4.0 (compatible; MSIE 7.0; Windows NT 5.1; .NET CLR 1.1.4322; .NET CLR 2.0.50727)" 493 1634
94.178.0.170 - - [27/Apr/2009:03:19:27 +0100] "GET / HTTP/1.1" 206 741 "http://ddpmall.com/Details-1yaself.html" "Mozilla/5.0 (Macintosh; U; Intel Mac OS X; es) AppleWebKit/418 (KHTML, like Gecko) Safari/417.9.2" 500 1107
66.249.72.141 - - [27/Apr/2009:05:03:01 +0100] "GET /robots.txt HTTP/1.1" 404 357 "-" "Googlebot-Image/1.0" 205 641
66.249.72.141 - - [27/Apr/2009:05:03:01 +0100] "GET /webalizer/daily_usage_200612.png HTTP/1.1" 304 - "-" "Googlebot-Image/1.0" 260 253
66.249.72.141 - - [27/Apr/2009:06:38:37 +0100] "GET /webalizer/ HTTP/1.1" 200 11454 "-" "Mozilla/5.0 (compatible; Googlebot/2.1; +http://www.google.com/bot.html)" 291 11816
66.249.72.141 - - [27/Apr/2009:06:41:27 +0100] "GET /log/web.log.2 HTTP/1.1" 304 - "-" "Mozilla/5.0 (compatible; Googlebot/2.1; +http://www.google.com/bot.html)" 294 255
220.181.61.234 - - [27/Apr/2009:07:08:15 +0100] "GET / HTTP/1.1" 200 1266 "-" "Sogou web spider/4.0(+http://www.sogou.com/docs/help/webmasters.htm#07)" 275 1587
66.235.124.4 - - [27/Apr/2009:09:13:59 +0100] "GET /robots.txt HTTP/1.1" 404 357 "-" "Mozilla/5.0 (compatible; Ask Jeeves/Teoma; +http://about.ask.com/en/docs/about/webmasters.shtml)" 221 641
66.235.124.4 - - [27/Apr/2009:09:14:14 +0100] "GET / HTTP/1.1" 200 1266 "-" "Mozilla/5.0 (compatible; Ask Jeeves/Teoma; +http://about.ask.com/en/docs/about/webmasters.shtml)" 246 1587
66.249.72.141 - - [27/Apr/2009:11:05:45 +0100] "GET /webalizer/usage_200904.html HTTP/1.1" 200 152367 "-" "Mozilla/5.0 (compatible; Googlebot/2.1; +http://www.google.com/bot.html)" 352 152730
38.99.13.119 - - [27/Apr/2009:15:49:28 +0100] "GET /indexbutton.jpg HTTP/1.0" 200 153759 "-" "Mozilla/5.0 (Twiceler-0.9 http://www.cuil.com/twiceler/robot.html)" 181 154085
58.61.164.207 - - [27/Apr/2009:17:55:21 +0100] "GET /robots.txt HTTP/1.1" 404 357 "http://www.decodeine.com/robots.txt" "Sosospider+(+http://help.soso.com/webspider.htm)" 263 641
86.163.125.207 - - [27/Apr/2009:20:24:28 +0100] "GET / HTTP/1.1" 200 1266 "http://www.creativematch.co.uk/viewlisting/?61705&c=1&sc=Architects&criteria=&postcode=&555745556626" "Mozilla/5.0 (Macintosh; U; Intel Mac OS X 10.5; en-US; rv:1.9.0.8) Gecko/2009032608 Firefox/3.0.8" 491 1625
86.163.125.207 - - [27/Apr/2009:20:24:29 +0100] "GET /index.jpg HTTP/1.1" 200 225683 "http://www.decodeine.com/" "Mozilla/5.0 (Macintosh; U; Intel Mac OS X 10.5; en-US; rv:1.9.0.8) Gecko/2009032608 Firefox/3.0.8" 395 226046
86.163.125.207 - - [27/Apr/2009:20:24:29 +0100] "GET /indexbutton.jpg HTTP/1.1" 200 153759 "http://www.decodeine.com/" "Mozilla/5.0 (Macintosh; U; Intel Mac OS X 10.5; en-US; rv:1.9.0.8) Gecko/2009032608 Firefox/3.0.8" 401 154123
86.163.125.207 - - [27/Apr/2009:20:24:30 +0100] "GET /favicon.ico HTTP/1.1" 404 358 "-" "Mozilla/5.0 (Macintosh; U; Intel Mac OS X 10.5; en-US; rv:1.9.0.8) Gecko/2009032608 Firefox/3.0.8" 361 641
86.163.125.207 - - [27/Apr/2009:20:24:33 +0100] "GET /favicon.ico HTTP/1.1" 404 358 "-" "Mozilla/5.0 (Macintosh; U; Intel Mac OS X 10.5; en-US; rv:1.9.0.8) Gecko/2009032608 Firefox/3.0.8" 391 641
86.163.125.207 - - [27/Apr/2009:20:24:39 +0100] "GET /feidad.html HTTP/1.1" 200 820 "http://www.decodeine.com/" "Mozilla/5.0 (Macintosh; U; Intel Mac OS X 10.5; en-US; rv:1.9.0.8) Gecko/2009032608 Firefox/3.0.8" 427 1177
86.163.125.207 - - [27/Apr/2009:20:24:39 +0100] "GET /dec4b.swf HTTP/1.1" 200 7503350 "http://www.decodeine.com/feidad.html" "Mozilla/5.0 (Macintosh; U; Intel Mac OS X 10.5; en-US; rv:1.9.0.8) Gecko/2009032608 Firefox/3.0.8" 436 7503734
86.163.125.207 - - [27/Apr/2009:20:27:44 +0100] "GET /eh1.jpg HTTP/1.1" 200 66657 "-" "Mozilla/5.0 (Macintosh; U; Intel Mac OS X 10.5; en-US; rv:1.9.0.8) Gecko/2009032608 Firefox/3.0.8" 387 67021
86.163.125.207 - - [27/Apr/2009:20:27:46 +0100] "GET /eh2.jpg HTTP/1.1" 200 65677 "-" "Mozilla/5.0 (Macintosh; U; Intel Mac OS X 10.5; en-US; rv:1.9.0.8) Gecko/2009032608 Firefox/3.0.8" 387 66040
86.163.125.207 - - [27/Apr/2009:20:28:02 +0100] "GET /eh16.jpg HTTP/1.1" 200 70919 "-" "Mozilla/5.0 (Macintosh; U; Intel Mac OS X 10.5; en-US; rv:1.9.0.8) Gecko/2009032608 Firefox/3.0.8" 388 71282
86.163.125.207 - - [27/Apr/2009:20:28:28 +0100] "GET /Margot.jpg HTTP/1.1" 404 357 "-" "Mozilla/5.0 (Macintosh; U; Intel Mac OS X 10.5; en-US; rv:1.9.0.8) Gecko/2009032608 Firefox/3.0.8" 390 641
86.163.125.207 - - [27/Apr/2009:20:28:29 +0100] "GET /Margot.jpg HTTP/1.1" 404 357 "-" "Mozilla/5.0 (Macintosh; U; Intel Mac OS X 10.5; en-US; rv:1.9.0.8) Gecko/2009032608 Firefox/3.0.8" 390 640
86.163.125.207 - - [27/Apr/2009:20:29:42 +0100] "GET /Margot.jpg HTTP/1.1" 404 357 "-" "Mozilla/5.0 (Macintosh; U; Intel Mac OS X 10.5; en-US; rv:1.9.0.8) Gecko/2009032608 Firefox/3.0.8" 390 641
86.163.125.207 - - [27/Apr/2009:20:29:45 +0100] "GET /Margot.jpg HTTP/1.1" 404 357 "-" "Mozilla/5.0 (Macintosh; U; Intel Mac OS X 10.5; en-US; rv:1.9.0.8) Gecko/2009032608 Firefox/3.0.8" 390 640
86.163.125.207 - - [27/Apr/2009:20:30:58 +0100] "GET /dec4b.swf HTTP/1.1" 200 7503350 "http://www.decodeine.com/feidad.html" "Mozilla/5.0 (Macintosh; U; Intel Mac OS X 10.5; en-US; rv:1.9.0.8) Gecko/2009032608 Firefox/3.0.8" 436 7503735
208.80.195.51 - - [27/Apr/2009:22:04:32 +0100] "GET / HTTP/1.0" 200 1266 "-" "Mozilla/4.0 (compatible; MSIE 7.0; Windows NT 5.1; .NET CLR 1.0.3705; .NET CLR 1.1.4322; Media Center PC 4.0; .NET CLR 2.0.50727; .NET CLR 3.0.04506.30; MSN 9.0;MSN 9.1; MSNbMSNI; MSNmen-us; MSNcOTH)" 256 1587
62.0.93.36 - - [27/Apr/2009:22:33:37 +0100] "GET / HTTP/1.1" 200 1266 "http://www.decodeine.org/" "Opera/9.63 (Windows NT 5.1; U; en) Presto/2.1.1" 433 1625
62.0.93.36 - - [27/Apr/2009:22:33:38 +0100] "GET /indexbutton.jpg HTTP/1.1" 200 153759 "http://www.decodeine.com/" "Opera/9.63 (Windows NT 5.1; U; en) Presto/2.1.1" 500 154123
62.0.93.36 - - [27/Apr/2009:22:33:37 +0100] "GET /index.jpg HTTP/1.1" 200 225683 "http://www.decodeine.com/" "Opera/9.63 (Windows NT 5.1; U; en) Presto/2.1.1" 494 226046
62.0.93.36 - - [27/Apr/2009:22:33:41 +0100] "GET /favicon.ico HTTP/1.1" 404 358 "http://www.decodeine.com/" "Opera/9.63 (Windows NT 5.1; U; en) Presto/2.1.1" 496 641
62.0.93.36 - - [27/Apr/2009:22:33:46 +0100] "GET /feidad.html HTTP/1.1" 200 820 "http://www.decodeine.com/" "Opera/9.63 (Windows NT 5.1; U; en) Presto/2.1.1" 496 1177
62.0.93.36 - - [27/Apr/2009:22:33:46 +0100] "GET /dec4b.swf HTTP/1.1" 200 7503350 "http://www.decodeine.com/feidad.html" "Opera/9.63 (Windows NT 5.1; U; en) Presto/2.1.1" 505 7503734
62.0.93.36 - - [27/Apr/2009:22:35:09 +0100] "GET /Margot.jpg HTTP/1.1" 404 357 "http://www.decodeine.com/dec4b.swf" "Opera/9.63 (Windows NT 5.1; U; en) Presto/2.1.1" 504 641
62.0.93.36 - - [27/Apr/2009:22:35:15 +0100] "GET /Margot.jpg HTTP/1.1" 404 357 "http://www.decodeine.com/dec4b.swf" "Opera/9.63 (Windows NT 5.1; U; en) Presto/2.1.1" 529 640
62.0.93.36 - - [27/Apr/2009:22:35:35 +0100] "GET /Margot.jpg HTTP/1.1" 404 357 "http://www.decodeine.com/dec4b.swf" "Opera/9.63 (Windows NT 5.1; U; en) Presto/2.1.1" 529 641
74.62.161.76 - - [27/Apr/2009:23:00:54 +0100] "GET /robots.txt HTTP/1.1" 404 357 "-" "flatlandbot/baypup (Flatland Industries Web Spider; http://www.flatlandindustries.com/flatlandbot; jason@flatlandindustries.com)" 593 584
74.62.161.76 - - [27/Apr/2009:23:00:54 +0100] "GET / HTTP/1.1" 200 1266 "-" "flatlandbot/baypup (Flatland Industries Web Spider; http://www.flatlandindustries.com/flatlandbot; jason@flatlandindustries.com)" 583 1568
91.124.239.96 - - [28/Apr/2009:00:04:22 +0100] "GET / HTTP/1.1" 206 1266 "http://ddpmall.com/Details-1yaself.html" "Mozilla/4.0 (compatible; MSIE 7.0; Windows NT 5.1; .NET CLR 1.1.4322; IEMB3)" 480 1634
66.249.72.141 - - [28/Apr/2009:00:26:36 +0100] "GET /robots.txt HTTP/1.1" 404 357 "-" "Mozilla/5.0 (compatible; Googlebot/2.1; +http://www.google.com/bot.html)" 258 641
66.249.72.141 - - [28/Apr/2009:00:26:36 +0100] "GET /webalizer/usage_200607.html HTTP/1.1" 200 106726 "-" "Mozilla/5.0 (compatible; Googlebot/2.1; +http://www.google.com/bot.html)" 258 107088
66.249.72.141 - - [28/Apr/2009:00:32:16 +0100] "GET /webalizer/usage_200902.html HTTP/1.1" 200 152884 "-" "Mozilla/5.0 (compatible; Googlebot/2.1; +http://www.google.com/bot.html)" 258 153247
66.249.72.141 - - [28/Apr/2009:00:33:41 +0100] "GET /webalizer/usage_200709.html HTTP/1.1" 200 143580 "-" "Mozilla/5.0 (compatible; Googlebot/2.1; +http://www.google.com/bot.html)" 258 143944
66.249.72.141 - - [28/Apr/2009:00:47:52 +0100] "GET /webalizer/usage_200712.html HTTP/1.1" 200 154783 "-" "Mozilla/5.0 (compatible; Googlebot/2.1; +http://www.google.com/bot.html)" 258 155146
91.124.239.96 - - [28/Apr/2009:00:55:22 +0100] "GET / HTTP/1.1" 206 1266 "http://ddpmall.com/Details-1yaself.html" "Mozilla/5.0 (Windows; U; Windows NT 6.0; en-US; rv:1.8.0.11) Gecko/20070312 Firefox/1.5.0.11" 496 1634
91.124.239.96 - - [28/Apr/2009:01:29:00 +0100] "GET / HTTP/1.1" 206 1087 "http://ddpmall.com/Details-1yaself.html" "Mozilla/5.0 (Windows; U; Windows NT 5.1; en-US; rv:1.7.5) Gecko/20060127 Netscape/8.1" 489 1455
124.115.4.194 - - [28/Apr/2009:01:59:28 +0100] "HEAD / HTTP/1.1" 200 - "http://www.decodeine.com/" "Sosospider+(+http://help.soso.com/webspider.htm)" 244 359
91.124.239.96 - - [28/Apr/2009:02:50:00 +0100] "GET / HTTP/1.1" 206 1266 "http://ddpmall.com/Details-1yaself.html" "Mozilla/4.0 (compatible; MSIE 7.0; Windows NT 5.1; .NET CLR 1.1.4322; FDM)" 478 1634
66.249.72.141 - - [28/Apr/2009:02:56:03 +0100] "GET /hs13.jpg HTTP/1.1" 200 50131 "-" "Googlebot-Image/1.0" 186 50493
38.99.13.120 - - [28/Apr/2009:03:14:14 +0100] "GET /robots.txt HTTP/1.0" 404 357 "-" "Mozilla/5.0 (Twiceler-0.9 http://www.cuil.com/twiceler/robot.html)" 199 603
91.124.239.96 - - [28/Apr/2009:03:32:49 +0100] "GET / HTTP/1.1" 206 757 "http://ddpmall.com/Details-1yaself.html" "Mozilla/5.0 (Windows; U; Windows NT 5.1; en-US; rv:1.7.5) Gecko/20060912 Netscape/8.1.2" 490 1123
91.124.239.96 - - [28/Apr/2009:04:02:48 +0100] "GET / HTTP/1.1" 206 1167 "http://ddpmall.com/Details-1yaself.html" "Mozilla/5.0 (Macintosh; U; Intel Mac OS X; es) AppleWebKit/418 (KHTML, like Gecko) Safari/417.9.2" 501 1535
91.124.239.96 - - [28/Apr/2009:04:28:32 +0100] "GET / HTTP/1.1" 206 1266 "http://ddpmall.com/Details-1yaself.html" "Mozilla/4.0 (compatible; MSIE 7.0; Windows NT 5.1; .NET CLR 1.1.4322; .NET CLR 2.0.50727; SpamBlockerUtility 4.8.4)" 519 1634
64.246.161.30 - - [28/Apr/2009:04:59:22 +0100] "GET /robots.txt HTTP/1.0" 404 357 "http://www.whois.sc/" "SurveyBot/2.3 (Whois Source)" 212 603
64.246.161.30 - - [28/Apr/2009:04:59:22 +0100] "GET / HTTP/1.1" 206 1266 "http://whois.domaintools.com/decodeine.com" "SurveyBot/2.3 (Whois Source)" 351 1634
91.124.239.96 - - [28/Apr/2009:05:17:31 +0100] "GET / HTTP/1.1" 206 768 "http://ddpmall.com/Details-1yaself.html" "Mozilla/4.0 (compatible; MSIE 7.0; Windows NT 5.1; .NET CLR 1.1.4322; IEMB3; IEMB3)" 486 1134
91.124.239.96 - - [28/Apr/2009:05:46:57 +0100] "GET / HTTP/1.1" 206 634 "http://ddpmall.com/Details-1yaself.html" "Mozilla/4.0 (compatible; MSIE 7.0; Windows NT 5.1; .NET CLR 1.1.4322; FDM)" 477 1000
66.249.72.141 - - [28/Apr/2009:06:10:13 +0100] "GET /hs14.jpg HTTP/1.1" 304 - "-" "Googlebot-Image/1.0" 236 256
91.124.239.96 - - [28/Apr/2009:06:13:43 +0100] "GET / HTTP/1.1" 206 1266 "http://ddpmall.com/Details-1yaself.html" "Mozilla/5.0 (X11; U; Linux i686; en-US; rv:1.8.0.4) Gecko/20070416 Firefox/1.5.0.4" 486 1634
91.124.239.96 - - [28/Apr/2009:06:38:30 +0100] "GET / HTTP/1.1" 206 1266 "http://ddpmall.com/Details-1yaself.html" "Mozilla/5.0 (Windows; U; Windows NT 5.1; en-US; rv:1.7.5) Gecko/20041107 Firefox/1.0" 488 1634
91.124.239.96 - - [28/Apr/2009:07:05:25 +0100] "GET / HTTP/1.1" 206 1266 "http://ddpmall.com/Details-1yaself.html" "Mozilla/4.0 (compatible; MSIE 7.0; Windows NT 5.1; .NET CLR 1.1.4322; .NET CLR 2.0.50727; IEMB3; IEMB3)" 507 1634
91.124.239.96 - - [28/Apr/2009:07:52:29 +0100] "GET / HTTP/1.1" 206 1266 "http://ddpmall.com/Details-1yaself.html" "Mozilla/5.0 (Macintosh; U; PPC Mac OS X Mach-O; en-US; rv:1.8.1.1) Gecko/20061220 Firefox/2.0.0.1" 501 1634
91.124.239.96 - - [28/Apr/2009:08:21:46 +0100] "GET / HTTP/1.1" 206 1266 "http://ddpmall.com/Details-1yaself.html" "Mozilla/4.0 (compatible; MSIE 7.0; Windows NT 5.1; .NET CLR 1.0.3705; Media Center PC 4.0)" 494 1634
77.88.26.26 - - [28/Apr/2009:08:47:09 +0100] "GET /robots.txt HTTP/1.1" 404 357 "-" "Yandex/1.01.001 (compatible; Win16; I)" 155 641
77.88.26.26 - - [28/Apr/2009:08:47:09 +0100] "GET / HTTP/1.1" 200 1266 "-" "Yandex/1.01.001 (compatible; Win16; I)" 450 1624
91.124.239.96 - - [28/Apr/2009:08:48:20 +0100] "GET / HTTP/1.1" 206 1266 "http://ddpmall.com/Details-1yaself.html" "Mozilla/5.0 (Macintosh; U; PPC Mac OS X Mach-O; en-US; rv:1.8.1.1) Gecko/20061220 Firefox/2.0.0.1" 501 1634
74.62.161.76 - - [28/Apr/2009:08:51:07 +0100] "GET /robots.txt HTTP/1.1" 404 357 "-" "flatlandbot/baypup (Flatland Industries Web Spider; http://www.flatlandindustries.com/flatlandbot; jason@flatlandindustries.com)" 545 584
74.62.161.76 - - [28/Apr/2009:08:51:07 +0100] "GET /feidad.html HTTP/1.1" 200 820 "-" "flatlandbot/baypup (Flatland Industries Web Spider; http://www.flatlandindustries.com/flatlandbot; jason@flatlandindustries.com)" 546 1121
91.124.239.96 - - [28/Apr/2009:09:03:57 +0100] "GET / HTTP/1.1" 206 1266 "http://ddpmall.com/Details-1yaself.html" "Opera/9.02 (Windows NT 5.1; U; en)" 438 1634
91.124.239.96 - - [28/Apr/2009:09:16:21 +0100] "GET / HTTP/1.1" 206 553 "http://ddpmall.com/Details-1yaself.html" "Mozilla/5.0 (Windows; U; Windows NT 6.0; de; rv:1.8.1.3) Gecko/20070309 Firefox/2.0.0.3" 490 919
91.124.239.96 - - [28/Apr/2009:09:28:13 +0100] "GET / HTTP/1.1" 206 1266 "http://ddpmall.com/Details-1yaself.html" "Mozilla/5.0 (Macintosh; U; Intel Mac OS X; es) AppleWebKit/418.9.1 (KHTML, like Gecko) Safari/419.3" 503 1634
91.124.239.96 - - [28/Apr/2009:09:39:41 +0100] "GET / HTTP/1.1" 206 1266 "http://ddpmall.com/Details-1yaself.html" "Mozilla/5.0 (Macintosh; U; Intel Mac OS X; en-US; rv:1.8.1.2) Gecko/20070219 Firefox/2.0.0.2" 496 1634
91.124.239.96 - - [28/Apr/2009:09:52:19 +0100] "GET / HTTP/1.1" 206 1266 "http://ddpmall.com/Details-1yaself.html" "Mozilla/5.0 (Macintosh; U; Intel Mac OS X; es) AppleWebKit/418.9.1 (KHTML, like Gecko) Safari/419.3" 503 1634
91.124.239.96 - - [28/Apr/2009:10:03:11 +0100] "GET / HTTP/1.1" 206 1266 "http://ddpmall.com/Details-1yaself.html" "Mozilla/5.0 (Windows; U; Windows NT 5.1; en-US; rv:1.7.5) Gecko/20070321 Netscape/8.1.3" 491 1634
91.124.239.96 - - [28/Apr/2009:10:15:50 +0100] "GET / HTTP/1.1" 206 1086 "http://ddpmall.com/Details-1yaself.html" "Mozilla/5.0 (Macintosh; U; Intel Mac OS X; en-US; rv:1.8.1.3) Gecko/20070309 Firefox/2.0.0.3" 496 1454
91.124.239.96 - - [28/Apr/2009:10:26:05 +0100] "GET / HTTP/1.1" 206 1266 "http://ddpmall.com/Details-1yaself.html" "Mozilla/4.0 (compatible; MSIE 7.0; Windows NT 5.1; .NET CLR 1.0.3705; .NET CLR 1.1.4322; Media Center PC 2.8)" 513 1634
91.124.239.96 - - [28/Apr/2009:10:35:45 +0100] "GET / HTTP/1.1" 206 1060 "http://ddpmall.com/Details-1yaself.html" "Mozilla/5.0 (Windows; U; Windows NT 6.0; en-US; rv:1.8.1) Gecko/20061010 Firefox/2.0" 488 1428
91.124.239.96 - - [28/Apr/2009:10:46:55 +0100] "GET / HTTP/1.1" 206 1131 "http://ddpmall.com/Details-1yaself.html" "Mozilla/5.0 (Windows; U; Windows NT 5.1; en-US; rv:1.7.5) Gecko/20060912 Netscape/8.1.2" 491 1499
91.124.239.96 - - [28/Apr/2009:10:58:32 +0100] "GET / HTTP/1.1" 206 1266 "http://ddpmall.com/Details-1yaself.html" "Mozilla/5.0 (Macintosh; U; Intel Mac OS X; es) AppleWebKit/419 (KHTML, like Gecko) Safari/419.3" 499 1634
66.249.72.141 - - [28/Apr/2009:11:05:23 +0100] "GET /webalizer/usage_200904.html HTTP/1.1" 200 154000 "-" "Mozilla/5.0 (compatible; Googlebot/2.1; +http://www.google.com/bot.html)" 352 154363
91.124.239.96 - - [28/Apr/2009:11:10:34 +0100] "GET / HTTP/1.1" 206 1266 "http://ddpmall.com/Details-1yaself.html" "Mozilla/5.0 (Macintosh; U; Intel Mac OS X; es) AppleWebKit/418.9.1 (KHTML, like Gecko) Safari/419.3" 503 1634
66.249.72.141 - - [28/Apr/2009:11:18:15 +0100] "GET / HTTP/1.1" 200 1266 "-" "Mozilla/5.0 (compatible; Googlebot/2.1; +http://www.google.com/bot.html)" 231 1625
91.124.239.96 - - [28/Apr/2009:11:20:30 +0100] "GET / HTTP/1.1" 206 1266 "http://ddpmall.com/Details-1yaself.html" "Mozilla/4.0 (compatible; MSIE 7.0; Windows NT 5.1; .NET CLR 1.0.3705; .NET CLR 1.1.4322; .NET CLR 2.0.50727)" 512 1634
91.124.239.96 - - [28/Apr/2009:11:31:43 +0100] "GET / HTTP/1.1" 206 699 "http://ddpmall.com/Details-1yaself.html" "Mozilla/4.0 (compatible; MSIE 7.0; Windows NT 5.1; .NET CLR 1.1.4322; .NET CLR 2.0.50727; .NET CLR 3.0.04506.30; .NET CLR 3.0.04506.648)" 539 1065
91.124.239.96 - - [28/Apr/2009:11:43:21 +0100] "GET / HTTP/1.1" 206 1133 "http://ddpmall.com/Details-1yaself.html" "Mozilla/5.0 (Windows; U; Windows NT 6.0; en-US; rv:1.8.1.3) Gecko/20070309 Firefox/2.0.0.3" 494 1501
66.249.72.141 - - [28/Apr/2009:11:52:52 +0100] "GET /feidad.html HTTP/1.1" 304 - "-" "Mozilla/5.0 (compatible; Googlebot/2.1; +http://www.google.com/bot.html)" 292 254
91.124.239.96 - - [28/Apr/2009:11:53:14 +0100] "GET / HTTP/1.1" 206 1266 "http://ddpmall.com/Details-1yaself.html" "Mozilla/4.0 (compatible; MSIE 7.0; Windows NT 5.1; .NET CLR 1.1.4322; IEMB3; IEMB3)" 487 1634
91.124.239.96 - - [28/Apr/2009:12:03:36 +0100] "GET / HTTP/1.1" 206 1266 "http://ddpmall.com/Details-1yaself.html" "Mozilla/5.0 (X11; U; Linux i686; en-US; rv:1.7.5) Gecko/20041107 Firefox/1.0" 480 1634
91.124.239.96 - - [28/Apr/2009:12:12:38 +0100] "GET / HTTP/1.1" 206 728 "http://ddpmall.com/Details-1yaself.html" "Mozilla/4.0 (compatible; MSIE 7.0; Windows NT 5.1; .NET CLR 1.1.4322; Alexa Toolbar)" 487 1094
66.249.72.141 - - [28/Apr/2009:12:19:24 +0100] "GET /log/web.log.5 HTTP/1.1" 304 - "-" "Mozilla/5.0 (compatible; Googlebot/2.1; +http://www.google.com/bot.html)" 294 255
91.124.239.96 - - [28/Apr/2009:12:20:42 +0100] "GET / HTTP/1.1" 206 1266 "http://ddpmall.com/Details-1yaself.html" "Mozilla/4.0 (compatible; MSIE 7.0; Windows NT 5.1; .NET CLR 1.1.4322; .NET CLR 2.0.50727; yplus 5.3.04b)" 508 1634
66.249.72.141 - - [28/Apr/2009:12:24:05 +0100] "GET /log/error.log.3 HTTP/1.1" 304 - "-" "Mozilla/5.0 (compatible; Googlebot/2.1; +http://www.google.com/bot.html)" 296 255
91.124.239.96 - - [28/Apr/2009:12:31:04 +0100] "GET / HTTP/1.1" 206 1013 "http://ddpmall.com/Details-1yaself.html" "Mozilla/4.0 (compatible; MSIE 7.0; Windows NT 5.1; .NET CLR 1.1.4322; .NET CLR 2.0.50727; InfoPath.1)" 505 1381
91.124.239.96 - - [28/Apr/2009:12:40:50 +0100] "GET / HTTP/1.1" 206 1266 "http://ddpmall.com/Details-1yaself.html" "Mozilla/5.0 (Macintosh; U; PPC Mac OS X Mach-O; en-US; rv:1.8) Gecko/20051111 Firefox/1.5" 493 1634
91.124.239.96 - - [28/Apr/2009:12:52:55 +0100] "GET / HTTP/1.1" 206 1266 "http://ddpmall.com/Details-1yaself.html" "Mozilla/5.0 (Windows; U; Windows NT 6.0; en-GB; rv:1.8.0.11) Gecko/20070312 Firefox/1.5.0.11" 496 1634
91.124.239.96 - - [28/Apr/2009:13:02:12 +0100] "GET / HTTP/1.1" 206 1266 "http://ddpmall.com/Details-1yaself.html" "Mozilla/4.0 (compatible; MSIE 7.0; Windows NT 5.1; .NET CLR 1.0.3705; .NET CLR 1.1.4322; Media Center PC 3.1)" 513 1634
91.124.239.96 - - [28/Apr/2009:13:14:51 +0100] "GET / HTTP/1.1" 206 1266 "http://ddpmall.com/Details-1yaself.html" "Mozilla/5.0 (Macintosh; U; Intel Mac OS X; en-US; rv:1.8.1.2) Gecko/20070219 Firefox/2.0.0.2" 496 1634
91.124.239.96 - - [28/Apr/2009:13:23:27 +0100] "GET / HTTP/1.1" 206 1266 "http://ddpmall.com/Details-1yaself.html" "Mozilla/4.0 (compatible; MSIE 7.0; Windows NT 5.1; .NET CLR 1.1.4322; .NET CLR 2.0.50727; yplus 5.3.04b)" 508 1634
91.124.239.96 - - [28/Apr/2009:13:29:40 +0100] "GET / HTTP/1.1" 206 1266 "http://ddpmall.com/Details-1yaself.html" "Mozilla/5.0 (X11; U; Linux i686; en-US; rv:1.8.0.4) Gecko/20070416 Firefox/1.5.0.4" 486 1634
91.124.239.96 - - [28/Apr/2009:13:39:52 +0100] "GET / HTTP/1.1" 206 1266 "http://ddpmall.com/Details-1yaself.html" "Mozilla/5.0 (X11; U; Linux i686; en-US; rv:1.8.0.5) Gecko/20060731 Ubuntu/dapper-security Firefox/1.5.0.5" 509 1634
91.124.239.96 - - [28/Apr/2009:13:46:11 +0100] "GET / HTTP/1.1" 206 1266 "http://ddpmall.com/Details-1yaself.html" "Mozilla/4.0 (compatible; MSIE 7.0; Windows NT 5.1; .NET CLR 1.0.3705; .NET CLR 1.1.4322; .NET CLR 2.0.50727)" 512 1634
91.124.239.96 - - [28/Apr/2009:13:53:41 +0100] "GET / HTTP/1.1" 206 1266 "http://ddpmall.com/Details-1yaself.html" "Mozilla/5.0 (Windows; U; Windows NT 5.1; sv-SE; rv:1.8.1.3) Gecko/20070309 Firefox/2.0.0.3" 494 1634
72.30.65.56 - - [28/Apr/2009:14:06:34 +0100] "GET /robots.txt HTTP/1.0" 404 357 "-" "Mozilla/5.0 (compatible; Yahoo! Slurp; http://help.yahoo.com/help/us/ysearch/slurp)" 194 603
72.30.65.56 - - [28/Apr/2009:14:06:34 +0100] "GET /log/?N=D HTTP/1.0" 200 3184 "-" "Mozilla/5.0 (compatible; Yahoo! Slurp/3.0; http://help.yahoo.com/help/us/ysearch/slurp)" 418 3418
91.124.239.96 - - [28/Apr/2009:14:07:25 +0100] "GET / HTTP/1.1" 206 1214 "http://ddpmall.com/Details-1yaself.html" "Mozilla/5.0 (Macintosh; U; PPC Mac OS X Mach-O; en-US; rv:1.8.0.11) Gecko/20070312 Firefox/1.5.0.11" 503 1582
91.124.239.96 - - [28/Apr/2009:14:14:05 +0100] "GET / HTTP/1.1" 206 807 "http://ddpmall.com/Details-1yaself.html" "Mozilla/5.0 (Windows; U; Windows NT 6.0; en-US; rv:1.8.1.3) Gecko/20070309 Firefox/2.0.0.3" 493 1173
91.124.239.96 - - [28/Apr/2009:14:21:42 +0100] "GET / HTTP/1.1" 206 1232 "http://ddpmall.com/Details-1yaself.html" "Mozilla/5.0 (Windows; U; Windows NT 5.1; en-US; rv:1.7.5) Gecko/20060912 Netscape/8.1.2" 491 1600
91.124.239.96 - - [28/Apr/2009:14:41:55 +0100] "GET / HTTP/1.1" 206 1266 "http://ddpmall.com/Details-1yaself.html" "Mozilla/5.0 (Windows; U; Windows NT 5.1; en-US; rv:1.7.5) Gecko/20070321 Netscape/8.1.3" 491 1634
91.124.239.96 - - [28/Apr/2009:15:01:53 +0100] "GET / HTTP/1.1" 206 1266 "http://ddpmall.com/Details-1yaself.html" "Mozilla/5.0 (Windows; U; Windows NT 5.1; ru; rv:1.8.1.3) Gecko/20070309 Firefox/2.0.0.3" 491 1634
91.124.239.96 - - [28/Apr/2009:15:19:17 +0100] "GET / HTTP/1.1" 206 1266 "http://ddpmall.com/Details-1yaself.html" "Mozilla/5.0 (Macintosh; U; Intel Mac OS X; es) AppleWebKit/419 (KHTML, like Gecko) Safari/419.3" 499 1634
91.124.177.146 - - [28/Apr/2009:15:35:07 +0100] "GET / HTTP/1.1" 206 1194 "http://ddpmall.com/Details-1yaself.html" "Mozilla/4.0 (compatible; MSIE 7.0; Windows NT 5.1; .NET CLR 1.0.3705; Media Center PC 4.0)" 494 1562
91.124.177.146 - - [28/Apr/2009:15:49:14 +0100] "GET / HTTP/1.1" 206 811 "http://ddpmall.com/Details-1yaself.html" "Mozilla/5.0 (Macintosh; U; Intel Mac OS X; en-US; rv:1.8.1.2) Gecko/20070219 Firefox/2.0.0.2" 495 1177
91.124.177.146 - - [28/Apr/2009:15:58:23 +0100] "GET / HTTP/1.1" 206 1266 "http://ddpmall.com/Details-1yaself.html" "Mozilla/5.0 (Windows; U; Windows NT 5.1; en-US; rv:1.7.5) Gecko/20060912 Netscape/8.1.2" 491 1634
91.124.177.146 - - [28/Apr/2009:16:06:55 +0100] "GET / HTTP/1.1" 206 954 "http://ddpmall.com/Details-1yaself.html" "Mozilla/5.0 (Windows; U; Windows NT 5.1; en-US; rv:1.7.5) Gecko/20070321 Netscape/8.1.3" 490 1320
91.124.177.146 - - [28/Apr/2009:16:22:13 +0100] "GET / HTTP/1.1" 206 1266 "http://ddpmall.com/Details-1yaself.html" "Mozilla/5.0 (Windows; U; Windows NT 6.0; en-GB; rv:1.8.0.11) Gecko/20070312 Firefox/1.5.0.11" 496 1634
91.124.177.146 - - [28/Apr/2009:16:30:24 +0100] "GET / HTTP/1.1" 206 1266 "http://ddpmall.com/Details-1yaself.html" "Mozilla/5.0 (Windows; U; Windows NT 5.1; en-US; rv:1.7.5) Gecko/20060127 Netscape/8.1" 489 1634
91.124.177.146 - - [28/Apr/2009:16:37:48 +0100] "GET / HTTP/1.1" 206 1266 "http://ddpmall.com/Details-1yaself.html" "Mozilla/4.0 (compatible; MSIE 7.0; Windows NT 5.1; .NET CLR 1.0.3705; .NET CLR 1.1.4322)" 492 1634
219.87.182.140 - - [28/Apr/2009:16:38:03 +0100] "GET /robots.txt HTTP/1.0" 404 357 "-" "Gaisbot/3.0+(robot06@gais.cs.ccu.edu.tw;+http://gais.cs.ccu.edu.tw/robot.php)" 213 641
91.124.177.146 - - [28/Apr/2009:16:48:15 +0100] "GET / HTTP/1.1" 206 1266 "http://ddpmall.com/Details-1yaself.html" "Mozilla/4.0 (compatible; MSIE 7.0; Windows NT 5.1; .NET CLR 1.0.3705; .NET CLR 1.1.4322; .NET CLR 2.0.50727)" 512 1634
91.124.177.146 - - [28/Apr/2009:16:56:38 +0100] "GET / HTTP/1.1" 206 1266 "http://ddpmall.com/Details-1yaself.html" "Mozilla/4.0 (compatible; MSIE 7.0; Windows NT 5.1; .NET CLR 1.1.4322; .NET CLR 2.0.50727; IEMB3; IEMB3)" 507 1634
91.124.177.146 - - [28/Apr/2009:17:02:06 +0100] "GET / HTTP/1.1" 206 1266 "http://ddpmall.com/Details-1yaself.html" "Mozilla/4.0 (compatible; MSIE 7.0; Windows NT 5.1; .NET CLR 1.0.3705; .NET CLR 1.1.4322; Media Center PC 3.1)" 513 1634
91.124.177.146 - - [28/Apr/2009:17:11:10 +0100] "GET / HTTP/1.1" 206 1266 "http://ddpmall.com/Details-1yaself.html" "Mozilla/5.0 (X11; U; Linux i686; en-US; rv:1.7.5) Gecko/20041107 Firefox/1.0" 480 1634
91.124.177.146 - - [28/Apr/2009:17:21:46 +0100] "GET / HTTP/1.1" 206 1266 "http://ddpmall.com/Details-1yaself.html" "Mozilla/5.0 (Macintosh; U; Intel Mac OS X; en-US; rv:1.8.1.3) Gecko/20070309 Firefox/2.0.0.3" 496 1634
91.124.177.146 - - [28/Apr/2009:17:34:23 +0100] "GET / HTTP/1.1" 206 796 "http://ddpmall.com/Details-1yaself.html" "Mozilla/4.0 (compatible; MSIE 7.0; Windows NT 5.1; .NET CLR 1.1.4322; HbTools 4.8.4)" 487 1162
91.124.177.146 - - [28/Apr/2009:17:41:50 +0100] "GET / HTTP/1.1" 206 642 "http://ddpmall.com/Details-1yaself.html" "Mozilla/4.0 (compatible; MSIE 7.0; Windows NT 5.1; .NET CLR 1.0.3705; .NET CLR 1.1.4322; Media Center PC 3.1)" 512 1008
91.124.177.146 - - [28/Apr/2009:17:53:38 +0100] "GET / HTTP/1.1" 206 1244 "http://ddpmall.com/Details-1yaself.html" "Mozilla/5.0 (Windows; U; Windows NT 5.1; en-US; rv:1.7.5) Gecko/20051128 Netscape/8.0.4" 491 1612
219.87.182.134 - - [28/Apr/2009:17:57:34 +0100] "GET /feidad.html HTTP/1.0" 200 820 "-" "Gaisbot/3.0+(robot06@gais.cs.ccu.edu.tw;+http://gais.cs.ccu.edu.tw/robot.php)" 214 1178
91.124.177.146 - - [28/Apr/2009:18:06:40 +0100] "GET / HTTP/1.1" 206 1266 "http://ddpmall.com/Details-1yaself.html" "Mozilla/5.0 (Windows; U; Windows NT 6.0; en-GB; rv:1.8.0.11) Gecko/20070312 Firefox/1.5.0.11" 496 1634
91.208.16.27 - - [28/Apr/2009:18:10:21 +0100] "GET / HTTP/1.1" 200 1266 "-" "Mozilla/5.0 (Windows; U; MSIE 7.0; Windows NT 6.0; en-US)" 236 1587
91.124.177.146 - - [28/Apr/2009:18:14:27 +0100] "GET / HTTP/1.1" 206 1266 "http://ddpmall.com/Details-1yaself.html" "Opera/9.20 (Windows NT 5.1; U; en)" 438 1634
91.124.177.146 - - [28/Apr/2009:18:20:23 +0100] "GET / HTTP/1.1" 206 1092 "http://ddpmall.com/Details-1yaself.html" "Opera/9.02 (Windows NT 5.1; U; en)" 438 1460
91.124.177.146 - - [28/Apr/2009:18:28:49 +0100] "GET / HTTP/1.1" 206 1266 "http://ddpmall.com/Details-1yaself.html" "Mozilla/5.0 (Windows; U; Windows NT 6.0; en-GB; rv:1.8.1.3) Gecko/20070309 Firefox/2.0.0.3" 494 1634
91.124.177.146 - - [28/Apr/2009:18:35:22 +0100] "GET / HTTP/1.1" 206 1266 "http://ddpmall.com/Details-1yaself.html" "Mozilla/4.0 (compatible; MSIE 7.0; Windows NT 5.1; .NET CLR 1.1.4322; IEMB3)" 480 1634
91.124.177.146 - - [28/Apr/2009:18:44:05 +0100] "GET / HTTP/1.1" 206 1266 "http://ddpmall.com/Details-1yaself.html" "Mozilla/4.0 (compatible; MSIE 7.0; Windows NT 5.1; .NET CLR 1.1.4322; .NET CLR 2.0.50727; .NET CLR 3.0.04506.30; .NET CLR 3.0.04506.648)" 540 1634
91.124.177.146 - - [28/Apr/2009:18:52:36 +0100] "GET / HTTP/1.1" 206 1266 "http://ddpmall.com/Details-1yaself.html" "Mozilla/4.0 (compatible; MSIE 7.0; Windows NT 5.1; .NET CLR 1.1.4322; FDM)" 478 1634
91.124.177.146 - - [28/Apr/2009:19:02:33 +0100] "GET / HTTP/1.1" 206 1082 "http://ddpmall.com/Details-1yaself.html" "Mozilla/4.0 (compatible; MSIE 7.0; Windows NT 5.1; .NET CLR 1.0.3705; .NET CLR 1.1.4322; Media Center PC 4.0)" 513 1450
220.181.61.234 - - [28/Apr/2009:19:06:13 +0100] "GET / HTTP/1.1" 200 1266 "-" "Sogou web spider/4.0(+http://www.sogou.com/docs/help/webmasters.htm#07)" 275 1587
91.124.177.146 - - [28/Apr/2009:19:17:19 +0100] "GET / HTTP/1.1" 206 929 "http://ddpmall.com/Details-1yaself.html" "Mozilla/4.0 (compatible; MSIE 7.0; Windows NT 5.1; .NET CLR 1.1.4322; .NET CLR 2.0.50727)" 492 1295
91.124.177.146 - - [28/Apr/2009:19:25:29 +0100] "GET / HTTP/1.1" 206 1266 "http://ddpmall.com/Details-1yaself.html" "Opera/9.20 (Windows NT 5.1; U; en)" 438 1634
71.5.96.98 - - [28/Apr/2009:19:29:07 +0100] "GET /feidad.html HTTP/1.1" 200 820 "http://www.google.com/search?q=world+expo+pavilion+%2Breassembled&hl=en&client=firefox-a&rls=org.mozilla:en-US:official&start=40&sa=N" "Mozilla/5.0 (Windows; U; Windows NT 5.1; en-US; rv:1.9.0.9) Gecko/2009040821 Firefox/3.0.9 (.NET CLR 3.5.30729)" 549 1178
71.5.96.98 - - [28/Apr/2009:19:29:07 +0100] "GET /favicon.ico HTTP/1.1" 404 358 "-" "Mozilla/5.0 (Windows; U; Windows NT 5.1; en-US; rv:1.9.0.9) Gecko/2009040821 Firefox/3.0.9 (.NET CLR 3.5.30729)" 375 641
71.5.96.98 - - [28/Apr/2009:19:29:10 +0100] "GET /favicon.ico HTTP/1.1" 404 358 "-" "Mozilla/5.0 (Windows; U; Windows NT 5.1; en-US; rv:1.9.0.9) Gecko/2009040821 Firefox/3.0.9 (.NET CLR 3.5.30729)" 405 641
71.5.96.98 - - [28/Apr/2009:19:29:07 +0100] "GET /dec4b.swf HTTP/1.1" 200 7503350 "http://www.decodeine.com/feidad.html" "Mozilla/5.0 (Windows; U; Windows NT 5.1; en-US; rv:1.9.0.9) Gecko/2009040821 Firefox/3.0.9 (.NET CLR 3.5.30729)" 450 5317320
91.124.177.146 - - [28/Apr/2009:19:35:18 +0100] "GET / HTTP/1.1" 206 1266 "http://ddpmall.com/Details-1yaself.html" "Mozilla/5.0 (Windows; U; Windows NT 5.1; zh-CN; rv:1.8.1.3) Gecko/20070309 Firefox/2.0.0.3" 494 1634
91.124.177.146 - - [28/Apr/2009:19:44:26 +0100] "GET / HTTP/1.1" 206 1266 "http://ddpmall.com/Details-1yaself.html" "Mozilla/4.0 (compatible; MSIE 7.0; Windows NT 5.1; .NET CLR 1.0.3705; .NET CLR 1.1.4322; Media Center PC 3.1)" 513 1634
91.124.177.146 - - [28/Apr/2009:19:59:43 +0100] "GET / HTTP/1.1" 206 1266 "http://ddpmall.com/Details-1yaself.html" "Mozilla/4.0 (compatible; MSIE 7.0; Windows NT 5.1; .NET CLR 1.0.3705; .NET CLR 1.1.4322; Media Center PC 4.0)" 513 1634
91.124.177.146 - - [28/Apr/2009:20:12:06 +0100] "GET / HTTP/1.1" 206 1266 "http://ddpmall.com/Details-1yaself.html" "Mozilla/5.0 (Macintosh; U; Intel Mac OS X; es) AppleWebKit/418 (KHTML, like Gecko) Safari/417.9.2" 501 1634
91.124.177.146 - - [28/Apr/2009:20:17:20 +0100] "GET / HTTP/1.1" 206 1266 "http://ddpmall.com/Details-1yaself.html" "Mozilla/4.0 (compatible; MSIE 7.0; Windows NT 5.1; .NET CLR 1.1.4322)" 473 1634
91.124.177.146 - - [28/Apr/2009:20:22:47 +0100] "GET / HTTP/1.1" 206 1266 "http://ddpmall.com/Details-1yaself.html" "Mozilla/4.0 (compatible; MSIE 7.0; Windows NT 5.1; .NET CLR 1.0.3705; .NET CLR 1.1.4322; .NET CLR 2.0.50727)" 512 1634
91.124.177.146 - - [28/Apr/2009:20:28:37 +0100] "GET / HTTP/1.1" 206 1266 "http://ddpmall.com/Details-1yaself.html" "Mozilla/5.0 (X11; U; Linux i686; en-US; rv:1.7.5) Gecko/20041107 Firefox/1.0" 480 1634
91.124.177.146 - - [28/Apr/2009:20:36:16 +0100] "GET / HTTP/1.1" 206 1266 "http://ddpmall.com/Details-1yaself.html" "Mozilla/5.0 (Windows; U; Windows NT 6.0; en-GB; rv:1.8.0.11) Gecko/20070312 Firefox/1.5.0.11" 496 1634
91.124.177.146 - - [28/Apr/2009:20:39:30 +0100] "GET / HTTP/1.1" 206 1266 "http://ddpmall.com/Details-1yaself.html" "Mozilla/4.0 (compatible; MSIE 7.0; Windows NT 5.1; .NET CLR 1.1.4322; .NET CLR 2.0.50727; Crazy Browser 2.0.1)" 514 1634
91.124.177.146 - - [28/Apr/2009:20:53:55 +0100] "GET / HTTP/1.1" 206 1266 "http://ddpmall.com/Details-1yaself.html" "Mozilla/4.0 (compatible; MSIE 7.0; Windows NT 5.1; .NET CLR 1.1.4322; .NET CLR 2.0.50727; Crazy Browser 2.0.1)" 514 1634
91.124.177.146 - - [28/Apr/2009:21:00:07 +0100] "GET / HTTP/1.1" 206 1266 "http://ddpmall.com/Details-1yaself.html" "Mozilla/4.0 (compatible; MSIE 7.0; Windows NT 5.1; .NET CLR 1.1.4322; .NET CLR 2.0.50727; .NET CLR 3.0.04506.30)" 516 1634
91.124.177.146 - - [28/Apr/2009:21:02:56 +0100] "GET / HTTP/1.1" 206 1064 "http://ddpmall.com/Details-1yaself.html" "Mozilla/5.0 (Macintosh; U; PPC Mac OS X Mach-O; en-US; rv:1.8.1.3) Gecko/20070309 Firefox/2.0.0.3" 501 1432
66.249.72.141 - - [28/Apr/2009:21:10:11 +0100] "GET /robots.txt HTTP/1.1" 404 357 "-" "Googlebot-Image/1.0" 205 641
66.249.72.141 - - [28/Apr/2009:21:10:11 +0100] "GET /indexbutton.jpg HTTP/1.1" 304 - "-" "Googlebot-Image/1.0" 243 255
91.124.177.146 - - [28/Apr/2009:21:10:41 +0100] "GET / HTTP/1.1" 206 1266 "http://ddpmall.com/Details-1yaself.html" "Mozilla/4.0 (compatible; MSIE 7.0; Windows NT 5.1; .NET CLR 1.1.4322; IEMB3)" 480 1634
91.124.177.146 - - [28/Apr/2009:21:58:53 +0100] "GET / HTTP/1.1" 206 1266 "http://ddpmall.com/Details-1yaself.html" "Mozilla/4.0 (compatible; MSIE 7.0; Windows NT 5.1; .NET CLR 1.0.3705; .NET CLR 1.1.4322; Media Center PC 4.0)" 513 1634
91.124.177.146 - - [28/Apr/2009:22:15:33 +0100] "GET / HTTP/1.1" 206 627 "http://ddpmall.com/Details-1yaself.html" "Mozilla/4.0 (compatible; MSIE 7.0; Windows NT 5.1; .NET CLR 1.1.4322)" 472 993
91.124.177.146 - - [28/Apr/2009:22:32:16 +0100] "GET / HTTP/1.1" 206 1266 "http://ddpmall.com/Details-1yaself.html" "Mozilla/5.0 (Windows; U; Windows NT 5.1; en-US; rv:1.7.5) Gecko/20051128 Netscape/8.0.4" 491 1634
91.124.177.146 - - [28/Apr/2009:22:41:47 +0100] "GET / HTTP/1.1" 206 653 "http://ddpmall.com/Details-1yaself.html" "Mozilla/5.0 (Windows; U; Windows NT 5.1; en-US; rv:1.7.5) Gecko/20060912 Netscape/8.1.2" 490 1019
91.124.177.146 - - [28/Apr/2009:22:42:42 +0100] "GET / HTTP/1.1" 206 1085 "http://ddpmall.com/Details-1yaself.html" "Mozilla/5.0 (Windows; U; Windows NT 5.1; en-US; rv:1.7.5) Gecko/20070321 Netscape/8.1.3" 491 1453
91.124.177.146 - - [28/Apr/2009:22:43:48 +0100] "GET / HTTP/1.1" 206 1144 "http://ddpmall.com/Details-1yaself.html" "Mozilla/5.0 (X11; U; Linux i686; en-US; rv:1.7.5) Gecko/20041107 Firefox/1.0" 480 1512
91.124.177.146 - - [28/Apr/2009:22:47:26 +0100] "GET / HTTP/1.1" 206 691 "http://ddpmall.com/Details-1yaself.html" "Mozilla/5.0 (Macintosh; U; PPC Mac OS X Mach-O; en-US; rv:1.8.0.11) Gecko/20070312 Firefox/1.5.0.11" 502 1057
91.124.177.146 - - [28/Apr/2009:22:49:26 +0100] "GET / HTTP/1.1" 206 1117 "http://ddpmall.com/Details-1yaself.html" "Mozilla/4.0 (compatible; MSIE 7.0; Windows NT 5.1; .NET CLR 1.0.3705; .NET CLR 1.1.4322; .NET CLR 2.0.50727)" 512 1485
91.124.177.146 - - [28/Apr/2009:22:52:43 +0100] "GET / HTTP/1.1" 206 1266 "http://ddpmall.com/Details-1yaself.html" "Mozilla/4.0 (compatible; MSIE 7.0; Windows NT 5.1; .NET CLR 1.1.4322; HbTools 4.8.4)" 488 1634
91.124.177.146 - - [28/Apr/2009:22:53:11 +0100] "GET / HTTP/1.1" 206 1266 "http://ddpmall.com/Details-1yaself.html" "Mozilla/5.0 (Macintosh; U; Intel Mac OS X; es) AppleWebKit/418.9.1 (KHTML, like Gecko) Safari/419.3" 503 1634
91.124.177.146 - - [28/Apr/2009:22:56:09 +0100] "GET / HTTP/1.1" 206 1266 "http://ddpmall.com/Details-1yaself.html" "Mozilla/5.0 (Macintosh; U; Intel Mac OS X; es) AppleWebKit/419 (KHTML, like Gecko) Safari/419.3" 499 1634
91.124.177.146 - - [28/Apr/2009:22:57:16 +0100] "GET / HTTP/1.1" 206 1266 "http://ddpmall.com/Details-1yaself.html" "Mozilla/5.0 (Windows; U; Windows NT 5.1; en-US; rv:1.7.5) Gecko/20060912 Netscape/8.1.2" 491 1634
91.124.177.146 - - [28/Apr/2009:22:58:27 +0100] "GET / HTTP/1.1" 206 1266 "http://ddpmall.com/Details-1yaself.html" "Mozilla/5.0 (Macintosh; U; Intel Mac OS X; es) AppleWebKit/418.9.1 (KHTML, like Gecko) Safari/419.3" 503 1634
91.124.177.146 - - [28/Apr/2009:22:59:10 +0100] "GET / HTTP/1.1" 206 1266 "http://ddpmall.com/Details-1yaself.html" "Mozilla/5.0 (Windows; U; Windows NT 5.1; en-US; rv:1.7.5) Gecko/20051128 Netscape/8.0.4" 491 1634
91.124.177.146 - - [28/Apr/2009:23:03:55 +0100] "GET / HTTP/1.1" 206 1266 "http://ddpmall.com/Details-1yaself.html" "Mozilla/5.0 (Windows; U; Windows NT 6.0; en-US; rv:1.8.0.11) Gecko/20070312 Firefox/1.5.0.11" 496 1634
91.124.177.146 - - [28/Apr/2009:23:04:23 +0100] "GET / HTTP/1.1" 206 817 "http://ddpmall.com/Details-1yaself.html" "Mozilla/5.0 (Macintosh; U; Intel Mac OS X; es) AppleWebKit/419 (KHTML, like Gecko) Safari/419.3" 498 1183
91.124.177.146 - - [28/Apr/2009:23:06:36 +0100] "GET / HTTP/1.1" 206 1233 "http://ddpmall.com/Details-1yaself.html" "Mozilla/4.0 (compatible; MSIE 7.0; Windows NT 5.1; .NET CLR 1.0.3705; .NET CLR 1.1.4322; Media Center PC 4.0)" 513 1601
91.124.177.146 - - [28/Apr/2009:23:08:38 +0100] "GET / HTTP/1.1" 206 1059 "http://ddpmall.com/Details-1yaself.html" "Mozilla/4.0 (compatible; MSIE 7.0; Windows NT 5.1; .NET CLR 1.1.4322; .NET CLR 2.0.50727; IEMB3; IEMB3)" 507 1427
91.124.177.146 - - [28/Apr/2009:23:09:33 +0100] "GET / HTTP/1.1" 206 1266 "http://ddpmall.com/Details-1yaself.html" "Mozilla/5.0 (Windows; U; Windows NT 6.0; en-GB; rv:1.8.1.3) Gecko/20070309 Firefox/2.0.0.3" 494 1634
91.124.177.146 - - [28/Apr/2009:23:09:52 +0100] "GET / HTTP/1.1" 206 1266 "http://ddpmall.com/Details-1yaself.html" "Mozilla/5.0 (X11; U; Linux i686; en-US; rv:1.8.0.4) Gecko/20070416 Firefox/1.5.0.4" 486 1634
91.124.177.146 - - [28/Apr/2009:23:10:03 +0100] "GET / HTTP/1.1" 206 1266 "http://ddpmall.com/Details-1yaself.html" "Mozilla/4.0 (compatible; MSIE 7.0; Windows NT 5.1; .NET CLR 1.1.4322; .NET CLR 2.0.50727; SpamBlockerUtility 4.8.4)" 519 1634
91.124.177.146 - - [28/Apr/2009:23:10:30 +0100] "GET / HTTP/1.1" 206 1266 "http://ddpmall.com/Details-1yaself.html" "Mozilla/4.0 (compatible; MSIE 7.0; Windows NT 5.1; .NET CLR 1.1.4322; FDM)" 478 1634
91.124.177.146 - - [28/Apr/2009:23:11:07 +0100] "GET / HTTP/1.1" 206 1266 "http://ddpmall.com/Details-1yaself.html" "Mozilla/5.0 (Windows; U; Windows NT 5.1; en-US; rv:1.7.5) Gecko/20041107 Firefox/1.0" 488 1634
91.124.177.146 - - [28/Apr/2009:23:11:14 +0100] "GET / HTTP/1.1" 206 1266 "http://ddpmall.com/Details-1yaself.html" "Opera/9.02 (Windows NT 5.1; U; en)" 438 1634
91.124.177.146 - - [28/Apr/2009:23:29:28 +0100] "GET / HTTP/1.1" 206 1266 "http://ddpmall.com/Details-1yaself.html" "Mozilla/5.0 (X11; U; Linux i686; en-US; rv:1.8.0.5) Gecko/20060731 Ubuntu/dapper-security Firefox/1.5.0.5" 509 1634
91.124.177.146 - - [28/Apr/2009:23:46:17 +0100] "GET / HTTP/1.1" 206 1074 "http://ddpmall.com/Details-1yaself.html" "Mozilla/4.0 (compatible; MSIE 7.0; Windows NT 5.1; .NET CLR 1.0.3705; .NET CLR 1.1.4322; .NET CLR 2.0.50727)" 512 1442
91.124.177.146 - - [29/Apr/2009:00:05:35 +0100] "GET / HTTP/1.1" 206 1266 "http://ddpmall.com/Details-1yaself.html" "Mozilla/4.0 (compatible; MSIE 7.0; Windows NT 5.1; .NET CLR 1.0.3705; .NET CLR 1.1.4322; Media Center PC 3.1)" 513 1634
124.115.4.194 - - [29/Apr/2009:00:52:52 +0100] "HEAD / HTTP/1.1" 200 - "http://www.decodeine.com/" "Sosospider+(+http://help.soso.com/webspider.htm)" 244 359
66.249.72.141 - - [29/Apr/2009:03:49:32 +0100] "GET /webalizer/hourly_usage_200508.png HTTP/1.1" 304 - "-" "Googlebot-Image/1.0" 261 254
66.249.72.141 - - [29/Apr/2009:11:07:17 +0100] "GET /robots.txt HTTP/1.1" 404 357 "-" "Mozilla/5.0 (compatible; Googlebot/2.1; +http://www.google.com/bot.html)" 258 641
66.249.72.141 - - [29/Apr/2009:11:07:17 +0100] "GET /webalizer/usage_200904.html HTTP/1.1" 200 155165 "-" "Mozilla/5.0 (compatible; Googlebot/2.1; +http://www.google.com/bot.html)" 258 155527
91.106.32.202 - - [12/May/2009:10:16:24 +0100] "GET / HTTP/1.1" 200 1266 "-" "Mozilla/5.0 (Windows; U; Windows NT 6.0; en-US; rv:1.9.0.9) Gecko/2009040821 Firefox/3.0.9" 373 1625
91.106.32.202 - - [12/May/2009:10:16:24 +0100] "GET /index.jpg HTTP/1.1" 200 225683 "http://www.decodeine.com/" "Mozilla/5.0 (Windows; U; Windows NT 6.0; en-US; rv:1.9.0.9) Gecko/2009040821 Firefox/3.0.9" 388 226046
91.106.32.202 - - [12/May/2009:10:16:27 +0100] "GET /indexbutton.jpg HTTP/1.1" 200 153759 "http://www.decodeine.com/" "Mozilla/5.0 (Windows; U; Windows NT 6.0; en-US; rv:1.9.0.9) Gecko/2009040821 Firefox/3.0.9" 394 154123
91.106.32.202 - - [12/May/2009:10:16:30 +0100] "GET /feidad.html HTTP/1.1" 200 820 "http://www.decodeine.com/" "Mozilla/5.0 (Windows; U; Windows NT 6.0; en-US; rv:1.9.0.9) Gecko/2009040821 Firefox/3.0.9" 420 1177
91.106.32.202 - - [12/May/2009:10:16:33 +0100] "GET /favicon.ico HTTP/1.1" 404 358 "-" "Mozilla/5.0 (Windows; U; Windows NT 6.0; en-US; rv:1.9.0.9) Gecko/2009040821 Firefox/3.0.9" 384 641
91.106.32.202 - - [12/May/2009:10:16:33 +0100] "GET /favicon.ico HTTP/1.1" 404 358 "-" "Mozilla/5.0 (Windows; U; Windows NT 6.0; en-US; rv:1.9.0.9) Gecko/2009040821 Firefox/3.0.9" 384 641
91.106.32.202 - - [12/May/2009:10:16:30 +0100] "GET /dec4b.swf HTTP/1.1" 200 7503350 "http://www.decodeine.com/feidad.html" "Mozilla/5.0 (Windows; U; Windows NT 6.0; en-US; rv:1.9.0.9) Gecko/2009040821 Firefox/3.0.9" 429 7503734
91.106.32.202 - - [12/May/2009:10:16:49 +0100] "GET /eh1.jpg HTTP/1.1" 200 66657 "-" "Mozilla/5.0 (Windows; U; Windows NT 6.0; en-US; rv:1.9.0.9) Gecko/2009040821 Firefox/3.0.9" 380 67020
91.106.32.202 - - [12/May/2009:10:16:59 +0100] "GET /eh2.jpg HTTP/1.1" 200 65677 "-" "Mozilla/5.0 (Windows; U; Windows NT 6.0; en-US; rv:1.9.0.9) Gecko/2009040821 Firefox/3.0.9" 380 66040
91.106.32.202 - - [12/May/2009:10:19:00 +0100] "GET /eh3.jpg HTTP/1.1" 200 65131 "-" "Mozilla/5.0 (Windows; U; Windows NT 6.0; en-US; rv:1.9.0.9) Gecko/2009040821 Firefox/3.0.9" 380 65493
91.106.32.202 - - [12/May/2009:10:19:45 +0100] "GET /eh12.jpg HTTP/1.1" 200 125271 "-" "Mozilla/5.0 (Windows; U; Windows NT 6.0; en-US; rv:1.9.0.9) Gecko/2009040821 Firefox/3.0.9" 381 125636
91.106.32.202 - - [12/May/2009:10:19:47 +0100] "GET /eh13.jpg HTTP/1.1" 200 141379 "-" "Mozilla/5.0 (Windows; U; Windows NT 6.0; en-US; rv:1.9.0.9) Gecko/2009040821 Firefox/3.0.9" 381 141743
91.106.32.202 - - [12/May/2009:10:19:49 +0100] "GET /eh14.jpg HTTP/1.1" 200 111982 "-" "Mozilla/5.0 (Windows; U; Windows NT 6.0; en-US; rv:1.9.0.9) Gecko/2009040821 Firefox/3.0.9" 381 112346
91.106.32.202 - - [12/May/2009:10:20:04 +0100] "GET /eh15.jpg HTTP/1.1" 200 130288 "-" "Mozilla/5.0 (Windows; U; Windows NT 6.0; en-US; rv:1.9.0.9) Gecko/2009040821 Firefox/3.0.9" 381 130651
91.106.32.202 - - [12/May/2009:10:20:17 +0100] "GET /eh16.jpg HTTP/1.1" 200 70919 "-" "Mozilla/5.0 (Windows; U; Windows NT 6.0; en-US; rv:1.9.0.9) Gecko/2009040821 Firefox/3.0.9" 381 71281
91.106.32.202 - - [12/May/2009:10:20:23 +0100] "GET /eh17.jpg HTTP/1.1" 200 131211 "-" "Mozilla/5.0 (Windows; U; Windows NT 6.0; en-US; rv:1.9.0.9) Gecko/2009040821 Firefox/3.0.9" 381 131574
91.106.32.202 - - [12/May/2009:10:20:30 +0100] "GET /eh18.jpg HTTP/1.1" 200 119010 "-" "Mozilla/5.0 (Windows; U; Windows NT 6.0; en-US; rv:1.9.0.9) Gecko/2009040821 Firefox/3.0.9" 381 119373
91.106.32.202 - - [12/May/2009:10:20:39 +0100] "GET /eh19.jpg HTTP/1.1" 200 64514 "-" "Mozilla/5.0 (Windows; U; Windows NT 6.0; en-US; rv:1.9.0.9) Gecko/2009040821 Firefox/3.0.9" 381 64875
91.106.32.202 - - [12/May/2009:10:20:52 +0100] "GET /eh20.jpg HTTP/1.1" 200 70528 "-" "Mozilla/5.0 (Windows; U; Windows NT 6.0; en-US; rv:1.9.0.9) Gecko/2009040821 Firefox/3.0.9" 381 70890
91.106.32.202 - - [12/May/2009:10:21:08 +0100] "GET /eh4.jpg HTTP/1.1" 200 58088 "-" "Mozilla/5.0 (Windows; U; Windows NT 6.0; en-US; rv:1.9.0.9) Gecko/2009040821 Firefox/3.0.9" 380 58450
91.106.32.202 - - [12/May/2009:10:21:09 +0100] "GET /eh5.jpg HTTP/1.1" 200 52657 "-" "Mozilla/5.0 (Windows; U; Windows NT 6.0; en-US; rv:1.9.0.9) Gecko/2009040821 Firefox/3.0.9" 380 53018
91.106.32.202 - - [12/May/2009:10:21:13 +0100] "GET /eh6.jpg HTTP/1.1" 200 191123 "-" "Mozilla/5.0 (Windows; U; Windows NT 6.0; en-US; rv:1.9.0.9) Gecko/2009040821 Firefox/3.0.9" 380 191486
91.106.32.202 - - [12/May/2009:10:21:15 +0100] "GET /eh7.jpg HTTP/1.1" 200 108297 "-" "Mozilla/5.0 (Windows; U; Windows NT 6.0; en-US; rv:1.9.0.9) Gecko/2009040821 Firefox/3.0.9" 380 108660
91.106.32.202 - - [12/May/2009:10:21:17 +0100] "GET /eh8.jpg HTTP/1.1" 200 122868 "-" "Mozilla/5.0 (Windows; U; Windows NT 6.0; en-US; rv:1.9.0.9) Gecko/2009040821 Firefox/3.0.9" 380 123231
91.106.32.202 - - [12/May/2009:10:21:21 +0100] "GET /eh9.jpg HTTP/1.1" 200 127505 "-" "Mozilla/5.0 (Windows; U; Windows NT 6.0; en-US; rv:1.9.0.9) Gecko/2009040821 Firefox/3.0.9" 380 127868
91.106.32.202 - - [12/May/2009:10:21:27 +0100] "GET /eh10.jpg HTTP/1.1" 200 105670 "-" "Mozilla/5.0 (Windows; U; Windows NT 6.0; en-US; rv:1.9.0.9) Gecko/2009040821 Firefox/3.0.9" 381 106033
91.106.32.202 - - [12/May/2009:10:21:29 +0100] "GET /eh11.jpg HTTP/1.1" 200 120922 "-" "Mozilla/5.0 (Windows; U; Windows NT 6.0; en-US; rv:1.9.0.9) Gecko/2009040821 Firefox/3.0.9" 381 121285
91.106.32.202 - - [12/May/2009:10:23:24 +0100] "GET /hs02.jpg HTTP/1.1" 200 24937 "-" "Mozilla/5.0 (Windows; U; Windows NT 6.0; en-US; rv:1.9.0.9) Gecko/2009040821 Firefox/3.0.9" 381 25299
91.106.32.202 - - [12/May/2009:10:23:26 +0100] "GET /hs03.jpg HTTP/1.1" 200 117599 "-" "Mozilla/5.0 (Windows; U; Windows NT 6.0; en-US; rv:1.9.0.9) Gecko/2009040821 Firefox/3.0.9" 381 117962
91.106.32.202 - - [12/May/2009:10:23:28 +0100] "GET /hs04.jpg HTTP/1.1" 200 70913 "-" "Mozilla/5.0 (Windows; U; Windows NT 6.0; en-US; rv:1.9.0.9) Gecko/2009040821 Firefox/3.0.9" 381 71275
91.106.32.202 - - [12/May/2009:10:23:28 +0100] "GET /hs05.jpg HTTP/1.1" 200 29807 "-" "Mozilla/5.0 (Windows; U; Windows NT 6.0; en-US; rv:1.9.0.9) Gecko/2009040821 Firefox/3.0.9" 381 30168
91.106.32.202 - - [12/May/2009:10:23:30 +0100] "GET /hs06.jpg HTTP/1.1" 200 77326 "-" "Mozilla/5.0 (Windows; U; Windows NT 6.0; en-US; rv:1.9.0.9) Gecko/2009040821 Firefox/3.0.9" 381 77688
91.106.32.202 - - [12/May/2009:10:23:32 +0100] "GET /hs07.jpg HTTP/1.1" 200 49592 "-" "Mozilla/5.0 (Windows; U; Windows NT 6.0; en-US; rv:1.9.0.9) Gecko/2009040821 Firefox/3.0.9" 381 49953
91.106.32.202 - - [12/May/2009:10:23:34 +0100] "GET /hs08.jpg HTTP/1.1" 200 56299 "-" "Mozilla/5.0 (Windows; U; Windows NT 6.0; en-US; rv:1.9.0.9) Gecko/2009040821 Firefox/3.0.9" 381 56660
91.106.32.202 - - [12/May/2009:10:23:36 +0100] "GET /hs09.jpg HTTP/1.1" 200 39779 "-" "Mozilla/5.0 (Windows; U; Windows NT 6.0; en-US; rv:1.9.0.9) Gecko/2009040821 Firefox/3.0.9" 381 40140
91.106.32.202 - - [12/May/2009:10:23:38 +0100] "GET /hs10.jpg HTTP/1.1" 200 32110 "-" "Mozilla/5.0 (Windows; U; Windows NT 6.0; en-US; rv:1.9.0.9) Gecko/2009040821 Firefox/3.0.9" 381 32471
91.106.32.202 - - [12/May/2009:10:23:40 +0100] "GET /hs11.jpg HTTP/1.1" 200 151835 "-" "Mozilla/5.0 (Windows; U; Windows NT 6.0; en-US; rv:1.9.0.9) Gecko/2009040821 Firefox/3.0.9" 381 152198
91.106.32.202 - - [12/May/2009:10:23:43 +0100] "GET /hs12.jpg HTTP/1.1" 200 143988 "-" "Mozilla/5.0 (Windows; U; Windows NT 6.0; en-US; rv:1.9.0.9) Gecko/2009040821 Firefox/3.0.9" 381 144351
91.106.32.202 - - [12/May/2009:10:23:46 +0100] "GET /hs13.jpg HTTP/1.1" 200 50131 "-" "Mozilla/5.0 (Windows; U; Windows NT 6.0; en-US; rv:1.9.0.9) Gecko/2009040821 Firefox/3.0.9" 381 50492
91.106.32.202 - - [12/May/2009:10:23:48 +0100] "GET /hs14.jpg HTTP/1.1" 200 169029 "-" "Mozilla/5.0 (Windows; U; Windows NT 6.0; en-US; rv:1.9.0.9) Gecko/2009040821 Firefox/3.0.9" 381 169392
91.106.32.202 - - [12/May/2009:10:23:51 +0100] "GET /hs15.jpg HTTP/1.1" 200 40087 "-" "Mozilla/5.0 (Windows; U; Windows NT 6.0; en-US; rv:1.9.0.9) Gecko/2009040821 Firefox/3.0.9" 381 40448
91.106.32.202 - - [12/May/2009:10:23:53 +0100] "GET /hs16.jpg HTTP/1.1" 200 157251 "-" "Mozilla/5.0 (Windows; U; Windows NT 6.0; en-US; rv:1.9.0.9) Gecko/2009040821 Firefox/3.0.9" 381 157614
91.106.32.202 - - [12/May/2009:10:23:55 +0100] "GET /hs17.jpg HTTP/1.1" 200 124968 "-" "Mozilla/5.0 (Windows; U; Windows NT 6.0; en-US; rv:1.9.0.9) Gecko/2009040821 Firefox/3.0.9" 381 125331
91.106.32.202 - - [12/May/2009:10:23:57 +0100] "GET /hs18.jpg HTTP/1.1" 200 123919 "-" "Mozilla/5.0 (Windows; U; Windows NT 6.0; en-US; rv:1.9.0.9) Gecko/2009040821 Firefox/3.0.9" 381 124282
91.106.32.202 - - [12/May/2009:10:24:02 +0100] "GET /hs19.jpg HTTP/1.1" 200 125900 "-" "Mozilla/5.0 (Windows; U; Windows NT 6.0; en-US; rv:1.9.0.9) Gecko/2009040821 Firefox/3.0.9" 381 126263
91.106.32.202 - - [12/May/2009:10:24:04 +0100] "GET /hs20.jpg HTTP/1.1" 200 152343 "-" "Mozilla/5.0 (Windows; U; Windows NT 6.0; en-US; rv:1.9.0.9) Gecko/2009040821 Firefox/3.0.9" 381 152706
91.106.32.202 - - [12/May/2009:10:24:14 +0100] "GET /o1.jpg HTTP/1.1" 200 258267 "-" "Mozilla/5.0 (Windows; U; Windows NT 6.0; en-US; rv:1.9.0.9) Gecko/2009040821 Firefox/3.0.9" 379 258630
91.106.32.202 - - [12/May/2009:10:24:16 +0100] "GET /o2.jpg HTTP/1.1" 200 216322 "-" "Mozilla/5.0 (Windows; U; Windows NT 6.0; en-US; rv:1.9.0.9) Gecko/2009040821 Firefox/3.0.9" 379 216685
91.106.32.202 - - [12/May/2009:10:24:18 +0100] "GET /o3.jpg HTTP/1.1" 200 153363 "-" "Mozilla/5.0 (Windows; U; Windows NT 6.0; en-US; rv:1.9.0.9) Gecko/2009040821 Firefox/3.0.9" 379 153726
91.106.32.202 - - [12/May/2009:10:24:20 +0100] "GET /o4.jpg HTTP/1.1" 200 34271 "-" "Mozilla/5.0 (Windows; U; Windows NT 6.0; en-US; rv:1.9.0.9) Gecko/2009040821 Firefox/3.0.9" 379 34632
91.106.32.202 - - [12/May/2009:10:24:21 +0100] "GET /o5.jpg HTTP/1.1" 200 60308 "-" "Mozilla/5.0 (Windows; U; Windows NT 6.0; en-US; rv:1.9.0.9) Gecko/2009040821 Firefox/3.0.9" 379 60670
91.106.32.202 - - [12/May/2009:10:24:28 +0100] "GET /o7.jpg HTTP/1.1" 200 129833 "-" "Mozilla/5.0 (Windows; U; Windows NT 6.0; en-US; rv:1.9.0.9) Gecko/2009040821 Firefox/3.0.9" 379 130197
91.106.32.202 - - [12/May/2009:10:24:29 +0100] "GET /o6.jpg HTTP/1.1" 200 70616 "-" "Mozilla/5.0 (Windows; U; Windows NT 6.0; en-US; rv:1.9.0.9) Gecko/2009040821 Firefox/3.0.9" 379 70979
91.106.32.202 - - [12/May/2009:10:24:33 +0100] "GET /o8.jpg HTTP/1.1" 200 221331 "-" "Mozilla/5.0 (Windows; U; Windows NT 6.0; en-US; rv:1.9.0.9) Gecko/2009040821 Firefox/3.0.9" 379 221695
91.106.32.202 - - [12/May/2009:10:24:36 +0100] "GET /o9.jpg HTTP/1.1" 200 142448 "-" "Mozilla/5.0 (Windows; U; Windows NT 6.0; en-US; rv:1.9.0.9) Gecko/2009040821 Firefox/3.0.9" 379 142812
91.106.32.202 - - [12/May/2009:10:24:38 +0100] "GET /o10.jpg HTTP/1.1" 200 59922 "-" "Mozilla/5.0 (Windows; U; Windows NT 6.0; en-US; rv:1.9.0.9) Gecko/2009040821 Firefox/3.0.9" 380 60284
