24.61.247.65 - - [02/Feb/2009:22:01:33 +0000] "GET /log/web.log.2 HTTP/1.1" 200 5490 "http://www.google.com/search?hl=en&q=%22GET+%2F+HTTP%2F1.1%22+200+239" "Mozilla/4.0 (compatible; MSIE 7.0; Windows NT 6.0; SLCC1; .NET CLR 2.0.50727; .NET CLR 3.0.04506; InfoPath.2)" 365 5853
75.54.75.0 - - [02/Feb/2009:22:14:46 +0000] "GET / HTTP/1.1" 200 1266 "https://www.cheapautoinsuranced.com" "Mozilla/4.0 (compatible; MSIE 5.5; Windows 98)" 242 1627
75.54.75.0 - - [02/Feb/2009:22:14:47 +0000] "GET / HTTP/1.1" 200 1266 "http://www.twitter.com/newclickbank" "Mozilla/4.0 (compatible; MSIE 5.5; Windows 98)" 237 1589
75.54.75.0 - - [02/Feb/2009:22:17:44 +0000] "GET / HTTP/1.1" 200 1266 "https://www.cheapautoinsuranced.com" "Mozilla/4.0 (compatible; MSIE 5.5; Windows 98)" 242 1627
75.54.75.0 - - [02/Feb/2009:22:17:44 +0000] "GET / HTTP/1.1" 200 1266 "http://www.twitter.com/newclickbank" "Mozilla/4.0 (compatible; MSIE 5.5; Windows 98)" 242 1627
67.195.37.189 - - [02/Feb/2009:23:33:46 +0000] "GET /robots.txt HTTP/1.0" 404 359 "-" "Mozilla/5.0 (compatible; Yahoo! Slurp; http://help.yahoo.com/help/us/ysearch/slurp)" 194 607
67.195.37.189 - - [02/Feb/2009:23:33:46 +0000] "GET / HTTP/1.0" 200 1266 "-" "Mozilla/5.0 (compatible; Yahoo! Slurp/3.0; http://help.yahoo.com/help/us/ysearch/slurp)" 386 1589
124.115.4.212 - - [03/Feb/2009:02:16:06 +0000] "GET / HTTP/1.1" 200 1266 "http://www.decodeine.com/" "Sosospider+(+http://help.soso.com/webspider.htm)" 243 1627
77.75.77.123 - - [03/Feb/2009:02:29:49 +0000] "GET /robots.txt HTTP/1.1" 404 359 "-" "SeznamBot/2.0 (+http://fulltext.seznam.cz/)" 161 607
77.75.77.123 - - [03/Feb/2009:02:29:49 +0000] "GET / HTTP/1.1" 200 1266 "-" "SeznamBot/2.0 (+http://fulltext.seznam.cz/)" 349 1589
66.249.71.207 - - [03/Feb/2009:02:34:08 +0000] "GET /robots.txt HTTP/1.1" 404 359 "-" "Mozilla/5.0 (compatible; Googlebot/2.1; +http://www.google.com/bot.html)" 258 645
66.249.71.207 - - [03/Feb/2009:02:34:08 +0000] "GET /log/ HTTP/1.1" 200 3186 "-" "Mozilla/5.0 (compatible; Googlebot/2.1; +http://www.google.com/bot.html)" 285 3459
124.115.4.212 - - [03/Feb/2009:02:44:27 +0000] "GET / HTTP/1.1" 200 1266 "http://www.decodeine.com/" "Sosospider+(+http://help.soso.com/webspider.htm)" 243 1627
124.115.4.212 - - [03/Feb/2009:02:59:38 +0000] "GET / HTTP/1.1" 200 1266 "http://www.decodeine.com/" "Sosospider+(+http://help.soso.com/webspider.htm)" 243 1627
124.115.4.212 - - [03/Feb/2009:03:14:54 +0000] "GET / HTTP/1.1" 200 1266 "http://www.decodeine.com/" "Sosospider+(+http://help.soso.com/webspider.htm)" 243 1627
66.249.71.207 - - [03/Feb/2009:03:59:39 +0000] "GET /log/web.log.5 HTTP/1.1" 304 - "-" "Mozilla/5.0 (compatible; Googlebot/2.1; +http://www.google.com/bot.html)" 294 283
66.249.71.206 - - [03/Feb/2009:04:48:44 +0000] "GET /log/?C=S;O=A HTTP/1.1" 200 3186 "-" "Mozilla/5.0 (compatible; Googlebot/2.1; +http://www.google.com/bot.html)" 293 3460
66.249.71.207 - - [03/Feb/2009:04:54:21 +0000] "GET /log/?C=S;O=D HTTP/1.1" 200 3186 "-" "Mozilla/5.0 (compatible; Googlebot/2.1; +http://www.google.com/bot.html)" 293 3460
66.249.71.206 - - [03/Feb/2009:05:22:26 +0000] "GET / HTTP/1.1" 200 1266 "-" "Mozilla/5.0 (compatible; Googlebot/2.1; +http://www.google.com/bot.html)" 231 1627
77.88.26.26 - - [03/Feb/2009:06:24:02 +0000] "GET /robots.txt HTTP/1.1" 404 359 "-" "Yandex/1.01.001 (compatible; Win16; I)" 155 645
77.88.26.26 - - [03/Feb/2009:06:37:31 +0000] "GET / HTTP/1.1" 200 1266 "-" "Yandex/1.01.001 (compatible; Win16; I)" 450 1627
86.134.85.248 - - [03/Feb/2009:08:15:05 +0000] "GET / HTTP/1.1" 200 1266 "http://www.creativematch.co.uk/administration/EditEntity.cfm?eid=61705" "Mozilla/4.0 (compatible; MSIE 7.0; Windows NT 5.1; SU 3.14; GTB5; .NET CLR 1.1.4322)" 296 1627
86.134.85.248 - - [03/Feb/2009:08:15:05 +0000] "GET /favicon.ico HTTP/1.1" 404 360 "-" "Mozilla/4.0 (compatible; MSIE 7.0; Windows NT 5.1; SU 3.14; GTB5; .NET CLR 1.1.4322)" 202 646
86.134.85.248 - - [03/Feb/2009:08:15:05 +0000] "GET /index.jpg HTTP/1.1" 200 225683 "http://www.decodeine.com/" "Mozilla/4.0 (compatible; MSIE 7.0; Windows NT 5.1; SU 3.14; GTB5; .NET CLR 1.1.4322)" 260 226048
86.134.85.248 - - [03/Feb/2009:08:15:05 +0000] "GET /indexbutton.jpg HTTP/1.1" 200 153759 "http://www.decodeine.com/" "Mozilla/4.0 (compatible; MSIE 7.0; Windows NT 5.1; SU 3.14; GTB5; .NET CLR 1.1.4322)" 266 154124
86.134.85.248 - - [03/Feb/2009:08:15:10 +0000] "GET /feidad.html HTTP/1.1" 200 820 "http://www.decodeine.com/" "Mozilla/4.0 (compatible; MSIE 7.0; Windows NT 5.1; SU 3.14; GTB5; .NET CLR 1.1.4322)" 423 1179
86.134.85.248 - - [03/Feb/2009:08:15:10 +0000] "GET /dec4b.swf HTTP/1.1" 200 7503350 "http://www.decodeine.com/feidad.html" "Mozilla/4.0 (compatible; MSIE 7.0; Windows NT 5.1; SU 3.14; GTB5; .NET CLR 1.1.4322)" 300 7503736
86.134.85.248 - - [03/Feb/2009:08:15:49 +0000] "GET /o5.jpg HTTP/1.1" 200 60308 "http://www.decodeine.com/dec4b.swf" "Mozilla/4.0 (compatible; MSIE 7.0; Windows NT 5.1; SU 3.14; GTB5; .NET CLR 1.1.4322)" 324 60673
86.134.85.248 - - [03/Feb/2009:08:15:53 +0000] "GET /oa1.jpg HTTP/1.1" 404 356 "http://www.decodeine.com/dec4b.swf" "Mozilla/4.0 (compatible; MSIE 7.0; Windows NT 5.1; SU 3.14; GTB5; .NET CLR 1.1.4322)" 325 641
82.211.81.98 - - [03/Feb/2009:08:27:22 +0000] "GET / HTTP/1.1" 200 1266 "-" "ColdFusion" 191 1589
91.205.124.11 - - [03/Feb/2009:10:29:48 +0000] "GET /robots.txt HTTP/1.1" 404 359 "-" "Yanga WorldSearch Bot v1.1/beta (http://www.yanga.co.uk/)" 344 588
91.205.124.11 - - [03/Feb/2009:10:29:48 +0000] "GET /feidad.html HTTP/1.1" 200 820 "-" "Yanga WorldSearch Bot v1.1/beta (http://www.yanga.co.uk/)" 345 1123
66.249.71.206 - - [03/Feb/2009:11:05:51 +0000] "GET /webalizer/usage_200902.html HTTP/1.1" 200 103784 "-" "Mozilla/5.0 (compatible; Googlebot/2.1; +http://www.google.com/bot.html)" 258 104149
124.115.0.23 - - [03/Feb/2009:11:26:42 +0000] "HEAD / HTTP/1.1" 200 - "http://www.decodeine.com/" "Mozilla/4.0 (compatible; MSIE 6.0; Windows NT 5.1)" 246 361
208.80.194.42 - - [03/Feb/2009:14:07:45 +0000] "GET / HTTP/1.0" 200 1266 "-" "Mozilla/4.0 (compatible; MSIE 6.0; Windows NT 5.1; SV1; Mozilla/4.0 (compatible; MSIE 6.0; Windows NT 5.1; SV1) ; .NET CLR 1.0.3705; .NET CLR 1.1.4322)" 208 1589
64.246.178.34 - - [03/Feb/2009:17:41:21 +0000] "GET /robots.txt HTTP/1.0" 404 359 "http://www.whois.sc/" "SurveyBot/2.3 (Whois Source)" 212 607
64.246.178.34 - - [03/Feb/2009:17:41:22 +0000] "GET / HTTP/1.1" 206 1266 "http://whois.domaintools.com/decodeine.com" "SurveyBot/2.3 (Whois Source)" 351 1636
65.55.105.63 - - [03/Feb/2009:17:53:18 +0000] "GET /robots.txt HTTP/1.1" 404 359 "-" "msnbot/1.1 (+http://search.msn.com/msnbot.htm)" 208 607
65.55.105.63 - - [03/Feb/2009:17:53:21 +0000] "GET / HTTP/1.1" 200 1266 "-" "msnbot/1.1 (+http://search.msn.com/msnbot.htm)" 321 1589
77.228.219.50 - - [03/Feb/2009:18:04:03 +0000] "GET / HTTP/1.1" 200 1266 "-" "Mozilla/4.0 (compatible; MSIE 7.0; Windows NT 5.1; .NET CLR 1.1.4322; InfoPath.1; .NET CLR 2.0.50727)" 422 1627
77.228.219.50 - - [03/Feb/2009:18:04:04 +0000] "GET /indexbutton.jpg HTTP/1.1" 200 153759 "http://www.decodeine.com/" "Mozilla/4.0 (compatible; MSIE 7.0; Windows NT 5.1; .NET CLR 1.1.4322; InfoPath.1; .NET CLR 2.0.50727)" 312 154124
77.228.219.50 - - [03/Feb/2009:18:04:04 +0000] "GET /index.jpg HTTP/1.1" 200 225683 "http://www.decodeine.com/" "Mozilla/4.0 (compatible; MSIE 7.0; Windows NT 5.1; .NET CLR 1.1.4322; InfoPath.1; .NET CLR 2.0.50727)" 306 179580
77.228.219.50 - - [03/Feb/2009:18:04:40 +0000] "GET /feidad.html HTTP/1.1" 200 820 "http://www.decodeine.com/" "Mozilla/4.0 (compatible; MSIE 7.0; Windows NT 5.1; .NET CLR 1.1.4322; InfoPath.1; .NET CLR 2.0.50727)" 469 1180
77.228.219.50 - - [03/Feb/2009:18:04:40 +0000] "GET /dec4b.swf HTTP/1.1" 200 7503350 "http://www.decodeine.com/feidad.html" "Mozilla/4.0 (compatible; MSIE 7.0; Windows NT 5.1; .NET CLR 1.1.4322; InfoPath.1; .NET CLR 2.0.50727)" 349 394200
77.228.219.50 - - [03/Feb/2009:18:05:49 +0000] "GET /feidad.html HTTP/1.1" 304 - "http://www.decodeine.com/" "Mozilla/4.0 (compatible; MSIE 7.0; Windows NT 5.1; .NET CLR 1.1.4322; InfoPath.1; .NET CLR 2.0.50727)" 400 256
77.228.219.50 - - [03/Feb/2009:18:05:49 +0000] "GET /dec4b.swf HTTP/1.1" 206 7118296 "http://www.decodeine.com/feidad.html" "Mozilla/4.0 (compatible; MSIE 7.0; Windows NT 5.1; .NET CLR 1.1.4322; InfoPath.1; .NET CLR 2.0.50727)" 465 811760
77.228.219.50 - - [03/Feb/2009:18:22:51 +0000] "GET /feidad.html HTTP/1.1" 304 - "http://www.decodeine.com/" "Mozilla/4.0 (compatible; MSIE 7.0; Windows NT 5.1; .NET CLR 1.1.4322; InfoPath.1; .NET CLR 2.0.50727)" 400 256
77.228.219.50 - - [03/Feb/2009:18:22:54 +0000] "GET /dec4b.swf HTTP/1.1" 200 7503350 "http://www.decodeine.com/feidad.html" "Mozilla/4.0 (compatible; MSIE 7.0; Windows NT 5.1; .NET CLR 1.1.4322; InfoPath.1; .NET CLR 2.0.50727)" 349 20440
77.228.219.50 - - [03/Feb/2009:18:33:24 +0000] "GET /feidad.html HTTP/1.1" 304 - "-" "Mozilla/4.0 (compatible; MSIE 7.0; Windows NT 5.1; .NET CLR 1.1.4322; InfoPath.1; .NET CLR 2.0.50727)" 525 256
77.228.219.50 - - [03/Feb/2009:18:33:24 +0000] "GET /dec4b.swf HTTP/1.1" 206 6320120 "http://www.decodeine.com/feidad.html" "Mozilla/4.0 (compatible; MSIE 7.0; Windows NT 5.1; .NET CLR 1.1.4322; InfoPath.1; .NET CLR 2.0.50727)" 466 20440
77.228.219.50 - - [03/Feb/2009:18:45:05 +0000] "GET /feidad.html HTTP/1.1" 304 - "-" "Mozilla/4.0 (compatible; MSIE 7.0; Windows NT 5.1; .NET CLR 1.1.4322; InfoPath.1; .NET CLR 2.0.50727)" 364 256
77.228.219.50 - - [03/Feb/2009:18:45:06 +0000] "GET /dec4b.swf HTTP/1.1" 200 7503350 "http://www.decodeine.com/feidad.html" "Mozilla/4.0 (compatible; MSIE 7.0; Windows NT 5.1; .NET CLR 1.1.4322; InfoPath.1; .NET CLR 2.0.50727)" 349 103660
193.47.80.50 - - [03/Feb/2009:19:11:31 +0000] "GET /robots.txt HTTP/1.1" 404 359 "-" "Mozilla/5.0 (compatible; Exabot/3.0; +http://www.exabot.com/go/robot)" 260 607
193.47.80.50 - - [03/Feb/2009:19:11:31 +0000] "GET / HTTP/1.1" 304 - "-" "Mozilla/5.0 (compatible; Exabot/3.0; +http://www.exabot.com/go/robot)" 342 218
75.101.213.100 - - [04/Feb/2009:00:04:57 +0000] "GET /robots.txt HTTP/1.0" 404 359 "-" "NetSeer/Nutch-0.9 (NetSeer Crawler; http://www.netseer.com; crawler@netseer.com)" 178 607
75.101.213.100 - - [04/Feb/2009:00:04:58 +0000] "GET / HTTP/1.0" 200 1266 "-" "NetSeer/Nutch-0.9 (NetSeer Crawler; http://www.netseer.com; crawler@netseer.com)" 168 1589
62.48.219.29 - - [04/Feb/2009:01:46:16 +0000] "GET /log/errors.php?error=http://www.thaictclub.com//components/ooid1.txt? HTTP/1.1" 404 363 "-" "Netscape 4.78/U.S., 25-Jun-01; (c) 1995-2000" 217 611
62.48.219.29 - - [04/Feb/2009:01:46:17 +0000] "GET /errors.php?error=http://www.thaictclub.com//components/ooid1.txt? HTTP/1.1" 404 359 "-" "Netscape 4.78/U.S., 25-Jun-01; (c) 1995-2000" 213 607
124.115.4.212 - - [04/Feb/2009:02:15:54 +0000] "GET / HTTP/1.1" 200 1266 "http://www.decodeine.com/" "Sosospider+(+http://help.soso.com/webspider.htm)" 243 1627
124.115.4.212 - - [04/Feb/2009:02:47:00 +0000] "GET / HTTP/1.1" 200 1266 "http://www.decodeine.com/" "Sosospider+(+http://help.soso.com/webspider.htm)" 243 1627
124.115.4.212 - - [04/Feb/2009:03:17:04 +0000] "GET / HTTP/1.1" 200 1266 "http://www.decodeine.com/" "Sosospider+(+http://help.soso.com/webspider.htm)" 243 1627
124.115.4.212 - - [04/Feb/2009:03:46:45 +0000] "GET / HTTP/1.1" 200 1266 "http://www.decodeine.com/" "Sosospider+(+http://help.soso.com/webspider.htm)" 243 1627
85.92.72.116 - - [04/Feb/2009:04:12:38 +0000] "GET //errors.php?error=%3Cnew%20rfi-id%3E%20%20Change%20the%20RFI-Response%20%0D? HTTP/1.1" 404 359 "-" "Mozilla/5.0 (compatible; Konqueror/3.1; Linux 2.4.22-10mdk; X11; i686; fr, fr_FR)" 261 607
85.92.72.116 - - [04/Feb/2009:04:12:38 +0000] "GET /log//errors.php?error=%3Cnew%20rfi-id%3E%20%20Change%20the%20RFI-Response%20%0D? HTTP/1.1" 404 364 "-" "Mozilla/5.0 (compatible; Konqueror/3.1; Linux 2.4.22-10mdk; X11; i686; fr, fr_FR)" 265 612
85.92.72.116 - - [04/Feb/2009:04:12:38 +0000] "GET /log/web.log//errors.php?error=%3Cnew%20rfi-id%3E%20%20Change%20the%20RFI-Response%20%0D? HTTP/1.1" 404 372 "-" "Mozilla/5.0 (compatible; Konqueror/3.1; Linux 2.4.22-10mdk; X11; i686; fr, fr_FR)" 273 620
85.92.72.116 - - [04/Feb/2009:04:12:50 +0000] "GET /log/web.log//errors.php?error=%3Cnew%20rfi-id%3E%20%20Change%20the%20RFI-Response%20%0D? HTTP/1.1" 404 372 "-" "Mozilla/5.0 (Windows; U; Windows NT 5.1; en-US; rv:1.7.12) Gecko/20050915 Firefox/1.0.7" 279 620
85.92.72.116 - - [04/Feb/2009:04:12:50 +0000] "GET //errors.php?error=%3Cnew%20rfi-id%3E%20%20Change%20the%20RFI-Response%20%0D? HTTP/1.1" 404 359 "-" "Mozilla/5.0 (Windows; U; Windows NT 5.1; en-US; rv:1.7.12) Gecko/20050915 Firefox/1.0.7" 267 607
85.92.72.116 - - [04/Feb/2009:04:12:50 +0000] "GET /log//errors.php?error=%3Cnew%20rfi-id%3E%20%20Change%20the%20RFI-Response%20%0D? HTTP/1.1" 404 364 "-" "Mozilla/5.0 (Windows; U; Windows NT 5.1; en-US; rv:1.7.12) Gecko/20050915 Firefox/1.0.7" 271 612
208.80.194.39 - - [04/Feb/2009:05:54:06 +0000] "GET / HTTP/1.0" 200 1266 "-" "Mozilla/4.0 (compatible; MSIE 7.0; Windows NT 5.1; BT Openworld BB; YPC 3.2.0; yplus 5.3.04b)" 150 1589
72.30.161.233 - - [04/Feb/2009:09:27:46 +0000] "GET /robots.txt HTTP/1.0" 404 359 "-" "Mozilla/5.0 (compatible; Yahoo! Slurp; http://help.yahoo.com/help/us/ysearch/slurp)" 194 607
72.30.161.233 - - [04/Feb/2009:09:27:46 +0000] "GET /log/web.log.3 HTTP/1.0" 200 1961 "-" "Mozilla/5.0 (compatible; Yahoo! Slurp; http://help.yahoo.com/help/us/ysearch/slurp)" 242 2285
66.249.71.206 - - [04/Feb/2009:09:56:12 +0000] "GET /robots.txt HTTP/1.1" 404 359 "-" "Mozilla/5.0 (compatible; Googlebot/2.1; +http://www.google.com/bot.html)" 258 645
66.249.71.206 - - [04/Feb/2009:09:56:12 +0000] "GET /log/web.log.4 HTTP/1.1" 304 - "-" "Mozilla/5.0 (compatible; Googlebot/2.1; +http://www.google.com/bot.html)" 294 256
66.249.71.205 - - [04/Feb/2009:11:05:52 +0000] "GET /webalizer/usage_200902.html HTTP/1.1" 200 107190 "-" "Mozilla/5.0 (compatible; Googlebot/2.1; +http://www.google.com/bot.html)" 352 107555
66.249.71.207 - - [04/Feb/2009:11:18:42 +0000] "GET /log/?N=A HTTP/1.1" 200 3186 "-" "Mozilla/5.0 (compatible; Googlebot/2.1; +http://www.google.com/bot.html)" 289 3460
66.249.71.207 - - [04/Feb/2009:12:11:49 +0000] "GET /log/web.log.3 HTTP/1.1" 304 - "-" "Mozilla/5.0 (compatible; Googlebot/2.1; +http://www.google.com/bot.html)" 294 256
213.235.247.137 - - [04/Feb/2009:12:24:46 +0000] "GET /log/errors.php?error=http://www.kimstroy.by//assets/images/_MD.TXT?? HTTP/1.1" 404 363 "-" "Mozilla/5.0 (Windows; U; Windows NT 5.1; en-US; rv:1.8) Gecko/20060321 Firefox/2.0a1" 256 611
213.235.247.137 - - [04/Feb/2009:12:24:46 +0000] "GET /errors.php?error=http://www.kimstroy.by//assets/images/_MD.TXT?? HTTP/1.1" 404 359 "-" "Mozilla/5.0 (X11; U; Linux i686; en-US; rv:1.7.9) Gecko/20050711 Firefox/1.0.5" 246 607
66.249.71.207 - - [04/Feb/2009:12:45:47 +0000] "GET /log/web.log.1 HTTP/1.1" 304 - "-" "Mozilla/5.0 (compatible; Googlebot/2.1; +http://www.google.com/bot.html)" 294 284
66.249.71.205 - - [04/Feb/2009:13:18:17 +0000] "GET /log/?C=M;O=A HTTP/1.1" 200 3186 "-" "Mozilla/5.0 (compatible; Googlebot/2.1; +http://www.google.com/bot.html)" 293 3460
87.118.124.120 - - [04/Feb/2009:22:30:30 +0000] "GET /log/error.log.1 HTTP/1.0" 200 4068 "http://www.decodeine.com/log/error.log.1" "Opera/7.11 (Windows NT 5.1; U) [en]" 211 4392
87.118.124.120 - - [04/Feb/2009:22:30:30 +0000] "GET / HTTP/1.0" 200 1266 "http://www.decodeine.com/" "Opera/7.11 (Windows NT 5.1; U) [en]" 181 1589
72.30.161.233 - - [04/Feb/2009:23:10:47 +0000] "GET /robots.txt HTTP/1.0" 404 359 "-" "Mozilla/5.0 (compatible; Yahoo! Slurp; http://help.yahoo.com/help/us/ysearch/slurp)" 194 607
72.30.161.233 - - [04/Feb/2009:23:10:48 +0000] "GET / HTTP/1.0" 200 1266 "-" "Mozilla/5.0 (compatible; Yahoo! Slurp; http://help.yahoo.com/help/us/ysearch/slurp)" 229 1589
88.131.106.11 - - [04/Feb/2009:23:54:30 +0000] "GET /robots.txt HTTP/1.0" 404 359 "-" "Speedy Spider (http://www.entireweb.com/about/search_tech/speedy_spider/)" 199 607
88.131.106.11 - - [04/Feb/2009:23:54:30 +0000] "GET /feidad.html HTTP/1.0" 304 - "-" "Speedy Spider (http://www.entireweb.com/about/search_tech/speedy_spider/)" 250 218
72.30.161.233 - - [05/Feb/2009:01:42:35 +0000] "GET /log/ HTTP/1.0" 200 3186 "-" "Mozilla/5.0 (compatible; Yahoo! Slurp; http://help.yahoo.com/help/us/ysearch/slurp)" 233 3422
58.61.164.207 - - [05/Feb/2009:04:06:15 +0000] "GET /robots.txt HTTP/1.1" 404 359 "http://www.decodeine.com/robots.txt" "Sosospider+(+http://help.soso.com/webspider.htm)" 250 645
208.80.194.39 - - [05/Feb/2009:05:57:27 +0000] "GET / HTTP/1.0" 200 1266 "-" "Mozilla/4.0 (compatible; MSIE 6.0; Windows NT 5.1; SV1; Entergy; .NET CLR 2.0.50727; .NET CLR 3.0.04506.30; .NET CLR 1.1.4322; InfoPath.1)" 195 1589
124.115.0.23 - - [05/Feb/2009:08:37:35 +0000] "HEAD / HTTP/1.1" 200 - "http://www.decodeine.com/" "Mozilla/4.0 (compatible; MSIE 6.0; Windows NT 5.1)" 246 361
38.99.13.125 - - [05/Feb/2009:10:22:34 +0000] "GET /robots.txt HTTP/1.0" 404 359 "-" "Mozilla/5.0 (Twiceler-0.9 http://www.cuil.com/twiceler/robot.html)" 199 607
66.249.71.205 - - [05/Feb/2009:11:06:08 +0000] "GET /robots.txt HTTP/1.1" 404 359 "-" "Mozilla/5.0 (compatible; Googlebot/2.1; +http://www.google.com/bot.html)" 258 645
66.249.71.205 - - [05/Feb/2009:11:06:08 +0000] "GET /webalizer/usage_200602.html HTTP/1.1" 200 108186 "-" "Mozilla/5.0 (compatible; Googlebot/2.1; +http://www.google.com/bot.html)" 258 108550
66.249.71.207 - - [05/Feb/2009:11:07:12 +0000] "GET /webalizer/usage_200902.html HTTP/1.1" 200 110170 "-" "Mozilla/5.0 (compatible; Googlebot/2.1; +http://www.google.com/bot.html)" 352 110535
75.101.251.49 - - [05/Feb/2009:14:35:55 +0000] "GET /robots.txt HTTP/1.0" 404 359 "-" "NetSeer/Nutch-0.9 (NetSeer Crawler; http://www.netseer.com; crawler@netseer.com)" 178 607
75.101.251.49 - - [05/Feb/2009:14:35:55 +0000] "GET / HTTP/1.0" 200 1266 "-" "NetSeer/Nutch-0.9 (NetSeer Crawler; http://www.netseer.com; crawler@netseer.com)" 168 1589
66.235.124.4 - - [05/Feb/2009:16:36:46 +0000] "GET /robots.txt HTTP/1.1" 404 359 "-" "Mozilla/5.0 (compatible; Ask Jeeves/Teoma; +http://about.ask.com/en/docs/about/webmasters.shtml)" 221 645
66.235.124.4 - - [05/Feb/2009:16:37:02 +0000] "GET / HTTP/1.1" 200 1266 "-" "Mozilla/5.0 (compatible; Ask Jeeves/Teoma; +http://about.ask.com/en/docs/about/webmasters.shtml)" 246 1589
208.80.194.32 - - [05/Feb/2009:18:46:23 +0000] "GET / HTTP/1.0" 200 1266 "-" "Mozilla/4.0 (compatible; MSIE 7.0; Windows NT 5.1; .NET CLR 1.1.4322; Hotbar 4.6.1; IEMB3; IEMB3)" 154 1589
66.249.71.207 - - [05/Feb/2009:21:22:10 +0000] "GET /log/?C=D;O=D HTTP/1.1" 200 3186 "-" "Mozilla/5.0 (compatible; Googlebot/2.1; +http://www.google.com/bot.html)" 293 3460
66.249.71.205 - - [05/Feb/2009:23:39:01 +0000] "GET /robots.txt HTTP/1.1" 404 359 "-" "Mozilla/5.0 (compatible; Googlebot/2.1; +http://www.google.com/bot.html)" 258 645
66.249.71.205 - - [05/Feb/2009:23:39:01 +0000] "GET /log/?C=M;O=D HTTP/1.1" 200 3186 "-" "Mozilla/5.0 (compatible; Googlebot/2.1; +http://www.google.com/bot.html)" 293 3459
77.75.77.123 - - [06/Feb/2009:04:34:03 +0000] "GET /robots.txt HTTP/1.1" 404 359 "-" "SeznamBot/2.0 (+http://fulltext.seznam.cz/)" 161 607
77.75.77.123 - - [06/Feb/2009:04:34:03 +0000] "GET / HTTP/1.1" 200 1266 "-" "SeznamBot/2.0 (+http://fulltext.seznam.cz/)" 349 1589
124.115.0.23 - - [06/Feb/2009:07:00:33 +0000] "HEAD / HTTP/1.1" 200 - "http://www.decodeine.com/" "Mozilla/4.0 (compatible; MSIE 6.0; Windows NT 5.1)" 246 361
72.30.161.233 - - [06/Feb/2009:07:33:39 +0000] "GET /robots.txt HTTP/1.0" 404 359 "-" "Mozilla/5.0 (compatible; Yahoo! Slurp; http://help.yahoo.com/help/us/ysearch/slurp)" 194 607
72.30.161.233 - - [06/Feb/2009:07:33:39 +0000] "GET /log/error.log.2 HTTP/1.0" 200 2074 "-" "Mozilla/5.0 (compatible; Yahoo! Slurp; http://help.yahoo.com/help/us/ysearch/slurp)" 244 2398
66.249.71.206 - - [06/Feb/2009:08:00:06 +0000] "GET /webalizer/usage_200505.html HTTP/1.1" 200 81815 "-" "Mozilla/5.0 (compatible; Googlebot/2.1; +http://www.google.com/bot.html)" 258 82179
66.249.71.205 - - [06/Feb/2009:09:36:47 +0000] "GET /webalizer/usage_200612.html HTTP/1.1" 200 103876 "-" "Mozilla/5.0 (compatible; Googlebot/2.1; +http://www.google.com/bot.html)" 258 104241
66.249.71.205 - - [06/Feb/2009:11:05:45 +0000] "GET /webalizer/usage_200902.html HTTP/1.1" 200 114931 "-" "Mozilla/5.0 (compatible; Googlebot/2.1; +http://www.google.com/bot.html)" 352 115296
66.249.71.205 - - [06/Feb/2009:11:20:22 +0000] "GET /log/error.log.1 HTTP/1.1" 200 4068 "-" "Mozilla/5.0 (compatible; Googlebot/2.1; +http://www.google.com/bot.html)" 246 4430
208.80.194.29 - - [06/Feb/2009:11:46:08 +0000] "GET / HTTP/1.0" 200 1266 "-" "Mozilla/4.0 (compatible; MSIE 6.0; Windows NT 5.1; SV1; YPC 3.2.0; FunWebProducts; IEMB3; .NET CLR 1.1.4322; SpamBlockerUtility 4.8.4)" 191 1589
208.111.154.15 - - [06/Feb/2009:17:04:59 +0000] "GET /robots.txt HTTP/1.1" 404 359 "-" "Mozilla/5.0 (compatible; Charlotte/1.1; http://www.searchme.com/support/)" 195 588
208.111.154.15 - - [06/Feb/2009:17:04:59 +0000] "GET / HTTP/1.1" 304 - "-" "Mozilla/5.0 (compatible; Charlotte/1.1; http://www.searchme.com/support/)" 235 199
66.231.188.70 - - [07/Feb/2009:01:47:54 +0000] "GET /robots.txt HTTP/1.0" 404 359 "-" "Gigabot/3.0 (http://www.gigablast.com/spider.html)" 292 607
66.231.188.70 - - [07/Feb/2009:01:47:55 +0000] "GET / HTTP/1.0" 200 1266 "-" "Gigabot/3.0 (http://www.gigablast.com/spider.html)" 282 1589
66.249.71.207 - - [07/Feb/2009:03:53:01 +0000] "GET /robots.txt HTTP/1.1" 404 359 "-" "Mozilla/5.0 (compatible; Googlebot/2.1; +http://www.google.com/bot.html)" 258 645
66.249.71.207 - - [07/Feb/2009:03:53:01 +0000] "GET /log/web.log.2 HTTP/1.1" 304 - "-" "Mozilla/5.0 (compatible; Googlebot/2.1; +http://www.google.com/bot.html)" 294 256
124.115.0.160 - - [07/Feb/2009:06:00:24 +0000] "HEAD / HTTP/1.1" 200 - "http://www.decodeine.com/" "Mozilla/4.0 (compatible; MSIE 6.0; Windows NT 5.1)" 246 361
69.36.5.45 - - [07/Feb/2009:07:14:22 +0000] "GET /robots.txt HTTP/1.0" 404 359 "-" "FyberSpider/1.3 (http://www.fybersearch.com/fyberspider.php)" 127 607
69.36.5.45 - - [07/Feb/2009:07:14:22 +0000] "GET / HTTP/1.1" 200 1266 "-" "FyberSpider/1.3 (http://www.fybersearch.com/fyberspider.php)" 163 1589
59.12.94.165 - - [07/Feb/2009:08:08:44 +0000] "HEAD / HTTP/1.1" 206 - "-" "libwww-perl/5.816" 143 370
59.12.94.165 - - [07/Feb/2009:08:08:47 +0000] "GET / HTTP/1.1" 206 1266 "-" "libwww-perl/5.816" 142 1636
85.25.124.167 - - [07/Feb/2009:08:57:27 +0000] "GET / HTTP/1.1" 200 1266 "-" "Shelob (shelob@gmx.net)" 171 1570
85.25.124.167 - - [07/Feb/2009:08:57:29 +0000] "GET / HTTP/1.1" 200 1266 "-" "Shelob (shelob@gmx.net)" 171 1570
85.25.124.167 - - [07/Feb/2009:08:57:31 +0000] "GET / HTTP/1.1" 200 1266 "-" "Shelob (shelob@gmx.net)" 171 1570
72.30.161.233 - - [07/Feb/2009:09:32:56 +0000] "GET /robots.txt HTTP/1.0" 404 359 "-" "Mozilla/5.0 (compatible; Yahoo! Slurp; http://help.yahoo.com/help/us/ysearch/slurp)" 194 607
72.30.161.233 - - [07/Feb/2009:09:32:56 +0000] "GET /log/?D=A HTTP/1.0" 200 3186 "-" "Mozilla/5.0 (compatible; Yahoo! Slurp; http://help.yahoo.com/help/us/ysearch/slurp)" 237 3422
208.80.194.32 - - [07/Feb/2009:10:24:20 +0000] "GET / HTTP/1.0" 200 1266 "-" "Mozilla/4.0 (compatible; MSIE 6.0; Windows NT 5.1; SV1; FunWebProducts; .NET CLR 1.1.4322; Zango 10.0.290.0)" 165 1589
66.249.71.206 - - [07/Feb/2009:11:05:17 +0000] "GET /webalizer/usage_200902.html HTTP/1.1" 200 116461 "-" "Mozilla/5.0 (compatible; Googlebot/2.1; +http://www.google.com/bot.html)" 352 116826
66.187.104.20 - - [07/Feb/2009:14:46:46 +0000] "GET /themes/cp_global_images/arrow_up.gif HTTP/1.1" 404 385 "-" "Mozilla/4.0 (compatible; MSIE 6.0; Windows NT 5.1)" 156 614
74.52.245.146 - - [07/Feb/2009:14:46:55 +0000] "GET / HTTP/1.0" 200 1266 "-" "Mozilla/5.0 (X11; U; Linux i686; en-US; rv:1.7.5) Gecko/20041107 Firefox/1.0" 152 1589
72.30.161.233 - - [07/Feb/2009:22:16:07 +0000] "GET /robots.txt HTTP/1.0" 404 359 "-" "Mozilla/5.0 (compatible; Yahoo! Slurp; http://help.yahoo.com/help/us/ysearch/slurp)" 194 607
72.30.161.233 - - [07/Feb/2009:22:16:08 +0000] "GET /log/error.log HTTP/1.0" 200 39860 "-" "Mozilla/5.0 (compatible; Yahoo! Slurp; http://help.yahoo.com/help/us/ysearch/slurp)" 242 40187
65.55.231.81 - - [07/Feb/2009:23:50:16 +0000] "GET /robots.txt HTTP/1.1" 404 359 "-" "msnbot-media/1.1 (+http://search.msn.com/msnbot.htm)" 214 607
65.55.231.81 - - [07/Feb/2009:23:50:16 +0000] "GET /hs20.jpg HTTP/1.1" 200 152343 "-" "msnbot-media/1.1 (+http://search.msn.com/msnbot.htm)" 389 152671
70.38.112.18 - - [08/Feb/2009:03:29:35 +0000] "GET / HTTP/1.1" 200 1266 "-" "Mozilla/5.0 (compatible; X11; U; Linux i686 (x86_64); en-US; +http://gnomit.com/) Gecko/2008092416 Gnomit/1.0" 239 1570
66.249.71.205 - - [08/Feb/2009:04:35:16 +0000] "GET /robots.txt HTTP/1.1" 404 359 "-" "Mozilla/5.0 (compatible; Googlebot/2.1; +http://www.google.com/bot.html)" 258 645
66.249.71.205 - - [08/Feb/2009:04:35:16 +0000] "GET /webalizer/usage_200711.html HTTP/1.1" 200 149412 "-" "Mozilla/5.0 (compatible; Googlebot/2.1; +http://www.google.com/bot.html)" 258 149777
38.113.234.180 - - [08/Feb/2009:04:44:00 +0000] "GET /robots.txt HTTP/1.1" 404 359 "-" "voyager/2.0 (http://www.kosmix.com/crawler.html)" 170 607
124.115.0.23 - - [08/Feb/2009:07:50:37 +0000] "HEAD / HTTP/1.1" 200 - "http://www.decodeine.com/" "Mozilla/4.0 (compatible; MSIE 6.0; Windows NT 5.1)" 246 361
85.185.87.68 - - [08/Feb/2009:08:39:36 +0000] "GET /dec4b.swf HTTP/1.0" 200 7503350 "-" "Mozilla/4.0 (compatible; MSIE 6.0; Windows NT 5.1; SV1; .NET CLR 1.1.4322; InfoPath.1)" 340 55024
66.249.71.205 - - [08/Feb/2009:10:35:53 +0000] "GET / HTTP/1.1" 200 1266 "-" "Mozilla/5.0 (compatible; Googlebot/2.1; +http://www.google.com/bot.html)" 231 1627
147.102.141.10 - - [08/Feb/2009:10:44:57 +0000] "GET /feidad.html HTTP/1.1" 200 820 "http://www.google.gr/search?client=firefox-a&rls=org.mozilla%3Ael%3Aofficial&channel=s&hl=el&q=split+the+surface+in+the+past+feidad&meta=&btnG=%CE%91%CE%BD%CE%B1%CE%B6%CE%AE%CF%84%CE%B7%CF%83%CE%B7+Google" "Mozilla/5.0 (Windows; U; Windows NT 5.1; el; rv:1.9.0.6) Gecko/2009011913 Firefox/3.0.6" 609 1180
147.102.141.10 - - [08/Feb/2009:10:44:57 +0000] "GET /favicon.ico HTTP/1.1" 404 360 "-" "Mozilla/5.0 (Windows; U; Windows NT 5.1; el; rv:1.9.0.6) Gecko/2009011913 Firefox/3.0.6" 364 645
147.102.141.10 - - [08/Feb/2009:10:45:00 +0000] "GET /favicon.ico HTTP/1.1" 404 360 "-" "Mozilla/5.0 (Windows; U; Windows NT 5.1; el; rv:1.9.0.6) Gecko/2009011913 Firefox/3.0.6" 394 645
147.102.141.10 - - [08/Feb/2009:10:44:57 +0000] "GET /dec4b.swf HTTP/1.1" 200 7503350 "http://www.decodeine.com/feidad.html" "Mozilla/5.0 (Windows; U; Windows NT 5.1; el; rv:1.9.0.6) Gecko/2009011913 Firefox/3.0.6" 439 7503737
66.249.71.207 - - [08/Feb/2009:11:06:01 +0000] "GET /webalizer/usage_200902.html HTTP/1.1" 200 120139 "-" "Mozilla/5.0 (compatible; Googlebot/2.1; +http://www.google.com/bot.html)" 352 120504
66.249.71.207 - - [08/Feb/2009:11:06:19 +0000] "GET /feidad.html HTTP/1.1" 304 - "-" "Mozilla/5.0 (compatible; Googlebot/2.1; +http://www.google.com/bot.html)" 292 256
69.58.178.33 - - [08/Feb/2009:11:48:31 +0000] "GET /robots.txt HTTP/1.1" 404 359 "-" "Mozilla/5.0 (X11; U; Linux i686; en-US; rv:1.7.12; ips-agent) Gecko/20050922 Fedora/1.0.7-1.1.fc4 Firefox/1.0.7" 205 588
69.58.178.33 - - [08/Feb/2009:11:52:48 +0000] "GET / HTTP/1.1" 200 1266 "-" "Mozilla/5.0 (X11; U; Linux i686; en-US; rv:1.7.12; ips-agent) Gecko/20050922 Fedora/1.0.7-1.1.fc4 Firefox/1.0.7" 195 1570
69.58.178.33 - - [08/Feb/2009:11:56:38 +0000] "GET /feidad.html HTTP/1.1" 200 820 "-" "Mozilla/5.0 (X11; U; Linux i686; en-US; rv:1.7.12; ips-agent) Gecko/20050922 Fedora/1.0.7-1.1.fc4 Firefox/1.0.7" 206 1123
66.249.71.206 - - [08/Feb/2009:12:15:04 +0000] "GET /log/?C=S;O=A HTTP/1.1" 200 3186 "-" "Mozilla/5.0 (compatible; Googlebot/2.1; +http://www.google.com/bot.html)" 293 3460
66.249.71.205 - - [08/Feb/2009:12:44:29 +0000] "GET /log/web.log.5 HTTP/1.1" 304 - "-" "Mozilla/5.0 (compatible; Googlebot/2.1; +http://www.google.com/bot.html)" 294 283
66.249.71.206 - - [08/Feb/2009:13:35:58 +0000] "GET /log/ HTTP/1.1" 200 3186 "-" "Mozilla/5.0 (compatible; Googlebot/2.1; +http://www.google.com/bot.html)" 285 3460
208.80.194.36 - - [08/Feb/2009:19:25:58 +0000] "GET / HTTP/1.0" 200 1266 "-" "Mozilla/4.0 (compatible; MSIE 6.0; Windows NT 5.1; SV1; NJSOAUser; .NET CLR 1.1.4322; .NET CLR 2.0.50727)" 162 1589
208.115.111.250 - - [08/Feb/2009:19:44:28 +0000] "GET /robots.txt HTTP/1.1" 404 359 "-" "Mozilla/5.0 (compatible; DotBot/1.1; http://www.dotnetdotcom.org/, crawler@dotnetdotcom.org)" 258 588
87.219.92.143 - - [08/Feb/2009:22:10:14 +0000] "GET / HTTP/1.1" 200 1266 "-" "Mozilla/4.0 (compatible; MSIE 7.0; Windows NT 5.1; .NET CLR 1.1.4322; InfoPath.1; .NET CLR 2.0.50727)" 422 1627
87.219.92.143 - - [08/Feb/2009:22:10:14 +0000] "GET /indexbutton.jpg HTTP/1.1" 200 153759 "http://www.decodeine.com/" "Mozilla/4.0 (compatible; MSIE 7.0; Windows NT 5.1; .NET CLR 1.1.4322; InfoPath.1; .NET CLR 2.0.50727)" 312 154125
87.219.92.143 - - [08/Feb/2009:22:10:14 +0000] "GET /index.jpg HTTP/1.1" 200 225683 "http://www.decodeine.com/" "Mozilla/4.0 (compatible; MSIE 7.0; Windows NT 5.1; .NET CLR 1.1.4322; InfoPath.1; .NET CLR 2.0.50727)" 306 226048
87.219.92.143 - - [08/Feb/2009:22:10:23 +0000] "GET /feidad.html HTTP/1.1" 200 820 "http://www.decodeine.com/" "Mozilla/4.0 (compatible; MSIE 7.0; Windows NT 5.1; .NET CLR 1.1.4322; InfoPath.1; .NET CLR 2.0.50727)" 469 1179
87.219.92.143 - - [08/Feb/2009:22:10:23 +0000] "GET /dec4b.swf HTTP/1.1" 200 7503350 "http://www.decodeine.com/feidad.html" "Mozilla/4.0 (compatible; MSIE 7.0; Windows NT 5.1; .NET CLR 1.1.4322; InfoPath.1; .NET CLR 2.0.50727)" 349 29040
87.219.92.143 - - [08/Feb/2009:22:10:30 +0000] "GET /dec4b.swf HTTP/1.1" 206 7503350 "http://www.decodeine.com/feidad.html" "Mozilla/4.0 (compatible; MSIE 7.0; Windows NT 5.1; .NET CLR 1.1.4322; InfoPath.1; .NET CLR 2.0.50727)" 460 7503789
87.219.92.143 - - [08/Feb/2009:22:14:21 +0000] "GET /Margot.jpg HTTP/1.1" 404 359 "http://www.decodeine.com/dec4b.swf" "Mozilla/4.0 (compatible; MSIE 7.0; Windows NT 5.1; .NET CLR 1.1.4322; InfoPath.1; .NET CLR 2.0.50727)" 377 645
87.219.92.143 - - [08/Feb/2009:22:14:21 +0000] "GET /Margot.jpg HTTP/1.1" 404 359 "http://www.decodeine.com/dec4b.swf" "Mozilla/4.0 (compatible; MSIE 7.0; Windows NT 5.1; .NET CLR 1.1.4322; InfoPath.1; .NET CLR 2.0.50727)" 377 645
87.219.92.143 - - [08/Feb/2009:22:14:27 +0000] "GET /Margot.jpg HTTP/1.1" 404 359 "http://www.decodeine.com/dec4b.swf" "Mozilla/4.0 (compatible; MSIE 7.0; Windows NT 5.1; .NET CLR 1.1.4322; InfoPath.1; .NET CLR 2.0.50727)" 377 644
208.115.111.250 - - [08/Feb/2009:22:23:04 +0000] "GET / HTTP/1.1" 200 1266 "-" "Mozilla/5.0 (compatible; DotBot/1.1; http://www.dotnetdotcom.org/, crawler@dotnetdotcom.org)" 248 1570
208.115.111.250 - - [08/Feb/2009:22:23:09 +0000] "GET /feidad.html HTTP/1.1" 200 820 "-" "Mozilla/5.0 (compatible; DotBot/1.1; http://www.dotnetdotcom.org/, crawler@dotnetdotcom.org)" 259 1123
58.61.164.207 - - [08/Feb/2009:22:50:40 +0000] "GET /robots.txt HTTP/1.1" 404 359 "http://www.decodeine.com/robots.txt" "Sosospider+(+http://help.soso.com/webspider.htm)" 250 645
208.111.154.15 - - [09/Feb/2009:02:18:32 +0000] "GET /robots.txt HTTP/1.1" 404 359 "-" "Mozilla/5.0 (compatible; Charlotte/1.1; http://www.searchme.com/support/)" 195 588
208.111.154.15 - - [09/Feb/2009:02:18:32 +0000] "GET / HTTP/1.1" 304 - "-" "Mozilla/5.0 (compatible; Charlotte/1.1; http://www.searchme.com/support/)" 235 199
124.115.0.22 - - [09/Feb/2009:03:58:27 +0000] "HEAD / HTTP/1.1" 200 - "http://www.decodeine.com/" "Mozilla/4.0 (compatible; MSIE 6.0; Windows NT 5.1)" 246 361
88.131.106.11 - - [09/Feb/2009:05:58:28 +0000] "GET /robots.txt HTTP/1.0" 404 359 "-" "Speedy Spider (http://www.entireweb.com/about/search_tech/speedy_spider/)" 199 607
88.131.106.11 - - [09/Feb/2009:05:58:28 +0000] "GET / HTTP/1.0" 200 1266 "-" "Speedy Spider (http://www.entireweb.com/about/search_tech/speedy_spider/)" 189 1589
66.249.71.207 - - [09/Feb/2009:11:05:15 +0000] "GET /robots.txt HTTP/1.1" 404 359 "-" "Mozilla/5.0 (compatible; Googlebot/2.1; +http://www.google.com/bot.html)" 258 645
66.249.71.207 - - [09/Feb/2009:11:05:15 +0000] "GET /webalizer/usage_200902.html HTTP/1.1" 200 121093 "-" "Mozilla/5.0 (compatible; Googlebot/2.1; +http://www.google.com/bot.html)" 352 121457
72.30.161.233 - - [09/Feb/2009:15:10:17 +0000] "GET /robots.txt HTTP/1.0" 404 359 "-" "Mozilla/5.0 (compatible; Yahoo! Slurp; http://help.yahoo.com/help/us/ysearch/slurp)" 194 607
72.30.161.233 - - [09/Feb/2009:15:10:17 +0000] "GET /feidad.html HTTP/1.0" 200 820 "-" "Mozilla/5.0 (compatible; Yahoo! Slurp; http://help.yahoo.com/help/us/ysearch/slurp)" 240 1142
72.30.161.233 - - [09/Feb/2009:15:10:18 +0000] "GET /dec4b.swf HTTP/1.0" 200 7503350 "-" "Mozilla/5.0 (compatible; Yahoo! Slurp; http://help.yahoo.com/help/us/ysearch/slurp)" 238 928168
66.249.71.206 - - [09/Feb/2009:16:44:05 +0000] "GET /log/web.log.4 HTTP/1.1" 304 - "-" "Mozilla/5.0 (compatible; Googlebot/2.1; +http://www.google.com/bot.html)" 294 283
66.249.71.205 - - [09/Feb/2009:17:26:24 +0000] "GET /log/web.log.3 HTTP/1.1" 304 - "-" "Mozilla/5.0 (compatible; Googlebot/2.1; +http://www.google.com/bot.html)" 294 256
66.249.71.207 - - [09/Feb/2009:18:17:58 +0000] "GET /log/web.log.1 HTTP/1.1" 304 - "-" "Mozilla/5.0 (compatible; Googlebot/2.1; +http://www.google.com/bot.html)" 294 284
66.249.71.206 - - [09/Feb/2009:18:58:58 +0000] "GET /dec4b.swf HTTP/1.1" 200 7503350 "-" "Mozilla/5.0 (compatible; Googlebot/2.1; +http://www.google.com/bot.html)" 240 7503737
66.249.71.225 - - [09/Feb/2009:19:22:46 +0000] "GET /log/?N=A HTTP/1.1" 200 3186 "-" "Mozilla/5.0 (compatible; Googlebot/2.1; +http://www.google.com/bot.html)" 289 3460
219.234.81.33 - - [09/Feb/2009:21:43:30 +0000] "GET / HTTP/1.1" 200 1266 "-" "Sogou web spider/4.0(+http://www.sogou.com/docs/help/webmasters.htm#07)" 275 1589
76.18.2.60 - - [09/Feb/2009:23:38:43 +0000] "GET /robots.txt HTTP/1.0" 404 359 "-" "Jambot/0.1.1 (Jambot; http://www.jambot.com/blog; crawler@jambot.com)" 167 607
76.18.2.60 - - [09/Feb/2009:23:38:43 +0000] "GET / HTTP/1.0" 200 1266 "-" "Jambot/0.1.1 (Jambot; http://www.jambot.com/blog; crawler@jambot.com)" 157 1589
208.80.194.35 - - [10/Feb/2009:01:31:28 +0000] "GET / HTTP/1.0" 200 1266 "-" "Mozilla/4.0 (compatible; MSIE 6.0; Windows NT 5.1; SV1; ImageShack Toolbar 4.4.3)" 138 1589
124.115.0.160 - - [10/Feb/2009:02:39:34 +0000] "HEAD / HTTP/1.1" 200 - "http://www.decodeine.com/" "Mozilla/4.0 (compatible; MSIE 6.0; Windows NT 5.1)" 246 361
64.246.165.210 - - [10/Feb/2009:03:02:37 +0000] "GET /robots.txt HTTP/1.0" 404 359 "http://www.whois.sc/" "SurveyBot/2.3 (Whois Source)" 212 607
64.246.165.210 - - [10/Feb/2009:03:02:37 +0000] "GET / HTTP/1.1" 206 1266 "http://whois.domaintools.com/decodeine.com" "SurveyBot/2.3 (Whois Source)" 351 1636
77.88.26.26 - - [10/Feb/2009:04:23:23 +0000] "GET /robots.txt HTTP/1.1" 404 359 "-" "Yandex/1.01.001 (compatible; Win16; I)" 155 645
77.88.26.26 - - [10/Feb/2009:04:23:23 +0000] "GET / HTTP/1.1" 200 1266 "-" "Yandex/1.01.001 (compatible; Win16; I)" 450 1626
38.105.83.10 - - [10/Feb/2009:05:07:07 +0000] "GET / HTTP/1.1" 200 1266 "-" "Mozilla/4.0 (compatible; MSIE 7.0; Windows NT 5.2)" 169 1627
38.105.83.10 - - [10/Feb/2009:05:07:40 +0000] "GET /feidad.html HTTP/1.1" 200 820 "http://www.decodeine.com/" "Mozilla/4.0 (compatible; MSIE 7.0; Windows NT 5.2)" 216 1180
66.249.71.206 - - [10/Feb/2009:11:06:59 +0000] "GET /robots.txt HTTP/1.1" 404 359 "-" "Mozilla/5.0 (compatible; Googlebot/2.1; +http://www.google.com/bot.html)" 258 645
66.249.71.206 - - [10/Feb/2009:11:06:59 +0000] "GET /webalizer/usage_200902.html HTTP/1.1" 200 122009 "-" "Mozilla/5.0 (compatible; Googlebot/2.1; +http://www.google.com/bot.html)" 352 122373
66.249.71.206 - - [10/Feb/2009:12:54:48 +0000] "GET /webalizer/usage_200707.html HTTP/1.1" 200 150873 "-" "Mozilla/5.0 (compatible; Googlebot/2.1; +http://www.google.com/bot.html)" 258 151239
66.249.71.207 - - [10/Feb/2009:14:12:49 +0000] "GET /log/error.log.2 HTTP/1.1" 200 2074 "-" "Mozilla/5.0 (compatible; Googlebot/2.1; +http://www.google.com/bot.html)" 246 2436
38.99.13.125 - - [10/Feb/2009:20:50:58 +0000] "GET /robots.txt HTTP/1.0" 404 359 "-" "Mozilla/5.0 (Twiceler-0.9 http://www.cuil.com/twiceler/robot.html)" 199 607
82.237.19.150 - - [10/Feb/2009:21:06:45 +0000] "GET /log/web.log.2 HTTP/1.1" 200 5490 "http://www.google.com/search?hl=fr&q=%22GET+%2F+HTTP%2F1.1%22+200+232&btnG=Rechercher&lr=" "Mozilla/5.0 (X11; U; Linux x86_64; fr; rv:1.9.0.5) Gecko/2008121623 Ubuntu/8.10 (intrepid) Firefox/3.0.5" 521 5853
82.237.19.150 - - [10/Feb/2009:21:06:45 +0000] "GET /favicon.ico HTTP/1.1" 404 360 "-" "Mozilla/5.0 (X11; U; Linux x86_64; fr; rv:1.9.0.5) Gecko/2008121623 Ubuntu/8.10 (intrepid) Firefox/3.0.5" 389 645
82.237.19.150 - - [10/Feb/2009:21:06:45 +0000] "GET /favicon.ico HTTP/1.1" 404 360 "-" "Mozilla/5.0 (X11; U; Linux x86_64; fr; rv:1.9.0.5) Gecko/2008121623 Ubuntu/8.10 (intrepid) Firefox/3.0.5" 419 645
208.111.154.15 - - [10/Feb/2009:21:49:32 +0000] "GET /robots.txt HTTP/1.1" 404 359 "-" "Mozilla/5.0 (compatible; Charlotte/1.1; http://www.searchme.com/support/)" 195 588
208.111.154.15 - - [10/Feb/2009:21:49:33 +0000] "GET /feidad.html HTTP/1.1" 304 - "-" "Mozilla/5.0 (compatible; Charlotte/1.1; http://www.searchme.com/support/)" 246 199
125.164.114.221 - - [10/Feb/2009:22:11:31 +0000] "GET /dec4b.swf HTTP/1.0" 200 7503350 "http://www.google.co.id/search?um=1&hl=id&q=amphitheatre%20%2B%20membran%20%2B%20acoustics&ie=UTF-8&sa=N&tab=iw" "Mozilla/5.0 (Windows; U; Windows NT 5.1; en-US; rv:1.9.0.5) Gecko/2008120122 Firefox/3.0.5 (.NET CLR 3.5.30729)" 540 4526760
202.57.28.178 - - [10/Feb/2009:22:16:46 +0000] "GET /favicon.ico HTTP/1.0" 404 360 "-" "Mozilla/5.0 (Windows; U; Windows NT 5.1; en-US; rv:1.9.0.5) Gecko/2008120122 Firefox/3.0.5 (.NET CLR 3.5.30729)" 420 646
72.30.161.233 - - [10/Feb/2009:22:38:49 +0000] "GET /robots.txt HTTP/1.0" 404 359 "-" "Mozilla/5.0 (compatible; Yahoo! Slurp; http://help.yahoo.com/help/us/ysearch/slurp)" 194 607
72.30.161.233 - - [10/Feb/2009:22:38:50 +0000] "GET /log/web.log.4 HTTP/1.0" 200 4090 "-" "Mozilla/5.0 (compatible; Yahoo! Slurp; http://help.yahoo.com/help/us/ysearch/slurp)" 242 4415
72.30.161.233 - - [11/Feb/2009:00:26:28 +0000] "GET /log/web.log.5 HTTP/1.0" 200 2798 "-" "Mozilla/5.0 (compatible; Yahoo! Slurp; http://help.yahoo.com/help/us/ysearch/slurp)" 242 3123
66.249.71.205 - - [11/Feb/2009:00:33:24 +0000] "GET /robots.txt HTTP/1.1" 404 359 "-" "Googlebot-Image/1.0" 205 645
66.249.71.205 - - [11/Feb/2009:00:33:24 +0000] "GET /indexbutton.jpg HTTP/1.1" 304 - "-" "Googlebot-Image/1.0" 243 283
208.80.194.33 - - [11/Feb/2009:01:09:40 +0000] "GET / HTTP/1.0" 200 1266 "-" "Mozilla/4.0 (compatible; MSIE 6.0; Windows NT 5.1; SV1; YPC 3.0.0; .NET CLR 1.0.3705; .NET CLR 1.1.4322; Media Center PC 4.0; SpamBlockerUtility 4.8.4)" 208 1589
124.115.0.22 - - [11/Feb/2009:01:45:06 +0000] "HEAD / HTTP/1.1" 200 - "http://www.decodeine.com/" "Mozilla/4.0 (compatible; MSIE 6.0; Windows NT 5.1)" 246 361
66.249.71.205 - - [11/Feb/2009:04:41:55 +0000] "GET /webalizer/usage_200508.html HTTP/1.1" 304 - "-" "Mozilla/5.0 (compatible; Googlebot/2.1; +http://www.google.com/bot.html)" 308 284
66.249.71.205 - - [11/Feb/2009:05:01:33 +0000] "GET /log/?C=D;O=D HTTP/1.1" 200 3186 "-" "Mozilla/5.0 (compatible; Googlebot/2.1; +http://www.google.com/bot.html)" 293 3460
66.249.71.207 - - [11/Feb/2009:05:41:58 +0000] "GET /webalizer/hourly_usage_200508.png HTTP/1.1" 304 - "-" "Googlebot-Image/1.0" 261 256
66.249.71.207 - - [11/Feb/2009:06:19:03 +0000] "GET /log/?C=M;O=D HTTP/1.1" 200 3186 "-" "Mozilla/5.0 (compatible; Googlebot/2.1; +http://www.google.com/bot.html)" 293 3460
67.195.37.182 - - [11/Feb/2009:09:40:16 +0000] "GET /robots.txt HTTP/1.0" 404 359 "-" "Mozilla/5.0 (compatible; Yahoo! Slurp; http://help.yahoo.com/help/us/ysearch/slurp)" 194 607
67.195.37.182 - - [11/Feb/2009:09:40:31 +0000] "GET / HTTP/1.0" 200 1266 "-" "Mozilla/5.0 (compatible; Yahoo! Slurp; http://help.yahoo.com/help/us/ysearch/slurp)" 228 1589
75.101.213.100 - - [11/Feb/2009:10:36:03 +0000] "GET /robots.txt HTTP/1.0" 404 359 "-" "NetSeer/Nutch-0.9 (NetSeer Crawler; http://www.netseer.com; crawler@netseer.com)" 178 607
75.101.213.100 - - [11/Feb/2009:10:36:03 +0000] "GET /feidad.html HTTP/1.0" 200 820 "-" "NetSeer/Nutch-0.9 (NetSeer Crawler; http://www.netseer.com; crawler@netseer.com)" 179 1142
66.249.71.206 - - [11/Feb/2009:11:13:26 +0000] "GET /webalizer/usage_200902.html HTTP/1.1" 200 124978 "-" "Mozilla/5.0 (compatible; Googlebot/2.1; +http://www.google.com/bot.html)" 352 125343
66.249.71.206 - - [11/Feb/2009:15:09:41 +0000] "GET /robots.txt HTTP/1.1" 404 359 "-" "Mozilla/5.0 (compatible; Googlebot/2.1; +http://www.google.com/bot.html)" 258 645
66.249.71.206 - - [11/Feb/2009:15:09:41 +0000] "GET /webalizer/usage_200607.html HTTP/1.1" 200 106726 "-" "Mozilla/5.0 (compatible; Googlebot/2.1; +http://www.google.com/bot.html)" 258 107090
38.99.13.125 - - [11/Feb/2009:18:23:20 +0000] "GET / HTTP/1.0" 200 1266 "-" "Mozilla/5.0 (Twiceler-0.9 http://www.cuil.com/twiceler/robot.html)" 189 1589
66.235.124.4 - - [11/Feb/2009:22:57:54 +0000] "GET /robots.txt HTTP/1.1" 404 359 "-" "Mozilla/5.0 (compatible; Ask Jeeves/Teoma; +http://about.ask.com/en/docs/about/webmasters.shtml)" 221 645
66.235.124.4 - - [11/Feb/2009:22:58:09 +0000] "GET / HTTP/1.1" 200 1266 "-" "Mozilla/5.0 (compatible; Ask Jeeves/Teoma; +http://about.ask.com/en/docs/about/webmasters.shtml)" 246 1589
72.30.161.233 - - [11/Feb/2009:23:11:20 +0000] "GET /robots.txt HTTP/1.0" 404 359 "-" "Mozilla/5.0 (compatible; Yahoo! Slurp; http://help.yahoo.com/help/us/ysearch/slurp)" 194 607
72.30.161.233 - - [11/Feb/2009:23:11:20 +0000] "GET / HTTP/1.0" 200 1266 "-" "Mozilla/5.0 (compatible; Yahoo! Slurp; http://help.yahoo.com/help/us/ysearch/slurp)" 229 1589
124.115.0.23 - - [12/Feb/2009:00:33:58 +0000] "HEAD / HTTP/1.1" 200 - "http://www.decodeine.com/" "Mozilla/4.0 (compatible; MSIE 6.0; Windows NT 5.1)" 246 361
66.235.124.4 - - [12/Feb/2009:00:45:01 +0000] "GET / HTTP/1.1" 200 1266 "-" "Mozilla/5.0 (compatible; Ask Jeeves/Teoma; +http://about.ask.com/en/docs/about/webmasters.shtml)" 246 1589
208.80.194.54 - - [12/Feb/2009:00:51:43 +0000] "GET / HTTP/1.0" 200 1266 "-" "Mozilla/4.0 (compatible; MSIE 6.0; Windows NT 5.1; SV1; FunWebProducts; (R1 1.5); .NET CLR 1.1.4322; HbTools 4.8.4)" 172 1589
72.30.161.233 - - [12/Feb/2009:04:20:39 +0000] "GET /log/ HTTP/1.0" 200 3186 "-" "Mozilla/5.0 (compatible; Yahoo! Slurp; http://help.yahoo.com/help/us/ysearch/slurp)" 233 3422
66.249.71.225 - - [12/Feb/2009:06:33:04 +0000] "GET /robots.txt HTTP/1.1" 404 359 "-" "Googlebot-Image/1.0" 205 645
66.249.71.225 - - [12/Feb/2009:06:33:04 +0000] "GET /icons/blank.gif HTTP/1.1" 304 - "-" "Googlebot-Image/1.0" 243 254
66.249.71.226 - - [12/Feb/2009:08:26:35 +0000] "GET /icons/back.gif HTTP/1.1" 304 - "-" "Googlebot-Image/1.0" 242 255
66.249.71.227 - - [12/Feb/2009:11:05:47 +0000] "GET /webalizer/usage_200902.html HTTP/1.1" 200 125860 "-" "Mozilla/5.0 (compatible; Googlebot/2.1; +http://www.google.com/bot.html)" 352 126225
58.61.164.207 - - [12/Feb/2009:19:27:38 +0000] "GET /robots.txt HTTP/1.1" 404 359 "http://www.decodeine.com/robots.txt" "Sosospider+(+http://help.soso.com/webspider.htm)" 250 645
38.99.13.125 - - [12/Feb/2009:21:21:38 +0000] "GET /robots.txt HTTP/1.0" 404 359 "-" "Mozilla/5.0 (Twiceler-0.9 http://www.cuil.com/twiceler/robot.html)" 199 607
124.115.0.23 - - [12/Feb/2009:23:35:35 +0000] "HEAD / HTTP/1.1" 200 - "http://www.decodeine.com/" "Mozilla/4.0 (compatible; MSIE 6.0; Windows NT 5.1)" 246 361
66.249.71.226 - - [13/Feb/2009:00:12:55 +0000] "GET /robots.txt HTTP/1.1" 404 359 "-" "Mozilla/5.0 (compatible; Googlebot/2.1; +http://www.google.com/bot.html)" 258 645
66.249.71.226 - - [13/Feb/2009:00:12:55 +0000] "GET /log/web.log.4 HTTP/1.1" 200 4090 "-" "Mozilla/5.0 (compatible; Googlebot/2.1; +http://www.google.com/bot.html)" 244 4452
208.80.194.36 - - [13/Feb/2009:00:17:59 +0000] "GET / HTTP/1.0" 200 1266 "-" "Mozilla/4.0 (compatible; MSIE 7.0; Windows NT 5.1; .NET CLR 2.0.50727; PeoplePal 3.0; .NET CLR 1.1.4322)" 161 1589
66.249.71.225 - - [13/Feb/2009:03:04:58 +0000] "GET /log/?C=S;O=D HTTP/1.1" 200 3186 "-" "Mozilla/5.0 (compatible; Googlebot/2.1; +http://www.google.com/bot.html)" 243 3460
66.249.71.225 - - [13/Feb/2009:04:28:10 +0000] "GET /log/web.log.2 HTTP/1.1" 304 - "-" "Mozilla/5.0 (compatible; Googlebot/2.1; +http://www.google.com/bot.html)" 294 283
66.249.71.227 - - [13/Feb/2009:05:18:29 +0000] "GET /webalizer/usage_200507.html HTTP/1.1" 200 77340 "-" "Mozilla/5.0 (compatible; Googlebot/2.1; +http://www.google.com/bot.html)" 258 77704
66.249.71.226 - - [13/Feb/2009:07:29:14 +0000] "GET /CAM.swf HTTP/1.1" 404 356 "-" "Mozilla/5.0 (compatible; Googlebot/2.1; +http://www.google.com/bot.html)" 238 642
66.249.71.226 - - [13/Feb/2009:07:31:40 +0000] "GET /decodeine.htm HTTP/1.1" 404 362 "-" "Mozilla/5.0 (compatible; Googlebot/2.1; +http://www.google.com/bot.html)" 244 648
66.249.71.225 - - [13/Feb/2009:07:34:07 +0000] "GET /fdesign%201.swf HTTP/1.1" 404 362 "-" "Mozilla/5.0 (compatible; Googlebot/2.1; +http://www.google.com/bot.html)" 246 648
66.249.71.227 - - [13/Feb/2009:07:45:47 +0000] "GET /CAM1.swf HTTP/1.1" 404 357 "-" "Mozilla/5.0 (compatible; Googlebot/2.1; +http://www.google.com/bot.html)" 239 643
66.249.71.226 - - [13/Feb/2009:11:07:10 +0000] "GET /webalizer/usage_200902.html HTTP/1.1" 200 127406 "-" "Mozilla/5.0 (compatible; Googlebot/2.1; +http://www.google.com/bot.html)" 352 127771
89.108.71.202 - - [13/Feb/2009:14:24:33 +0000] "GET /log/errors.php?error=http://www.cam-online.com.br//components/com_docman/idste.txt? HTTP/1.1" 404 363 "-" "Netscape 4.78/U.S., 25-Jun-01; (c) 1995-2000" 231 611
89.108.71.202 - - [13/Feb/2009:14:24:33 +0000] "GET /errors.php?error=http://www.cam-online.com.br//components/com_docman/idste.txt? HTTP/1.1" 404 359 "-" "Netscape 4.78/U.S., 25-Jun-01; (c) 1995-2000" 227 607
220.181.61.192 - - [13/Feb/2009:15:23:59 +0000] "GET / HTTP/1.1" 200 1266 "-" "Sogou web spider/4.0(+http://www.sogou.com/docs/help/webmasters.htm#07)" 352 1589
208.80.194.48 - - [13/Feb/2009:15:42:23 +0000] "GET / HTTP/1.0" 200 1266 "-" "Mozilla/4.0 (compatible; MSIE 7.0; Windows NT 5.1; Roadrunner; Blingo Toolbar 1.0; .NET CLR 1.0.3705)" 158 1589
58.61.164.207 - - [13/Feb/2009:18:36:17 +0000] "GET /robots.txt HTTP/1.1" 404 359 "http://www.decodeine.com/robots.txt" "Sosospider+(+http://help.soso.com/webspider.htm)" 250 645
66.249.71.225 - - [14/Feb/2009:00:18:04 +0000] "GET /robots.txt HTTP/1.1" 404 359 "-" "Mozilla/5.0 (compatible; Googlebot/2.1; +http://www.google.com/bot.html)" 258 645
66.249.71.225 - - [14/Feb/2009:00:18:04 +0000] "GET /log/web.log.4 HTTP/1.1" 304 - "-" "Mozilla/5.0 (compatible; Googlebot/2.1; +http://www.google.com/bot.html)" 337 256
67.195.37.158 - - [14/Feb/2009:00:32:03 +0000] "GET /robots.txt HTTP/1.0" 404 359 "-" "Mozilla/5.0 (compatible; Yahoo! Slurp; http://help.yahoo.com/help/us/ysearch/slurp)" 194 607
67.195.37.158 - - [14/Feb/2009:00:32:03 +0000] "GET / HTTP/1.0" 200 1266 "-" "Mozilla/5.0 (compatible; Yahoo! Slurp; http://help.yahoo.com/help/us/ysearch/slurp)" 228 1589
87.118.108.79 - - [14/Feb/2009:03:09:04 +0000] "GET /log/error.log.1 HTTP/1.0" 200 4068 "http://www.decodeine.com/log/error.log.1" "Mozilla/4.61 [en] (X11; U; ) - BrowseX (2.0.0 Windows)" 230 4392
87.118.108.79 - - [14/Feb/2009:03:09:05 +0000] "GET / HTTP/1.0" 200 1266 "http://www.decodeine.com/" "Mozilla/4.61 [en] (X11; U; ) - BrowseX (2.0.0 Windows)" 200 1589
124.115.4.194 - - [14/Feb/2009:04:09:12 +0000] "HEAD / HTTP/1.1" 200 - "http://www.decodeine.com/" "Mozilla/4.0 (compatible; MSIE 6.0; Windows NT 5.1)" 246 361
66.249.71.226 - - [14/Feb/2009:04:47:42 +0000] "GET /webalizer/ctry_usage_200508.png HTTP/1.1" 304 - "-" "Googlebot-Image/1.0" 259 256
72.44.56.220 - - [14/Feb/2009:05:20:17 +0000] "GET / HTTP/1.0" 200 1266 "-" "Mozilla/5.0 (compatible; NetcraftSurveyAgent/1.0; +info@netcraft.com)" 362 1589
4.181.73.177 - - [14/Feb/2009:08:34:36 +0000] "GET /log/web.log.2 HTTP/1.1" 200 5490 "http://www.google.com/search?num=100&hl=en&safe=off&q=SuperSpider%2F139&btnG=Search" "Mozilla/4.0 (compatible; MSIE 5.5; SuperSpider/139; Windows 98; Win 9x 4.90)" 417 5853
128.241.53.139 - - [14/Feb/2009:08:59:06 +0000] "GET /log/errors.php?error=http://skenderbeu.org/eno/alb/safe.txt??? HTTP/1.1" 404 363 "-" "libwww-perl/5.65" 154 611
128.241.53.139 - - [14/Feb/2009:08:59:06 +0000] "GET /errors.php?error=http://skenderbeu.org/eno/alb/safe.txt??? HTTP/1.1" 404 359 "-" "libwww-perl/5.65" 150 607
66.249.71.226 - - [14/Feb/2009:11:05:15 +0000] "GET /webalizer/usage_200902.html HTTP/1.1" 200 128307 "-" "Mozilla/5.0 (compatible; Googlebot/2.1; +http://www.google.com/bot.html)" 352 128672
208.96.10.201 - - [14/Feb/2009:16:11:40 +0000] "GET /robots.txt HTTP/1.1" 404 359 "-" "robotgenius" 218 607
88.131.106.11 - - [14/Feb/2009:16:33:21 +0000] "GET /robots.txt HTTP/1.0" 404 359 "-" "Speedy Spider (http://www.entireweb.com/about/search_tech/speedy_spider/)" 199 607
88.131.106.11 - - [14/Feb/2009:16:33:21 +0000] "GET /feidad.html HTTP/1.0" 200 820 "-" "Speedy Spider (http://www.entireweb.com/about/search_tech/speedy_spider/)" 200 1142
208.96.10.201 - - [14/Feb/2009:17:35:51 +0000] "GET / HTTP/1.1" 200 1266 "-" "robotgenius" 208 1589
58.61.164.207 - - [14/Feb/2009:17:43:21 +0000] "GET /robots.txt HTTP/1.1" 404 359 "http://www.decodeine.com/robots.txt" "Sosospider+(+http://help.soso.com/webspider.htm)" 250 645
71.212.52.74 - - [14/Feb/2009:21:06:07 +0000] "GET /webalizer/daily_usage_200607.png HTTP/1.1" 200 3880 "http://www.decodeine.com/webalizer/usage_200607.html" "Mozilla/5.0 (Macintosh; U; Intel Mac OS X 10_5_6; en-us) AppleWebKit/525.27.1 (KHTML, like Gecko) Version/3.2.1 Safari/525.27.1" 372 4241
