66.249.71.247 - - [28/Mar/2009:00:42:07 +0000] "GET /webalizer/usage_200804.html HTTP/1.1" 304 - "-" "Mozilla/5.0 (compatible; Googlebot/2.1; +http://www.google.com/bot.html)" 308 255
83.233.30.35 - - [28/Mar/2009:01:09:01 +0000] "GET /log/web.log.1 HTTP/1.1" 200 13484 "-" "Mozilla/4.0 (compatible; MSIE 6.0; Windows NT 5.1; SV1)" 144 13809
83.233.30.35 - - [28/Mar/2009:01:09:02 +0000] "GET /log/web.log.4 HTTP/1.1" 200 4090 "-" "Mozilla/4.0 (compatible; MSIE 6.0; Windows NT 5.1; SV1)" 144 4413
67.195.37.123 - - [28/Mar/2009:03:21:23 +0000] "GET /robots.txt HTTP/1.0" 404 357 "-" "Mozilla/5.0 (compatible; Yahoo! Slurp; http://help.yahoo.com/help/us/ysearch/slurp)" 194 603
67.195.37.123 - - [28/Mar/2009:03:21:23 +0000] "GET /feidad.html HTTP/1.0" 200 820 "-" "Mozilla/5.0 (compatible; Yahoo! Slurp; http://help.yahoo.com/help/us/ysearch/slurp)" 239 1140
67.195.37.123 - - [28/Mar/2009:03:21:33 +0000] "GET /dec4b.swf HTTP/1.0" 200 7503350 "-" "Mozilla/5.0 (compatible; Yahoo! Slurp; http://help.yahoo.com/help/us/ysearch/slurp)" 237 844184
208.111.154.16 - - [28/Mar/2009:03:55:49 +0000] "GET /robots.txt HTTP/1.1" 404 357 "-" "Mozilla/5.0 (compatible; Charlotte/1.1; http://www.searchme.com/support/)" 195 584
208.111.154.16 - - [28/Mar/2009:03:55:50 +0000] "GET / HTTP/1.1" 304 - "-" "Mozilla/5.0 (compatible; Charlotte/1.1; http://www.searchme.com/support/)" 235 197
67.195.37.123 - - [28/Mar/2009:06:10:47 +0000] "GET /feidad.html HTTP/1.0" 304 - "-" "Mozilla/5.0 (compatible; Yahoo! Slurp/3.0; http://help.yahoo.com/help/us/ysearch/slurp)" 489 216
72.30.142.234 - - [28/Mar/2009:06:58:30 +0000] "GET /robots.txt HTTP/1.0" 404 357 "-" "Mozilla/5.0 (compatible; Yahoo! Slurp; http://help.yahoo.com/help/us/ysearch/slurp)" 194 603
72.30.142.234 - - [28/Mar/2009:06:58:30 +0000] "GET /log/web.log.4 HTTP/1.0" 200 4090 "-" "Mozilla/5.0 (compatible; Yahoo! Slurp/3.0; http://help.yahoo.com/help/us/ysearch/slurp)" 423 4413
203.55.231.100 - - [28/Mar/2009:07:59:07 +0000] "GET /log/web.log HTTP/1.1" 200 850092 "http://uk.search.yahoo.com/search?n=10&ei=UTF-8&va_vt=any&vo_vt=any&ve_vt=any&vp_vt=any&vd=m6&vst=0&vf=txt&vm=p&fl=0&p=%2Byahoo+%2Baol+%2Bweb+%2Bnetscape+%2B44+%22%2B2009%22&vs=" "Mozilla/4.0 (compatible; MSIE 7.0; Windows NT 5.1)" 420 850400
38.99.13.120 - - [28/Mar/2009:08:13:34 +0000] "GET /robots.txt HTTP/1.0" 404 357 "-" "Mozilla/5.0 (Twiceler-0.9 http://www.cuil.com/twiceler/robot.html)" 199 603
38.113.234.181 - - [28/Mar/2009:08:37:50 +0000] "GET /robots.txt HTTP/1.1" 404 357 "-" "voyager/2.0 (http://www.kosmix.com/crawler.html)" 170 603
66.249.71.247 - - [28/Mar/2009:10:04:09 +0000] "GET /webalizer/usage_200903.html HTTP/1.1" 200 150830 "-" "Mozilla/5.0 (compatible; Googlebot/2.1; +http://www.google.com/bot.html)" 352 151193
66.249.71.247 - - [28/Mar/2009:12:33:25 +0000] "GET /robots.txt HTTP/1.1" 404 357 "-" "Mozilla/5.0 (compatible; Googlebot/2.1; +http://www.google.com/bot.html)" 258 641
66.249.71.247 - - [28/Mar/2009:12:33:26 +0000] "GET /webalizer/usage_200806.html HTTP/1.1" 200 150137 "-" "Mozilla/5.0 (compatible; Googlebot/2.1; +http://www.google.com/bot.html)" 258 150499
124.115.0.160 - - [28/Mar/2009:13:04:16 +0000] "HEAD / HTTP/1.1" 200 - "http://www.decodeine.com/" "Mozilla/4.0 (compatible; MSIE 6.0; Windows NT 5.1)" 246 359
66.249.71.247 - - [28/Mar/2009:14:45:33 +0000] "GET /webalizer/hourly_usage_200506.png HTTP/1.1" 200 1866 "-" "Googlebot-Image/1.0" 211 2225
66.249.71.247 - - [28/Mar/2009:15:30:50 +0000] "GET /webalizer/ctry_usage_200506.png HTTP/1.1" 200 3824 "-" "Googlebot-Image/1.0" 209 4183
66.249.71.247 - - [28/Mar/2009:15:44:47 +0000] "GET /webalizer/daily_usage_200508.png HTTP/1.1" 304 - "-" "Googlebot-Image/1.0" 260 254
66.249.71.247 - - [28/Mar/2009:15:51:43 +0000] "GET /icons/blank.gif HTTP/1.1" 304 - "-" "Googlebot-Image/1.0" 243 253
66.249.71.247 - - [28/Mar/2009:17:36:12 +0000] "GET /webalizer/daily_usage_200506.png HTTP/1.1" 200 3197 "-" "Googlebot-Image/1.0" 210 3556
66.249.71.247 - - [29/Mar/2009:03:47:37 +0100] "GET /robots.txt HTTP/1.1" 404 357 "-" "Mozilla/5.0 (compatible; Googlebot/2.1; +http://www.google.com/bot.html)" 258 641
66.249.71.247 - - [29/Mar/2009:03:47:37 +0100] "GET /log/web.log.2 HTTP/1.1" 304 - "-" "Mozilla/5.0 (compatible; Googlebot/2.1; +http://www.google.com/bot.html)" 294 254
66.249.71.247 - - [29/Mar/2009:03:52:45 +0100] "GET /webalizer/ HTTP/1.1" 200 11439 "-" "Mozilla/5.0 (compatible; Googlebot/2.1; +http://www.google.com/bot.html)" 291 11801
66.249.71.247 - - [29/Mar/2009:04:03:03 +0100] "GET /log/error.log.3 HTTP/1.1" 304 - "-" "Mozilla/5.0 (compatible; Googlebot/2.1; +http://www.google.com/bot.html)" 296 255
72.30.142.234 - - [29/Mar/2009:09:18:15 +0100] "GET /robots.txt HTTP/1.0" 404 357 "-" "Mozilla/5.0 (compatible; Yahoo! Slurp; http://help.yahoo.com/help/us/ysearch/slurp)" 194 603
72.30.142.234 - - [29/Mar/2009:09:18:17 +0100] "GET /log/web.log.5 HTTP/1.0" 200 2798 "-" "Mozilla/5.0 (compatible; Yahoo! Slurp/3.0; http://help.yahoo.com/help/us/ysearch/slurp)" 423 3121
66.249.71.247 - - [29/Mar/2009:11:05:03 +0100] "GET /webalizer/usage_200903.html HTTP/1.1" 200 151722 "-" "Mozilla/5.0 (compatible; Googlebot/2.1; +http://www.google.com/bot.html)" 352 152085
124.115.0.23 - - [29/Mar/2009:12:31:27 +0100] "HEAD / HTTP/1.1" 200 - "http://www.decodeine.com/" "Mozilla/4.0 (compatible; MSIE 6.0; Windows NT 5.1)" 246 359
208.80.195.30 - - [29/Mar/2009:12:47:27 +0100] "GET / HTTP/1.0" 200 1266 "-" "Mozilla/4.0 (compatible; MSIE 7.0; Windows NT 5.1; OptusNetCable-02; .NET CLR 1.1.4322)" 144 1587
66.249.71.247 - - [29/Mar/2009:16:56:19 +0100] "GET /robots.txt HTTP/1.1" 404 357 "-" "Googlebot-Image/1.0" 205 641
66.249.71.247 - - [29/Mar/2009:16:56:20 +0100] "GET /Margot.jpg HTTP/1.1" 404 357 "-" "Googlebot-Image/1.0" 238 640
66.249.71.247 - - [29/Mar/2009:20:05:33 +0100] "GET /log/error.log.5 HTTP/1.1" 200 364 "-" "Mozilla/5.0 (compatible; Googlebot/2.1; +http://www.google.com/bot.html)" 246 724
66.249.71.247 - - [29/Mar/2009:20:22:29 +0100] "GET /webalizer/usage_200602.html HTTP/1.1" 200 108186 "-" "Mozilla/5.0 (compatible; Googlebot/2.1; +http://www.google.com/bot.html)" 258 108549
66.249.71.247 - - [29/Mar/2009:21:43:09 +0100] "GET /adaptation10.swf HTTP/1.1" 404 363 "-" "Mozilla/5.0 (compatible; Googlebot/2.1; +http://www.google.com/bot.html)" 247 647
75.32.82.106 - - [30/Mar/2009:01:37:37 +0100] "GET / HTTP/1.1" 200 1266 "-" "Mozilla/5.0 (Macintosh; U; PPC Mac OS X 10.4; en-GB; rv:1.9b5) Gecko/2008032619 Firefox/3.0b5" 219 1587
66.249.71.247 - - [30/Mar/2009:06:50:27 +0100] "GET /robots.txt HTTP/1.1" 404 357 "-" "Mozilla/5.0 (compatible; Googlebot/2.1; +http://www.google.com/bot.html)" 258 641
66.249.71.247 - - [30/Mar/2009:06:50:27 +0100] "GET /feidad.html HTTP/1.1" 304 - "-" "Mozilla/5.0 (compatible; Googlebot/2.1; +http://www.google.com/bot.html)" 292 253
195.110.147.194 - - [30/Mar/2009:06:51:59 +0100] "GET /log/errors.php?error=http://vis1.happyhost.org/pit-id.txt?? HTTP/1.1" 404 361 "-" "libwww-perl/5.69" 179 607
195.110.147.194 - - [30/Mar/2009:06:51:59 +0100] "GET /errors.php?error=http://vis1.happyhost.org/pit-id.txt?? HTTP/1.1" 404 357 "-" "libwww-perl/5.69" 175 603
208.111.154.15 - - [30/Mar/2009:06:56:10 +0100] "GET /robots.txt HTTP/1.1" 404 357 "-" "Mozilla/5.0 (compatible; Charlotte/1.1; http://www.searchme.com/support/)" 195 584
208.111.154.15 - - [30/Mar/2009:06:56:11 +0100] "GET /feidad.html HTTP/1.1" 304 - "-" "Mozilla/5.0 (compatible; Charlotte/1.1; http://www.searchme.com/support/)" 246 197
66.249.71.247 - - [30/Mar/2009:08:09:36 +0100] "GET / HTTP/1.1" 200 1266 "-" "Mozilla/5.0 (compatible; Googlebot/2.1; +http://www.google.com/bot.html)" 231 1625
66.249.71.247 - - [30/Mar/2009:08:31:11 +0100] "GET /log/web.log.5 HTTP/1.1" 304 - "-" "Mozilla/5.0 (compatible; Googlebot/2.1; +http://www.google.com/bot.html)" 294 255
66.249.71.247 - - [30/Mar/2009:08:35:30 +0100] "GET /log/?C=S;O=D HTTP/1.1" 200 3184 "-" "Mozilla/5.0 (compatible; Googlebot/2.1; +http://www.google.com/bot.html)" 293 3456
124.115.4.194 - - [30/Mar/2009:10:48:18 +0100] "HEAD / HTTP/1.1" 200 - "http://www.decodeine.com/" "Mozilla/4.0 (compatible; MSIE 6.0; Windows NT 5.1)" 246 359
66.249.71.247 - - [30/Mar/2009:11:05:02 +0100] "GET /webalizer/usage_200903.html HTTP/1.1" 200 153260 "-" "Mozilla/5.0 (compatible; Googlebot/2.1; +http://www.google.com/bot.html)" 352 153623
66.249.71.247 - - [30/Mar/2009:14:46:37 +0100] "GET /icons/back.gif HTTP/1.1" 304 - "-" "Googlebot-Image/1.0" 242 253
208.80.195.38 - - [30/Mar/2009:17:12:23 +0100] "GET / HTTP/1.0" 200 1266 "-" "Mozilla/4.0 (compatible; MSIE 6.0; Windows NT 5.1; SV1; YPC 3.2.0; SpamBlockerUtility 4.8.0; yplus 5.1.04b)" 164 1587
122.161.44.27 - - [30/Mar/2009:18:03:48 +0100] "GET / HTTP/1.1" 200 1266 "-" "-" 67 1625
122.161.44.27 - - [30/Mar/2009:18:32:31 +0100] "GET / HTTP/1.1" 200 1266 "-" "-" 67 1625
66.235.124.4 - - [30/Mar/2009:19:22:38 +0100] "GET /robots.txt HTTP/1.1" 404 357 "-" "Mozilla/5.0 (compatible; Ask Jeeves/Teoma; +http://about.ask.com/en/docs/about/webmasters.shtml)" 221 641
66.235.124.4 - - [30/Mar/2009:19:22:53 +0100] "GET / HTTP/1.1" 200 1266 "-" "Mozilla/5.0 (compatible; Ask Jeeves/Teoma; +http://about.ask.com/en/docs/about/webmasters.shtml)" 246 1587
72.30.142.234 - - [30/Mar/2009:22:30:36 +0100] "GET /robots.txt HTTP/1.0" 404 357 "-" "Mozilla/5.0 (compatible; Yahoo! Slurp; http://help.yahoo.com/help/us/ysearch/slurp)" 194 603
72.30.142.234 - - [30/Mar/2009:22:30:36 +0100] "GET / HTTP/1.0" 200 1266 "-" "Mozilla/5.0 (compatible; Yahoo! Slurp/3.0; http://help.yahoo.com/help/us/ysearch/slurp)" 410 1587
77.88.26.26 - - [31/Mar/2009:00:12:31 +0100] "GET /robots.txt HTTP/1.1" 404 357 "-" "Yandex/1.01.001 (compatible; Win16; I)" 155 641
77.88.26.26 - - [31/Mar/2009:00:12:31 +0100] "GET / HTTP/1.1" 200 1266 "-" "Yandex/1.01.001 (compatible; Win16; I)" 450 1624
64.246.165.170 - - [31/Mar/2009:04:49:35 +0100] "GET /robots.txt HTTP/1.0" 404 357 "http://www.whois.sc/" "SurveyBot/2.3 (Whois Source)" 212 603
64.246.165.170 - - [31/Mar/2009:04:49:36 +0100] "GET / HTTP/1.1" 206 1266 "http://whois.domaintools.com/decodeine.com" "SurveyBot/2.3 (Whois Source)" 351 1634
88.191.94.206 - - [31/Mar/2009:08:08:13 +0100] "GET /robots.txt HTTP/1.0" 404 357 "http://www.decodeine.com/" "Mozilla/4.0 (compatible; MSIE 6.0; Windows NT 5.1)" 195 603
66.249.71.165 - - [31/Mar/2009:08:56:32 +0100] "GET /robots.txt HTTP/1.1" 404 357 "-" "Mozilla/5.0 (compatible; Googlebot/2.1; +http://www.google.com/bot.html)" 258 641
66.249.71.165 - - [31/Mar/2009:08:56:32 +0100] "GET /webalizer/usage_200608.html HTTP/1.1" 200 103878 "-" "Mozilla/5.0 (compatible; Googlebot/2.1; +http://www.google.com/bot.html)" 258 104240
124.115.0.22 - - [31/Mar/2009:09:11:03 +0100] "HEAD / HTTP/1.1" 200 - "http://www.decodeine.com/" "Mozilla/4.0 (compatible; MSIE 6.0; Windows NT 5.1)" 246 359
66.249.71.165 - - [31/Mar/2009:09:29:53 +0100] "GET /webalizer/usage_200508.html HTTP/1.1" 200 84852 "-" "Mozilla/5.0 (compatible; Googlebot/2.1; +http://www.google.com/bot.html)" 258 85214
66.249.71.165 - - [31/Mar/2009:09:47:26 +0100] "GET /webalizer/usage_200706.html HTTP/1.1" 200 142042 "-" "Mozilla/5.0 (compatible; Googlebot/2.1; +http://www.google.com/bot.html)" 258 142406
66.249.71.165 - - [31/Mar/2009:10:10:15 +0100] "GET /webalizer/usage_200506.html HTTP/1.1" 200 86228 "-" "Mozilla/5.0 (compatible; Googlebot/2.1; +http://www.google.com/bot.html)" 258 86590
66.249.71.165 - - [31/Mar/2009:10:22:33 +0100] "GET /webalizer/usage_200611.html HTTP/1.1" 200 104177 "-" "Mozilla/5.0 (compatible; Googlebot/2.1; +http://www.google.com/bot.html)" 258 104540
66.249.71.165 - - [31/Mar/2009:10:23:38 +0100] "GET /log/error.log.5 HTTP/1.1" 304 - "-" "Mozilla/5.0 (compatible; Googlebot/2.1; +http://www.google.com/bot.html)" 296 255
66.249.71.165 - - [31/Mar/2009:10:24:18 +0100] "GET /webalizer/usage_200810.html HTTP/1.1" 200 158616 "-" "Mozilla/5.0 (compatible; Googlebot/2.1; +http://www.google.com/bot.html)" 258 158980
66.249.71.165 - - [31/Mar/2009:11:04:05 +0100] "GET /webalizer/usage_200903.html HTTP/1.1" 200 154804 "-" "Mozilla/5.0 (compatible; Googlebot/2.1; +http://www.google.com/bot.html)" 352 155167
66.249.71.165 - - [31/Mar/2009:11:09:56 +0100] "GET /log/web.log.4 HTTP/1.1" 304 - "-" "Mozilla/5.0 (compatible; Googlebot/2.1; +http://www.google.com/bot.html)" 294 255
66.249.71.165 - - [31/Mar/2009:12:06:35 +0100] "GET /log/?N=A HTTP/1.1" 200 3184 "-" "Mozilla/5.0 (compatible; Googlebot/2.1; +http://www.google.com/bot.html)" 289 3456
66.249.71.165 - - [31/Mar/2009:12:07:50 +0100] "GET /dec4b.swf HTTP/1.1" 200 7503350 "-" "Mozilla/5.0 (compatible; Googlebot/2.1; +http://www.google.com/bot.html)" 240 7503735
66.249.71.165 - - [31/Mar/2009:12:44:20 +0100] "GET /log/web.log.1 HTTP/1.1" 304 - "-" "Mozilla/5.0 (compatible; Googlebot/2.1; +http://www.google.com/bot.html)" 294 256
66.249.71.165 - - [31/Mar/2009:13:17:37 +0100] "GET /o5.jpg HTTP/1.1" 304 - "-" "Googlebot-Image/1.0" 234 256
66.249.71.165 - - [31/Mar/2009:13:58:37 +0100] "GET /log/error.log.2 HTTP/1.1" 304 - "-" "Mozilla/5.0 (compatible; Googlebot/2.1; +http://www.google.com/bot.html)" 296 254
66.249.71.165 - - [31/Mar/2009:14:31:23 +0100] "GET /log/error.log.4 HTTP/1.1" 304 - "-" "Mozilla/5.0 (compatible; Googlebot/2.1; +http://www.google.com/bot.html)" 296 255
74.62.161.76 - - [31/Mar/2009:15:59:39 +0100] "GET /robots.txt HTTP/1.1" 404 357 "-" "flatlandbot/baypup (Flatland Industries Web Spider; http://www.flatlandindustries.com/flatlandbot; jason@flatlandindustries.com)" 445 584
74.62.161.76 - - [31/Mar/2009:15:59:39 +0100] "GET / HTTP/1.1" 304 - "-" "flatlandbot/baypup (Flatland Industries Web Spider; http://www.flatlandindustries.com/flatlandbot; jason@flatlandindustries.com)" 485 197
131.118.202.51 - - [31/Mar/2009:16:18:22 +0100] "GET / HTTP/1.1" 200 1266 "http://rhizome.org/object.php?45901" "Mozilla/5.0 (Macintosh; U; Intel Mac OS X 10_5_6; en-us) AppleWebKit/525.27.1 (KHTML, like Gecko) Version/3.2.1 Safari/525.27.1" 419 1625
131.118.202.51 - - [31/Mar/2009:16:18:23 +0100] "GET /favicon.ico HTTP/1.1" 404 358 "http://www.Decodeine.com/" "Mozilla/5.0 (Macintosh; U; Intel Mac OS X 10_5_6; en-us) AppleWebKit/525.27.1 (KHTML, like Gecko) Version/3.2.1 Safari/525.27.1" 324 642
131.118.202.51 - - [31/Mar/2009:16:18:23 +0100] "GET /index.jpg HTTP/1.1" 200 225683 "http://www.Decodeine.com/" "Mozilla/5.0 (Macintosh; U; Intel Mac OS X 10_5_6; en-us) AppleWebKit/525.27.1 (KHTML, like Gecko) Version/3.2.1 Safari/525.27.1" 322 226046
131.118.202.51 - - [31/Mar/2009:16:18:23 +0100] "GET /indexbutton.jpg HTTP/1.1" 200 153759 "http://www.Decodeine.com/" "Mozilla/5.0 (Macintosh; U; Intel Mac OS X 10_5_6; en-us) AppleWebKit/525.27.1 (KHTML, like Gecko) Version/3.2.1 Safari/525.27.1" 328 154123
131.118.202.51 - - [31/Mar/2009:16:18:31 +0100] "GET /feidad.html HTTP/1.1" 200 820 "http://www.Decodeine.com/" "Mozilla/5.0 (Macintosh; U; Intel Mac OS X 10_5_6; en-us) AppleWebKit/525.27.1 (KHTML, like Gecko) Version/3.2.1 Safari/525.27.1" 420 1177
131.118.202.51 - - [31/Mar/2009:16:18:31 +0100] "GET /dec4b.swf HTTP/1.1" 200 7503350 "http://www.Decodeine.com/feidad.html" "Mozilla/5.0 (Macintosh; U; Intel Mac OS X 10_5_6; en-us) AppleWebKit/525.27.1 (KHTML, like Gecko) Version/3.2.1 Safari/525.27.1" 333 7503734
220.181.61.234 - - [31/Mar/2009:17:21:10 +0100] "GET / HTTP/1.1" 200 1266 "-" "Sogou web spider/4.0(+http://www.sogou.com/docs/help/webmasters.htm#07)" 275 1587
66.249.71.165 - - [31/Mar/2009:19:08:49 +0100] "GET /log/?C=M;O=A HTTP/1.1" 200 3184 "-" "Mozilla/5.0 (compatible; Googlebot/2.1; +http://www.google.com/bot.html)" 293 3456
208.80.195.31 - - [31/Mar/2009:21:11:38 +0100] "GET / HTTP/1.0" 200 1266 "-" "Mozilla/4.0 (compatible; MSIE 7.0; Windows NT 5.1; (R1 1.3); .NET CLR 2.0.50727)" 137 1587
58.61.164.207 - - [31/Mar/2009:22:45:12 +0100] "GET /robots.txt HTTP/1.1" 404 357 "http://www.decodeine.com/robots.txt" "Sosospider+(+http://help.soso.com/webspider.htm)" 250 641
65.55.231.48 - - [31/Mar/2009:23:47:05 +0100] "GET /robots.txt HTTP/1.1" 404 357 "-" "msnbot-media/1.1 (+http://search.msn.com/msnbot.htm)" 214 603
65.55.231.48 - - [31/Mar/2009:23:47:05 +0100] "GET /frame0.jpg HTTP/1.1" 200 61916 "-" "msnbot-media/1.1 (+http://search.msn.com/msnbot.htm)" 391 62240
65.55.231.48 - - [31/Mar/2009:23:47:06 +0100] "GET / HTTP/1.1" 200 1266 "-" "msnbot-media/1.1 (+http://search.msn.com/msnbot.htm)" 381 1587
65.55.231.48 - - [31/Mar/2009:23:47:08 +0100] "GET / HTTP/1.1" 200 1266 "-" "msnbot-media/1.1 (+http://search.msn.com/msnbot.htm)" 381 1587
219.234.81.33 - - [01/Apr/2009:01:13:36 +0100] "GET /robots.txt HTTP/1.1" 404 357 "-" "-" 73 584
219.234.81.33 - - [01/Apr/2009:01:13:39 +0100] "GET / HTTP/1.1" 200 1266 "-" "Mozilla/4.0 (compatible; MSIE 6.0; Windows NT 5.1; SV1; Avant Browser; InfoPath.1; .NET CLR 2.0.50727; .NET CLR1.1.4322)" 376 1587
38.105.244.51 - - [01/Apr/2009:01:23:41 +0100] "GET /robots.txt HTTP/1.0" 404 357 "-" "Mozilla/5.0 (X11; U; Linux x86_64; en-US; rv:1.8.1.16) Gecko/20080702 Iceweasel/2.0.0.16 (Debian-2.0.0.16-0etch1)" 244 603
38.105.244.51 - - [01/Apr/2009:01:23:41 +0100] "GET / HTTP/1.0" 200 1266 "-" "Mozilla/5.0 (X11; U; Linux x86_64; en-US; rv:1.8.1.16) Gecko/20080702 Iceweasel/2.0.0.16 (Debian-2.0.0.16-0etch1)" 234 1587
38.113.234.180 - - [01/Apr/2009:05:24:24 +0100] "GET /robots.txt HTTP/1.1" 404 357 "-" "voyager/2.0 (http://www.kosmix.com/crawler.html)" 170 603
208.111.154.16 - - [01/Apr/2009:05:59:01 +0100] "GET /robots.txt HTTP/1.1" 404 357 "-" "Mozilla/5.0 (compatible; Charlotte/1.1; http://www.searchme.com/support/)" 195 584
208.111.154.16 - - [01/Apr/2009:05:59:01 +0100] "GET / HTTP/1.1" 304 - "-" "Mozilla/5.0 (compatible; Charlotte/1.1; http://www.searchme.com/support/)" 235 197
88.191.94.206 - - [01/Apr/2009:07:16:45 +0100] "GET / HTTP/1.0" 200 1266 "-" "Mozilla/4.0 (compatible; MSIE 6.0; Windows NT 5.1)" 149 1587
124.115.4.194 - - [01/Apr/2009:09:29:56 +0100] "HEAD / HTTP/1.1" 200 - "http://www.decodeine.com/" "Mozilla/4.0 (compatible; MSIE 6.0; Windows NT 5.1)" 246 359
72.30.142.234 - - [01/Apr/2009:10:36:13 +0100] "GET /robots.txt HTTP/1.0" 404 357 "-" "Mozilla/5.0 (compatible; Yahoo! Slurp; http://help.yahoo.com/help/us/ysearch/slurp)" 194 603
72.30.142.234 - - [01/Apr/2009:10:36:13 +0100] "GET /log/ HTTP/1.0" 200 3184 "-" "Mozilla/5.0 (compatible; Yahoo! Slurp/3.0; http://help.yahoo.com/help/us/ysearch/slurp)" 414 3418
66.249.72.141 - - [01/Apr/2009:11:06:44 +0100] "GET /robots.txt HTTP/1.1" 404 357 "-" "Mozilla/5.0 (compatible; Googlebot/2.1; +http://www.google.com/bot.html)" 258 641
66.249.72.141 - - [01/Apr/2009:11:06:44 +0100] "GET /webalizer/usage_200904.html HTTP/1.1" 200 57422 "-" "Mozilla/5.0 (compatible; Googlebot/2.1; +http://www.google.com/bot.html)" 258 57782
38.113.234.180 - - [01/Apr/2009:11:49:07 +0100] "GET / HTTP/1.1" 200 1266 "-" "voyager/2.0 (http://www.kosmix.com/crawler.html)" 160 1587
66.249.72.141 - - [01/Apr/2009:13:40:31 +0100] "GET /log/?C=D;O=D HTTP/1.1" 200 3184 "-" "Mozilla/5.0 (compatible; Googlebot/2.1; +http://www.google.com/bot.html)" 293 3456
38.113.234.181 - - [01/Apr/2009:14:35:03 +0100] "GET / HTTP/1.1" 200 1266 "-" "voyager/2.0 (http://www.kosmix.com/crawler.html)" 160 1587
66.249.72.141 - - [01/Apr/2009:15:59:38 +0100] "GET /webalizer/daily_usage_200805.png HTTP/1.1" 304 - "-" "Googlebot-Image/1.0" 260 254
66.249.72.141 - - [01/Apr/2009:16:17:03 +0100] "GET /webalizer/ctry_usage_200612.png HTTP/1.1" 304 - "-" "Googlebot-Image/1.0" 259 255
64.246.165.235 - - [01/Apr/2009:16:41:56 +0100] "GET / HTTP/1.1" 200 1266 "-" "Mozilla/4.0 (compatible; MSIE 7.0; Windows NT 5.2; GTB5; .NET CLR 1.1.4322)" 238 1625
64.246.165.235 - - [01/Apr/2009:16:42:00 +0100] "GET /index.jpg HTTP/1.1" 200 225683 "http://www.decodeine.com/" "Mozilla/4.0 (compatible; MSIE 7.0; Windows NT 5.2; GTB5; .NET CLR 1.1.4322)" 367 226046
216.145.16.235 - - [01/Apr/2009:16:42:01 +0100] "GET /indexbutton.jpg HTTP/1.1" 200 153759 "http://www.decodeine.com/" "Mozilla/4.0 (compatible; MSIE 7.0; Windows NT 5.2; GTB5; .NET CLR 1.1.4322)" 373 154123
66.249.72.141 - - [01/Apr/2009:16:43:10 +0100] "GET /webalizer/ctry_usage_200804.png HTTP/1.1" 304 - "-" "Googlebot-Image/1.0" 259 254
38.113.234.181 - - [01/Apr/2009:18:33:31 +0100] "GET / HTTP/1.1" 200 1266 "-" "voyager/2.0 (http://www.kosmix.com/crawler.html)" 160 1587
91.205.124.11 - - [01/Apr/2009:20:25:19 +0100] "GET /robots.txt HTTP/1.1" 404 357 "-" "Yanga WorldSearch Bot v1.1/beta (http://www.yanga.co.uk/)" 344 584
91.205.124.11 - - [01/Apr/2009:20:25:19 +0100] "GET / HTTP/1.1" 200 1266 "-" "Yanga WorldSearch Bot v1.1/beta (http://www.yanga.co.uk/)" 334 1568
38.113.234.181 - - [01/Apr/2009:21:48:29 +0100] "GET / HTTP/1.1" 200 1266 "-" "voyager/2.0 (http://www.kosmix.com/crawler.html)" 160 1587
212.100.69.10 - - [01/Apr/2009:22:50:47 +0100] "GET /favicon.ico HTTP/1.1" 404 358 "-" "Mozilla/5.0 (Windows; U; Windows NT 5.1; en-US; rv:1.9.0.8) Gecko/2009032609 Firefox/3.0.8" 384 642
38.113.234.180 - - [02/Apr/2009:00:41:58 +0100] "GET / HTTP/1.1" 200 1266 "-" "voyager/2.0 (http://www.kosmix.com/crawler.html)" 160 1587
208.80.195.41 - - [02/Apr/2009:01:54:42 +0100] "GET / HTTP/1.0" 200 1266 "-" "Mozilla/4.0 (compatible; MSIE 6.0; Windows NT 5.1; SV1; SIMBAR={B9C369FD-72B6-4695-9CC7-B1548422F47F}; .NET CLR 1.1.4322; InfoPath.1)" 190 1587
93.182.175.37 - - [02/Apr/2009:02:01:14 +0100] "GET / HTTP/1.1" 304 - "http://www.metroblink.com/" "Opera/9.70 (Linux i686 ; U; en) Presto/2.2.0" 438 216
38.113.234.180 - - [02/Apr/2009:03:12:19 +0100] "GET / HTTP/1.1" 200 1266 "-" "voyager/2.0 (http://www.kosmix.com/crawler.html)" 160 1587
69.139.235.250 - - [02/Apr/2009:06:36:21 +0100] "GET /feidad.html HTTP/1.1" 200 820 "http://www.google.com/search?q=barcelona+pavilion+elevation&hl=en&start=60&sa=N" "Mozilla/4.0 (compatible; MSIE 7.0; Windows NT 5.1; Mozilla/4.0 (compatible; MSIE 6.0; Windows NT 5.1; SV1) ; .NET CLR 1.0.3705; .NET CLR 1.1.4322; InfoPath.1)" 583 1178
69.139.235.250 - - [02/Apr/2009:06:36:21 +0100] "GET /dec4b.swf HTTP/1.1" 200 7503350 "http://www.decodeine.com/feidad.html" "Mozilla/4.0 (compatible; MSIE 7.0; Windows NT 5.1; Mozilla/4.0 (compatible; MSIE 6.0; Windows NT 5.1; SV1) ; .NET CLR 1.0.3705; .NET CLR 1.1.4322; InfoPath.1)" 405 7503734
69.139.235.250 - - [02/Apr/2009:06:37:02 +0100] "GET /favicon.ico HTTP/1.1" 404 358 "-" "Mozilla/4.0 (compatible; MSIE 7.0; Windows NT 5.1; Mozilla/4.0 (compatible; MSIE 6.0; Windows NT 5.1; SV1) ; .NET CLR 1.0.3705; .NET CLR 1.1.4322; InfoPath.1)" 308 641
208.96.54.71 - - [02/Apr/2009:09:15:13 +0100] "GET / HTTP/1.1" 200 1266 "-" "Mozilla/5.0 (compatible; discobot/1.0; +http://discoveryengine.com/discobot.html)" 170 1587
124.115.0.22 - - [02/Apr/2009:10:32:45 +0100] "HEAD / HTTP/1.1" 200 - "http://www.decodeine.com/" "Mozilla/4.0 (compatible; MSIE 6.0; Windows NT 5.1)" 246 359
66.249.72.141 - - [02/Apr/2009:11:06:15 +0100] "GET /robots.txt HTTP/1.1" 404 357 "-" "Mozilla/5.0 (compatible; Googlebot/2.1; +http://www.google.com/bot.html)" 258 641
66.249.72.141 - - [02/Apr/2009:11:06:15 +0100] "GET /webalizer/usage_200904.html HTTP/1.1" 200 78401 "-" "Mozilla/5.0 (compatible; Googlebot/2.1; +http://www.google.com/bot.html)" 351 78762
74.62.161.76 - - [02/Apr/2009:11:51:23 +0100] "GET /robots.txt HTTP/1.1" 404 357 "-" "flatlandbot/baypup (Flatland Industries Web Spider; http://www.flatlandindustries.com/flatlandbot; jason@flatlandindustries.com)" 515 584
74.62.161.76 - - [02/Apr/2009:11:51:23 +0100] "GET / HTTP/1.1" 304 - "-" "flatlandbot/baypup (Flatland Industries Web Spider; http://www.flatlandindustries.com/flatlandbot; jason@flatlandindustries.com)" 555 197
88.131.106.11 - - [02/Apr/2009:12:28:12 +0100] "GET /robots.txt HTTP/1.0" 404 357 "-" "Speedy Spider (http://www.entireweb.com/about/search_tech/speedy_spider/)" 199 603
88.131.106.11 - - [02/Apr/2009:12:28:12 +0100] "GET / HTTP/1.0" 200 1266 "-" "Speedy Spider (http://www.entireweb.com/about/search_tech/speedy_spider/)" 189 1587
66.249.72.141 - - [02/Apr/2009:13:10:54 +0100] "GET /o3.jpg HTTP/1.1" 304 - "-" "Googlebot-Image/1.0" 234 256
83.229.87.246 - - [02/Apr/2009:14:04:23 +0100] "GET /log/web.log HTTP/1.1" 200 872192 "http://uk.search.yahoo.com/search?n=100&ei=UTF-8&va_vt=any&vo_vt=any&ve_vt=any&vp_vt=any&vd=m3&vst=0&vf=txt&vm=p&fl=0&fr=ush1-mail&p=%2B1+visa+OR+%40aol.com+OR+comcast.net+OR+yahoo.com+OR+march%2F2009+%22Billing%22+-spam+-scam+-viagra&vs=" "Mozilla/4.0 (compatible; MSIE 7.0; Windows NT 5.1; GTB5; .NET CLR 1.1.4322; InfoPath.2)" 511 20440
83.229.87.246 - - [02/Apr/2009:14:11:15 +0100] "GET /log/web.log HTTP/1.1" 200 872619 "http://uk.search.yahoo.com/search?n=100&ei=UTF-8&va_vt=any&vo_vt=any&ve_vt=any&vp_vt=any&vd=m3&vst=0&vf=txt&vm=p&fl=0&fr=ush1-mail&p=%2B1+visa+OR+%40aol.com+OR+comcast.net+OR+yahoo.com+OR+march%2F2009+%22Billing%22+-spam+-scam+-viagra&vs=" "Mozilla/4.0 (compatible; MSIE 7.0; Windows NT 5.1; GTB5; .NET CLR 1.1.4322; InfoPath.2)" 511 35040
83.229.87.246 - - [02/Apr/2009:14:21:27 +0100] "GET /log/web.log HTTP/1.1" 200 873046 "http://uk.search.yahoo.com/search?n=100&ei=UTF-8&va_vt=any&vo_vt=any&ve_vt=any&vp_vt=any&vd=m3&vst=0&vf=txt&vm=p&fl=0&fr=ush1-mail&p=%2B1+visa+OR+%40aol.com+OR+comcast.net+OR+yahoo.com+OR+march%2F2009+%22Billing%22+-spam+-scam+-viagra&vs=" "Mozilla/4.0 (compatible; MSIE 7.0; Windows NT 5.1; GTB5; .NET CLR 1.1.4322; InfoPath.2)" 511 124100
66.249.72.141 - - [02/Apr/2009:16:04:50 +0100] "GET /log/web.log.2 HTTP/1.1" 304 - "-" "Mozilla/5.0 (compatible; Googlebot/2.1; +http://www.google.com/bot.html)" 294 255
66.235.124.4 - - [02/Apr/2009:17:11:38 +0100] "GET /robots.txt HTTP/1.1" 404 357 "-" "Mozilla/5.0 (compatible; Ask Jeeves/Teoma; +http://about.ask.com/en/docs/about/webmasters.shtml)" 221 641
66.235.124.4 - - [02/Apr/2009:17:11:54 +0100] "GET / HTTP/1.1" 200 1266 "-" "Mozilla/5.0 (compatible; Ask Jeeves/Teoma; +http://about.ask.com/en/docs/about/webmasters.shtml)" 246 1587
170.146.91.6 - - [02/Apr/2009:19:26:51 +0100] "GET /log/web.log.2 HTTP/1.1" 200 5490 "http://www.google.com/search?hl=en&q=+HTTP%2F1.1%22+404+239" "Mozilla/4.0 (compatible; MSIE 6.0; Windows NT 5.1; SV1; .NET CLR 2.0.50727; .NET CLR 1.1.4322; .NET CLR 3.0.04506.30; InfoPath.1; .NET CLR 3.0.4506.2152; .NET CLR 3.5.30729)" 674 5851
67.195.37.180 - - [03/Apr/2009:05:51:57 +0100] "GET /robots.txt HTTP/1.0" 404 357 "-" "Mozilla/5.0 (compatible; Yahoo! Slurp; http://help.yahoo.com/help/us/ysearch/slurp)" 194 603
67.195.37.180 - - [03/Apr/2009:05:51:58 +0100] "GET / HTTP/1.0" 200 1266 "-" "Mozilla/5.0 (compatible; Yahoo! Slurp/3.0; http://help.yahoo.com/help/us/ysearch/slurp)" 386 1587
208.80.195.39 - - [03/Apr/2009:06:27:14 +0100] "GET / HTTP/1.0" 200 1266 "-" "Mozilla/4.0 (compatible; MSIE 7.0; Windows NT 5.1; SIMBAR={90A356D4-4DFA-4E15-AC62-633EC859C4D5}; InfoPath.1; .NET CLR 2.0.50727)" 186 1587
65.55.105.63 - - [03/Apr/2009:06:49:01 +0100] "GET /robots.txt HTTP/1.1" 404 357 "-" "msnbot/1.1 (+http://search.msn.com/msnbot.htm)" 208 603
65.55.105.63 - - [03/Apr/2009:06:49:01 +0100] "GET / HTTP/1.1" 200 1266 "-" "msnbot/1.1 (+http://search.msn.com/msnbot.htm)" 296 1587
124.115.0.22 - - [03/Apr/2009:08:52:17 +0100] "HEAD / HTTP/1.1" 200 - "http://www.decodeine.com/" "Mozilla/4.0 (compatible; MSIE 6.0; Windows NT 5.1)" 246 359
66.249.72.141 - - [03/Apr/2009:11:06:35 +0100] "GET /robots.txt HTTP/1.1" 404 357 "-" "Mozilla/5.0 (compatible; Googlebot/2.1; +http://www.google.com/bot.html)" 258 641
66.249.72.141 - - [03/Apr/2009:11:06:36 +0100] "GET /webalizer/usage_200904.html HTTP/1.1" 200 89162 "-" "Mozilla/5.0 (compatible; Googlebot/2.1; +http://www.google.com/bot.html)" 352 89523
66.249.72.141 - - [03/Apr/2009:12:25:35 +0100] "GET /index.jpg HTTP/1.1" 200 225683 "-" "Mozilla/5.0 (compatible; Googlebot/2.1; +http://www.google.com/bot.html)" 240 226047
66.249.72.141 - - [03/Apr/2009:12:28:15 +0100] "GET /indexbutton.jpg HTTP/1.1" 200 153759 "-" "Mozilla/5.0 (compatible; Googlebot/2.1; +http://www.google.com/bot.html)" 246 154123
74.62.161.76 - - [03/Apr/2009:19:04:34 +0100] "GET /robots.txt HTTP/1.1" 404 357 "-" "flatlandbot/baypup (Flatland Industries Web Spider; http://www.flatlandindustries.com/flatlandbot; jason@flatlandindustries.com)" 486 584
74.62.161.76 - - [03/Apr/2009:19:04:34 +0100] "GET / HTTP/1.1" 304 - "-" "flatlandbot/baypup (Flatland Industries Web Spider; http://www.flatlandindustries.com/flatlandbot; jason@flatlandindustries.com)" 526 197
66.249.72.141 - - [03/Apr/2009:20:02:40 +0100] "GET /log/?C=N;O=D HTTP/1.1" 200 3184 "-" "Mozilla/5.0 (compatible; Googlebot/2.1; +http://www.google.com/bot.html)" 243 3456
208.111.154.16 - - [03/Apr/2009:22:10:28 +0100] "GET /robots.txt HTTP/1.1" 404 357 "-" "Mozilla/5.0 (compatible; Charlotte/1.1; http://www.searchme.com/support/)" 195 584
208.111.154.16 - - [03/Apr/2009:22:10:28 +0100] "GET / HTTP/1.1" 304 - "-" "Mozilla/5.0 (compatible; Charlotte/1.1; http://www.searchme.com/support/)" 235 197
193.47.80.50 - - [04/Apr/2009:03:17:07 +0100] "GET /robots.txt HTTP/1.1" 404 357 "-" "Mozilla/5.0 (compatible; Exabot/3.0; +http://www.exabot.com/go/robot)" 260 603
193.47.80.50 - - [04/Apr/2009:03:17:07 +0100] "GET / HTTP/1.1" 304 - "-" "Mozilla/5.0 (compatible; Exabot/3.0; +http://www.exabot.com/go/robot)" 342 216
66.249.72.141 - - [04/Apr/2009:05:23:05 +0100] "GET /robots.txt HTTP/1.1" 404 357 "-" "Mozilla/5.0 (compatible; Googlebot/2.1; +http://www.google.com/bot.html)" 258 641
66.249.72.141 - - [04/Apr/2009:05:23:06 +0100] "GET / HTTP/1.1" 200 1266 "-" "Mozilla/5.0 (compatible; Googlebot/2.1; +http://www.google.com/bot.html)" 231 1624
66.249.72.141 - - [04/Apr/2009:06:13:00 +0100] "GET /log/web.log.5 HTTP/1.1" 304 - "-" "Mozilla/5.0 (compatible; Googlebot/2.1; +http://www.google.com/bot.html)" 294 255
66.249.72.141 - - [04/Apr/2009:06:27:04 +0100] "GET /log/?C=S;O=A HTTP/1.1" 200 3184 "-" "Mozilla/5.0 (compatible; Googlebot/2.1; +http://www.google.com/bot.html)" 293 3456
38.113.234.180 - - [04/Apr/2009:06:50:34 +0100] "GET /robots.txt HTTP/1.1" 404 357 "-" "voyager/2.0 (http://www.kosmix.com/crawler.html)" 170 603
124.115.0.22 - - [04/Apr/2009:07:23:06 +0100] "HEAD / HTTP/1.1" 200 - "http://www.decodeine.com/" "Mozilla/4.0 (compatible; MSIE 6.0; Windows NT 5.1)" 246 359
66.249.72.141 - - [04/Apr/2009:07:36:10 +0100] "GET /log/ HTTP/1.1" 200 3184 "-" "Mozilla/5.0 (compatible; Googlebot/2.1; +http://www.google.com/bot.html)" 285 3456
38.113.234.181 - - [04/Apr/2009:08:19:30 +0100] "GET / HTTP/1.1" 200 1266 "-" "voyager/2.0 (http://www.kosmix.com/crawler.html)" 160 1587
208.80.195.38 - - [04/Apr/2009:10:16:59 +0100] "GET / HTTP/1.0" 200 1266 "-" "Mozilla/4.0 (compatible; MSIE 7.0; Windows NT 5.1; .NET CLR 1.1.4322; .NET CLR 3.0.04506.30)" 149 1587
66.249.72.141 - - [04/Apr/2009:11:05:11 +0100] "GET /webalizer/usage_200904.html HTTP/1.1" 200 92763 "-" "Mozilla/5.0 (compatible; Googlebot/2.1; +http://www.google.com/bot.html)" 352 93125
38.113.234.180 - - [04/Apr/2009:11:13:06 +0100] "GET / HTTP/1.1" 200 1266 "-" "voyager/2.0 (http://www.kosmix.com/crawler.html)" 160 1587
38.113.234.181 - - [04/Apr/2009:14:00:56 +0100] "GET / HTTP/1.1" 200 1266 "-" "voyager/2.0 (http://www.kosmix.com/crawler.html)" 160 1587
66.249.72.141 - - [04/Apr/2009:14:14:00 +0100] "GET /feidad.html HTTP/1.1" 200 820 "-" "Mozilla/5.0 (compatible; Googlebot/2.1; +http://www.google.com/bot.html)" 242 1178
66.249.72.141 - - [04/Apr/2009:15:01:57 +0100] "GET /hs16.jpg HTTP/1.1" 304 - "-" "Googlebot-Image/1.0" 236 256
38.113.234.180 - - [04/Apr/2009:16:29:14 +0100] "GET / HTTP/1.1" 200 1266 "-" "voyager/2.0 (http://www.kosmix.com/crawler.html)" 160 1587
58.61.164.207 - - [04/Apr/2009:23:42:37 +0100] "GET /robots.txt HTTP/1.1" 404 357 "http://www.decodeine.com/robots.txt" "Sosospider+(+http://help.soso.com/webspider.htm)" 250 641
83.229.87.245 - - [05/Apr/2009:03:20:29 +0100] "GET /log/web.log HTTP/1.1" 200 879859 "http://uk.search.yahoo.com/search?n=100&ei=UTF-8&va_vt=any&vo_vt=any&ve_vt=any&vp_vt=any&vd=m3&vst=0&vf=txt&vm=p&fl=0&fr=ush1-mail&p=%2B1+visa+OR+%40aol.com+OR+comcast.net+OR+yahoo.com+OR+march%2F2009+%22Billing%22+-spam+-scam+-viagra&vs=" "Mozilla/4.0 (compatible; MSIE 7.0; Windows NT 5.1; GTB5; .NET CLR 1.1.4322; InfoPath.2)" 511 39420
124.115.0.22 - - [05/Apr/2009:05:39:13 +0100] "HEAD / HTTP/1.1" 200 - "http://www.decodeine.com/" "Mozilla/4.0 (compatible; MSIE 6.0; Windows NT 5.1)" 246 359
74.62.161.76 - - [05/Apr/2009:06:43:24 +0100] "GET /robots.txt HTTP/1.1" 404 357 "-" "flatlandbot/baypup (Flatland Industries Web Spider; http://www.flatlandindustries.com/flatlandbot; jason@flatlandindustries.com)" 445 584
74.62.161.76 - - [05/Apr/2009:06:43:25 +0100] "GET / HTTP/1.1" 304 - "-" "flatlandbot/baypup (Flatland Industries Web Spider; http://www.flatlandindustries.com/flatlandbot; jason@flatlandindustries.com)" 485 197
77.88.26.26 - - [05/Apr/2009:07:42:52 +0100] "GET /robots.txt HTTP/1.1" 404 357 "-" "Yandex/1.01.001 (compatible; Win16; I)" 155 641
77.88.26.26 - - [05/Apr/2009:07:42:52 +0100] "GET / HTTP/1.1" 200 1266 "-" "Yandex/1.01.001 (compatible; Win16; I)" 450 1624
66.249.72.141 - - [05/Apr/2009:08:00:50 +0100] "GET /robots.txt HTTP/1.1" 404 357 "-" "Mozilla/5.0 (compatible; Googlebot/2.1; +http://www.google.com/bot.html)" 258 641
66.249.72.141 - - [05/Apr/2009:08:00:51 +0100] "GET /dec4b.swf HTTP/1.1" 200 7503350 "-" "Mozilla/5.0 (compatible; Googlebot/2.1; +http://www.google.com/bot.html)" 240 7503734
66.249.72.141 - - [05/Apr/2009:11:06:18 +0100] "GET /webalizer/usage_200904.html HTTP/1.1" 200 96107 "-" "Mozilla/5.0 (compatible; Googlebot/2.1; +http://www.google.com/bot.html)" 352 96469
208.80.195.39 - - [05/Apr/2009:14:25:07 +0100] "GET / HTTP/1.0" 200 1266 "-" "Mozilla/4.0 (compatible; MSIE 7.0; Windows NT 5.1; ga=MDAxMWQ4MzY4ZDk2; .NET CLR 1.1.4322; .NET CLR 2.0.50727)" 167 1587
66.249.72.141 - - [05/Apr/2009:14:36:41 +0100] "GET /hs17.jpg HTTP/1.1" 304 - "-" "Googlebot-Image/1.0" 236 256
66.235.124.4 - - [05/Apr/2009:15:34:13 +0100] "GET /robots.txt HTTP/1.1" 404 357 "-" "Mozilla/5.0 (compatible; Ask Jeeves/Teoma; +http://about.ask.com/en/docs/about/webmasters.shtml)" 221 641
66.235.124.4 - - [05/Apr/2009:15:34:28 +0100] "GET / HTTP/1.1" 200 1266 "-" "Mozilla/5.0 (compatible; Ask Jeeves/Teoma; +http://about.ask.com/en/docs/about/webmasters.shtml)" 246 1587
91.205.124.11 - - [05/Apr/2009:20:38:23 +0100] "GET /robots.txt HTTP/1.1" 404 357 "-" "Yanga WorldSearch Bot v1.1/beta (http://www.yanga.co.uk/)" 344 584
91.205.124.11 - - [05/Apr/2009:20:38:23 +0100] "GET /feidad.html HTTP/1.1" 200 820 "-" "Yanga WorldSearch Bot v1.1/beta (http://www.yanga.co.uk/)" 345 1121
82.226.210.48 - - [05/Apr/2009:20:40:10 +0100] "GET / HTTP/1.1" 200 1266 "http://www.landliving.com/articles/0000001000.aspx" "Mozilla/5.0 (Macintosh; U; Intel Mac OS X; en-us) AppleWebKit/523.15.1 (KHTML, like Gecko) Version/3.0.4 Safari/523.15" 425 1625
82.226.210.48 - - [05/Apr/2009:20:40:10 +0100] "GET /favicon.ico HTTP/1.1" 404 358 "http://www.Decodeine.com/" "Mozilla/5.0 (Macintosh; U; Intel Mac OS X; en-us) AppleWebKit/523.15.1 (KHTML, like Gecko) Version/3.0.4 Safari/523.15" 315 642
82.226.210.48 - - [05/Apr/2009:20:40:10 +0100] "GET /indexbutton.jpg HTTP/1.1" 200 153759 "http://www.Decodeine.com/" "Mozilla/5.0 (Macintosh; U; Intel Mac OS X; en-us) AppleWebKit/523.15.1 (KHTML, like Gecko) Version/3.0.4 Safari/523.15" 319 154123
82.226.210.48 - - [05/Apr/2009:20:40:10 +0100] "GET /index.jpg HTTP/1.1" 200 225683 "http://www.Decodeine.com/" "Mozilla/5.0 (Macintosh; U; Intel Mac OS X; en-us) AppleWebKit/523.15.1 (KHTML, like Gecko) Version/3.0.4 Safari/523.15" 313 226046
66.249.72.141 - - [05/Apr/2009:22:09:27 +0100] "GET /robots.txt HTTP/1.1" 404 357 "-" "Mozilla/5.0 (compatible; Googlebot/2.1; +http://www.google.com/bot.html)" 258 641
66.249.72.141 - - [05/Apr/2009:22:09:27 +0100] "GET /log/web.log.4 HTTP/1.1" 304 - "-" "Mozilla/5.0 (compatible; Googlebot/2.1; +http://www.google.com/bot.html)" 294 254
66.249.72.141 - - [05/Apr/2009:23:08:00 +0100] "GET /log/?N=A HTTP/1.1" 200 3184 "-" "Mozilla/5.0 (compatible; Googlebot/2.1; +http://www.google.com/bot.html)" 289 3456
88.131.106.11 - - [06/Apr/2009:01:02:26 +0100] "GET /robots.txt HTTP/1.0" 404 357 "-" "Speedy Spider (http://www.entireweb.com/about/search_tech/speedy_spider/)" 199 603
88.131.106.11 - - [06/Apr/2009:01:02:26 +0100] "GET /feidad.html HTTP/1.0" 200 820 "-" "Speedy Spider (http://www.entireweb.com/about/search_tech/speedy_spider/)" 200 1140
74.6.22.94 - - [06/Apr/2009:01:05:18 +0100] "GET /robots.txt HTTP/1.0" 404 357 "-" "Mozilla/5.0 (compatible; Yahoo! Slurp; http://help.yahoo.com/help/us/ysearch/slurp)" 194 603
74.6.22.94 - - [06/Apr/2009:01:05:19 +0100] "GET /log/ HTTP/1.0" 200 3184 "-" "Mozilla/5.0 (compatible; Yahoo! Slurp/3.0; http://help.yahoo.com/help/us/ysearch/slurp)" 414 3418
66.249.72.141 - - [06/Apr/2009:02:56:12 +0100] "GET /log/?C=D;O=A HTTP/1.1" 200 3184 "-" "Mozilla/5.0 (compatible; Googlebot/2.1; +http://www.google.com/bot.html)" 243 3456
208.111.154.16 - - [06/Apr/2009:03:47:21 +0100] "GET /robots.txt HTTP/1.1" 404 357 "-" "Mozilla/5.0 (compatible; Charlotte/1.1; http://www.searchme.com/support/)" 195 584
208.111.154.16 - - [06/Apr/2009:03:47:22 +0100] "GET / HTTP/1.1" 304 - "-" "Mozilla/5.0 (compatible; Charlotte/1.1; http://www.searchme.com/support/)" 235 197
124.115.0.160 - - [06/Apr/2009:04:10:54 +0100] "HEAD / HTTP/1.1" 200 - "http://www.decodeine.com/" "Mozilla/4.0 (compatible; MSIE 6.0; Windows NT 5.1)" 246 359
66.249.72.141 - - [06/Apr/2009:05:28:08 +0100] "GET /log/?C=N;O=A HTTP/1.1" 200 3184 "-" "Mozilla/5.0 (compatible; Googlebot/2.1; +http://www.google.com/bot.html)" 243 3456
67.195.37.180 - - [06/Apr/2009:07:46:52 +0100] "GET /robots.txt HTTP/1.0" 404 357 "-" "Mozilla/5.0 (compatible; Yahoo! Slurp; http://help.yahoo.com/help/us/ysearch/slurp)" 194 603
67.195.37.180 - - [06/Apr/2009:07:46:53 +0100] "GET /feidad.html HTTP/1.0" 200 820 "-" "Mozilla/5.0 (compatible; Yahoo! Slurp/3.0; http://help.yahoo.com/help/us/ysearch/slurp)" 397 1140
66.249.72.141 - - [06/Apr/2009:11:05:12 +0100] "GET /robots.txt HTTP/1.1" 404 357 "-" "Mozilla/5.0 (compatible; Googlebot/2.1; +http://www.google.com/bot.html)" 258 641
66.249.72.141 - - [06/Apr/2009:11:05:12 +0100] "GET /webalizer/usage_200904.html HTTP/1.1" 200 98442 "-" "Mozilla/5.0 (compatible; Googlebot/2.1; +http://www.google.com/bot.html)" 352 98803
84.253.84.14 - - [06/Apr/2009:13:02:18 +0100] "GET /log/web.log.2 HTTP/1.0" 200 5490 "http://www.google.ru/search?hl=ru&newwindow=1&q=HTTP%2F1.1%22+353&btnG=%D0%9F%D0%BE%D0%B8%D1%81%D0%BA&lr=&aq=f&oq=" "Mozilla/5.0 (Windows; U; Windows NT 5.1; ru; rv:1.9.0.6) Gecko/2009011913 Firefox/3.0.6" 564 5851
84.253.84.14 - - [06/Apr/2009:13:02:18 +0100] "GET /favicon.ico HTTP/1.0" 404 358 "-" "Mozilla/5.0 (Windows; U; Windows NT 5.1; ru; rv:1.9.0.6) Gecko/2009011913 Firefox/3.0.6" 407 641
66.249.72.141 - - [06/Apr/2009:13:19:53 +0100] "GET /icons/unknown.gif HTTP/1.1" 304 - "-" "Googlebot-Image/1.0" 245 253
72.30.87.96 - - [06/Apr/2009:17:36:28 +0100] "GET /robots.txt HTTP/1.0" 404 357 "-" "Mozilla/5.0 (compatible; Yahoo! Slurp; http://help.yahoo.com/help/us/ysearch/slurp)" 194 603
72.30.87.96 - - [06/Apr/2009:17:36:28 +0100] "GET /log/ HTTP/1.0" 200 3184 "-" "Mozilla/5.0 (compatible; Yahoo! Slurp/3.0; http://help.yahoo.com/help/us/ysearch/slurp)" 414 3418
208.80.195.39 - - [06/Apr/2009:18:57:00 +0100] "GET / HTTP/1.0" 200 1266 "-" "Mozilla/4.0 (compatible; MSIE 6.0; Windows NT 5.1; Supplied by blueyonder; SV1; .NET CLR 1.1.4322)" 155 1587
72.30.87.96 - - [06/Apr/2009:22:34:10 +0100] "GET / HTTP/1.0" 200 1266 "-" "Mozilla/5.0 (compatible; Yahoo! Slurp/3.0; http://help.yahoo.com/help/us/ysearch/slurp)" 410 1587
66.249.72.141 - - [06/Apr/2009:22:58:11 +0100] "GET /log/?C=M;O=D HTTP/1.1" 200 3184 "-" "Mozilla/5.0 (compatible; Googlebot/2.1; +http://www.google.com/bot.html)" 293 3456
66.249.72.141 - - [06/Apr/2009:23:33:24 +0100] "GET /robots.txt HTTP/1.1" 404 357 "-" "Mozilla/5.0 (compatible; Googlebot/2.1; +http://www.google.com/bot.html)" 258 641
66.249.72.141 - - [06/Apr/2009:23:33:24 +0100] "GET /log/?C=D;O=D HTTP/1.1" 200 3184 "-" "Mozilla/5.0 (compatible; Googlebot/2.1; +http://www.google.com/bot.html)" 293 3455
124.115.0.160 - - [07/Apr/2009:02:47:33 +0100] "HEAD / HTTP/1.1" 200 - "http://www.decodeine.com/" "Mozilla/4.0 (compatible; MSIE 6.0; Windows NT 5.1)" 246 359
72.30.87.96 - - [07/Apr/2009:03:05:53 +0100] "GET /robots.txt HTTP/1.0" 404 357 "-" "Mozilla/5.0 (compatible; Yahoo! Slurp; http://help.yahoo.com/help/us/ysearch/slurp)" 194 603
72.30.87.96 - - [07/Apr/2009:03:05:53 +0100] "GET /log/?D=D HTTP/1.0" 200 3184 "-" "Mozilla/5.0 (compatible; Yahoo! Slurp/3.0; http://help.yahoo.com/help/us/ysearch/slurp)" 418 3418
64.246.165.10 - - [07/Apr/2009:05:59:12 +0100] "GET /robots.txt HTTP/1.0" 404 357 "http://www.whois.sc/" "SurveyBot/2.3 (Whois Source)" 212 603
64.246.165.10 - - [07/Apr/2009:05:59:13 +0100] "GET / HTTP/1.1" 206 1266 "http://whois.domaintools.com/decodeine.com" "SurveyBot/2.3 (Whois Source)" 351 1634
66.249.72.141 - - [07/Apr/2009:08:26:52 +0100] "GET /log/web.log HTTP/1.1" 200 889086 "-" "Mozilla/5.0 (compatible; Googlebot/2.1; +http://www.google.com/bot.html)" 242 889451
66.249.72.141 - - [07/Apr/2009:10:49:51 +0100] "GET /webalizer/usage_200703.html HTTP/1.1" 200 110824 "-" "Mozilla/5.0 (compatible; Googlebot/2.1; +http://www.google.com/bot.html)" 258 111187
69.58.178.33 - - [07/Apr/2009:10:54:43 +0100] "GET /robots.txt HTTP/1.1" 404 357 "-" "Mozilla/5.0 (X11; U; Linux i686; en-US; rv:1.7.12; ips-agent) Gecko/20050922 Fedora/1.0.7-1.1.fc4 Firefox/1.0.7" 205 584
69.58.178.33 - - [07/Apr/2009:10:54:44 +0100] "GET / HTTP/1.1" 200 1266 "-" "Mozilla/5.0 (X11; U; Linux i686; en-US; rv:1.7.12; ips-agent) Gecko/20050922 Fedora/1.0.7-1.1.fc4 Firefox/1.0.7" 195 1568
69.58.178.33 - - [07/Apr/2009:10:54:45 +0100] "GET /feidad.html HTTP/1.1" 200 820 "-" "Mozilla/5.0 (X11; U; Linux i686; en-US; rv:1.7.12; ips-agent) Gecko/20050922 Fedora/1.0.7-1.1.fc4 Firefox/1.0.7" 206 1121
66.249.72.141 - - [07/Apr/2009:11:05:51 +0100] "GET /webalizer/usage_200904.html HTTP/1.1" 200 101893 "-" "Mozilla/5.0 (compatible; Googlebot/2.1; +http://www.google.com/bot.html)" 258 102256
219.85.63.226 - - [07/Apr/2009:12:23:36 +0100] "GET ///errors.php?error=http://chezfinn.com/files/ts??? HTTP/1.1" 404 357 "-" "Mozilla/4.0 (compatible; MSIE 6.0; Windows NT 5.2; SV1; .NET CLR 1.1.4322)" 228 603
219.85.63.226 - - [07/Apr/2009:12:23:36 +0100] "GET /log///errors.php?error=http://chezfinn.com/files/ts??? HTTP/1.1" 404 363 "-" "Mozilla/4.0 (compatible; MSIE 6.0; Windows NT 5.2; SV1; .NET CLR 1.1.4322)" 232 609
116.197.178.83 - - [07/Apr/2009:12:49:06 +0100] "GET /log/web.log.2 HTTP/1.1" 200 5490 "http://www.google.co.in/search?hl=en&q=%22GET+%2F+HTTP%2F1.1%22+200+820&btnG=Search&meta=&aq=f&oq=" "Mozilla/5.0 (Windows; U; Windows NT 5.1; en-US) AppleWebKit/525.19 (KHTML, like Gecko) Chrome/1.0.154.53 Safari/525.19" 535 5851
116.197.178.83 - - [07/Apr/2009:12:49:06 +0100] "GET /favicon.ico HTTP/1.1" 404 358 "-" "Mozilla/5.0 (Windows; U; Windows NT 5.1; en-US) AppleWebKit/525.19 (KHTML, like Gecko) Chrome/1.0.154.53 Safari/525.19" 328 641
77.163.2.135 - - [07/Apr/2009:20:14:46 +0100] "GET / HTTP/1.1" 200 1266 "http://www.decodeine.org/" "Mozilla/4.0 (compatible; MSIE 7.0; Windows NT 5.1; eBook)" 414 1625
77.163.2.135 - - [07/Apr/2009:20:14:46 +0100] "GET /index.jpg HTTP/1.1" 200 225683 "http://www.decodeine.com/" "Mozilla/4.0 (compatible; MSIE 7.0; Windows NT 5.1; eBook)" 262 226046
77.163.2.135 - - [07/Apr/2009:20:14:46 +0100] "GET /indexbutton.jpg HTTP/1.1" 200 153759 "http://www.decodeine.com/" "Mozilla/4.0 (compatible; MSIE 7.0; Windows NT 5.1; eBook)" 268 154123
77.163.2.135 - - [07/Apr/2009:20:14:49 +0100] "GET /favicon.ico HTTP/1.1" 404 358 "-" "Mozilla/4.0 (compatible; MSIE 7.0; Windows NT 5.1; eBook)" 207 641
72.30.87.96 - - [07/Apr/2009:21:26:42 +0100] "GET /robots.txt HTTP/1.0" 404 357 "-" "Mozilla/5.0 (compatible; Yahoo! Slurp; http://help.yahoo.com/help/us/ysearch/slurp)" 194 603
72.30.87.96 - - [07/Apr/2009:21:26:43 +0100] "GET /log/?S=D HTTP/1.0" 200 3184 "-" "Mozilla/5.0 (compatible; Yahoo! Slurp/3.0; http://help.yahoo.com/help/us/ysearch/slurp)" 418 3418
72.30.87.96 - - [07/Apr/2009:21:46:30 +0100] "GET /robots.txt HTTP/1.0" 404 357 "-" "Mozilla/5.0 (compatible; Yahoo! Slurp; http://help.yahoo.com/help/us/ysearch/slurp)" 194 603
72.30.87.96 - - [07/Apr/2009:21:46:30 +0100] "GET /log/error.log.1 HTTP/1.0" 200 4068 "-" "Mozilla/5.0 (compatible; Yahoo! Slurp/3.0; http://help.yahoo.com/help/us/ysearch/slurp)" 425 4390
208.80.195.44 - - [08/Apr/2009:00:36:12 +0100] "GET / HTTP/1.0" 200 1266 "-" "Mozilla/4.0 (compatible; MSIE 6.0; Windows NT 5.1; ZangoToolbar 4.8.3; HbTools 4.8.4)" 142 1587
124.115.0.23 - - [08/Apr/2009:01:30:48 +0100] "HEAD / HTTP/1.1" 200 - "http://www.decodeine.com/" "Mozilla/4.0 (compatible; MSIE 6.0; Windows NT 5.1)" 246 359
66.249.72.141 - - [08/Apr/2009:04:17:32 +0100] "GET /robots.txt HTTP/1.1" 404 357 "-" "Mozilla/5.0 (compatible; Googlebot/2.1; +http://www.google.com/bot.html)" 258 641
66.249.72.141 - - [08/Apr/2009:04:17:32 +0100] "GET /log/web.log.2 HTTP/1.1" 304 - "-" "Mozilla/5.0 (compatible; Googlebot/2.1; +http://www.google.com/bot.html)" 294 254
66.249.72.141 - - [08/Apr/2009:04:48:08 +0100] "GET /webalizer/usage_200702.html HTTP/1.1" 200 109786 "-" "Mozilla/5.0 (compatible; Googlebot/2.1; +http://www.google.com/bot.html)" 258 110149
38.113.234.180 - - [08/Apr/2009:08:46:54 +0100] "GET /robots.txt HTTP/1.1" 404 357 "-" "voyager/2.0 (http://www.kosmix.com/crawler.html)" 170 603
38.105.83.13 - - [08/Apr/2009:10:25:56 +0100] "GET / HTTP/1.1" 200 1266 "-" "Mozilla/4.0 (compatible; MSIE 7.0; Windows NT 5.2)" 169 1625
38.105.83.13 - - [08/Apr/2009:10:26:18 +0100] "GET /feidad.html HTTP/1.1" 200 820 "http://www.decodeine.com/" "Mozilla/4.0 (compatible; MSIE 7.0; Windows NT 5.2)" 216 1178
66.249.72.141 - - [08/Apr/2009:11:05:46 +0100] "GET /webalizer/usage_200904.html HTTP/1.1" 200 106854 "-" "Mozilla/5.0 (compatible; Googlebot/2.1; +http://www.google.com/bot.html)" 258 107217
193.47.80.50 - - [08/Apr/2009:12:54:49 +0100] "GET /robots.txt HTTP/1.1" 404 357 "-" "Mozilla/5.0 (compatible; Exabot/3.0; +http://www.exabot.com/go/robot)" 260 603
193.47.80.50 - - [08/Apr/2009:12:54:49 +0100] "GET / HTTP/1.1" 304 - "-" "Mozilla/5.0 (compatible; Exabot/3.0; +http://www.exabot.com/go/robot)" 342 216
208.111.154.16 - - [08/Apr/2009:13:38:51 +0100] "GET /robots.txt HTTP/1.1" 404 357 "-" "Mozilla/5.0 (compatible; Charlotte/1.1; http://www.searchme.com/support/)" 195 584
208.111.154.16 - - [08/Apr/2009:13:38:52 +0100] "GET / HTTP/1.1" 304 - "-" "Mozilla/5.0 (compatible; Charlotte/1.1; http://www.searchme.com/support/)" 235 197
77.88.26.26 - - [08/Apr/2009:17:28:07 +0100] "GET /robots.txt HTTP/1.1" 404 357 "-" "Yandex/1.01.001 (compatible; Win16; I)" 155 641
77.88.26.26 - - [08/Apr/2009:17:28:08 +0100] "GET / HTTP/1.1" 200 1266 "-" "Yandex/1.01.001 (compatible; Win16; I)" 450 1624
124.115.0.23 - - [09/Apr/2009:00:08:53 +0100] "HEAD / HTTP/1.1" 200 - "http://www.decodeine.com/" "Sosospider+(+http://help.soso.com/webspider.htm)" 244 359
66.249.72.141 - - [09/Apr/2009:03:11:00 +0100] "GET /robots.txt HTTP/1.1" 404 357 "-" "Mozilla/5.0 (compatible; Googlebot/2.1; +http://www.google.com/bot.html)" 258 641
66.249.72.141 - - [09/Apr/2009:03:11:00 +0100] "GET /webalizer/usage_200810.html HTTP/1.1" 200 158616 "-" "Mozilla/5.0 (compatible; Googlebot/2.1; +http://www.google.com/bot.html)" 258 158979
66.249.72.141 - - [09/Apr/2009:03:57:05 +0100] "GET /webalizer/usage_200611.html HTTP/1.1" 200 104177 "-" "Mozilla/5.0 (compatible; Googlebot/2.1; +http://www.google.com/bot.html)" 258 104540
208.80.195.34 - - [09/Apr/2009:04:52:47 +0100] "GET / HTTP/1.0" 200 1266 "-" "Mozilla/4.0 (compatible; MSIE 7.0; Windows NT 5.1; FunWebProducts; Mozilla/4.0(Compatible Mozilla/4.0(Compatible-EmbeddedWB 14.57 http://bsalsa.com/ EmbeddedWB- 14.57 from: http://bsalsa.com/ )" 251 1587
174.129.102.246 - - [09/Apr/2009:05:06:03 +0100] "GET / HTTP/1.0" 200 1266 "-" "Mozilla/5.0 (compatible; NetcraftSurveyAgent/1.0; +info@netcraft.com)" 362 1587
66.249.72.141 - - [09/Apr/2009:05:37:52 +0100] "GET /yellowdrag.swf HTTP/1.1" 404 361 "-" "Mozilla/5.0 (compatible; Googlebot/2.1; +http://www.google.com/bot.html)" 245 645
66.249.72.141 - - [09/Apr/2009:06:02:13 +0100] "GET /webalizer/usage_200811.html HTTP/1.1" 200 152400 "-" "Mozilla/5.0 (compatible; Googlebot/2.1; +http://www.google.com/bot.html)" 258 152763
58.61.164.207 - - [09/Apr/2009:07:01:55 +0100] "GET /robots.txt HTTP/1.1" 404 357 "http://www.decodeine.com/robots.txt" "Sosospider+(+http://help.soso.com/webspider.htm)" 250 641
66.249.72.141 - - [09/Apr/2009:08:19:21 +0100] "GET / HTTP/1.1" 200 1266 "-" "Mozilla/5.0 (compatible; Googlebot/2.1; +http://www.google.com/bot.html)" 231 1625
72.30.87.96 - - [09/Apr/2009:08:25:34 +0100] "GET /robots.txt HTTP/1.0" 404 357 "-" "Mozilla/5.0 (compatible; Yahoo! Slurp; http://help.yahoo.com/help/us/ysearch/slurp)" 194 603
72.30.87.96 - - [09/Apr/2009:08:25:35 +0100] "GET /log/web.log HTTP/1.0" 200 897098 "-" "Mozilla/5.0 (compatible; Yahoo! Slurp/3.0; http://help.yahoo.com/help/us/ysearch/slurp)" 421 897425
83.12.225.162 - - [09/Apr/2009:08:33:05 +0100] "HEAD / HTTP/1.1" 200 - "-" "Mozilla/4.5 [en] (Win98; I)" 117 321
66.249.72.141 - - [09/Apr/2009:09:02:51 +0100] "GET /log/web.log.5 HTTP/1.1" 304 - "-" "Mozilla/5.0 (compatible; Googlebot/2.1; +http://www.google.com/bot.html)" 294 255
66.249.72.141 - - [09/Apr/2009:09:08:44 +0100] "GET /log/?C=S;O=A HTTP/1.1" 200 3184 "-" "Mozilla/5.0 (compatible; Googlebot/2.1; +http://www.google.com/bot.html)" 293 3456
66.249.72.141 - - [09/Apr/2009:09:25:11 +0100] "GET /log/web.log.3 HTTP/1.1" 200 1961 "-" "Mozilla/5.0 (compatible; Googlebot/2.1; +http://www.google.com/bot.html)" 244 2321
66.249.72.141 - - [09/Apr/2009:09:42:49 +0100] "GET /log/error.log.3 HTTP/1.1" 304 - "-" "Mozilla/5.0 (compatible; Googlebot/2.1; +http://www.google.com/bot.html)" 296 255
