204.62.53.127 - - [19/Mar/2009:09:18:43 +0000] "GET /indexbutton.jpg HTTP/1.0" 200 153759 "http://www.decodeine.com/" "Mozilla/5.0 (compatible; Charlotte/1.0t; http://www.searchme.com/support/)" 441 154123
204.62.53.127 - - [19/Mar/2009:09:18:43 +0000] "GET /index.jpg HTTP/1.0" 200 225683 "http://www.decodeine.com/" "Mozilla/5.0 (compatible; Charlotte/1.0t; http://www.searchme.com/support/)" 435 226046
66.249.71.171 - - [19/Mar/2009:10:06:21 +0000] "GET /webalizer/usage_200903.html HTTP/1.1" 200 139555 "-" "Mozilla/5.0 (compatible; Googlebot/2.1; +http://www.google.com/bot.html)" 352 139918
66.249.71.171 - - [19/Mar/2009:10:46:58 +0000] "GET /webalizer/hourly_usage_200508.png HTTP/1.1" 304 - "-" "Googlebot-Image/1.0" 261 254
66.249.71.171 - - [19/Mar/2009:11:42:11 +0000] "GET /bs02.jpg HTTP/1.1" 304 - "-" "Googlebot-Image/1.0" 236 256
208.111.154.16 - - [19/Mar/2009:19:46:37 +0000] "GET /robots.txt HTTP/1.1" 404 357 "-" "Mozilla/5.0 (compatible; Charlotte/1.1; http://www.searchme.com/support/)" 195 584
208.111.154.16 - - [19/Mar/2009:19:46:38 +0000] "GET /feidad.html HTTP/1.1" 304 - "-" "Mozilla/5.0 (compatible; Charlotte/1.1; http://www.searchme.com/support/)" 246 197
74.6.22.97 - - [19/Mar/2009:20:41:18 +0000] "GET /robots.txt HTTP/1.0" 404 357 "-" "Mozilla/5.0 (compatible; Yahoo! Slurp; http://help.yahoo.com/help/us/ysearch/slurp)" 194 603
74.6.22.97 - - [19/Mar/2009:20:41:18 +0000] "GET / HTTP/1.0" 200 1266 "-" "Mozilla/5.0 (compatible; Yahoo! Slurp/3.0; http://help.yahoo.com/help/us/ysearch/slurp)" 410 1587
124.115.0.23 - - [19/Mar/2009:22:50:03 +0000] "HEAD / HTTP/1.1" 200 - "http://www.decodeine.com/" "Mozilla/4.0 (compatible; MSIE 6.0; Windows NT 5.1)" 246 359
66.249.71.171 - - [20/Mar/2009:00:05:50 +0000] "GET /robots.txt HTTP/1.1" 404 357 "-" "Mozilla/5.0 (compatible; Googlebot/2.1; +http://www.google.com/bot.html)" 258 641
66.249.71.171 - - [20/Mar/2009:00:05:51 +0000] "GET /log/web.log.2 HTTP/1.1" 304 - "-" "Mozilla/5.0 (compatible; Googlebot/2.1; +http://www.google.com/bot.html)" 294 254
66.249.71.171 - - [20/Mar/2009:02:20:08 +0000] "GET /log/web.log.3 HTTP/1.1" 304 - "-" "Mozilla/5.0 (compatible; Googlebot/2.1; +http://www.google.com/bot.html)" 294 254
67.195.37.120 - - [20/Mar/2009:03:37:24 +0000] "GET /robots.txt HTTP/1.0" 404 357 "-" "Mozilla/5.0 (compatible; Yahoo! Slurp; http://help.yahoo.com/help/us/ysearch/slurp)" 194 603
67.195.37.120 - - [20/Mar/2009:03:37:24 +0000] "GET / HTTP/1.0" 200 1266 "-" "Mozilla/5.0 (compatible; Yahoo! Slurp/3.0; http://help.yahoo.com/help/us/ysearch/slurp)" 386 1587
74.6.22.97 - - [20/Mar/2009:04:50:42 +0000] "GET / HTTP/1.0" 304 - "-" "Mozilla/5.0 (compatible; Yahoo! Slurp/3.0; http://help.yahoo.com/help/us/ysearch/slurp)" 502 216
38.113.234.180 - - [20/Mar/2009:07:32:39 +0000] "GET /robots.txt HTTP/1.1" 404 357 "-" "voyager/2.0 (http://www.kosmix.com/crawler.html)" 170 603
212.247.42.174 - - [20/Mar/2009:08:30:19 +0000] "GET / HTTP/1.1" 304 - "http://www.textlesson.com/" "Mozilla/5.0 (X11; U; Linux i686; en-US; rv:1.8.0.6) Gecko/20060728 Firefox/1.5.0.6" 476 216
66.249.71.171 - - [20/Mar/2009:08:34:04 +0000] "GET /o2.jpg HTTP/1.1" 304 - "-" "Googlebot-Image/1.0" 234 256
74.6.22.159 - - [20/Mar/2009:08:53:37 +0000] "GET /robots.txt HTTP/1.0" 404 357 "-" "Mozilla/5.0 (compatible; Yahoo! Slurp; http://help.yahoo.com/help/us/ysearch/slurp)" 194 603
74.6.22.159 - - [20/Mar/2009:08:53:37 +0000] "GET /log/ HTTP/1.0" 200 3184 "-" "Mozilla/5.0 (compatible; Yahoo! Slurp/3.0; http://help.yahoo.com/help/us/ysearch/slurp)" 414 3418
66.249.71.171 - - [20/Mar/2009:09:13:43 +0000] "GET /hs01.jpg HTTP/1.1" 304 - "-" "Googlebot-Image/1.0" 236 255
66.249.71.171 - - [20/Mar/2009:10:06:40 +0000] "GET /webalizer/usage_200903.html HTTP/1.1" 200 140444 "-" "Mozilla/5.0 (compatible; Googlebot/2.1; +http://www.google.com/bot.html)" 352 140807
208.80.195.38 - - [20/Mar/2009:10:20:19 +0000] "GET / HTTP/1.0" 200 1266 "-" "Mozilla/4.0 (compatible; MSIE 7.0; Windows NT 5.1; MSN 6.1; MSNbMSFT; MSNmsc-cn; MSNc00; v5m)" 150 1587
66.235.124.4 - - [20/Mar/2009:11:38:08 +0000] "GET /robots.txt HTTP/1.1" 404 357 "-" "Mozilla/5.0 (compatible; Ask Jeeves/Teoma; +http://about.ask.com/en/docs/about/webmasters.shtml)" 221 641
66.235.124.4 - - [20/Mar/2009:11:38:24 +0000] "GET / HTTP/1.1" 200 1266 "-" "Mozilla/5.0 (compatible; Ask Jeeves/Teoma; +http://about.ask.com/en/docs/about/webmasters.shtml)" 246 1587
38.99.13.125 - - [20/Mar/2009:11:57:07 +0000] "GET /robots.txt HTTP/1.0" 404 357 "-" "Mozilla/5.0 (Twiceler-0.9 http://www.cuil.com/twiceler/robot.html)" 199 603
75.101.180.149 - - [20/Mar/2009:13:27:05 +0000] "GET /robots.txt HTTP/1.0" 404 357 "-" "Nokia6680/1.0 (4.04.07) SymbianOS/8.0 Series60/2.6 Profile/MIDP-2.0 Configuration/CLDC-1.1 (botmobi find.mobi/bot.html find@mtld.mobi)" 321 603
75.101.180.149 - - [20/Mar/2009:13:27:06 +0000] "GET / HTTP/1.0" 200 1266 "-" "Nokia6680/1.0 (4.04.07) SymbianOS/8.0 Series60/2.6 Profile/MIDP-2.0 Configuration/CLDC-1.1 (botmobi find.mobi/bot.html find@mtld.mobi)" 311 1587
75.101.180.149 - - [20/Mar/2009:13:27:07 +0000] "GET /indexbutton.jpg HTTP/1.1" 200 153759 "http://www.decodeine.com/" "Nokia6680/1.0 (4.04.07) SymbianOS/8.0 Series60/2.6 Profile/MIDP-2.0 Configuration/CLDC-1.1 (botmobi find.mobi/bot.html find@mtld.mobi)" 660 154066
58.61.164.207 - - [20/Mar/2009:13:53:50 +0000] "GET /robots.txt HTTP/1.1" 404 357 "http://www.decodeine.com/robots.txt" "Sosospider+(+http://help.soso.com/webspider.htm)" 250 641
118.219.254.105 - - [20/Mar/2009:14:22:26 +0000] "GET /log/errors.php?error=http://www.roldanfsf.com/www/mambots/system/idc.jpg?? HTTP/1.1" 404 361 "-" "Netscape 4.78/U.S., 25-Jun-01; (c) 1995-2000" 194 607
118.219.254.105 - - [20/Mar/2009:14:22:28 +0000] "GET /errors.php?error=http://www.roldanfsf.com/www/mambots/system/idc.jpg?? HTTP/1.1" 404 357 "-" "Netscape 4.78/U.S., 25-Jun-01; (c) 1995-2000" 190 603
211.115.110.146 - - [20/Mar/2009:14:26:03 +0000] "GET /log/errors.php?error=http://www.roldanfsf.com/www/mambots/system/idc.jpg?? HTTP/1.1" 404 361 "-" "Netscape 4.78/U.S., 25-Jun-01; (c) 1995-2000" 194 607
211.115.110.146 - - [20/Mar/2009:14:26:03 +0000] "GET /errors.php?error=http://www.roldanfsf.com/www/mambots/system/idc.jpg?? HTTP/1.1" 404 357 "-" "Netscape 4.78/U.S., 25-Jun-01; (c) 1995-2000" 190 603
81.227.178.167 - - [20/Mar/2009:15:10:41 +0000] "GET / HTTP/1.1" 200 1266 "http://www.dekorfilm.se/solfilm/" "Mozilla/4.0 (compatible; MSIE 5.5; Windows 98)" 239 1625
81.227.178.167 - - [20/Mar/2009:15:10:41 +0000] "GET / HTTP/1.1" 200 1266 "http://www.dekorfilm.se/solfilm/" "Mozilla/4.0 (compatible; MSIE 5.5; Windows 98)" 239 1625
81.227.178.167 - - [20/Mar/2009:15:10:41 +0000] "GET / HTTP/1.1" 200 1266 "http://www.dekorfilm.se/solfilm/" "Mozilla/4.0 (compatible; MSIE 5.5; Windows 98)" 239 1625
81.227.178.167 - - [20/Mar/2009:15:10:41 +0000] "GET / HTTP/1.1" 200 1266 "http://www.dekorfilm.se/solfilm/" "Mozilla/4.0 (compatible; MSIE 5.5; Windows 98)" 239 1625
81.227.178.167 - - [20/Mar/2009:15:10:42 +0000] "GET / HTTP/1.1" 200 1266 "http://www.dekorfilm.se/solfilm/" "Mozilla/4.0 (compatible; MSIE 5.5; Windows 98)" 239 1625
81.227.178.167 - - [20/Mar/2009:15:10:43 +0000] "GET / HTTP/1.1" 200 1266 "http://www.dekorfilm.se/bildekor/" "Mozilla/4.0 (compatible; MSIE 5.5; Windows 98)" 240 1625
81.227.178.167 - - [20/Mar/2009:15:10:43 +0000] "GET / HTTP/1.1" 200 1266 "http://www.dekorfilm.se/bildekor/" "Mozilla/4.0 (compatible; MSIE 5.5; Windows 98)" 240 1625
81.227.178.167 - - [20/Mar/2009:15:10:43 +0000] "GET / HTTP/1.1" 200 1266 "http://www.dekorfilm.se/bildekor/" "Mozilla/4.0 (compatible; MSIE 5.5; Windows 98)" 240 1625
81.227.178.167 - - [20/Mar/2009:15:10:43 +0000] "GET / HTTP/1.1" 200 1266 "http://www.dekorfilm.se/bildekor/" "Mozilla/4.0 (compatible; MSIE 5.5; Windows 98)" 240 1625
81.227.178.167 - - [20/Mar/2009:15:10:43 +0000] "GET / HTTP/1.1" 200 1266 "http://www.dekorfilm.se/bildekor/" "Mozilla/4.0 (compatible; MSIE 5.5; Windows 98)" 240 1625
81.227.178.167 - - [20/Mar/2009:15:10:43 +0000] "GET / HTTP/1.1" 200 1266 "http://www.dekorfilm.se/fonsterfilm-2/" "Mozilla/4.0 (compatible; MSIE 5.5; Windows 98)" 245 1625
81.227.178.167 - - [20/Mar/2009:15:10:44 +0000] "GET / HTTP/1.1" 200 1266 "http://www.dekorfilm.se/fonsterfilm-2/" "Mozilla/4.0 (compatible; MSIE 5.5; Windows 98)" 245 1625
81.227.178.167 - - [20/Mar/2009:15:10:44 +0000] "GET / HTTP/1.1" 200 1266 "http://www.dekorfilm.se/fonsterfilm-2/" "Mozilla/4.0 (compatible; MSIE 5.5; Windows 98)" 245 1625
81.227.178.167 - - [20/Mar/2009:15:10:44 +0000] "GET / HTTP/1.1" 200 1266 "http://www.dekorfilm.se/fonsterfilm-2/" "Mozilla/4.0 (compatible; MSIE 5.5; Windows 98)" 245 1625
81.227.178.167 - - [20/Mar/2009:15:10:44 +0000] "GET / HTTP/1.1" 200 1266 "http://www.dekorfilm.se/fonsterfilm-2/" "Mozilla/4.0 (compatible; MSIE 5.5; Windows 98)" 245 1625
200.234.200.177 - - [20/Mar/2009:16:36:33 +0000] "GET /log//admin.php?include_path=../../../../../../../../../../../../../../../../../../../../../../../../etc/passwd%00 HTTP/1.1" 404 361 "-" "libwww-perl/5.805" 234 607
200.234.200.177 - - [20/Mar/2009:16:36:33 +0000] "GET /log/web.log//admin.php?include_path=../../../../../../../../../../../../../../../../../../../../../../../../etc/passwd%00 HTTP/1.1" 404 369 "-" "libwww-perl/5.805" 242 615
200.234.200.177 - - [20/Mar/2009:16:36:33 +0000] "GET //admin.php?include_path=../../../../../../../../../../../../../../../../../../../../../../../../etc/passwd%00 HTTP/1.1" 404 356 "-" "libwww-perl/5.805" 230 602
81.227.178.167 - - [20/Mar/2009:16:43:11 +0000] "GET / HTTP/1.1" 200 1266 "http://www.bilfilm.se/solfilm-bil/" "Mozilla/4.0 (compatible; MSIE 5.5; Windows 98)" 241 1625
81.227.178.167 - - [20/Mar/2009:16:43:11 +0000] "GET / HTTP/1.1" 200 1266 "http://www.bilfilm.se/solfilm-bil/" "Mozilla/4.0 (compatible; MSIE 5.5; Windows 98)" 241 1625
81.227.178.167 - - [20/Mar/2009:16:43:11 +0000] "GET / HTTP/1.1" 200 1266 "http://www.bilfilm.se/solfilm-bil/" "Mozilla/4.0 (compatible; MSIE 5.5; Windows 98)" 241 1625
81.227.178.167 - - [20/Mar/2009:16:43:11 +0000] "GET / HTTP/1.1" 200 1266 "http://www.bilfilm.se/solfilm-bil/" "Mozilla/4.0 (compatible; MSIE 5.5; Windows 98)" 241 1625
81.227.178.167 - - [20/Mar/2009:16:43:11 +0000] "GET / HTTP/1.1" 200 1266 "http://www.bilfilm.se/solfilm-bil/" "Mozilla/4.0 (compatible; MSIE 5.5; Windows 98)" 241 1625
66.249.71.171 - - [20/Mar/2009:17:50:13 +0000] "GET /robots.txt HTTP/1.1" 404 357 "-" "Mozilla/5.0 (compatible; Googlebot/2.1; +http://www.google.com/bot.html)" 258 641
66.249.71.171 - - [20/Mar/2009:17:50:14 +0000] "GET /webalizer/usage_200507.html HTTP/1.1" 200 77340 "-" "Mozilla/5.0 (compatible; Googlebot/2.1; +http://www.google.com/bot.html)" 258 77701
66.249.71.171 - - [20/Mar/2009:18:11:17 +0000] "GET /log/?C=S;O=D HTTP/1.1" 200 3184 "-" "Mozilla/5.0 (compatible; Googlebot/2.1; +http://www.google.com/bot.html)" 243 3456
217.212.224.183 - - [20/Mar/2009:18:21:51 +0000] "GET /robots.txt HTTP/1.0" 404 357 "-" "psbot/0.1 (+http://www.picsearch.com/bot.html)" 140 603
217.212.224.182 - - [20/Mar/2009:18:21:51 +0000] "GET /webalizer/usage_200507.html HTTP/1.0" 304 - "-" "psbot/0.1 (+http://www.picsearch.com/bot.html)" 329 218
91.205.124.11 - - [20/Mar/2009:18:56:02 +0000] "GET /robots.txt HTTP/1.1" 404 357 "-" "Yanga WorldSearch Bot v1.1/beta (http://www.yanga.co.uk/)" 344 584
91.205.124.11 - - [20/Mar/2009:18:56:02 +0000] "GET / HTTP/1.1" 200 1266 "-" "Yanga WorldSearch Bot v1.1/beta (http://www.yanga.co.uk/)" 334 1568
81.227.178.167 - - [20/Mar/2009:19:01:50 +0000] "GET / HTTP/1.1" 200 1266 "http://www.bilfilm.se/solfilm-bil/" "Mozilla/4.0 (compatible; MSIE 5.5; Windows 98)" 241 1625
81.227.178.167 - - [20/Mar/2009:19:01:50 +0000] "GET / HTTP/1.1" 200 1266 "http://www.bilfilm.se/solfilm-bil/" "Mozilla/4.0 (compatible; MSIE 5.5; Windows 98)" 241 1625
81.227.178.167 - - [20/Mar/2009:19:01:50 +0000] "GET / HTTP/1.1" 200 1266 "http://www.bilfilm.se/solfilm-bil/" "Mozilla/4.0 (compatible; MSIE 5.5; Windows 98)" 241 1625
81.227.178.167 - - [20/Mar/2009:19:01:50 +0000] "GET / HTTP/1.1" 200 1266 "http://www.bilfilm.se/solfilm-bil/" "Mozilla/4.0 (compatible; MSIE 5.5; Windows 98)" 241 1625
81.227.178.167 - - [20/Mar/2009:19:01:50 +0000] "GET / HTTP/1.1" 200 1266 "http://www.bilfilm.se/solfilm-bil/" "Mozilla/4.0 (compatible; MSIE 5.5; Windows 98)" 241 1625
62.193.225.191 - - [20/Mar/2009:20:03:48 +0000] "GET /log/web.log///vwar/backup/errors.php?error=http://newsletter.security-zone.info//temp/images/Albid.txt? HTTP/1.1" 404 383 "-" "libwww-perl/5.65" 195 629
62.193.225.191 - - [20/Mar/2009:20:03:48 +0000] "GET ///vwar/backup/errors.php?error=http://newsletter.security-zone.info//temp/images/Albid.txt? HTTP/1.1" 404 369 "-" "libwww-perl/5.65" 183 615
62.193.225.191 - - [20/Mar/2009:20:03:48 +0000] "GET /log///vwar/backup/errors.php?error=http://newsletter.security-zone.info//temp/images/Albid.txt? HTTP/1.1" 404 375 "-" "libwww-perl/5.65" 187 621
217.212.224.183 - - [20/Mar/2009:20:39:08 +0000] "GET /robots.txt HTTP/1.0" 404 357 "-" "psbot/0.1 (+http://www.picsearch.com/bot.html)" 140 603
217.212.224.182 - - [20/Mar/2009:20:39:08 +0000] "GET /webalizer/usage_200508.html HTTP/1.0" 304 - "-" "psbot/0.1 (+http://www.picsearch.com/bot.html)" 329 218
66.249.71.171 - - [20/Mar/2009:20:48:56 +0000] "GET /fdesign%201.swf HTTP/1.1" 404 360 "-" "Mozilla/5.0 (compatible; Googlebot/2.1; +http://www.google.com/bot.html)" 246 644
66.249.71.171 - - [20/Mar/2009:20:48:57 +0000] "GET /CAM.swf HTTP/1.1" 404 354 "-" "Mozilla/5.0 (compatible; Googlebot/2.1; +http://www.google.com/bot.html)" 238 637
81.227.178.167 - - [20/Mar/2009:20:52:19 +0000] "GET / HTTP/1.1" 200 1266 "http://www.bilfilm.se/solfilm-bil/" "Mozilla/4.0 (compatible; MSIE 5.5; Windows 98)" 241 1625
81.227.178.167 - - [20/Mar/2009:20:52:19 +0000] "GET / HTTP/1.1" 200 1266 "http://www.bilfilm.se/solfilm-bil/" "Mozilla/4.0 (compatible; MSIE 5.5; Windows 98)" 241 1625
81.227.178.167 - - [20/Mar/2009:20:52:19 +0000] "GET / HTTP/1.1" 200 1266 "http://www.bilfilm.se/solfilm-bil/" "Mozilla/4.0 (compatible; MSIE 5.5; Windows 98)" 241 1625
81.227.178.167 - - [20/Mar/2009:20:52:19 +0000] "GET / HTTP/1.1" 200 1266 "http://www.bilfilm.se/solfilm-bil/" "Mozilla/4.0 (compatible; MSIE 5.5; Windows 98)" 241 1625
81.227.178.167 - - [20/Mar/2009:20:52:19 +0000] "GET / HTTP/1.1" 200 1266 "http://www.bilfilm.se/solfilm-bil/" "Mozilla/4.0 (compatible; MSIE 5.5; Windows 98)" 241 1625
66.249.71.171 - - [20/Mar/2009:20:54:20 +0000] "GET /CAM1.swf HTTP/1.1" 404 355 "-" "Mozilla/5.0 (compatible; Googlebot/2.1; +http://www.google.com/bot.html)" 239 639
217.212.224.183 - - [20/Mar/2009:21:10:13 +0000] "GET /robots.txt HTTP/1.0" 404 357 "-" "psbot/0.1 (+http://www.picsearch.com/bot.html)" 140 603
217.212.224.182 - - [20/Mar/2009:21:10:14 +0000] "GET /webalizer/usage_200506.html HTTP/1.0" 304 - "-" "psbot/0.1 (+http://www.picsearch.com/bot.html)" 329 218
124.115.0.22 - - [20/Mar/2009:21:44:46 +0000] "HEAD / HTTP/1.1" 200 - "http://www.decodeine.com/" "Mozilla/4.0 (compatible; MSIE 6.0; Windows NT 5.1)" 246 359
38.113.234.180 - - [20/Mar/2009:22:59:39 +0000] "GET / HTTP/1.1" 200 1266 "-" "voyager/2.0 (http://www.kosmix.com/crawler.html)" 160 1587
66.249.71.247 - - [21/Mar/2009:02:12:34 +0000] "GET /log/web.log.5 HTTP/1.1" 304 - "-" "Mozilla/5.0 (compatible; Googlebot/2.1; +http://www.google.com/bot.html)" 294 255
66.249.71.247 - - [21/Mar/2009:04:58:38 +0000] "GET /feidad.html HTTP/1.1" 304 - "-" "Mozilla/5.0 (compatible; Googlebot/2.1; +http://www.google.com/bot.html)" 292 254
66.249.71.247 - - [21/Mar/2009:05:12:28 +0000] "GET / HTTP/1.1" 200 1266 "-" "Mozilla/5.0 (compatible; Googlebot/2.1; +http://www.google.com/bot.html)" 231 1625
139.130.192.34 - - [21/Mar/2009:09:11:07 +0000] "GET /robots.txt HTTP/1.0" 404 357 "-" "CatchBot/1.0; +http://www.catchbot.com" 157 603
139.130.192.34 - - [21/Mar/2009:09:11:07 +0000] "GET / HTTP/1.0" 200 1266 "-" "CatchBot/1.0; +http://www.catchbot.com" 147 1587
66.249.71.247 - - [21/Mar/2009:10:04:54 +0000] "GET /robots.txt HTTP/1.1" 404 357 "-" "Mozilla/5.0 (compatible; Googlebot/2.1; +http://www.google.com/bot.html)" 258 641
66.249.71.247 - - [21/Mar/2009:10:04:54 +0000] "GET /webalizer/usage_200903.html HTTP/1.1" 200 142601 "-" "Mozilla/5.0 (compatible; Googlebot/2.1; +http://www.google.com/bot.html)" 352 142963
38.99.13.125 - - [21/Mar/2009:11:32:42 +0000] "GET /robots.txt HTTP/1.0" 404 357 "-" "Mozilla/5.0 (Twiceler-0.9 http://www.cuil.com/twiceler/robot.html)" 199 603
208.80.195.35 - - [21/Mar/2009:15:39:37 +0000] "GET / HTTP/1.0" 200 1266 "-" "Mozilla/4.0 (compatible; MSIE 7.0; Windows NT 5.1; Tablet PC 1.7; .NET CLR 1.0.3705; .NET CLR 1.1.4322; .NET CLR 2.0.50727; .NET CLR 3.0.04324.17; InfoPath.2)" 215 1587
81.227.178.167 - - [21/Mar/2009:19:16:31 +0000] "GET / HTTP/1.1" 200 1266 "http://www.bilfilm.se/solfilm-bil/" "Mozilla/4.0 (compatible; MSIE 5.5; Windows 98)" 241 1625
81.227.178.167 - - [21/Mar/2009:19:16:31 +0000] "GET / HTTP/1.1" 200 1266 "http://www.bilfilm.se/solfilm-bil/" "Mozilla/4.0 (compatible; MSIE 5.5; Windows 98)" 241 1625
81.227.178.167 - - [21/Mar/2009:19:16:31 +0000] "GET / HTTP/1.1" 200 1266 "http://www.bilfilm.se/solfilm-bil/" "Mozilla/4.0 (compatible; MSIE 5.5; Windows 98)" 241 1625
81.227.178.167 - - [21/Mar/2009:19:16:31 +0000] "GET / HTTP/1.1" 200 1266 "http://www.bilfilm.se/solfilm-bil/" "Mozilla/4.0 (compatible; MSIE 5.5; Windows 98)" 241 1625
81.227.178.167 - - [21/Mar/2009:19:16:31 +0000] "GET / HTTP/1.1" 200 1266 "http://www.bilfilm.se/solfilm-bil/" "Mozilla/4.0 (compatible; MSIE 5.5; Windows 98)" 236 1587
81.227.178.167 - - [21/Mar/2009:19:16:31 +0000] "GET / HTTP/1.1" 200 1266 "http://www.dekorfilm.se" "Mozilla/4.0 (compatible; MSIE 5.5; Windows 98)" 230 1625
81.227.178.167 - - [21/Mar/2009:19:16:31 +0000] "GET / HTTP/1.1" 200 1266 "http://www.dekorfilm.se" "Mozilla/4.0 (compatible; MSIE 5.5; Windows 98)" 230 1625
81.227.178.167 - - [21/Mar/2009:19:16:32 +0000] "GET / HTTP/1.1" 200 1266 "http://www.dekorfilm.se" "Mozilla/4.0 (compatible; MSIE 5.5; Windows 98)" 230 1625
81.227.178.167 - - [21/Mar/2009:19:16:32 +0000] "GET / HTTP/1.1" 200 1266 "http://www.dekorfilm.se" "Mozilla/4.0 (compatible; MSIE 5.5; Windows 98)" 230 1625
81.227.178.167 - - [21/Mar/2009:19:16:32 +0000] "GET / HTTP/1.1" 200 1266 "http://www.dekorfilm.se" "Mozilla/4.0 (compatible; MSIE 5.5; Windows 98)" 230 1625
124.115.0.22 - - [21/Mar/2009:20:56:30 +0000] "HEAD / HTTP/1.1" 200 - "http://www.decodeine.com/" "Mozilla/4.0 (compatible; MSIE 6.0; Windows NT 5.1)" 246 359
81.227.178.167 - - [21/Mar/2009:22:10:28 +0000] "GET / HTTP/1.1" 200 1266 "http://www.bilfilm.se/solfilm-bil/" "Mozilla/4.0 (compatible; MSIE 5.5; Windows 98)" 241 1625
81.227.178.167 - - [21/Mar/2009:22:10:28 +0000] "GET / HTTP/1.1" 200 1266 "http://www.bilfilm.se/solfilm-bil/" "Mozilla/4.0 (compatible; MSIE 5.5; Windows 98)" 241 1625
81.227.178.167 - - [21/Mar/2009:22:10:28 +0000] "GET / HTTP/1.1" 200 1266 "http://www.bilfilm.se/solfilm-bil/" "Mozilla/4.0 (compatible; MSIE 5.5; Windows 98)" 241 1625
81.227.178.167 - - [21/Mar/2009:22:10:28 +0000] "GET / HTTP/1.1" 200 1266 "http://www.bilfilm.se/solfilm-bil/" "Mozilla/4.0 (compatible; MSIE 5.5; Windows 98)" 241 1625
81.227.178.167 - - [21/Mar/2009:22:10:28 +0000] "GET / HTTP/1.1" 200 1266 "http://www.bilfilm.se/solfilm-bil/" "Mozilla/4.0 (compatible; MSIE 5.5; Windows 98)" 241 1625
81.227.178.167 - - [21/Mar/2009:22:10:29 +0000] "GET / HTTP/1.1" 200 1266 "http://www.dekorfilm.se" "Mozilla/4.0 (compatible; MSIE 5.5; Windows 98)" 230 1625
81.227.178.167 - - [21/Mar/2009:22:10:29 +0000] "GET / HTTP/1.1" 200 1266 "http://www.dekorfilm.se" "Mozilla/4.0 (compatible; MSIE 5.5; Windows 98)" 230 1625
81.227.178.167 - - [21/Mar/2009:22:10:30 +0000] "GET / HTTP/1.1" 200 1266 "http://www.dekorfilm.se" "Mozilla/4.0 (compatible; MSIE 5.5; Windows 98)" 230 1625
81.227.178.167 - - [21/Mar/2009:22:10:30 +0000] "GET / HTTP/1.1" 200 1266 "http://www.dekorfilm.se" "Mozilla/4.0 (compatible; MSIE 5.5; Windows 98)" 230 1625
81.227.178.167 - - [21/Mar/2009:22:10:32 +0000] "GET / HTTP/1.1" 200 1266 "http://www.dekorfilm.se" "Mozilla/4.0 (compatible; MSIE 5.5; Windows 98)" 225 1587
66.232.97.67 - - [21/Mar/2009:23:00:01 +0000] "GET / HTTP/1.1" 200 1266 "-" "Mozilla/5.0 (compatible; Goooglebot/2.1; +http://www.google.com/bot.html)" 149 1587
208.109.138.82 - - [22/Mar/2009:00:43:16 +0000] "HEAD / HTTP/1.1" 200 - "-" "NewsHill.com" 138 302
208.109.138.82 - - [22/Mar/2009:00:43:17 +0000] "GET / HTTP/1.0" 200 1266 "-" "NewsHill.com" 69 1587
66.249.71.247 - - [22/Mar/2009:03:03:22 +0000] "GET /robots.txt HTTP/1.1" 404 357 "-" "Mozilla/5.0 (compatible; Googlebot/2.1; +http://www.google.com/bot.html)" 258 641
66.249.71.247 - - [22/Mar/2009:03:03:22 +0000] "GET /log/?C=S;O=A HTTP/1.1" 200 3184 "-" "Mozilla/5.0 (compatible; Googlebot/2.1; +http://www.google.com/bot.html)" 243 3455
66.249.71.247 - - [22/Mar/2009:03:08:39 +0000] "GET /log/error.log.5 HTTP/1.1" 304 - "-" "Mozilla/5.0 (compatible; Googlebot/2.1; +http://www.google.com/bot.html)" 296 255
66.249.71.247 - - [22/Mar/2009:03:19:30 +0000] "GET /log/?C=M;O=D HTTP/1.1" 200 3184 "-" "Mozilla/5.0 (compatible; Googlebot/2.1; +http://www.google.com/bot.html)" 243 3456
38.99.13.125 - - [22/Mar/2009:06:01:30 +0000] "GET / HTTP/1.0" 200 1266 "-" "Mozilla/5.0 (Twiceler-0.9 http://www.cuil.com/twiceler/robot.html)" 189 1587
66.249.71.247 - - [22/Mar/2009:06:09:01 +0000] "GET /log/web.log.4 HTTP/1.1" 304 - "-" "Mozilla/5.0 (compatible; Googlebot/2.1; +http://www.google.com/bot.html)" 294 255
66.249.71.247 - - [22/Mar/2009:06:29:21 +0000] "GET /dec4b.swf HTTP/1.1" 200 7503350 "-" "Mozilla/5.0 (compatible; Googlebot/2.1; +http://www.google.com/bot.html)" 240 7503735
66.249.71.247 - - [22/Mar/2009:07:01:54 +0000] "GET /log/web.log.1 HTTP/1.1" 304 - "-" "Mozilla/5.0 (compatible; Googlebot/2.1; +http://www.google.com/bot.html)" 294 256
66.249.71.247 - - [22/Mar/2009:07:58:51 +0000] "GET /log/?C=N;O=D HTTP/1.1" 200 3184 "-" "Mozilla/5.0 (compatible; Googlebot/2.1; +http://www.google.com/bot.html)" 293 3456
66.249.71.247 - - [22/Mar/2009:08:28:41 +0000] "GET /log/error.log.2 HTTP/1.1" 304 - "-" "Mozilla/5.0 (compatible; Googlebot/2.1; +http://www.google.com/bot.html)" 296 254
66.249.71.247 - - [22/Mar/2009:09:43:11 +0000] "GET /webalizer/hourly_usage_200612.png HTTP/1.1" 304 - "-" "Googlebot-Image/1.0" 261 254
66.249.71.247 - - [22/Mar/2009:10:04:09 +0000] "GET /webalizer/usage_200903.html HTTP/1.1" 200 143465 "-" "Mozilla/5.0 (compatible; Googlebot/2.1; +http://www.google.com/bot.html)" 352 143828
62.193.225.191 - - [22/Mar/2009:14:22:26 +0000] "GET /log/web.log///vwar/backup/errors.php?error=http://vietnamwingchun.com//fastidioid.txt? HTTP/1.1" 404 383 "-" "libwww-perl/5.65" 178 629
62.193.225.191 - - [22/Mar/2009:14:22:26 +0000] "GET ///vwar/backup/errors.php?error=http://vietnamwingchun.com//fastidioid.txt? HTTP/1.1" 404 369 "-" "libwww-perl/5.65" 166 615
62.193.225.191 - - [22/Mar/2009:14:22:26 +0000] "GET /log///vwar/backup/errors.php?error=http://vietnamwingchun.com//fastidioid.txt? HTTP/1.1" 404 375 "-" "libwww-perl/5.65" 170 621
62.193.225.191 - - [22/Mar/2009:14:24:36 +0000] "GET /log/web.log///vwar/backup/errors.php?error=http://newsletter.security-zone.info//temp/images/Albid.txt? HTTP/1.1" 404 383 "-" "libwww-perl/5.65" 195 629
62.193.225.191 - - [22/Mar/2009:14:24:36 +0000] "GET ///vwar/backup/errors.php?error=http://newsletter.security-zone.info//temp/images/Albid.txt? HTTP/1.1" 404 369 "-" "libwww-perl/5.65" 183 615
62.193.225.191 - - [22/Mar/2009:14:24:36 +0000] "GET /log///vwar/backup/errors.php?error=http://newsletter.security-zone.info//temp/images/Albid.txt? HTTP/1.1" 404 375 "-" "libwww-perl/5.65" 187 621
212.247.42.172 - - [22/Mar/2009:14:30:49 +0000] "GET / HTTP/1.1" 304 - "http://www.teedirect.com/" "Mozilla/5.0 (Windows; U; Windows NT 5.1; en-US; rv:1.7.13) Gecko/20060414" 466 216
124.115.0.23 - - [22/Mar/2009:20:06:59 +0000] "HEAD / HTTP/1.1" 200 - "http://www.decodeine.com/" "Mozilla/4.0 (compatible; MSIE 6.0; Windows NT 5.1)" 246 359
208.80.195.45 - - [22/Mar/2009:21:09:53 +0000] "GET / HTTP/1.0" 200 1266 "-" "Mozilla/4.0 (compatible; MSIE 6.0; Windows 98; yplus 5.1.02b)" 118 1587
66.249.71.247 - - [23/Mar/2009:01:57:06 +0000] "GET /robots.txt HTTP/1.1" 404 357 "-" "Googlebot-Image/1.0" 205 641
66.249.71.247 - - [23/Mar/2009:01:57:06 +0000] "GET /indexbutton.jpg HTTP/1.1" 304 - "-" "Googlebot-Image/1.0" 243 255
66.249.71.247 - - [23/Mar/2009:03:33:30 +0000] "GET /webalizer/usage_200508.html HTTP/1.1" 304 - "-" "Mozilla/5.0 (compatible; Googlebot/2.1; +http://www.google.com/bot.html)" 308 256
66.249.71.247 - - [23/Mar/2009:03:45:28 +0000] "GET /webalizer/usage_200704.html HTTP/1.1" 304 - "-" "Mozilla/5.0 (compatible; Googlebot/2.1; +http://www.google.com/bot.html)" 308 256
77.88.26.26 - - [23/Mar/2009:04:41:32 +0000] "GET /robots.txt HTTP/1.1" 404 357 "-" "Yandex/1.01.001 (compatible; Win16; I)" 155 641
77.88.26.26 - - [23/Mar/2009:04:41:32 +0000] "GET / HTTP/1.1" 200 1266 "-" "Yandex/1.01.001 (compatible; Win16; I)" 450 1624
66.249.71.247 - - [23/Mar/2009:05:10:34 +0000] "GET /webalizer/usage_200804.html HTTP/1.1" 304 - "-" "Mozilla/5.0 (compatible; Googlebot/2.1; +http://www.google.com/bot.html)" 308 255
66.249.71.247 - - [23/Mar/2009:05:27:52 +0000] "GET /log/?C=D;O=A HTTP/1.1" 200 3184 "-" "Mozilla/5.0 (compatible; Googlebot/2.1; +http://www.google.com/bot.html)" 293 3456
66.249.71.247 - - [23/Mar/2009:06:01:52 +0000] "GET /hs03.jpg HTTP/1.1" 304 - "-" "Googlebot-Image/1.0" 236 256
66.249.71.247 - - [23/Mar/2009:06:47:30 +0000] "GET /bs12.jpg HTTP/1.1" 304 - "-" "Googlebot-Image/1.0" 236 256
66.249.71.247 - - [23/Mar/2009:06:59:57 +0000] "GET /hs11.jpg HTTP/1.1" 304 - "-" "Googlebot-Image/1.0" 236 256
66.249.71.247 - - [23/Mar/2009:07:16:33 +0000] "GET /webalizer/daily_usage_200612.png HTTP/1.1" 304 - "-" "Googlebot-Image/1.0" 260 254
66.249.71.247 - - [23/Mar/2009:08:43:53 +0000] "GET /log/?C=N;O=A HTTP/1.1" 200 3184 "-" "Mozilla/5.0 (compatible; Googlebot/2.1; +http://www.google.com/bot.html)" 293 3456
66.249.71.247 - - [23/Mar/2009:10:04:15 +0000] "GET /webalizer/usage_200903.html HTTP/1.1" 200 144312 "-" "Mozilla/5.0 (compatible; Googlebot/2.1; +http://www.google.com/bot.html)" 352 144675
74.6.22.179 - - [23/Mar/2009:12:34:40 +0000] "GET /robots.txt HTTP/1.0" 404 357 "-" "Mozilla/5.0 (compatible; Yahoo! Slurp; http://help.yahoo.com/help/us/ysearch/slurp)" 194 603
74.6.22.179 - - [23/Mar/2009:12:34:41 +0000] "GET /log/dnscache.db HTTP/1.0" 200 1339392 "-" "Mozilla/5.0 (compatible; Yahoo! Slurp/3.0; http://help.yahoo.com/help/us/ysearch/slurp)" 425 1339720
88.97.32.158 - - [23/Mar/2009:13:13:45 +0000] "GET /log/web.log.4 HTTP/1.1" 200 4090 "http://www.google.co.uk/search?hl=en&q=%22GET+%2Ffavicon.ico+HTTP%2F1.1%22+404+2297&btnG=Google+Search&meta=" "Mozilla/4.0 (compatible; MSIE 7.0; Windows NT 6.0; SLCC1; .NET CLR 2.0.50727; Media Center PC 5.0; .NET CLR 3.0.04506)" 650 4451
124.115.0.160 - - [23/Mar/2009:19:22:25 +0000] "HEAD / HTTP/1.1" 200 - "http://www.decodeine.com/" "Mozilla/4.0 (compatible; MSIE 6.0; Windows NT 5.1)" 246 359
66.249.71.247 - - [23/Mar/2009:19:32:06 +0000] "GET /robots.txt HTTP/1.1" 404 357 "-" "Mozilla/5.0 (compatible; Googlebot/2.1; +http://www.google.com/bot.html)" 258 641
66.249.71.247 - - [23/Mar/2009:19:32:06 +0000] "GET /log/?C=M;O=A HTTP/1.1" 200 3184 "-" "Mozilla/5.0 (compatible; Googlebot/2.1; +http://www.google.com/bot.html)" 243 3455
66.249.71.247 - - [23/Mar/2009:21:18:25 +0000] "GET /webalizer/usage_200708.html HTTP/1.1" 200 145214 "-" "Mozilla/5.0 (compatible; Googlebot/2.1; +http://www.google.com/bot.html)" 258 145578
66.249.71.247 - - [24/Mar/2009:01:02:52 +0000] "GET /yellowdrag2.swf HTTP/1.1" 404 362 "-" "Mozilla/5.0 (compatible; Googlebot/2.1; +http://www.google.com/bot.html)" 246 646
208.80.195.34 - - [24/Mar/2009:02:04:48 +0000] "GET / HTTP/1.0" 200 1266 "-" "Mozilla/4.0 (compatible; MSIE 7.0; Windows NT 5.1; SIMBAR={B034E354-80E1-4e95-87CB-A63442EC8482}; FunWebProducts; .NET CLR 1.1.4322; .NET CLR 2.0.50727)" 209 1587
216.145.11.94 - - [24/Mar/2009:03:35:43 +0000] "GET /robots.txt HTTP/1.0" 404 357 "http://www.whois.sc/" "SurveyBot/2.3 (Whois Source)" 212 603
216.145.11.94 - - [24/Mar/2009:03:35:43 +0000] "GET / HTTP/1.1" 206 1266 "http://whois.domaintools.com/decodeine.com" "SurveyBot/2.3 (Whois Source)" 351 1634
38.99.13.125 - - [24/Mar/2009:04:01:10 +0000] "GET /robots.txt HTTP/1.0" 404 357 "-" "Mozilla/5.0 (Twiceler-0.9 http://www.cuil.com/twiceler/robot.html)" 199 603
58.61.164.207 - - [24/Mar/2009:04:05:16 +0000] "GET /robots.txt HTTP/1.1" 404 357 "http://www.decodeine.com/robots.txt" "Sosospider+(+http://help.soso.com/webspider.htm)" 250 641
66.249.71.247 - - [24/Mar/2009:06:34:30 +0000] "GET /bs11.jpg HTTP/1.1" 304 - "-" "Googlebot-Image/1.0" 236 255
74.6.22.179 - - [24/Mar/2009:08:25:06 +0000] "GET /robots.txt HTTP/1.0" 404 357 "-" "Mozilla/5.0 (compatible; Yahoo! Slurp; http://help.yahoo.com/help/us/ysearch/slurp)" 194 603
74.6.22.179 - - [24/Mar/2009:08:25:07 +0000] "GET /log/?N=A HTTP/1.0" 200 3184 "-" "Mozilla/5.0 (compatible; Yahoo! Slurp/3.0; http://help.yahoo.com/help/us/ysearch/slurp)" 418 3418
66.249.71.247 - - [24/Mar/2009:08:27:37 +0000] "GET /robots.txt HTTP/1.1" 404 357 "-" "Googlebot-Image/1.0" 205 641
66.249.71.247 - - [24/Mar/2009:08:27:37 +0000] "GET /hs02.jpg HTTP/1.1" 304 - "-" "Googlebot-Image/1.0" 236 254
66.249.71.247 - - [24/Mar/2009:09:06:18 +0000] "GET /hs05.jpg HTTP/1.1" 304 - "-" "Googlebot-Image/1.0" 236 255
66.249.71.247 - - [24/Mar/2009:09:09:32 +0000] "GET /o6.jpg HTTP/1.1" 304 - "-" "Googlebot-Image/1.0" 234 283
66.249.71.247 - - [24/Mar/2009:09:22:27 +0000] "GET /hs14.jpg HTTP/1.1" 304 - "-" "Googlebot-Image/1.0" 236 256
66.249.71.247 - - [24/Mar/2009:10:05:34 +0000] "GET /webalizer/usage_200903.html HTTP/1.1" 200 145175 "-" "Mozilla/5.0 (compatible; Googlebot/2.1; +http://www.google.com/bot.html)" 352 145538
88.131.106.11 - - [24/Mar/2009:16:46:28 +0000] "GET /robots.txt HTTP/1.0" 404 357 "-" "Speedy Spider (http://www.entireweb.com/about/search_tech/speedy_spider/)" 199 603
88.131.106.11 - - [24/Mar/2009:16:46:30 +0000] "GET / HTTP/1.0" 200 1266 "-" "Speedy Spider (http://www.entireweb.com/about/search_tech/speedy_spider/)" 189 1587
168.216.16.50 - - [24/Mar/2009:19:11:20 +0000] "GET /log/web.log.5 HTTP/1.1" 200 2798 "http://www.google.com/search?hl=en&safe=active&rls=com.microsoft%3Aen-US&q=304+294-4566&btnG=Search&safe=active" "Mozilla/4.0 (compatible; MSIE 7.0; Windows NT 5.1; .NET CLR 1.1.4322)" 528 3159
168.216.16.50 - - [24/Mar/2009:19:11:20 +0000] "GET /favicon.ico HTTP/1.1" 404 358 "-" "Mozilla/4.0 (compatible; MSIE 7.0; Windows NT 5.1; .NET CLR 1.1.4322)" 219 641
216.171.98.77 - - [24/Mar/2009:19:11:23 +0000] "GET /log/web.log.5 HTTP/1.0" 200 2798 "-" "Mozilla/5.0 (X11; U; Linux i686; en-US; rv:1.7.5) Gecko/20041107 Firefox/1.0" 226 3121
208.111.154.15 - - [24/Mar/2009:20:32:45 +0000] "GET /robots.txt HTTP/1.1" 404 357 "-" "Mozilla/5.0 (compatible; Charlotte/1.1; http://www.searchme.com/support/)" 195 584
208.111.154.15 - - [24/Mar/2009:20:32:46 +0000] "GET / HTTP/1.1" 304 - "-" "Mozilla/5.0 (compatible; Charlotte/1.1; http://www.searchme.com/support/)" 235 197
38.99.13.125 - - [24/Mar/2009:22:19:15 +0000] "GET / HTTP/1.0" 200 1266 "-" "Mozilla/5.0 (Twiceler-0.9 http://www.cuil.com/twiceler/robot.html)" 189 1587
62.193.225.191 - - [24/Mar/2009:23:06:46 +0000] "GET /errors.php?error=http://www.leine-allstars.com//components/AreaRfiid.txt? HTTP/1.1" 404 357 "-" "libwww-perl/5.65" 165 603
78.111.71.6 - - [24/Mar/2009:23:07:14 +0000] "GET /errors.php?error=http://newsletter.security-zone.info//temp/images/Albid.txt? HTTP/1.1" 404 357 "-" "libwww-perl/5.805" 198 603
78.111.71.6 - - [24/Mar/2009:23:07:14 +0000] "GET /errors.php?error=http://newsletter.security-zone.info//temp/images/Albid.txt? HTTP/1.1" 404 357 "-" "libwww-perl/5.805" 198 603
78.111.71.6 - - [24/Mar/2009:23:07:19 +0000] "GET /errors.php?error=http://newsletter.security-zone.info//temp/images/Albid.txt? HTTP/1.1" 404 357 "-" "libwww-perl/5.805" 198 603
62.193.225.191 - - [24/Mar/2009:23:19:01 +0000] "GET /log/web.log/errors.php?error=http://www.leine-allstars.com//components/AreaRfiid.txt? HTTP/1.1" 404 369 "-" "libwww-perl/5.65" 177 615
62.193.225.191 - - [24/Mar/2009:23:19:02 +0000] "GET /errors.php?error=http://www.leine-allstars.com//components/AreaRfiid.txt? HTTP/1.1" 404 357 "-" "libwww-perl/5.65" 165 603
62.193.225.191 - - [24/Mar/2009:23:19:02 +0000] "GET /log/errors.php?error=http://www.leine-allstars.com//components/AreaRfiid.txt? HTTP/1.1" 404 361 "-" "libwww-perl/5.65" 169 607
78.111.71.6 - - [24/Mar/2009:23:29:48 +0000] "GET /log/web.log/errors.php?error=http://newsletter.security-zone.info//temp/images/Albid.txt? HTTP/1.1" 404 369 "-" "libwww-perl/5.805" 210 615
78.111.71.6 - - [24/Mar/2009:23:29:48 +0000] "GET /log/web.log/errors.php?error=http://newsletter.security-zone.info//temp/images/Albid.txt? HTTP/1.1" 404 369 "-" "libwww-perl/5.805" 210 615
78.111.71.6 - - [24/Mar/2009:23:29:48 +0000] "GET /log/web.log/errors.php?error=http://newsletter.security-zone.info//temp/images/Albid.txt? HTTP/1.1" 404 369 "-" "libwww-perl/5.805" 210 615
78.111.71.6 - - [24/Mar/2009:23:29:48 +0000] "GET /errors.php?error=http://newsletter.security-zone.info//temp/images/Albid.txt? HTTP/1.1" 404 357 "-" "libwww-perl/5.805" 198 603
78.111.71.6 - - [24/Mar/2009:23:29:48 +0000] "GET /errors.php?error=http://newsletter.security-zone.info//temp/images/Albid.txt? HTTP/1.1" 404 357 "-" "libwww-perl/5.805" 198 603
78.111.71.6 - - [24/Mar/2009:23:29:48 +0000] "GET /errors.php?error=http://newsletter.security-zone.info//temp/images/Albid.txt? HTTP/1.1" 404 357 "-" "libwww-perl/5.805" 198 603
78.111.71.6 - - [24/Mar/2009:23:29:48 +0000] "GET /log/errors.php?error=http://newsletter.security-zone.info//temp/images/Albid.txt? HTTP/1.1" 404 361 "-" "libwww-perl/5.805" 202 607
78.111.71.6 - - [24/Mar/2009:23:29:48 +0000] "GET /log/errors.php?error=http://newsletter.security-zone.info//temp/images/Albid.txt? HTTP/1.1" 404 361 "-" "libwww-perl/5.805" 202 607
78.111.71.6 - - [24/Mar/2009:23:29:48 +0000] "GET /log/errors.php?error=http://newsletter.security-zone.info//temp/images/Albid.txt? HTTP/1.1" 404 361 "-" "libwww-perl/5.805" 202 607
66.249.71.247 - - [25/Mar/2009:03:21:08 +0000] "GET /robots.txt HTTP/1.1" 404 357 "-" "Mozilla/5.0 (compatible; Googlebot/2.1; +http://www.google.com/bot.html)" 258 641
66.249.71.247 - - [25/Mar/2009:03:21:09 +0000] "GET /webalizer/usage_200712.html HTTP/1.1" 200 154783 "-" "Mozilla/5.0 (compatible; Googlebot/2.1; +http://www.google.com/bot.html)" 258 155145
72.30.142.234 - - [25/Mar/2009:04:50:37 +0000] "GET /robots.txt HTTP/1.0" 404 357 "-" "Mozilla/5.0 (compatible; Yahoo! Slurp; http://help.yahoo.com/help/us/ysearch/slurp)" 194 603
72.30.142.234 - - [25/Mar/2009:04:50:37 +0000] "GET /log/?D=A HTTP/1.0" 200 3184 "-" "Mozilla/5.0 (compatible; Yahoo! Slurp/3.0; http://help.yahoo.com/help/us/ysearch/slurp)" 418 3418
66.249.71.247 - - [25/Mar/2009:05:00:02 +0000] "GET /webalizer/usage_200709.html HTTP/1.1" 200 143580 "-" "Mozilla/5.0 (compatible; Googlebot/2.1; +http://www.google.com/bot.html)" 258 143944
66.249.71.247 - - [25/Mar/2009:06:04:01 +0000] "GET /webalizer/usage_200902.html HTTP/1.1" 200 152884 "-" "Mozilla/5.0 (compatible; Googlebot/2.1; +http://www.google.com/bot.html)" 258 153247
66.235.124.4 - - [25/Mar/2009:06:28:04 +0000] "GET /robots.txt HTTP/1.1" 404 357 "-" "Mozilla/5.0 (compatible; Ask Jeeves/Teoma; +http://about.ask.com/en/docs/about/webmasters.shtml)" 221 641
66.235.124.4 - - [25/Mar/2009:06:28:19 +0000] "GET / HTTP/1.1" 200 1266 "-" "Mozilla/5.0 (compatible; Ask Jeeves/Teoma; +http://about.ask.com/en/docs/about/webmasters.shtml)" 246 1587
72.30.142.234 - - [25/Mar/2009:06:41:50 +0000] "GET /log/web.log.3 HTTP/1.0" 200 1961 "-" "Mozilla/5.0 (compatible; Yahoo! Slurp/3.0; http://help.yahoo.com/help/us/ysearch/slurp)" 423 2283
38.113.234.180 - - [25/Mar/2009:08:12:14 +0000] "GET /robots.txt HTTP/1.1" 404 357 "-" "voyager/2.0 (http://www.kosmix.com/crawler.html)" 170 603
66.249.71.247 - - [25/Mar/2009:10:04:56 +0000] "GET /webalizer/usage_200903.html HTTP/1.1" 200 146722 "-" "Mozilla/5.0 (compatible; Googlebot/2.1; +http://www.google.com/bot.html)" 352 147085
78.111.71.6 - - [25/Mar/2009:10:24:26 +0000] "GET /errors.php?error=http://newsletter.security-zone.info//temp/images/Albid.txt? HTTP/1.1" 404 357 "-" "libwww-perl/5.805" 198 603
78.111.71.6 - - [25/Mar/2009:10:24:26 +0000] "GET /errors.php?error=http://newsletter.security-zone.info//temp/images/Albid.txt? HTTP/1.1" 404 357 "-" "libwww-perl/5.805" 198 603
78.111.71.6 - - [25/Mar/2009:10:45:29 +0000] "GET /log/web.log/errors.php?error=http://newsletter.security-zone.info//temp/images/Albid.txt? HTTP/1.1" 404 369 "-" "libwww-perl/5.805" 210 615
78.111.71.6 - - [25/Mar/2009:10:45:29 +0000] "GET /errors.php?error=http://newsletter.security-zone.info//temp/images/Albid.txt? HTTP/1.1" 404 357 "-" "libwww-perl/5.805" 198 603
78.111.71.6 - - [25/Mar/2009:10:45:29 +0000] "GET /log/errors.php?error=http://newsletter.security-zone.info//temp/images/Albid.txt? HTTP/1.1" 404 361 "-" "libwww-perl/5.805" 202 607
78.111.71.6 - - [25/Mar/2009:10:45:30 +0000] "GET /log/web.log/errors.php?error=http://newsletter.security-zone.info//temp/images/Albid.txt? HTTP/1.1" 404 369 "-" "libwww-perl/5.805" 210 615
78.111.71.6 - - [25/Mar/2009:10:45:30 +0000] "GET /errors.php?error=http://newsletter.security-zone.info//temp/images/Albid.txt? HTTP/1.1" 404 357 "-" "libwww-perl/5.805" 198 603
78.111.71.6 - - [25/Mar/2009:10:45:30 +0000] "GET /log/errors.php?error=http://newsletter.security-zone.info//temp/images/Albid.txt? HTTP/1.1" 404 361 "-" "libwww-perl/5.805" 202 607
78.146.222.51 - - [25/Mar/2009:13:48:14 +0000] "GET / HTTP/1.1" 200 1266 "http://www.linkedin.com/in/margotkrasojevic" "Mozilla/5.0 (Macintosh; U; Intel Mac OS X 10.4; en-US; rv:1.9.0.7) Gecko/2009021906 Firefox/3.0.7" 464 1625
78.146.222.51 - - [25/Mar/2009:13:48:14 +0000] "GET /index.jpg HTTP/1.1" 200 225683 "http://www.decodeine.com/" "Mozilla/5.0 (Macintosh; U; Intel Mac OS X 10.4; en-US; rv:1.9.0.7) Gecko/2009021906 Firefox/3.0.7" 425 226046
78.146.222.51 - - [25/Mar/2009:13:48:14 +0000] "GET /indexbutton.jpg HTTP/1.1" 200 153759 "http://www.decodeine.com/" "Mozilla/5.0 (Macintosh; U; Intel Mac OS X 10.4; en-US; rv:1.9.0.7) Gecko/2009021906 Firefox/3.0.7" 431 154123
78.146.222.51 - - [25/Mar/2009:13:48:15 +0000] "GET /favicon.ico HTTP/1.1" 404 358 "-" "Mozilla/5.0 (Macintosh; U; Intel Mac OS X 10.4; en-US; rv:1.9.0.7) Gecko/2009021906 Firefox/3.0.7" 391 641
78.146.222.51 - - [25/Mar/2009:13:48:25 +0000] "GET /feidad.html HTTP/1.1" 200 820 "http://www.decodeine.com/" "Mozilla/5.0 (Macintosh; U; Intel Mac OS X 10.4; en-US; rv:1.9.0.7) Gecko/2009021906 Firefox/3.0.7" 457 1177
78.146.222.51 - - [25/Mar/2009:13:48:25 +0000] "GET /dec4b.swf HTTP/1.1" 200 7503350 "http://www.decodeine.com/feidad.html" "Mozilla/5.0 (Macintosh; U; Intel Mac OS X 10.4; en-US; rv:1.9.0.7) Gecko/2009021906 Firefox/3.0.7" 466 7503734
66.249.71.247 - - [25/Mar/2009:15:39:34 +0000] "GET /robots.txt HTTP/1.1" 404 357 "-" "Mozilla/5.0 (compatible; Googlebot/2.1; +http://www.google.com/bot.html)" 258 641
66.249.71.247 - - [25/Mar/2009:15:39:34 +0000] "GET / HTTP/1.1" 200 1266 "-" "Mozilla/5.0 (compatible; Googlebot/2.1; +http://www.google.com/bot.html)" 231 1624
72.30.142.234 - - [25/Mar/2009:15:44:46 +0000] "GET /robots.txt HTTP/1.0" 404 357 "-" "Mozilla/5.0 (compatible; Yahoo! Slurp; http://help.yahoo.com/help/us/ysearch/slurp)" 194 603
72.30.142.234 - - [25/Mar/2009:15:44:46 +0000] "GET /log/ HTTP/1.0" 200 3184 "-" "Mozilla/5.0 (compatible; Yahoo! Slurp/3.0; http://help.yahoo.com/help/us/ysearch/slurp)" 414 3418
66.249.71.247 - - [25/Mar/2009:16:01:19 +0000] "GET /log/web.log.5 HTTP/1.1" 304 - "-" "Mozilla/5.0 (compatible; Googlebot/2.1; +http://www.google.com/bot.html)" 294 255
66.249.71.247 - - [25/Mar/2009:16:46:19 +0000] "GET /log/error.log.1 HTTP/1.1" 304 - "-" "Mozilla/5.0 (compatible; Googlebot/2.1; +http://www.google.com/bot.html)" 296 254
91.205.124.11 - - [26/Mar/2009:03:25:27 +0000] "GET /robots.txt HTTP/1.1" 404 357 "-" "Yanga WorldSearch Bot v1.1/beta (http://www.yanga.co.uk/)" 344 584
91.205.124.11 - - [26/Mar/2009:03:25:27 +0000] "GET /feidad.html HTTP/1.1" 200 820 "-" "Yanga WorldSearch Bot v1.1/beta (http://www.yanga.co.uk/)" 345 1121
208.80.195.40 - - [26/Mar/2009:06:03:20 +0000] "GET / HTTP/1.0" 200 1266 "-" "Mozilla/4.0 (compatible; MSIE 7.0; Windows NT 5.1; FunWebProducts; SpamBlockerUtility 4.7.7; .NET CLR 2.0.50727; ZangoToolbar 4.8.2; IEMB3; IEMB3)" 203 1587
38.113.234.180 - - [26/Mar/2009:08:48:14 +0000] "GET /robots.txt HTTP/1.1" 404 357 "-" "voyager/2.0 (http://www.kosmix.com/crawler.html)" 170 603
66.249.71.247 - - [26/Mar/2009:10:04:17 +0000] "GET /robots.txt HTTP/1.1" 404 357 "-" "Mozilla/5.0 (compatible; Googlebot/2.1; +http://www.google.com/bot.html)" 258 641
66.249.71.247 - - [26/Mar/2009:10:04:17 +0000] "GET /webalizer/usage_200903.html HTTP/1.1" 200 147622 "-" "Mozilla/5.0 (compatible; Googlebot/2.1; +http://www.google.com/bot.html)" 352 147984
38.99.13.125 - - [26/Mar/2009:11:14:38 +0000] "GET /robots.txt HTTP/1.0" 404 357 "-" "Mozilla/5.0 (Twiceler-0.9 http://www.cuil.com/twiceler/robot.html)" 199 603
124.115.4.194 - - [26/Mar/2009:15:36:46 +0000] "HEAD / HTTP/1.1" 200 - "http://www.decodeine.com/" "Mozilla/4.0 (compatible; MSIE 6.0; Windows NT 5.1)" 246 359
38.113.234.180 - - [26/Mar/2009:16:13:02 +0000] "GET / HTTP/1.1" 200 1266 "-" "voyager/2.0 (http://www.kosmix.com/crawler.html)" 160 1587
88.131.106.11 - - [26/Mar/2009:16:34:42 +0000] "GET /robots.txt HTTP/1.0" 404 357 "-" "Speedy Spider (http://www.entireweb.com/about/search_tech/speedy_spider/)" 199 603
88.131.106.11 - - [26/Mar/2009:16:34:43 +0000] "GET /feidad.html HTTP/1.0" 200 820 "-" "Speedy Spider (http://www.entireweb.com/about/search_tech/speedy_spider/)" 200 1140
66.249.71.247 - - [26/Mar/2009:19:30:24 +0000] "GET /log/web.log.4 HTTP/1.1" 304 - "-" "Mozilla/5.0 (compatible; Googlebot/2.1; +http://www.google.com/bot.html)" 294 255
66.249.71.247 - - [26/Mar/2009:19:31:03 +0000] "GET /log/ HTTP/1.1" 200 3184 "-" "Mozilla/5.0 (compatible; Googlebot/2.1; +http://www.google.com/bot.html)" 235 3456
67.195.37.123 - - [26/Mar/2009:19:43:09 +0000] "GET /robots.txt HTTP/1.0" 404 357 "-" "Mozilla/5.0 (compatible; Yahoo! Slurp; http://help.yahoo.com/help/us/ysearch/slurp)" 194 603
67.195.37.123 - - [26/Mar/2009:19:43:10 +0000] "GET / HTTP/1.0" 200 1266 "-" "Mozilla/5.0 (compatible; Yahoo! Slurp; http://help.yahoo.com/help/us/ysearch/slurp)" 228 1587
66.249.71.247 - - [26/Mar/2009:19:44:23 +0000] "GET /webalizer/usage_200710.html HTTP/1.1" 200 156141 "-" "Mozilla/5.0 (compatible; Googlebot/2.1; +http://www.google.com/bot.html)" 258 156504
66.249.71.247 - - [26/Mar/2009:19:57:43 +0000] "GET /webalizer/usage_200802.html HTTP/1.1" 200 146279 "-" "Mozilla/5.0 (compatible; Googlebot/2.1; +http://www.google.com/bot.html)" 258 146642
66.249.71.247 - - [26/Mar/2009:20:00:49 +0000] "GET /log/error.log.5 HTTP/1.1" 304 - "-" "Mozilla/5.0 (compatible; Googlebot/2.1; +http://www.google.com/bot.html)" 296 255
62.193.225.191 - - [26/Mar/2009:20:15:32 +0000] "GET /log/web.log///vwar/backup/errors.php?error=http://www.rvc.de/images/Albid.txt? HTTP/1.1" 404 383 "-" "libwww-perl/5.65" 170 629
62.193.225.191 - - [26/Mar/2009:20:15:32 +0000] "GET ///vwar/backup/errors.php?error=http://www.rvc.de/images/Albid.txt? HTTP/1.1" 404 369 "-" "libwww-perl/5.65" 158 615
62.193.225.191 - - [26/Mar/2009:20:15:32 +0000] "GET /log///vwar/backup/errors.php?error=http://www.rvc.de/images/Albid.txt? HTTP/1.1" 404 375 "-" "libwww-perl/5.65" 162 621
66.249.71.247 - - [26/Mar/2009:20:42:10 +0000] "GET /webalizer/usage_200806.html HTTP/1.1" 200 150137 "-" "Mozilla/5.0 (compatible; Googlebot/2.1; +http://www.google.com/bot.html)" 258 150500
64.105.30.34 - - [26/Mar/2009:22:07:33 +0000] "GET / HTTP/1.1" 200 1266 "http://www.google.com/search?hl=en&ei=jPzLSajzL4nOtQOqvYCeCg&sa=X&oi=spell&resnum=1&ct=result&cd=1&q=decodeine&spell=1" "Mozilla/5.0 (Windows; U; Windows NT 5.1; en-US; rv:1.9.0.7) Gecko/2009021910 Firefox/3.0.7" 493 1625
64.105.30.34 - - [26/Mar/2009:22:07:33 +0000] "GET /index.jpg HTTP/1.1" 200 225683 "http://www.decodeine.com/" "Mozilla/5.0 (Windows; U; Windows NT 5.1; en-US; rv:1.9.0.7) Gecko/2009021910 Firefox/3.0.7" 379 226046
64.105.30.34 - - [26/Mar/2009:22:07:33 +0000] "GET /indexbutton.jpg HTTP/1.1" 200 153759 "http://www.decodeine.com/" "Mozilla/5.0 (Windows; U; Windows NT 5.1; en-US; rv:1.9.0.7) Gecko/2009021910 Firefox/3.0.7" 385 154123
64.105.30.34 - - [26/Mar/2009:22:07:35 +0000] "GET /favicon.ico HTTP/1.1" 404 358 "-" "Mozilla/5.0 (Windows; U; Windows NT 5.1; en-US; rv:1.9.0.7) Gecko/2009021910 Firefox/3.0.7" 345 641
77.88.26.26 - - [26/Mar/2009:23:42:47 +0000] "GET /robots.txt HTTP/1.1" 404 357 "-" "Yandex/1.01.001 (compatible; Win16; I)" 155 641
77.88.26.26 - - [26/Mar/2009:23:42:47 +0000] "GET / HTTP/1.1" 200 1266 "-" "Yandex/1.01.001 (compatible; Win16; I)" 450 1624
208.111.154.16 - - [27/Mar/2009:01:38:35 +0000] "GET /robots.txt HTTP/1.1" 404 357 "-" "Mozilla/5.0 (compatible; Charlotte/1.1; http://www.searchme.com/support/)" 195 584
208.111.154.16 - - [27/Mar/2009:01:38:35 +0000] "GET / HTTP/1.1" 304 - "-" "Mozilla/5.0 (compatible; Charlotte/1.1; http://www.searchme.com/support/)" 235 197
67.195.37.123 - - [27/Mar/2009:04:14:24 +0000] "GET /robots.txt HTTP/1.0" 404 357 "-" "Mozilla/5.0 (compatible; Yahoo! Slurp; http://help.yahoo.com/help/us/ysearch/slurp)" 194 603
67.195.37.123 - - [27/Mar/2009:04:14:25 +0000] "GET / HTTP/1.0" 304 - "-" "Mozilla/5.0 (compatible; Yahoo! Slurp/3.0; http://help.yahoo.com/help/us/ysearch/slurp)" 478 216
66.249.71.247 - - [27/Mar/2009:07:12:08 +0000] "GET /robots.txt HTTP/1.1" 404 357 "-" "Googlebot-Image/1.0" 205 641
66.249.71.247 - - [27/Mar/2009:07:12:09 +0000] "GET /o4.jpg HTTP/1.1" 304 - "-" "Googlebot-Image/1.0" 234 254
38.113.234.180 - - [27/Mar/2009:07:35:19 +0000] "GET / HTTP/1.1" 200 1266 "-" "voyager/2.0 (http://www.kosmix.com/crawler.html)" 160 1587
66.249.71.247 - - [27/Mar/2009:10:04:27 +0000] "GET /webalizer/usage_200903.html HTTP/1.1" 200 149273 "-" "Mozilla/5.0 (compatible; Googlebot/2.1; +http://www.google.com/bot.html)" 352 149636
208.80.195.30 - - [27/Mar/2009:10:45:42 +0000] "GET / HTTP/1.0" 200 1266 "-" "Mozilla/4.0 (compatible; MSIE 6.0; Windows NT 5.1; ESB{AD06BA64-EE3E-4F0A-A6C8-37D099EF0D92}; SV1; .NET CLR 1.1.4322)" 174 1587
66.235.124.4 - - [27/Mar/2009:11:06:16 +0000] "GET /robots.txt HTTP/1.1" 404 357 "-" "Mozilla/5.0 (compatible; Ask Jeeves/Teoma; +http://about.ask.com/en/docs/about/webmasters.shtml)" 221 641
66.235.124.4 - - [27/Mar/2009:11:06:31 +0000] "GET / HTTP/1.1" 200 1266 "-" "Mozilla/5.0 (compatible; Ask Jeeves/Teoma; +http://about.ask.com/en/docs/about/webmasters.shtml)" 246 1587
72.30.142.234 - - [27/Mar/2009:14:25:59 +0000] "GET /robots.txt HTTP/1.0" 404 357 "-" "Mozilla/5.0 (compatible; Yahoo! Slurp; http://help.yahoo.com/help/us/ysearch/slurp)" 194 603
72.30.142.234 - - [27/Mar/2009:14:26:01 +0000] "GET / HTTP/1.0" 200 1266 "-" "Mozilla/5.0 (compatible; Yahoo! Slurp/3.0; http://help.yahoo.com/help/us/ysearch/slurp)" 410 1587
72.30.142.234 - - [27/Mar/2009:14:33:04 +0000] "GET /feidad.html HTTP/1.0" 200 820 "-" "Mozilla/5.0 (compatible; Yahoo! Slurp/3.0; http://help.yahoo.com/help/us/ysearch/slurp)" 421 1140
124.115.0.22 - - [27/Mar/2009:14:39:11 +0000] "HEAD / HTTP/1.1" 200 - "http://www.decodeine.com/" "Mozilla/4.0 (compatible; MSIE 6.0; Windows NT 5.1)" 246 359
66.249.71.247 - - [27/Mar/2009:15:52:09 +0000] "GET /webalizer//usage_200807.html HTTP/1.1" 200 151253 "-" "Mozilla/5.0 (compatible; Googlebot/2.1; +http://www.google.com/bot.html)" 259 151617
212.241.218.151 - - [27/Mar/2009:16:48:19 +0000] "GET /log/web.log//errors.php?error=http://www.slamband.com/db/id.txt?? HTTP/1.1" 404 370 "-" "libwww-perl/5.803" 158 616
212.241.218.151 - - [27/Mar/2009:16:48:19 +0000] "GET //errors.php?error=http://www.slamband.com/db/id.txt?? HTTP/1.1" 404 357 "-" "libwww-perl/5.803" 146 603
212.241.218.151 - - [27/Mar/2009:16:48:20 +0000] "GET /log//errors.php?error=http://www.slamband.com/db/id.txt?? HTTP/1.1" 404 362 "-" "libwww-perl/5.803" 150 608
212.241.218.151 - - [27/Mar/2009:16:49:01 +0000] "GET /log/web.log//errors.php?error=http://www.slamband.com/db/id.txt?? HTTP/1.1" 404 370 "-" "libwww-perl/5.803" 158 616
212.241.218.151 - - [27/Mar/2009:16:49:01 +0000] "GET //errors.php?error=http://www.slamband.com/db/id.txt?? HTTP/1.1" 404 357 "-" "libwww-perl/5.803" 146 603
212.241.218.151 - - [27/Mar/2009:16:49:02 +0000] "GET /log//errors.php?error=http://www.slamband.com/db/id.txt?? HTTP/1.1" 404 362 "-" "libwww-perl/5.803" 150 608
66.249.71.247 - - [27/Mar/2009:16:58:26 +0000] "GET /webalizer/usage_200808.html HTTP/1.1" 200 156834 "-" "Mozilla/5.0 (compatible; Googlebot/2.1; +http://www.google.com/bot.html)" 258 157198
87.198.128.82 - - [27/Mar/2009:22:31:27 +0000] "GET / HTTP/1.1" 200 1266 "-" "-" 67 1625
58.61.164.207 - - [27/Mar/2009:23:52:52 +0000] "GET /robots.txt HTTP/1.1" 404 357 "http://www.decodeine.com/robots.txt" "Sosospider+(+http://help.soso.com/webspider.htm)" 250 641
66.249.71.247 - - [28/Mar/2009:00:14:54 +0000] "GET /robots.txt HTTP/1.1" 404 357 "-" "Mozilla/5.0 (compatible; Googlebot/2.1; +http://www.google.com/bot.html)" 258 641
66.249.71.247 - - [28/Mar/2009:00:14:54 +0000] "GET / HTTP/1.1" 200 1266 "-" "Mozilla/5.0 (compatible; Googlebot/2.1; +http://www.google.com/bot.html)" 231 1624
66.249.71.247 - - [28/Mar/2009:00:17:02 +0000] "GET /webalizer/usage_200506.html HTTP/1.1" 304 - "-" "Mozilla/5.0 (compatible; Googlebot/2.1; +http://www.google.com/bot.html)" 308 256
66.249.71.247 - - [28/Mar/2009:00:22:36 +0000] "GET /webalizer/usage_200704.html HTTP/1.1" 304 - "-" "Mozilla/5.0 (compatible; Googlebot/2.1; +http://www.google.com/bot.html)" 308 256
