66.249.72.141 - - [06/Jan/2009:11:09:14 +0000] "GET /robots.txt HTTP/1.1" 404 350 "-" "Mozilla/5.0 (compatible; Googlebot/2.1; +http://www.google.com/bot.html)" 258 627
66.249.72.141 - - [06/Jan/2009:11:09:14 +0000] "GET /webalizer/usage_200901.html HTTP/1.1" 200 110562 "-" "Mozilla/5.0 (compatible; Googlebot/2.1; +http://www.google.com/bot.html)" 353 110918
64.22.118.170 - - [06/Jan/2009:12:00:08 +0000] "GET / HTTP/1.1" 200 1266 "http://www.bestloaninc.com/" "Mozilla/4.0 (compatible; MSIE 5.5; Windows 98)" 252 1618
78.107.16.68 - - [06/Jan/2009:12:00:11 +0000] "GET / HTTP/1.1" 200 1266 "http://www.bestloaninc.com/" "Mozilla/4.0 (compatible; MSIE 5.5; Windows 98)" 234 1618
208.80.194.120 - - [06/Jan/2009:13:11:20 +0000] "GET / HTTP/1.0" 200 1266 "-" "Mozilla/4.0 (compatible; MSIE 6.0; Windows 98; {D3AFE1A0-7D38-11D9-9AD2-0050047040BF}; .NET CLR 1.1.4322)" 162 1580
86.135.13.60 - - [06/Jan/2009:14:33:07 +0000] "GET / HTTP/1.1" 200 1266 "http://www.google.co.uk/search?hl=en&q=decocodeine+&btnG=Search&meta=cr%3DcountryUK%7CcountryGB" "Mozilla/4.0 (compatible; MSIE 6.0; Windows NT 5.1; SV1; FunWebProducts; .NET CLR 2.0.50727)" 477 1618
86.135.13.60 - - [06/Jan/2009:14:33:08 +0000] "GET /indexbutton.jpg HTTP/1.1" 200 153759 "http://www.decodeine.com/" "Mozilla/4.0 (compatible; MSIE 6.0; Windows NT 5.1; SV1; FunWebProducts; .NET CLR 2.0.50727)" 292 154115
86.135.13.60 - - [06/Jan/2009:14:33:08 +0000] "GET /index.jpg HTTP/1.1" 200 225683 "http://www.decodeine.com/" "Mozilla/4.0 (compatible; MSIE 6.0; Windows NT 5.1; SV1; FunWebProducts; .NET CLR 2.0.50727)" 286 226040
66.249.72.141 - - [06/Jan/2009:14:53:15 +0000] "GET /indexbutton.jpg HTTP/1.1" 200 153759 "-" "Googlebot-Image/1.0" 193 154116
72.30.65.53 - - [06/Jan/2009:18:56:22 +0000] "GET /robots.txt HTTP/1.0" 404 359 "-" "Mozilla/5.0 (compatible; Yahoo! Slurp; http://help.yahoo.com/help/us/ysearch/slurp)" 194 607
72.30.65.53 - - [06/Jan/2009:18:56:23 +0000] "GET /feidad.html HTTP/1.0" 200 820 "-" "Mozilla/5.0 (compatible; Yahoo! Slurp; http://help.yahoo.com/help/us/ysearch/slurp)" 230 1142
72.30.65.53 - - [06/Jan/2009:18:56:23 +0000] "GET /dec4b.swf HTTP/1.0" 200 7503350 "-" "Mozilla/5.0 (compatible; Yahoo! Slurp; http://help.yahoo.com/help/us/ysearch/slurp)" 228 792821
64.124.85.91 - - [06/Jan/2009:20:32:33 +0000] "GET /robots.txt HTTP/1.1" 404 359 "-" "Mozilla/5.0 (compatible; BecomeBot/3.0; +http://www.become.com/site_owners.html)" 334 607
206.33.230.43 - - [06/Jan/2009:20:36:00 +0000] "GET /log/web.log.4 HTTP/1.0" 200 4090 "http://www.google.com/search?q=applewebkit+chrome+1.0.154.36&ie=utf-8&oe=utf-8&aq=t&rls=org.mozilla:en-US:official&client=firefox-a" "Mozilla/5.0 (Windows; U; Windows NT 5.2; en-US; rv:1.9.0.3) Gecko/2008092417 Firefox/3.0.3" 551 4453
206.33.230.43 - - [06/Jan/2009:20:36:00 +0000] "GET /favicon.ico HTTP/1.0" 404 360 "-" "Mozilla/5.0 (Windows; U; Windows NT 5.2; en-US; rv:1.9.0.3) Gecko/2008092417 Firefox/3.0.3" 377 645
206.33.230.43 - - [06/Jan/2009:20:36:03 +0000] "GET /favicon.ico HTTP/1.0" 404 360 "-" "Mozilla/5.0 (Windows; U; Windows NT 5.2; en-US; rv:1.9.0.3) Gecko/2008092417 Firefox/3.0.3" 407 645
93.141.40.185 - - [06/Jan/2009:21:26:16 +0000] "GET / HTTP/1.1" 200 1266 "http://www.decodeine.org/" "Mozilla/4.0 (compatible; MSIE 7.0; Windows NT 5.1; .NET CLR 1.1.4322; .NET CLR 2.0.50727)" 446 1627
93.141.40.185 - - [06/Jan/2009:21:26:16 +0000] "GET /index.jpg HTTP/1.1" 200 225683 "http://www.decodeine.com/" "Mozilla/4.0 (compatible; MSIE 7.0; Windows NT 5.1; .NET CLR 1.1.4322; .NET CLR 2.0.50727)" 294 226048
93.141.40.185 - - [06/Jan/2009:21:26:17 +0000] "GET /indexbutton.jpg HTTP/1.1" 200 153759 "http://www.decodeine.com/" "Mozilla/4.0 (compatible; MSIE 7.0; Windows NT 5.1; .NET CLR 1.1.4322; .NET CLR 2.0.50727)" 300 154125
93.141.40.185 - - [06/Jan/2009:21:26:18 +0000] "GET /favicon.ico HTTP/1.1" 404 360 "-" "Mozilla/4.0 (compatible; MSIE 7.0; Windows NT 5.1; .NET CLR 1.1.4322; .NET CLR 2.0.50727)" 239 645
93.141.40.185 - - [06/Jan/2009:21:26:31 +0000] "GET /feidad.html HTTP/1.1" 200 820 "http://www.decodeine.com/" "Mozilla/4.0 (compatible; MSIE 7.0; Windows NT 5.1; .NET CLR 1.1.4322; .NET CLR 2.0.50727)" 457 1179
93.141.40.185 - - [06/Jan/2009:21:26:31 +0000] "GET /dec4b.swf HTTP/1.1" 200 7503350 "http://www.decodeine.com/feidad.html" "Mozilla/4.0 (compatible; MSIE 7.0; Windows NT 5.1; .NET CLR 1.1.4322; .NET CLR 2.0.50727)" 337 7503736
93.141.40.185 - - [06/Jan/2009:21:27:28 +0000] "GET /eh1.jpg HTTP/1.1" 200 66657 "http://www.decodeine.com/dec4b.swf" "Mozilla/4.0 (compatible; MSIE 7.0; Windows NT 5.1; .NET CLR 1.1.4322; .NET CLR 2.0.50727)" 362 67023
93.141.40.185 - - [06/Jan/2009:21:27:30 +0000] "GET /eh2.jpg HTTP/1.1" 200 65677 "http://www.decodeine.com/eh1.jpg" "Mozilla/4.0 (compatible; MSIE 7.0; Windows NT 5.1; .NET CLR 1.1.4322; .NET CLR 2.0.50727)" 360 66042
93.141.40.185 - - [06/Jan/2009:21:27:31 +0000] "GET /eh3.jpg HTTP/1.1" 200 65131 "http://www.decodeine.com/eh2.jpg" "Mozilla/4.0 (compatible; MSIE 7.0; Windows NT 5.1; .NET CLR 1.1.4322; .NET CLR 2.0.50727)" 360 65494
93.141.40.185 - - [06/Jan/2009:21:27:33 +0000] "GET /eh4.jpg HTTP/1.1" 200 58088 "http://www.decodeine.com/eh3.jpg" "Mozilla/4.0 (compatible; MSIE 7.0; Windows NT 5.1; .NET CLR 1.1.4322; .NET CLR 2.0.50727)" 360 58451
93.141.40.185 - - [06/Jan/2009:21:27:35 +0000] "GET /eh5.jpg HTTP/1.1" 200 52657 "http://www.decodeine.com/eh4.jpg" "Mozilla/4.0 (compatible; MSIE 7.0; Windows NT 5.1; .NET CLR 1.1.4322; .NET CLR 2.0.50727)" 360 53020
93.141.40.185 - - [06/Jan/2009:21:27:37 +0000] "GET /eh6.jpg HTTP/1.1" 200 191123 "http://www.decodeine.com/eh5.jpg" "Mozilla/4.0 (compatible; MSIE 7.0; Windows NT 5.1; .NET CLR 1.1.4322; .NET CLR 2.0.50727)" 360 191488
93.141.40.185 - - [06/Jan/2009:21:27:40 +0000] "GET /eh7.jpg HTTP/1.1" 200 108297 "http://www.decodeine.com/eh6.jpg" "Mozilla/4.0 (compatible; MSIE 7.0; Windows NT 5.1; .NET CLR 1.1.4322; .NET CLR 2.0.50727)" 360 108662
93.141.40.185 - - [06/Jan/2009:21:27:42 +0000] "GET /eh8.jpg HTTP/1.1" 200 122868 "http://www.decodeine.com/eh7.jpg" "Mozilla/4.0 (compatible; MSIE 7.0; Windows NT 5.1; .NET CLR 1.1.4322; .NET CLR 2.0.50727)" 360 123233
93.141.40.185 - - [06/Jan/2009:21:27:48 +0000] "GET /eha1.jpg HTTP/1.1" 404 357 "http://www.decodeine.com/dec4b.swf" "Mozilla/4.0 (compatible; MSIE 7.0; Windows NT 5.1; .NET CLR 1.1.4322; .NET CLR 2.0.50727)" 363 642
93.141.40.185 - - [06/Jan/2009:21:27:51 +0000] "GET /Hospital.avi HTTP/1.1" 404 361 "-" "Mozilla/4.0 (compatible; MSIE 7.0; Windows NT 5.1; .NET CLR 1.1.4322; .NET CLR 2.0.50727)" 422 646
93.141.40.185 - - [06/Jan/2009:21:28:20 +0000] "GET /o1.jpg HTTP/1.1" 200 258267 "http://www.decodeine.com/dec4b.swf" "Mozilla/4.0 (compatible; MSIE 7.0; Windows NT 5.1; .NET CLR 1.1.4322; .NET CLR 2.0.50727)" 361 258633
93.141.40.185 - - [06/Jan/2009:21:28:24 +0000] "GET /o2.jpg HTTP/1.1" 200 216322 "http://www.decodeine.com/o1.jpg" "Mozilla/4.0 (compatible; MSIE 7.0; Windows NT 5.1; .NET CLR 1.1.4322; .NET CLR 2.0.50727)" 358 216687
93.141.40.185 - - [06/Jan/2009:21:28:26 +0000] "GET /o3.jpg HTTP/1.1" 200 153363 "http://www.decodeine.com/o2.jpg" "Mozilla/4.0 (compatible; MSIE 7.0; Windows NT 5.1; .NET CLR 1.1.4322; .NET CLR 2.0.50727)" 358 153728
93.141.40.185 - - [06/Jan/2009:21:28:28 +0000] "GET /o4.jpg HTTP/1.1" 200 34271 "http://www.decodeine.com/o3.jpg" "Mozilla/4.0 (compatible; MSIE 7.0; Windows NT 5.1; .NET CLR 1.1.4322; .NET CLR 2.0.50727)" 358 34634
93.141.40.185 - - [06/Jan/2009:21:28:30 +0000] "GET /o5.jpg HTTP/1.1" 200 60308 "http://www.decodeine.com/o4.jpg" "Mozilla/4.0 (compatible; MSIE 7.0; Windows NT 5.1; .NET CLR 1.1.4322; .NET CLR 2.0.50727)" 358 60672
75.101.183.4 - - [07/Jan/2009:00:25:16 +0000] "GET / HTTP/1.0" 200 1266 "-" "Mozilla/5.0 (compatible; NetcraftSurveyAgent/1.0; +info@netcraft.com)" 362 1589
76.255.35.35 - - [07/Jan/2009:01:27:26 +0000] "GET /log/web.log.4 HTTP/1.1" 200 4090 "http://www.google.com/search?hl=en&q=AppleWebKit%2F525.19+KHTML%2C+1.0.154.36+Safari%2F525.19&btnG=Search" "Mozilla/5.0 (Windows; U; Windows NT 6.0; en-US; rv:1.9.0.5) Gecko/2008120122 Firefox/3.0.5" 502 4453
76.255.35.35 - - [07/Jan/2009:01:27:27 +0000] "GET /favicon.ico HTTP/1.1" 404 360 "-" "Mozilla/5.0 (Windows; U; Windows NT 6.0; en-US; rv:1.9.0.5) Gecko/2008120122 Firefox/3.0.5" 354 645
193.47.80.50 - - [07/Jan/2009:02:51:55 +0000] "GET /robots.txt HTTP/1.1" 404 359 "-" "Mozilla/5.0 (compatible; Exabot/3.0; +http://www.exabot.com/go/robot)" 260 607
193.47.80.50 - - [07/Jan/2009:02:51:55 +0000] "GET / HTTP/1.1" 304 - "-" "Mozilla/5.0 (compatible; Exabot/3.0; +http://www.exabot.com/go/robot)" 342 218
208.111.154.16 - - [07/Jan/2009:03:31:22 +0000] "GET /robots.txt HTTP/1.0" 404 359 "-" "Mozilla/5.0 (compatible; Charlotte/1.1; http://www.searchme.com/support/)" 320 645
208.111.154.15 - - [07/Jan/2009:03:31:22 +0000] "GET / HTTP/1.1" 304 - "-" "Mozilla/5.0 (compatible; Charlotte/1.1; http://www.searchme.com/support/)" 235 199
66.249.72.141 - - [07/Jan/2009:04:51:34 +0000] "GET /robots.txt HTTP/1.1" 404 359 "-" "Mozilla/5.0 (compatible; Googlebot/2.1; +http://www.google.com/bot.html)" 258 645
66.249.72.141 - - [07/Jan/2009:04:51:34 +0000] "GET /log/web.log.4 HTTP/1.1" 200 4090 "-" "Mozilla/5.0 (compatible; Googlebot/2.1; +http://www.google.com/bot.html)" 294 4452
66.249.72.141 - - [07/Jan/2009:05:02:03 +0000] "GET /log/web.log.1 HTTP/1.1" 200 13484 "-" "Mozilla/5.0 (compatible; Googlebot/2.1; +http://www.google.com/bot.html)" 294 13849
66.249.72.141 - - [07/Jan/2009:06:10:11 +0000] "GET /webalizer/usage_200803.html HTTP/1.1" 304 - "-" "Mozilla/5.0 (compatible; Googlebot/2.1; +http://www.google.com/bot.html)" 308 284
66.249.72.141 - - [07/Jan/2009:06:42:58 +0000] "GET /log/web.log.3 HTTP/1.1" 200 1961 "-" "Mozilla/5.0 (compatible; Googlebot/2.1; +http://www.google.com/bot.html)" 294 2323
38.99.13.125 - - [07/Jan/2009:06:58:33 +0000] "GET /robots.txt HTTP/1.0" 404 359 "-" "Mozilla/5.0 (Twiceler-0.9 http://www.cuil.com/twiceler/robot.html)" 199 607
38.103.63.56 - - [07/Jan/2009:09:14:35 +0000] "GET /robots.txt HTTP/1.1" 404 359 "-" "CCBot/1.0 (+http://www.commoncrawl.org/bot.html)" 348 607
38.103.63.56 - - [07/Jan/2009:09:33:46 +0000] "GET /feidad.html HTTP/1.1" 200 820 "-" "CCBot/1.0 (+http://www.commoncrawl.org/bot.html)" 349 1142
66.249.72.141 - - [07/Jan/2009:11:27:25 +0000] "GET /webalizer/usage_200901.html HTTP/1.1" 200 116948 "-" "Mozilla/5.0 (compatible; Googlebot/2.1; +http://www.google.com/bot.html)" 353 117314
124.120.100.129 - - [07/Jan/2009:12:29:21 +0000] "GET /adaptation10.swf HTTP/1.1" 404 365 "http://www.google.com/search?hl=en&as_q=pollination&as_epq=&as_oq=&as_eq=&num=100&lr=&as_filetype=swf&ft=i&as_sitesearch=&as_qdr=all&as_rights=&as_occt=any&cr=&as_nlo=&as_nhi=&safe=images" "Mozilla/4.0 (compatible; MSIE 7.0; Windows NT 5.1)" 681 651
208.80.194.42 - - [07/Jan/2009:13:23:23 +0000] "GET / HTTP/1.0" 200 1266 "-" "Mozilla/4.0 (compatible; MSIE 6.0; Windows 98; yie6_SBC; yplus 4.1.00b)" 128 1589
72.30.79.105 - - [07/Jan/2009:15:33:00 +0000] "GET /robots.txt HTTP/1.0" 404 359 "-" "Mozilla/5.0 (compatible; Yahoo! Slurp; http://help.yahoo.com/help/us/ysearch/slurp)" 194 607
72.30.79.105 - - [07/Jan/2009:15:33:01 +0000] "GET /log/ HTTP/1.0" 200 3186 "-" "Mozilla/5.0 (compatible; Yahoo! Slurp; http://help.yahoo.com/help/us/ysearch/slurp)" 223 3422
71.175.128.37 - - [07/Jan/2009:16:36:50 +0000] "GET /log/web.log.2 HTTP/1.1" 200 5490 "http://www.google.com/search?client=firefox-a&rls=org.mozilla%3Aen-US%3Aofficial&channel=s&hl=en&q=16+%0988.131.106.11&btnG=Google+Search" "Mozilla/5.0 (Macintosh; U; Intel Mac OS X 10.5; en-US; rv:1.9.0.5) Gecko/2008120121 Firefox/3.0.5" 541 5853
71.175.128.37 - - [07/Jan/2009:16:36:50 +0000] "GET /favicon.ico HTTP/1.1" 404 360 "-" "Mozilla/5.0 (Macintosh; U; Intel Mac OS X 10.5; en-US; rv:1.9.0.5) Gecko/2008120121 Firefox/3.0.5" 361 645
71.175.128.37 - - [07/Jan/2009:16:36:53 +0000] "GET /favicon.ico HTTP/1.1" 404 360 "-" "Mozilla/5.0 (Macintosh; U; Intel Mac OS X 10.5; en-US; rv:1.9.0.5) Gecko/2008120121 Firefox/3.0.5" 391 645
66.235.124.4 - - [07/Jan/2009:18:15:38 +0000] "GET /robots.txt HTTP/1.1" 404 359 "-" "Mozilla/5.0 (compatible; Ask Jeeves/Teoma; +http://about.ask.com/en/docs/about/webmasters.shtml)" 221 645
66.235.124.4 - - [07/Jan/2009:18:15:54 +0000] "GET / HTTP/1.1" 200 1266 "-" "Mozilla/5.0 (compatible; Ask Jeeves/Teoma; +http://about.ask.com/en/docs/about/webmasters.shtml)" 246 1589
208.111.154.16 - - [07/Jan/2009:20:27:42 +0000] "GET / HTTP/1.1" 304 - "-" "Mozilla/5.0 (compatible; Charlotte/1.1; http://www.searchme.com/support/)" 235 199
66.249.72.141 - - [08/Jan/2009:00:33:57 +0000] "GET /robots.txt HTTP/1.1" 404 359 "-" "Mozilla/5.0 (compatible; Googlebot/2.1; +http://www.google.com/bot.html)" 258 645
66.249.72.141 - - [08/Jan/2009:00:33:57 +0000] "GET /log/error.log.1 HTTP/1.1" 200 4068 "-" "Mozilla/5.0 (compatible; Googlebot/2.1; +http://www.google.com/bot.html)" 246 4429
66.249.72.141 - - [08/Jan/2009:00:49:30 +0000] "GET /log/error.log.5 HTTP/1.1" 200 364 "-" "Mozilla/5.0 (compatible; Googlebot/2.1; +http://www.google.com/bot.html)" 246 726
66.249.72.141 - - [08/Jan/2009:01:09:30 +0000] "GET /log/error.log.2 HTTP/1.1" 200 2074 "-" "Mozilla/5.0 (compatible; Googlebot/2.1; +http://www.google.com/bot.html)" 246 2436
66.249.72.141 - - [08/Jan/2009:01:33:56 +0000] "GET /webalizer/usage_200707.html HTTP/1.1" 200 150873 "-" "Mozilla/5.0 (compatible; Googlebot/2.1; +http://www.google.com/bot.html)" 258 151239
193.47.80.50 - - [08/Jan/2009:01:58:37 +0000] "GET / HTTP/1.1" 304 - "-" "Mozilla/5.0 (compatible; Exabot/3.0; +http://www.exabot.com/go/robot)" 342 218
66.235.124.4 - - [08/Jan/2009:02:57:17 +0000] "GET / HTTP/1.1" 200 1266 "-" "Mozilla/5.0 (compatible; Ask Jeeves/Teoma; +http://about.ask.com/en/docs/about/webmasters.shtml)" 246 1589
72.30.79.105 - - [08/Jan/2009:03:28:28 +0000] "GET / HTTP/1.0" 200 1266 "-" "Mozilla/5.0 (compatible; Yahoo! Slurp; http://help.yahoo.com/help/us/ysearch/slurp)" 219 1589
66.249.72.141 - - [08/Jan/2009:06:35:22 +0000] "GET /webalizer/usage_200508.html HTTP/1.1" 304 - "-" "Mozilla/5.0 (compatible; Googlebot/2.1; +http://www.google.com/bot.html)" 308 284
66.249.72.141 - - [08/Jan/2009:07:22:29 +0000] "GET /webalizer/usage_200804.html HTTP/1.1" 304 - "-" "Mozilla/5.0 (compatible; Googlebot/2.1; +http://www.google.com/bot.html)" 308 283
66.249.72.141 - - [08/Jan/2009:08:29:45 +0000] "GET /log/web.log.2 HTTP/1.1" 200 5490 "-" "Mozilla/5.0 (compatible; Googlebot/2.1; +http://www.google.com/bot.html)" 294 5853
90.5.12.105 - - [08/Jan/2009:09:41:53 +0000] "GET /favicon.ico HTTP/1.1" 404 360 "http://www.google.fr/search?q=Gecko%2Bchrome&ie=utf-8&oe=utf-8&aq=t&rls=org.mozilla:fr:official&client=firefox-a" "Mozilla/5.0 (Windows; U; Windows NT 6.0; fr; rv:1.9.0.5) Gecko/2008120122 Firefox/3.0.5" 495 646
217.111.50.120 - - [08/Jan/2009:10:01:13 +0000] "GET /log/web.log.4 HTTP/1.1" 200 4090 "http://www.google.de/search?hl=de&q=Mozilla%2F5.0+%28Windows%3B+U%3B+Windows+NT+6.0%3B+en-US%29+AppleWebKit%2F525.19+%28KHTML%2C+like+Gecko%29+Chrome%2F1.0.154.36+Safari%2F525.19&meta=" "Mozilla/4.0 (compatible; MSIE 7.0; Windows NT 5.1; .NET CLR 1.1.4322; .NET CLR 2.0.50727)" 680 4453
217.111.50.120 - - [08/Jan/2009:10:01:13 +0000] "GET /favicon.ico HTTP/1.1" 404 360 "-" "Mozilla/4.0 (compatible; MSIE 7.0; Windows NT 5.1; .NET CLR 1.1.4322; .NET CLR 2.0.50727)" 301 645
66.249.72.141 - - [08/Jan/2009:11:04:32 +0000] "GET /webalizer/usage_200901.html HTTP/1.1" 200 121488 "-" "Mozilla/5.0 (compatible; Googlebot/2.1; +http://www.google.com/bot.html)" 353 121854
208.111.154.16 - - [08/Jan/2009:11:15:04 +0000] "GET /robots.txt HTTP/1.0" 404 359 "-" "Mozilla/5.0 (compatible; Charlotte/1.1; http://www.searchme.com/support/)" 320 645
208.111.154.16 - - [08/Jan/2009:11:15:04 +0000] "GET / HTTP/1.1" 304 - "-" "Mozilla/5.0 (compatible; Charlotte/1.1; http://www.searchme.com/support/)" 235 199
219.64.114.115 - - [08/Jan/2009:14:00:35 +0000] "GET / HTTP/1.1" 200 1266 "http://www.loanwebworld.com" "Mozilla/4.0 (compatible; MSIE 5.5; Windows 98)" 234 1627
219.64.114.115 - - [08/Jan/2009:14:00:35 +0000] "GET / HTTP/1.1" 200 1266 "http://www.loanwebworld.com" "Mozilla/4.0 (compatible; MSIE 5.5; Windows 98)" 234 1627
81.138.90.118 - - [08/Jan/2009:16:05:47 +0000] "GET / HTTP/1.1" 200 1266 "http://www.landliving.com/archives/0000032006.aspx?2" "Mozilla/4.0 (compatible; MSIE 7.0; Windows NT 5.1; .NET CLR 1.1.4322; .NET CLR 2.0.50727; .NET CLR 3.0.04506.30; .NET CLR 3.0.04506.648)" 347 1627
81.138.90.118 - - [08/Jan/2009:16:05:47 +0000] "GET /indexbutton.jpg HTTP/1.1" 200 153759 "http://www.decodeine.com/" "Mozilla/4.0 (compatible; MSIE 7.0; Windows NT 5.1; .NET CLR 1.1.4322; .NET CLR 2.0.50727; .NET CLR 3.0.04506.30; .NET CLR 3.0.04506.648)" 335 154125
81.138.90.118 - - [08/Jan/2009:16:05:47 +0000] "GET /index.jpg HTTP/1.1" 200 225683 "http://www.decodeine.com/" "Mozilla/4.0 (compatible; MSIE 7.0; Windows NT 5.1; .NET CLR 1.1.4322; .NET CLR 2.0.50727; .NET CLR 3.0.04506.30; .NET CLR 3.0.04506.648)" 329 226048
81.138.90.118 - - [08/Jan/2009:16:05:53 +0000] "GET /favicon.ico HTTP/1.1" 404 360 "-" "Mozilla/4.0 (compatible; MSIE 7.0; Windows NT 5.1; .NET CLR 1.1.4322; .NET CLR 2.0.50727; .NET CLR 3.0.04506.30; .NET CLR 3.0.04506.648)" 271 645
81.138.90.118 - - [08/Jan/2009:16:06:09 +0000] "GET /feidad.html HTTP/1.1" 200 820 "http://www.decodeine.com/" "Mozilla/4.0 (compatible; MSIE 7.0; Windows NT 5.1; .NET CLR 1.1.4322; .NET CLR 2.0.50727; .NET CLR 3.0.04506.30; .NET CLR 3.0.04506.648)" 599 1180
81.138.90.118 - - [08/Jan/2009:16:06:10 +0000] "GET /dec4b.swf HTTP/1.1" 200 7503350 "http://www.decodeine.com/feidad.html" "Mozilla/4.0 (compatible; MSIE 7.0; Windows NT 5.1; .NET CLR 1.1.4322; .NET CLR 2.0.50727; .NET CLR 3.0.04506.30; .NET CLR 3.0.04506.648)" 343 7503736
81.138.90.118 - - [08/Jan/2009:16:08:07 +0000] "GET /hs01.jpg HTTP/1.1" 200 58624 "http://www.decodeine.com/dec4b.swf" "Mozilla/4.0 (compatible; MSIE 7.0; Windows NT 5.1; .NET CLR 1.1.4322; .NET CLR 2.0.50727; .NET CLR 3.0.04506.30; .NET CLR 3.0.04506.648)" 369 58987
81.138.90.118 - - [08/Jan/2009:16:08:11 +0000] "GET /hs02.jpg HTTP/1.1" 200 24937 "http://www.decodeine.com/hs01.jpg" "Mozilla/4.0 (compatible; MSIE 7.0; Windows NT 5.1; .NET CLR 1.1.4322; .NET CLR 2.0.50727; .NET CLR 3.0.04506.30; .NET CLR 3.0.04506.648)" 368 25300
81.138.90.118 - - [08/Jan/2009:16:08:13 +0000] "GET /hs03.jpg HTTP/1.1" 200 117599 "http://www.decodeine.com/hs02.jpg" "Mozilla/4.0 (compatible; MSIE 7.0; Windows NT 5.1; .NET CLR 1.1.4322; .NET CLR 2.0.50727; .NET CLR 3.0.04506.30; .NET CLR 3.0.04506.648)" 368 117964
81.138.90.118 - - [08/Jan/2009:16:08:16 +0000] "GET /hs04.jpg HTTP/1.1" 200 70913 "http://www.decodeine.com/hs03.jpg" "Mozilla/4.0 (compatible; MSIE 7.0; Windows NT 5.1; .NET CLR 1.1.4322; .NET CLR 2.0.50727; .NET CLR 3.0.04506.30; .NET CLR 3.0.04506.648)" 368 71277
81.138.90.118 - - [08/Jan/2009:16:08:20 +0000] "GET /hs05.jpg HTTP/1.1" 200 29807 "http://www.decodeine.com/hs04.jpg" "Mozilla/4.0 (compatible; MSIE 7.0; Windows NT 5.1; .NET CLR 1.1.4322; .NET CLR 2.0.50727; .NET CLR 3.0.04506.30; .NET CLR 3.0.04506.648)" 368 30170
81.138.90.118 - - [08/Jan/2009:16:08:23 +0000] "GET /hs16.jpg HTTP/1.1" 200 157251 "http://www.decodeine.com/hs05.jpg" "Mozilla/4.0 (compatible; MSIE 7.0; Windows NT 5.1; .NET CLR 1.1.4322; .NET CLR 2.0.50727; .NET CLR 3.0.04506.30; .NET CLR 3.0.04506.648)" 368 157616
81.138.90.118 - - [08/Jan/2009:16:08:26 +0000] "GET /hs06.jpg HTTP/1.1" 200 77326 "http://www.decodeine.com/hs16.jpg" "Mozilla/4.0 (compatible; MSIE 7.0; Windows NT 5.1; .NET CLR 1.1.4322; .NET CLR 2.0.50727; .NET CLR 3.0.04506.30; .NET CLR 3.0.04506.648)" 368 77690
81.138.90.118 - - [08/Jan/2009:16:08:32 +0000] "GET /hsa1.jpg HTTP/1.1" 404 357 "http://www.decodeine.com/dec4b.swf" "Mozilla/4.0 (compatible; MSIE 7.0; Windows NT 5.1; .NET CLR 1.1.4322; .NET CLR 2.0.50727; .NET CLR 3.0.04506.30; .NET CLR 3.0.04506.648)" 369 642
81.138.90.118 - - [08/Jan/2009:16:08:32 +0000] "GET /hsa3.jpg HTTP/1.1" 404 357 "http://www.decodeine.com/dec4b.swf" "Mozilla/4.0 (compatible; MSIE 7.0; Windows NT 5.1; .NET CLR 1.1.4322; .NET CLR 2.0.50727; .NET CLR 3.0.04506.30; .NET CLR 3.0.04506.648)" 369 642
81.138.90.118 - - [08/Jan/2009:16:08:32 +0000] "GET /hsa6.jpg HTTP/1.1" 404 357 "http://www.decodeine.com/dec4b.swf" "Mozilla/4.0 (compatible; MSIE 7.0; Windows NT 5.1; .NET CLR 1.1.4322; .NET CLR 2.0.50727; .NET CLR 3.0.04506.30; .NET CLR 3.0.04506.648)" 369 642
81.138.90.118 - - [08/Jan/2009:16:08:33 +0000] "GET /hsa4.jpg HTTP/1.1" 404 357 "http://www.decodeine.com/dec4b.swf" "Mozilla/4.0 (compatible; MSIE 7.0; Windows NT 5.1; .NET CLR 1.1.4322; .NET CLR 2.0.50727; .NET CLR 3.0.04506.30; .NET CLR 3.0.04506.648)" 369 642
81.138.90.118 - - [08/Jan/2009:16:08:33 +0000] "GET /hsa2.jpg HTTP/1.1" 404 357 "http://www.decodeine.com/dec4b.swf" "Mozilla/4.0 (compatible; MSIE 7.0; Windows NT 5.1; .NET CLR 1.1.4322; .NET CLR 2.0.50727; .NET CLR 3.0.04506.30; .NET CLR 3.0.04506.648)" 369 643
81.138.90.118 - - [08/Jan/2009:16:08:33 +0000] "GET /hsa5.jpg HTTP/1.1" 404 357 "http://www.decodeine.com/dec4b.swf" "Mozilla/4.0 (compatible; MSIE 7.0; Windows NT 5.1; .NET CLR 1.1.4322; .NET CLR 2.0.50727; .NET CLR 3.0.04506.30; .NET CLR 3.0.04506.648)" 369 642
81.138.90.118 - - [08/Jan/2009:16:08:33 +0000] "GET /hsa7.jpg HTTP/1.1" 404 357 "http://www.decodeine.com/dec4b.swf" "Mozilla/4.0 (compatible; MSIE 7.0; Windows NT 5.1; .NET CLR 1.1.4322; .NET CLR 2.0.50727; .NET CLR 3.0.04506.30; .NET CLR 3.0.04506.648)" 369 642
81.138.90.118 - - [08/Jan/2009:16:08:35 +0000] "GET /HarmonicChoreography.avi HTTP/1.1" 404 373 "http://www.decodeine.com/dec4b.swf" "Mozilla/4.0 (compatible; MSIE 7.0; Windows NT 5.1; .NET CLR 1.1.4322; .NET CLR 2.0.50727; .NET CLR 3.0.04506.30; .NET CLR 3.0.04506.648)" 621 658
81.138.90.118 - - [08/Jan/2009:16:08:58 +0000] "GET / HTTP/1.1" 304 - "http://www.landliving.com/archives/0000032006.aspx?2" "Mozilla/4.0 (compatible; MSIE 7.0; Windows NT 5.1; .NET CLR 1.1.4322; .NET CLR 2.0.50727; .NET CLR 3.0.04506.30; .NET CLR 3.0.04506.648)" 439 256
81.138.90.118 - - [08/Jan/2009:16:08:58 +0000] "GET /index.jpg HTTP/1.1" 304 - "http://www.decodeine.com/" "Mozilla/4.0 (compatible; MSIE 7.0; Windows NT 5.1; .NET CLR 1.1.4322; .NET CLR 2.0.50727; .NET CLR 3.0.04506.30; .NET CLR 3.0.04506.648)" 423 283
81.138.90.118 - - [08/Jan/2009:16:08:58 +0000] "GET /indexbutton.jpg HTTP/1.1" 304 - "http://www.decodeine.com/" "Mozilla/4.0 (compatible; MSIE 7.0; Windows NT 5.1; .NET CLR 1.1.4322; .NET CLR 2.0.50727; .NET CLR 3.0.04506.30; .NET CLR 3.0.04506.648)" 429 284
81.138.90.118 - - [08/Jan/2009:16:10:31 +0000] "GET /feidad.html HTTP/1.1" 304 - "http://www.decodeine.com/" "Mozilla/4.0 (compatible; MSIE 7.0; Windows NT 5.1; .NET CLR 1.1.4322; .NET CLR 2.0.50727; .NET CLR 3.0.04506.30; .NET CLR 3.0.04506.648)" 691 256
81.138.90.118 - - [08/Jan/2009:16:10:31 +0000] "GET /dec4b.swf HTTP/1.1" 304 - "http://www.decodeine.com/feidad.html" "Mozilla/4.0 (compatible; MSIE 7.0; Windows NT 5.1; .NET CLR 1.1.4322; .NET CLR 2.0.50727; .NET CLR 3.0.04506.30; .NET CLR 3.0.04506.648)" 438 284
81.138.90.118 - - [08/Jan/2009:16:10:57 +0000] "GET /o2.jpg HTTP/1.1" 200 216322 "http://www.decodeine.com/dec4b.swf" "Mozilla/4.0 (compatible; MSIE 7.0; Windows NT 5.1; .NET CLR 1.1.4322; .NET CLR 2.0.50727; .NET CLR 3.0.04506.30; .NET CLR 3.0.04506.648)" 367 216688
81.138.90.118 - - [08/Jan/2009:16:11:07 +0000] "GET /o3.jpg HTTP/1.1" 200 153363 "http://www.decodeine.com/o2.jpg" "Mozilla/4.0 (compatible; MSIE 7.0; Windows NT 5.1; .NET CLR 1.1.4322; .NET CLR 2.0.50727; .NET CLR 3.0.04506.30; .NET CLR 3.0.04506.648)" 364 153728
81.138.90.118 - - [08/Jan/2009:16:11:18 +0000] "GET /o4.jpg HTTP/1.1" 200 34271 "http://www.decodeine.com/o3.jpg" "Mozilla/4.0 (compatible; MSIE 7.0; Windows NT 5.1; .NET CLR 1.1.4322; .NET CLR 2.0.50727; .NET CLR 3.0.04506.30; .NET CLR 3.0.04506.648)" 364 34634
81.138.90.118 - - [08/Jan/2009:16:11:23 +0000] "GET /o5.jpg HTTP/1.1" 200 60308 "http://www.decodeine.com/o4.jpg" "Mozilla/4.0 (compatible; MSIE 7.0; Windows NT 5.1; .NET CLR 1.1.4322; .NET CLR 2.0.50727; .NET CLR 3.0.04506.30; .NET CLR 3.0.04506.648)" 364 60672
81.138.90.118 - - [08/Jan/2009:16:12:09 +0000] "GET /Margot.jpg HTTP/1.1" 404 359 "http://www.decodeine.com/dec4b.swf" "Mozilla/4.0 (compatible; MSIE 7.0; Windows NT 5.1; .NET CLR 1.1.4322; .NET CLR 2.0.50727; .NET CLR 3.0.04506.30; .NET CLR 3.0.04506.648)" 371 645
81.138.90.118 - - [08/Jan/2009:16:12:15 +0000] "GET /Margot.jpg HTTP/1.1" 404 359 "http://www.decodeine.com/dec4b.swf" "Mozilla/4.0 (compatible; MSIE 7.0; Windows NT 5.1; .NET CLR 1.1.4322; .NET CLR 2.0.50727; .NET CLR 3.0.04506.30; .NET CLR 3.0.04506.648)" 371 644
81.138.90.118 - - [08/Jan/2009:16:12:51 +0000] "GET /Margot.jpg HTTP/1.1" 404 359 "http://www.decodeine.com/dec4b.swf" "Mozilla/4.0 (compatible; MSIE 7.0; Windows NT 5.1; .NET CLR 1.1.4322; .NET CLR 2.0.50727; .NET CLR 3.0.04506.30; .NET CLR 3.0.04506.648)" 371 645
81.138.90.118 - - [08/Jan/2009:16:14:10 +0000] "GET / HTTP/1.1" 304 - "http://www.landliving.com/archives/0000032006.aspx?2" "Mozilla/4.0 (compatible; MSIE 7.0; Windows NT 5.1; .NET CLR 1.1.4322; .NET CLR 2.0.50727; .NET CLR 3.0.04506.30; .NET CLR 3.0.04506.648)" 439 256
81.138.90.118 - - [08/Jan/2009:16:14:11 +0000] "GET /index.jpg HTTP/1.1" 304 - "http://www.decodeine.com/" "Mozilla/4.0 (compatible; MSIE 7.0; Windows NT 5.1; .NET CLR 1.1.4322; .NET CLR 2.0.50727; .NET CLR 3.0.04506.30; .NET CLR 3.0.04506.648)" 423 283
81.138.90.118 - - [08/Jan/2009:16:14:11 +0000] "GET /indexbutton.jpg HTTP/1.1" 304 - "http://www.decodeine.com/" "Mozilla/4.0 (compatible; MSIE 7.0; Windows NT 5.1; .NET CLR 1.1.4322; .NET CLR 2.0.50727; .NET CLR 3.0.04506.30; .NET CLR 3.0.04506.648)" 429 284
66.249.72.141 - - [08/Jan/2009:20:02:55 +0000] "GET /robots.txt HTTP/1.1" 404 359 "-" "Mozilla/5.0 (compatible; Googlebot/2.1; +http://www.google.com/bot.html)" 258 645
66.249.72.141 - - [08/Jan/2009:20:02:55 +0000] "GET / HTTP/1.1" 200 1266 "-" "Mozilla/5.0 (compatible; Googlebot/2.1; +http://www.google.com/bot.html)" 231 1626
66.249.72.141 - - [08/Jan/2009:22:03:36 +0000] "GET /webalizer/daily_usage_200803.png HTTP/1.1" 304 - "-" "Googlebot-Image/1.0" 260 283
66.249.72.141 - - [08/Jan/2009:23:38:10 +0000] "GET /feidad.html HTTP/1.1" 200 820 "-" "Mozilla/5.0 (compatible; Googlebot/2.1; +http://www.google.com/bot.html)" 242 1180
208.80.194.54 - - [09/Jan/2009:00:29:58 +0000] "GET / HTTP/1.0" 200 1266 "-" "Mozilla/4.0 (compatible; MSIE 7.0; Windows NT 5.1; QXW03396; FDM; .NET CLR 1.1.4322)" 141 1589
75.37.183.199 - - [09/Jan/2009:01:07:49 +0000] "GET / HTTP/1.1" 200 1266 "-" "Mozilla/5.0 (Windows; U; Windows NT 6.0; en-US; rv:1.9.0.4) Gecko/2008102920 Firefox/3.0.4" 166 1589
89.128.230.231 - - [09/Jan/2009:01:27:36 +0000] "GET / HTTP/1.1" 200 1266 "-" "Mozilla/4.0 (compatible; MSIE 7.0; Windows NT 5.1; .NET CLR 2.0.50727; InfoPath.2; .NET CLR 3.0.04506.30)" 533 1627
89.128.230.231 - - [09/Jan/2009:01:27:36 +0000] "GET /indexbutton.jpg HTTP/1.1" 200 153759 "http://www.decodeine.com/" "Mozilla/4.0 (compatible; MSIE 7.0; Windows NT 5.1; .NET CLR 2.0.50727; InfoPath.2; .NET CLR 3.0.04506.30)" 316 154125
89.128.230.231 - - [09/Jan/2009:01:27:36 +0000] "GET /index.jpg HTTP/1.1" 200 225683 "http://www.decodeine.com/" "Mozilla/4.0 (compatible; MSIE 7.0; Windows NT 5.1; .NET CLR 2.0.50727; InfoPath.2; .NET CLR 3.0.04506.30)" 310 226048
89.128.230.231 - - [09/Jan/2009:01:27:40 +0000] "GET /favicon.ico HTTP/1.1" 404 360 "-" "Mozilla/4.0 (compatible; MSIE 7.0; Windows NT 5.1; .NET CLR 2.0.50727; InfoPath.2; .NET CLR 3.0.04506.30)" 255 645
89.128.230.231 - - [09/Jan/2009:01:27:52 +0000] "GET /feidad.html HTTP/1.1" 200 820 "http://www.decodeine.com/" "Mozilla/4.0 (compatible; MSIE 7.0; Windows NT 5.1; .NET CLR 2.0.50727; InfoPath.2; .NET CLR 3.0.04506.30)" 580 1179
89.128.230.231 - - [09/Jan/2009:01:27:53 +0000] "GET /dec4b.swf HTTP/1.1" 200 7503350 "http://www.decodeine.com/feidad.html" "Mozilla/4.0 (compatible; MSIE 7.0; Windows NT 5.1; .NET CLR 2.0.50727; InfoPath.2; .NET CLR 3.0.04506.30)" 353 7503736
89.128.230.231 - - [09/Jan/2009:01:29:20 +0000] "GET /eh1.jpg HTTP/1.1" 200 66657 "http://www.decodeine.com/dec4b.swf" "Mozilla/4.0 (compatible; MSIE 7.0; Windows NT 5.1; .NET CLR 2.0.50727; InfoPath.2; .NET CLR 3.0.04506.30)" 378 67023
89.128.230.231 - - [09/Jan/2009:01:29:25 +0000] "GET /eh2.jpg HTTP/1.1" 200 65677 "http://www.decodeine.com/eh1.jpg" "Mozilla/4.0 (compatible; MSIE 7.0; Windows NT 5.1; .NET CLR 2.0.50727; InfoPath.2; .NET CLR 3.0.04506.30)" 376 66042
89.128.230.231 - - [09/Jan/2009:01:29:27 +0000] "GET /eh3.jpg HTTP/1.1" 200 65131 "http://www.decodeine.com/eh2.jpg" "Mozilla/4.0 (compatible; MSIE 7.0; Windows NT 5.1; .NET CLR 2.0.50727; InfoPath.2; .NET CLR 3.0.04506.30)" 376 65494
89.128.230.231 - - [09/Jan/2009:01:29:31 +0000] "GET /eh4.jpg HTTP/1.1" 200 58088 "http://www.decodeine.com/eh3.jpg" "Mozilla/4.0 (compatible; MSIE 7.0; Windows NT 5.1; .NET CLR 2.0.50727; InfoPath.2; .NET CLR 3.0.04506.30)" 376 58451
89.128.230.231 - - [09/Jan/2009:01:29:34 +0000] "GET /eh5.jpg HTTP/1.1" 200 52657 "http://www.decodeine.com/eh4.jpg" "Mozilla/4.0 (compatible; MSIE 7.0; Windows NT 5.1; .NET CLR 2.0.50727; InfoPath.2; .NET CLR 3.0.04506.30)" 376 53020
89.128.230.231 - - [09/Jan/2009:01:29:38 +0000] "GET /eh6.jpg HTTP/1.1" 200 191123 "http://www.decodeine.com/eh5.jpg" "Mozilla/4.0 (compatible; MSIE 7.0; Windows NT 5.1; .NET CLR 2.0.50727; InfoPath.2; .NET CLR 3.0.04506.30)" 376 191488
89.128.230.231 - - [09/Jan/2009:01:29:41 +0000] "GET /eh7.jpg HTTP/1.1" 200 108297 "http://www.decodeine.com/eh6.jpg" "Mozilla/4.0 (compatible; MSIE 7.0; Windows NT 5.1; .NET CLR 2.0.50727; InfoPath.2; .NET CLR 3.0.04506.30)" 376 108662
89.128.230.231 - - [09/Jan/2009:01:29:47 +0000] "GET /eh8.jpg HTTP/1.1" 200 122868 "http://www.decodeine.com/eh6.jpg" "Mozilla/4.0 (compatible; MSIE 7.0; Windows NT 5.1; .NET CLR 2.0.50727; InfoPath.2; .NET CLR 3.0.04506.30)" 376 123233
89.128.230.231 - - [09/Jan/2009:01:29:50 +0000] "GET /eh9.jpg HTTP/1.1" 200 127505 "http://www.decodeine.com/eh8.jpg" "Mozilla/4.0 (compatible; MSIE 7.0; Windows NT 5.1; .NET CLR 2.0.50727; InfoPath.2; .NET CLR 3.0.04506.30)" 376 127870
89.128.230.231 - - [09/Jan/2009:01:29:52 +0000] "GET /eh10.jpg HTTP/1.1" 200 105670 "http://www.decodeine.com/eh9.jpg" "Mozilla/4.0 (compatible; MSIE 7.0; Windows NT 5.1; .NET CLR 2.0.50727; InfoPath.2; .NET CLR 3.0.04506.30)" 377 106035
89.128.230.231 - - [09/Jan/2009:01:29:55 +0000] "GET /eh11.jpg HTTP/1.1" 200 120922 "http://www.decodeine.com/eh10.jpg" "Mozilla/4.0 (compatible; MSIE 7.0; Windows NT 5.1; .NET CLR 2.0.50727; InfoPath.2; .NET CLR 3.0.04506.30)" 378 121287
89.128.230.231 - - [09/Jan/2009:01:29:57 +0000] "GET /eh12.jpg HTTP/1.1" 200 125271 "http://www.decodeine.com/eh11.jpg" "Mozilla/4.0 (compatible; MSIE 7.0; Windows NT 5.1; .NET CLR 2.0.50727; InfoPath.2; .NET CLR 3.0.04506.30)" 378 125637
89.128.230.231 - - [09/Jan/2009:01:30:01 +0000] "GET /eh13.jpg HTTP/1.1" 200 141379 "http://www.decodeine.com/eh12.jpg" "Mozilla/4.0 (compatible; MSIE 7.0; Windows NT 5.1; .NET CLR 2.0.50727; InfoPath.2; .NET CLR 3.0.04506.30)" 378 141745
89.128.230.231 - - [09/Jan/2009:01:30:03 +0000] "GET /eh14.jpg HTTP/1.1" 200 111982 "http://www.decodeine.com/eh13.jpg" "Mozilla/4.0 (compatible; MSIE 7.0; Windows NT 5.1; .NET CLR 2.0.50727; InfoPath.2; .NET CLR 3.0.04506.30)" 378 112348
89.128.230.231 - - [09/Jan/2009:01:30:08 +0000] "GET /eh15.jpg HTTP/1.1" 200 130288 "http://www.decodeine.com/eh14.jpg" "Mozilla/4.0 (compatible; MSIE 7.0; Windows NT 5.1; .NET CLR 2.0.50727; InfoPath.2; .NET CLR 3.0.04506.30)" 378 130653
89.128.230.231 - - [09/Jan/2009:01:30:11 +0000] "GET /eh16.jpg HTTP/1.1" 200 70919 "http://www.decodeine.com/eh15.jpg" "Mozilla/4.0 (compatible; MSIE 7.0; Windows NT 5.1; .NET CLR 2.0.50727; InfoPath.2; .NET CLR 3.0.04506.30)" 378 71283
89.128.230.231 - - [09/Jan/2009:01:30:14 +0000] "GET /eh17.jpg HTTP/1.1" 200 131211 "http://www.decodeine.com/eh16.jpg" "Mozilla/4.0 (compatible; MSIE 7.0; Windows NT 5.1; .NET CLR 2.0.50727; InfoPath.2; .NET CLR 3.0.04506.30)" 378 131576
89.128.230.231 - - [09/Jan/2009:01:30:30 +0000] "GET /eh18.jpg HTTP/1.1" 200 119010 "http://www.decodeine.com/eh17.jpg" "Mozilla/4.0 (compatible; MSIE 7.0; Windows NT 5.1; .NET CLR 2.0.50727; InfoPath.2; .NET CLR 3.0.04506.30)" 378 119375
89.128.230.231 - - [09/Jan/2009:01:30:34 +0000] "GET /eh19.jpg HTTP/1.1" 200 64514 "http://www.decodeine.com/eh18.jpg" "Mozilla/4.0 (compatible; MSIE 7.0; Windows NT 5.1; .NET CLR 2.0.50727; InfoPath.2; .NET CLR 3.0.04506.30)" 378 64877
89.128.230.231 - - [09/Jan/2009:01:30:37 +0000] "GET /eh20.jpg HTTP/1.1" 200 70528 "http://www.decodeine.com/eh19.jpg" "Mozilla/4.0 (compatible; MSIE 7.0; Windows NT 5.1; .NET CLR 2.0.50727; InfoPath.2; .NET CLR 3.0.04506.30)" 378 70892
89.128.230.231 - - [09/Jan/2009:01:30:39 +0000] "GET /eha1.jpg HTTP/1.1" 404 357 "http://www.decodeine.com/dec4b.swf" "Mozilla/4.0 (compatible; MSIE 7.0; Windows NT 5.1; .NET CLR 2.0.50727; InfoPath.2; .NET CLR 3.0.04506.30)" 379 642
89.128.230.231 - - [09/Jan/2009:01:30:52 +0000] "GET /Hospital.avi HTTP/1.1" 404 361 "-" "Mozilla/4.0 (compatible; MSIE 7.0; Windows NT 5.1; .NET CLR 2.0.50727; InfoPath.2; .NET CLR 3.0.04506.30)" 545 646
89.128.230.231 - - [09/Jan/2009:01:30:54 +0000] "GET /feidad.html HTTP/1.1" 304 - "http://www.decodeine.com/" "Mozilla/4.0 (compatible; MSIE 7.0; Windows NT 5.1; .NET CLR 2.0.50727; InfoPath.2; .NET CLR 3.0.04506.30)" 404 255
89.128.230.231 - - [09/Jan/2009:01:32:23 +0000] "GET /o1.jpg HTTP/1.1" 200 258267 "http://www.decodeine.com/dec4b.swf" "Mozilla/4.0 (compatible; MSIE 7.0; Windows NT 5.1; .NET CLR 2.0.50727; InfoPath.2; .NET CLR 3.0.04506.30)" 377 258633
89.128.230.231 - - [09/Jan/2009:01:32:34 +0000] "GET /o2.jpg HTTP/1.1" 200 216322 "http://www.decodeine.com/o1.jpg" "Mozilla/4.0 (compatible; MSIE 7.0; Windows NT 5.1; .NET CLR 2.0.50727; InfoPath.2; .NET CLR 3.0.04506.30)" 374 216687
87.118.94.73 - - [09/Jan/2009:01:40:31 +0000] "GET / HTTP/1.0" 200 1266 "http://webim.mobi/" "Mozilla/4.0 (compatible; MSIE 6.0; Windows XP; SV1)" 158 1589
87.118.94.73 - - [09/Jan/2009:02:37:27 +0000] "GET / HTTP/1.0" 200 1266 "http://messenger4web.com/" "Mozilla/4.0 (compatible; MSIE 6.0; Windows XP; SV1; Avant Browser; .NET CLR 2.0.50727)" 200 1589
87.118.94.73 - - [09/Jan/2009:03:18:58 +0000] "GET / HTTP/1.0" 200 1266 "http://messenger4web.com/" "Mozilla/4.0 (compatible; MSIE 6.0; Windows NT 5.1)" 164 1589
193.47.80.50 - - [09/Jan/2009:09:47:35 +0000] "GET /robots.txt HTTP/1.1" 404 359 "-" "Mozilla/5.0 (compatible; Exabot/3.0; +http://www.exabot.com/go/robot)" 260 607
193.47.80.50 - - [09/Jan/2009:09:47:35 +0000] "GET / HTTP/1.1" 304 - "-" "Mozilla/5.0 (compatible; Exabot/3.0; +http://www.exabot.com/go/robot)" 342 218
66.249.72.141 - - [09/Jan/2009:11:07:06 +0000] "GET /robots.txt HTTP/1.1" 404 359 "-" "Mozilla/5.0 (compatible; Googlebot/2.1; +http://www.google.com/bot.html)" 258 645
66.249.72.141 - - [09/Jan/2009:11:07:06 +0000] "GET /webalizer/usage_200901.html HTTP/1.1" 200 124576 "-" "Mozilla/5.0 (compatible; Googlebot/2.1; +http://www.google.com/bot.html)" 353 124941
66.249.72.141 - - [09/Jan/2009:11:12:50 +0000] "GET /log/web.log.2 HTTP/1.1" 200 5490 "-" "Mozilla/5.0 (compatible; Googlebot/2.1; +http://www.google.com/bot.html)" 294 5853
88.131.106.11 - - [09/Jan/2009:11:55:29 +0000] "GET /robots.txt HTTP/1.0" 404 359 "-" "Speedy Spider (http://www.entireweb.com/about/search_tech/speedy_spider/)" 199 607
88.131.106.11 - - [09/Jan/2009:11:55:29 +0000] "GET / HTTP/1.0" 200 1266 "-" "Speedy Spider (http://www.entireweb.com/about/search_tech/speedy_spider/)" 189 1589
66.249.72.141 - - [09/Jan/2009:14:56:34 +0000] "GET /webalizer/usage_200507.html HTTP/1.1" 200 77340 "-" "Mozilla/5.0 (compatible; Googlebot/2.1; +http://www.google.com/bot.html)" 258 77704
66.249.72.141 - - [09/Jan/2009:16:25:43 +0000] "GET /decodeine.htm HTTP/1.1" 404 362 "-" "Mozilla/5.0 (compatible; Googlebot/2.1; +http://www.google.com/bot.html)" 244 648
66.249.72.141 - - [09/Jan/2009:16:44:32 +0000] "GET /CAM1.swf HTTP/1.1" 404 357 "-" "Mozilla/5.0 (compatible; Googlebot/2.1; +http://www.google.com/bot.html)" 239 643
66.249.72.141 - - [09/Jan/2009:16:54:26 +0000] "GET /fdesign%201.swf HTTP/1.1" 404 362 "-" "Mozilla/5.0 (compatible; Googlebot/2.1; +http://www.google.com/bot.html)" 246 648
208.80.194.48 - - [09/Jan/2009:17:06:46 +0000] "GET / HTTP/1.0" 200 1266 "-" "Mozilla/4.0 (compatible; MSIE 7.0; Windows NT 5.1; FunWebProducts; CDSource=v9e.03; YPC 3.2.0; .NET CLR 1.1.4322)" 170 1589
88.131.106.11 - - [09/Jan/2009:18:12:41 +0000] "GET /robots.txt HTTP/1.0" 404 359 "-" "Speedy Spider (http://www.entireweb.com/about/search_tech/speedy_spider/)" 199 607
88.131.106.11 - - [09/Jan/2009:18:12:41 +0000] "GET / HTTP/1.0" 200 1266 "-" "Speedy Spider (http://www.entireweb.com/about/search_tech/speedy_spider/)" 189 1589
66.249.72.141 - - [09/Jan/2009:21:10:09 +0000] "GET /dec4b.swf HTTP/1.1" 200 7503350 "-" "Mozilla/5.0 (compatible; Googlebot/2.1; +http://www.google.com/bot.html)" 240 7503737
216.69.181.1 - - [10/Jan/2009:06:26:59 +0000] "GET / HTTP/1.1" 200 1266 "-" "-" 67 1627
208.109.123.114 - - [10/Jan/2009:06:31:51 +0000] "GET / HTTP/1.1" 200 1266 "-" "-" 67 1627
38.100.41.102 - - [10/Jan/2009:09:25:56 +0000] "GET / HTTP/1.1" 200 1266 "-" "Mozilla/4.0 (compatible; MSIE 7.0; Windows NT 5.2)" 169 1627
38.100.41.102 - - [10/Jan/2009:09:26:02 +0000] "GET /feidad.html HTTP/1.1" 200 820 "http://www.decodeine.com/" "Mozilla/4.0 (compatible; MSIE 7.0; Windows NT 5.2)" 216 1180
66.249.72.141 - - [10/Jan/2009:11:13:56 +0000] "GET /robots.txt HTTP/1.1" 404 359 "-" "Mozilla/5.0 (compatible; Googlebot/2.1; +http://www.google.com/bot.html)" 258 645
66.249.72.141 - - [10/Jan/2009:11:13:57 +0000] "GET /webalizer/usage_200901.html HTTP/1.1" 200 126093 "-" "Mozilla/5.0 (compatible; Googlebot/2.1; +http://www.google.com/bot.html)" 353 126458
66.249.72.141 - - [10/Jan/2009:11:56:44 +0000] "GET / HTTP/1.1" 200 1266 "-" "Mozilla/5.0 (compatible; Googlebot/2.1; +http://www.google.com/bot.html)" 231 1627
38.99.13.125 - - [10/Jan/2009:12:52:17 +0000] "GET /robots.txt HTTP/1.0" 404 359 "-" "Mozilla/5.0 (Twiceler-0.9 http://www.cuil.com/twiceler/robot.html)" 199 607
66.249.72.141 - - [10/Jan/2009:12:58:00 +0000] "GET /webalizer/usage_200607.html HTTP/1.1" 200 106726 "-" "Mozilla/5.0 (compatible; Googlebot/2.1; +http://www.google.com/bot.html)" 258 107091
66.249.72.141 - - [10/Jan/2009:14:08:24 +0000] "GET /log/?C=S;O=A HTTP/1.1" 200 3186 "-" "Mozilla/5.0 (compatible; Googlebot/2.1; +http://www.google.com/bot.html)" 293 3460
66.249.72.141 - - [10/Jan/2009:14:25:17 +0000] "GET /log/ HTTP/1.1" 200 3186 "-" "Mozilla/5.0 (compatible; Googlebot/2.1; +http://www.google.com/bot.html)" 285 3460
66.249.72.141 - - [10/Jan/2009:14:29:30 +0000] "GET /log/web.log.5 HTTP/1.1" 200 2798 "-" "Mozilla/5.0 (compatible; Googlebot/2.1; +http://www.google.com/bot.html)" 294 3161
66.235.124.4 - - [10/Jan/2009:15:10:00 +0000] "GET /robots.txt HTTP/1.1" 404 359 "-" "Mozilla/5.0 (compatible; Ask Jeeves/Teoma; +http://about.ask.com/en/docs/about/webmasters.shtml)" 221 645
66.235.124.4 - - [10/Jan/2009:15:10:16 +0000] "GET / HTTP/1.1" 200 1266 "-" "Mozilla/5.0 (compatible; Ask Jeeves/Teoma; +http://about.ask.com/en/docs/about/webmasters.shtml)" 246 1589
67.195.37.159 - - [10/Jan/2009:16:16:50 +0000] "GET /robots.txt HTTP/1.0" 404 359 "-" "Mozilla/5.0 (compatible; Yahoo! Slurp; http://help.yahoo.com/help/us/ysearch/slurp)" 194 607
67.195.37.159 - - [10/Jan/2009:16:16:50 +0000] "GET / HTTP/1.0" 200 1266 "-" "Mozilla/5.0 (compatible; Yahoo! Slurp; http://help.yahoo.com/help/us/ysearch/slurp)" 205 1589
72.30.79.124 - - [10/Jan/2009:16:26:11 +0000] "GET /robots.txt HTTP/1.0" 404 359 "-" "Mozilla/5.0 (compatible; Yahoo! Slurp; http://help.yahoo.com/help/us/ysearch/slurp)" 194 607
72.30.79.124 - - [10/Jan/2009:16:26:12 +0000] "GET /feidad.html HTTP/1.0" 200 820 "-" "Mozilla/5.0 (compatible; Yahoo! Slurp; http://help.yahoo.com/help/us/ysearch/slurp)" 230 1142
64.124.85.91 - - [10/Jan/2009:21:23:07 +0000] "GET /robots.txt HTTP/1.1" 404 359 "-" "Mozilla/5.0 (compatible; BecomeBot/3.0; +http://www.become.com/site_owners.html)" 334 607
64.124.85.91 - - [10/Jan/2009:21:23:24 +0000] "GET /feidad.html HTTP/1.1" 200 820 "-" "Mozilla/5.0 (compatible; BecomeBot/3.0; +http://www.become.com/site_owners.html)" 335 1142
208.111.154.15 - - [10/Jan/2009:21:52:20 +0000] "GET /robots.txt HTTP/1.0" 404 359 "-" "Mozilla/5.0 (compatible; Charlotte/1.1; http://www.searchme.com/support/)" 320 645
208.111.154.15 - - [10/Jan/2009:21:52:20 +0000] "GET / HTTP/1.1" 304 - "-" "Mozilla/5.0 (compatible; Charlotte/1.1; http://www.searchme.com/support/)" 235 199
208.80.194.52 - - [11/Jan/2009:00:49:38 +0000] "GET / HTTP/1.0" 200 1266 "-" "Mozilla/4.0 (compatible; MSIE 6.0; America Online Browser 1.1; Windows NT 5.1; SV1; .NET CLR 1.1.4322; .NET CLR 2.0.50727; .NET CLR 3.0.04506.30)" 202 1589
66.249.72.141 - - [11/Jan/2009:01:56:11 +0000] "GET /robots.txt HTTP/1.1" 404 359 "-" "Googlebot-Image/1.0" 205 645
66.249.72.141 - - [11/Jan/2009:01:56:12 +0000] "GET /webalizer/daily_usage_200804.png HTTP/1.1" 200 2619 "-" "Googlebot-Image/1.0" 210 2979
66.249.72.141 - - [11/Jan/2009:02:33:45 +0000] "GET /webalizer/ctry_usage_200804.png HTTP/1.1" 304 - "-" "Googlebot-Image/1.0" 259 256
66.249.72.141 - - [11/Jan/2009:03:45:48 +0000] "GET /webalizer/ctry_usage_200508.png HTTP/1.1" 304 - "-" "Googlebot-Image/1.0" 259 256
66.249.72.141 - - [11/Jan/2009:04:37:28 +0000] "GET /webalizer/daily_usage_200508.png HTTP/1.1" 304 - "-" "Googlebot-Image/1.0" 260 256
66.249.72.141 - - [11/Jan/2009:06:00:28 +0000] "GET /icons/back.gif HTTP/1.1" 304 - "-" "Googlebot-Image/1.0" 242 255
66.249.72.141 - - [11/Jan/2009:11:06:25 +0000] "GET /webalizer/usage_200901.html HTTP/1.1" 200 127625 "-" "Mozilla/5.0 (compatible; Googlebot/2.1; +http://www.google.com/bot.html)" 353 127991
66.249.72.141 - - [11/Jan/2009:13:34:33 +0000] "GET /dec4b.swf HTTP/1.1" 200 7503350 "-" "Mozilla/5.0 (compatible; Googlebot/2.1; +http://www.google.com/bot.html)" 240 7503737
66.249.72.141 - - [11/Jan/2009:14:49:07 +0000] "GET /robots.txt HTTP/1.1" 404 359 "-" "Mozilla/5.0 (compatible; Googlebot/2.1; +http://www.google.com/bot.html)" 258 645
66.249.72.141 - - [11/Jan/2009:14:49:07 +0000] "GET /log/?N=A HTTP/1.1" 200 3186 "-" "Mozilla/5.0 (compatible; Googlebot/2.1; +http://www.google.com/bot.html)" 289 3459
66.249.72.141 - - [11/Jan/2009:15:19:59 +0000] "GET /webalizer/usage_200703.html HTTP/1.1" 200 110824 "-" "Mozilla/5.0 (compatible; Googlebot/2.1; +http://www.google.com/bot.html)" 258 111189
66.249.72.141 - - [11/Jan/2009:15:32:16 +0000] "GET /log/web.log.1 HTTP/1.1" 200 13484 "-" "Mozilla/5.0 (compatible; Googlebot/2.1; +http://www.google.com/bot.html)" 294 13849
208.111.154.16 - - [11/Jan/2009:15:32:44 +0000] "GET / HTTP/1.1" 304 - "-" "Mozilla/5.0 (compatible; Charlotte/1.1; http://www.searchme.com/support/)" 235 199
66.249.72.141 - - [11/Jan/2009:15:50:35 +0000] "GET /log/web.log.4 HTTP/1.1" 304 - "-" "Mozilla/5.0 (compatible; Googlebot/2.1; +http://www.google.com/bot.html)" 294 283
66.249.72.141 - - [11/Jan/2009:16:40:17 +0000] "GET /log/web.log.3 HTTP/1.1" 304 - "-" "Mozilla/5.0 (compatible; Googlebot/2.1; +http://www.google.com/bot.html)" 294 256
193.47.80.50 - - [11/Jan/2009:22:36:28 +0000] "GET /robots.txt HTTP/1.1" 404 359 "-" "Mozilla/5.0 (compatible; Exabot/3.0; +http://www.exabot.com/go/robot)" 260 607
193.47.80.50 - - [11/Jan/2009:22:36:28 +0000] "GET / HTTP/1.1" 304 - "-" "Mozilla/5.0 (compatible; Exabot/3.0; +http://www.exabot.com/go/robot)" 342 218
208.80.194.51 - - [12/Jan/2009:00:57:47 +0000] "GET / HTTP/1.0" 200 1266 "-" "Mozilla/4.0 (compatible; MSIE 7.0; Windows NT 5.1; SIMBAR Enabled; .NET CLR 1.1.4322; .NET CLR 2.0.50727; .NET CLR 3.0.04506.30)" 185 1589
69.58.178.28 - - [12/Jan/2009:01:27:14 +0000] "GET /robots.txt HTTP/1.1" 404 359 "-" "Mozilla/5.0 (X11; U; Linux i686; en-US; rv:1.7.12; ips-agent) Gecko/20050922 Fedora/1.0.7-1.1.fc4 Firefox/1.0.7" 205 588
69.58.178.28 - - [12/Jan/2009:01:28:43 +0000] "GET / HTTP/1.1" 200 1266 "-" "Mozilla/5.0 (X11; U; Linux i686; en-US; rv:1.7.12; ips-agent) Gecko/20050922 Fedora/1.0.7-1.1.fc4 Firefox/1.0.7" 195 1570
69.58.178.28 - - [12/Jan/2009:01:30:42 +0000] "GET /feidad.html HTTP/1.1" 200 820 "-" "Mozilla/5.0 (X11; U; Linux i686; en-US; rv:1.7.12; ips-agent) Gecko/20050922 Fedora/1.0.7-1.1.fc4 Firefox/1.0.7" 206 1123
66.235.124.4 - - [12/Jan/2009:02:45:24 +0000] "GET /robots.txt HTTP/1.1" 404 359 "-" "Mozilla/5.0 (compatible; Ask Jeeves/Teoma; +http://about.ask.com/en/docs/about/webmasters.shtml)" 221 645
66.235.124.4 - - [12/Jan/2009:02:45:39 +0000] "GET / HTTP/1.1" 200 1266 "-" "Mozilla/5.0 (compatible; Ask Jeeves/Teoma; +http://about.ask.com/en/docs/about/webmasters.shtml)" 246 1589
66.249.72.141 - - [12/Jan/2009:04:18:00 +0000] "GET /robots.txt HTTP/1.1" 404 359 "-" "Mozilla/5.0 (compatible; Googlebot/2.1; +http://www.google.com/bot.html)" 258 645
66.249.72.141 - - [12/Jan/2009:04:18:00 +0000] "GET /webalizer/usage_200811.html HTTP/1.1" 200 152400 "-" "Mozilla/5.0 (compatible; Googlebot/2.1; +http://www.google.com/bot.html)" 258 152764
67.195.37.114 - - [12/Jan/2009:08:57:19 +0000] "GET /robots.txt HTTP/1.0" 404 359 "-" "Mozilla/5.0 (compatible; Yahoo! Slurp; http://help.yahoo.com/help/us/ysearch/slurp)" 194 607
67.195.37.114 - - [12/Jan/2009:08:57:19 +0000] "GET /feidad.html HTTP/1.0" 200 820 "-" "Mozilla/5.0 (compatible; Yahoo! Slurp/3.0; http://help.yahoo.com/help/us/ysearch/slurp)" 397 1142
66.249.72.141 - - [12/Jan/2009:11:08:40 +0000] "GET /webalizer/usage_200901.html HTTP/1.1" 200 129805 "-" "Mozilla/5.0 (compatible; Googlebot/2.1; +http://www.google.com/bot.html)" 353 130171
67.195.37.114 - - [12/Jan/2009:11:54:15 +0000] "GET /robots.txt HTTP/1.0" 404 359 "-" "Mozilla/5.0 (compatible; Yahoo! Slurp; http://help.yahoo.com/help/us/ysearch/slurp)" 194 607
67.195.37.114 - - [12/Jan/2009:11:54:16 +0000] "GET / HTTP/1.0" 200 1266 "-" "Mozilla/5.0 (compatible; Yahoo! Slurp/3.0; http://help.yahoo.com/help/us/ysearch/slurp)" 386 1589
67.195.37.114 - - [12/Jan/2009:13:08:26 +0000] "GET /feidad.html HTTP/1.0" 304 - "-" "Mozilla/5.0 (compatible; Yahoo! Slurp/3.0; http://help.yahoo.com/help/us/ysearch/slurp)" 489 218
209.51.152.234 - - [12/Jan/2009:14:32:25 +0000] "GET /log/errors.php?error=http://secure.burtonhosting.com/billing//include/reports/include/ooid.txt? HTTP/1.1" 404 363 "-" "Netscape 4.78/U.S., 25-Jun-01; (c) 1995-2000" 243 611
209.51.152.234 - - [12/Jan/2009:14:32:26 +0000] "GET /errors.php?error=http://secure.burtonhosting.com/billing//include/reports/include/ooid.txt? HTTP/1.1" 404 359 "-" "Netscape 4.78/U.S., 25-Jun-01; (c) 1995-2000" 239 607
208.80.194.37 - - [12/Jan/2009:16:11:44 +0000] "GET / HTTP/1.0" 200 1266 "-" "Mozilla/4.0 (compatible; MSIE 7.0; Windows NT 5.1; .NET CLR 1.0.3705; .NET CLR 1.1.4322; ZangoToolbar 4.8.2; PeoplePal 3.0; .NET CLR 2.0.50727)" 200 1589
66.249.72.141 - - [12/Jan/2009:17:49:31 +0000] "GET /robots.txt HTTP/1.1" 404 359 "-" "Mozilla/5.0 (compatible; Googlebot/2.1; +http://www.google.com/bot.html)" 258 645
66.249.72.141 - - [12/Jan/2009:17:49:31 +0000] "GET /log/?C=D;O=D HTTP/1.1" 200 3186 "-" "Mozilla/5.0 (compatible; Googlebot/2.1; +http://www.google.com/bot.html)" 293 3459
66.249.72.141 - - [12/Jan/2009:18:20:44 +0000] "GET /log/?C=M;O=D HTTP/1.1" 200 3186 "-" "Mozilla/5.0 (compatible; Googlebot/2.1; +http://www.google.com/bot.html)" 293 3460
72.30.79.39 - - [13/Jan/2009:04:36:05 +0000] "GET /robots.txt HTTP/1.0" 404 359 "-" "Mozilla/5.0 (compatible; Yahoo! Slurp; http://help.yahoo.com/help/us/ysearch/slurp)" 194 607
72.30.79.39 - - [13/Jan/2009:04:36:06 +0000] "GET /log/ HTTP/1.0" 200 3186 "-" "Mozilla/5.0 (compatible; Yahoo! Slurp/3.0; http://help.yahoo.com/help/us/ysearch/slurp)" 428 3422
66.249.72.141 - - [13/Jan/2009:05:17:49 +0000] "GET /webalizer/ctry_usage_200803.png HTTP/1.1" 304 - "-" "Googlebot-Image/1.0" 259 283
64.246.165.200 - - [13/Jan/2009:06:32:12 +0000] "GET /robots.txt HTTP/1.0" 404 359 "http://www.whois.sc/" "SurveyBot/2.3 (Whois Source)" 212 607
64.246.165.200 - - [13/Jan/2009:06:32:12 +0000] "GET / HTTP/1.1" 206 1266 "http://whois.domaintools.com/decodeine.com" "SurveyBot/2.3 (Whois Source)" 351 1636
88.131.106.11 - - [13/Jan/2009:07:53:23 +0000] "GET /robots.txt HTTP/1.0" 404 359 "-" "Speedy Spider (http://www.entireweb.com/about/search_tech/speedy_spider/)" 199 607
88.131.106.11 - - [13/Jan/2009:07:53:23 +0000] "GET /feidad.html HTTP/1.0" 304 - "-" "Speedy Spider (http://www.entireweb.com/about/search_tech/speedy_spider/)" 250 218
72.30.79.39 - - [13/Jan/2009:09:37:52 +0000] "GET /log/web.log.3 HTTP/1.0" 200 1961 "-" "Mozilla/5.0 (compatible; Yahoo! Slurp/3.0; http://help.yahoo.com/help/us/ysearch/slurp)" 437 2285
66.249.72.141 - - [13/Jan/2009:10:10:01 +0000] "GET /robots.txt HTTP/1.1" 404 359 "-" "Mozilla/5.0 (compatible; Googlebot/2.1; +http://www.google.com/bot.html)" 258 645
66.249.72.141 - - [13/Jan/2009:10:10:01 +0000] "GET /log/?C=M;O=A HTTP/1.1" 200 3186 "-" "Mozilla/5.0 (compatible; Googlebot/2.1; +http://www.google.com/bot.html)" 243 3459
66.249.72.141 - - [13/Jan/2009:10:42:16 +0000] "GET /webalizer/usage_200708.html HTTP/1.1" 200 145214 "-" "Mozilla/5.0 (compatible; Googlebot/2.1; +http://www.google.com/bot.html)" 258 145580
72.30.79.39 - - [13/Jan/2009:10:49:29 +0000] "GET /log/error.log.2 HTTP/1.0" 200 2074 "-" "Mozilla/5.0 (compatible; Yahoo! Slurp/3.0; http://help.yahoo.com/help/us/ysearch/slurp)" 439 2398
66.249.72.141 - - [13/Jan/2009:11:05:44 +0000] "GET /webalizer/usage_200901.html HTTP/1.1" 200 131654 "-" "Mozilla/5.0 (compatible; Googlebot/2.1; +http://www.google.com/bot.html)" 353 132020
38.99.13.125 - - [13/Jan/2009:11:10:30 +0000] "GET /robots.txt HTTP/1.0" 404 359 "-" "Mozilla/5.0 (Twiceler-0.9 http://www.cuil.com/twiceler/robot.html)" 199 607
