81.138.90.118 - - [21/Jan/2009:15:19:46 +0000] "GET /bs03.jpg HTTP/1.1" 200 137025 "http://www.decodeine.com/bs02.jpg" "Mozilla/4.0 (compatible; MSIE 7.0; Windows NT 5.1; .NET CLR 1.1.4322; .NET CLR 2.0.50727; .NET CLR 3.0.04506.30; .NET CLR 3.0.04506.648)" 368 137391
81.138.90.118 - - [21/Jan/2009:15:19:56 +0000] "GET /bs01.jpg HTTP/1.1" 200 211509 "http://www.decodeine.com/bs03.jpg" "Mozilla/4.0 (compatible; MSIE 7.0; Windows NT 5.1; .NET CLR 1.1.4322; .NET CLR 2.0.50727; .NET CLR 3.0.04506.30; .NET CLR 3.0.04506.648)" 368 211874
81.138.90.118 - - [21/Jan/2009:15:20:25 +0000] "GET /o1.jpg HTTP/1.1" 200 258267 "http://www.decodeine.com/dec4b.swf" "Mozilla/4.0 (compatible; MSIE 7.0; Windows NT 5.1; .NET CLR 1.1.4322; .NET CLR 2.0.50727; .NET CLR 3.0.04506.30; .NET CLR 3.0.04506.648)" 367 258633
81.138.90.118 - - [21/Jan/2009:15:20:42 +0000] "GET /o2.jpg HTTP/1.1" 200 216322 "http://www.decodeine.com/o1.jpg" "Mozilla/4.0 (compatible; MSIE 7.0; Windows NT 5.1; .NET CLR 1.1.4322; .NET CLR 2.0.50727; .NET CLR 3.0.04506.30; .NET CLR 3.0.04506.648)" 364 216687
81.138.90.118 - - [21/Jan/2009:15:15:24 +0000] "GET /dec4b.swf HTTP/1.1" 200 7503350 "http://www.decodeine.com/feidad.html" "Mozilla/4.0 (compatible; MSIE 7.0; Windows NT 5.1; .NET CLR 1.1.4322; .NET CLR 2.0.50727; .NET CLR 3.0.04506.30; .NET CLR 3.0.04506.648)" 343 7503736
81.138.90.118 - - [21/Jan/2009:15:20:58 +0000] "GET /o3.jpg HTTP/1.1" 200 153363 "http://www.decodeine.com/o2.jpg" "Mozilla/4.0 (compatible; MSIE 7.0; Windows NT 5.1; .NET CLR 1.1.4322; .NET CLR 2.0.50727; .NET CLR 3.0.04506.30; .NET CLR 3.0.04506.648)" 364 153728
81.138.90.118 - - [21/Jan/2009:15:21:12 +0000] "GET /o4.jpg HTTP/1.1" 200 34271 "http://www.decodeine.com/o3.jpg" "Mozilla/4.0 (compatible; MSIE 7.0; Windows NT 5.1; .NET CLR 1.1.4322; .NET CLR 2.0.50727; .NET CLR 3.0.04506.30; .NET CLR 3.0.04506.648)" 364 34634
81.138.90.118 - - [21/Jan/2009:15:21:21 +0000] "GET /o5.jpg HTTP/1.1" 200 60308 "http://www.decodeine.com/o4.jpg" "Mozilla/4.0 (compatible; MSIE 7.0; Windows NT 5.1; .NET CLR 1.1.4322; .NET CLR 2.0.50727; .NET CLR 3.0.04506.30; .NET CLR 3.0.04506.648)" 364 60672
81.138.90.118 - - [21/Jan/2009:15:21:24 +0000] "GET /o6.jpg HTTP/1.1" 200 70616 "http://www.decodeine.com/o5.jpg" "Mozilla/4.0 (compatible; MSIE 7.0; Windows NT 5.1; .NET CLR 1.1.4322; .NET CLR 2.0.50727; .NET CLR 3.0.04506.30; .NET CLR 3.0.04506.648)" 364 70982
81.138.90.118 - - [21/Jan/2009:15:21:47 +0000] "GET /o7.jpg HTTP/1.1" 200 129833 "http://www.decodeine.com/o6.jpg" "Mozilla/4.0 (compatible; MSIE 7.0; Windows NT 5.1; .NET CLR 1.1.4322; .NET CLR 2.0.50727; .NET CLR 3.0.04506.30; .NET CLR 3.0.04506.648)" 364 130200
81.138.90.118 - - [21/Jan/2009:15:22:13 +0000] "GET /o10.jpg HTTP/1.1" 200 59922 "http://www.decodeine.com/o7.jpg" "Mozilla/4.0 (compatible; MSIE 7.0; Windows NT 5.1; .NET CLR 1.1.4322; .NET CLR 2.0.50727; .NET CLR 3.0.04506.30; .NET CLR 3.0.04506.648)" 365 60287
81.138.90.118 - - [21/Jan/2009:16:32:49 +0000] "GET / HTTP/1.1" 200 1266 "-" "Mozilla/4.0 (compatible; MSIE 7.0; Windows NT 5.1; .NET CLR 1.1.4322; .NET CLR 2.0.50727; .NET CLR 3.0.04506.30; .NET CLR 3.0.04506.648)" 552 1627
81.138.90.118 - - [21/Jan/2009:16:32:50 +0000] "GET /index.jpg HTTP/1.1" 200 225683 "http://www.decodeine.com/" "Mozilla/4.0 (compatible; MSIE 7.0; Windows NT 5.1; .NET CLR 1.1.4322; .NET CLR 2.0.50727; .NET CLR 3.0.04506.30; .NET CLR 3.0.04506.648)" 329 226048
81.138.90.118 - - [21/Jan/2009:16:32:52 +0000] "GET /indexbutton.jpg HTTP/1.1" 200 153759 "http://www.decodeine.com/" "Mozilla/4.0 (compatible; MSIE 7.0; Windows NT 5.1; .NET CLR 1.1.4322; .NET CLR 2.0.50727; .NET CLR 3.0.04506.30; .NET CLR 3.0.04506.648)" 335 154125
81.138.90.118 - - [21/Jan/2009:16:33:37 +0000] "GET /feidad.html HTTP/1.1" 200 820 "http://www.decodeine.com/" "Mozilla/4.0 (compatible; MSIE 7.0; Windows NT 5.1; .NET CLR 1.1.4322; .NET CLR 2.0.50727; .NET CLR 3.0.04506.30; .NET CLR 3.0.04506.648)" 599 1180
81.138.90.118 - - [21/Jan/2009:16:33:38 +0000] "GET /dec4b.swf HTTP/1.1" 200 7503350 "http://www.decodeine.com/feidad.html" "Mozilla/4.0 (compatible; MSIE 7.0; Windows NT 5.1; .NET CLR 1.1.4322; .NET CLR 2.0.50727; .NET CLR 3.0.04506.30; .NET CLR 3.0.04506.648)" 343 400040
82.45.239.248 - - [21/Jan/2009:22:25:55 +0000] "GET /log/errors.php?error=http://secure.burtonhosting.com/billing//include/reports/include/ooid1.txt? HTTP/1.1" 404 363 "-" "Netscape 4.78/U.S., 25-Jun-01; (c) 1995-2000" 244 611
82.45.239.248 - - [21/Jan/2009:22:25:55 +0000] "GET /errors.php?error=http://secure.burtonhosting.com/billing//include/reports/include/ooid1.txt? HTTP/1.1" 404 359 "-" "Netscape 4.78/U.S., 25-Jun-01; (c) 1995-2000" 240 607
72.30.161.233 - - [22/Jan/2009:00:32:15 +0000] "GET /robots.txt HTTP/1.0" 404 359 "-" "Mozilla/5.0 (compatible; Yahoo! Slurp; http://help.yahoo.com/help/us/ysearch/slurp)" 194 607
72.30.161.233 - - [22/Jan/2009:00:32:16 +0000] "GET /log/ HTTP/1.0" 200 3186 "-" "Mozilla/5.0 (compatible; Yahoo! Slurp; http://help.yahoo.com/help/us/ysearch/slurp)" 247 3422
72.20.109.36 - - [22/Jan/2009:05:56:07 +0000] "GET /robots.txt HTTP/1.1" 404 359 "-" "GurujiBot/1.0 (+http://www.guruji.com/en/WebmasterFAQ.html)" 145 607
72.20.109.36 - - [22/Jan/2009:05:56:07 +0000] "GET / HTTP/1.1" 200 1266 "-" "GurujiBot/1.0 (+http://www.guruji.com/en/WebmasterFAQ.html)" 135 1589
72.20.109.36 - - [22/Jan/2009:05:56:08 +0000] "GET /feidad.html HTTP/1.1" 200 820 "-" "GurujiBot/1.0 (+http://www.guruji.com/en/WebmasterFAQ.html)" 146 1142
208.111.154.15 - - [22/Jan/2009:06:11:23 +0000] "GET /robots.txt HTTP/1.0" 404 359 "-" "Mozilla/5.0 (compatible; Charlotte/1.1; http://www.searchme.com/support/)" 320 645
208.111.154.16 - - [22/Jan/2009:06:11:23 +0000] "GET / HTTP/1.1" 304 - "-" "Mozilla/5.0 (compatible; Charlotte/1.1; http://www.searchme.com/support/)" 235 199
38.99.13.125 - - [22/Jan/2009:08:22:25 +0000] "GET /robots.txt HTTP/1.0" 404 359 "-" "Mozilla/5.0 (Twiceler-0.9 http://www.cuil.com/twiceler/robot.html)" 199 607
208.111.154.16 - - [22/Jan/2009:09:38:32 +0000] "GET /robots.txt HTTP/1.1" 404 359 "-" "Mozilla/5.0 (compatible; Charlotte/1.1; http://www.searchme.com/support/)" 195 588
208.111.154.16 - - [22/Jan/2009:09:38:33 +0000] "GET / HTTP/1.1" 304 - "-" "Mozilla/5.0 (compatible; Charlotte/1.1; http://www.searchme.com/support/)" 235 199
66.249.72.141 - - [22/Jan/2009:11:04:04 +0000] "GET /robots.txt HTTP/1.1" 404 359 "-" "Mozilla/5.0 (compatible; Googlebot/2.1; +http://www.google.com/bot.html)" 258 645
66.249.72.141 - - [22/Jan/2009:11:04:04 +0000] "GET /webalizer/usage_200901.html HTTP/1.1" 200 146558 "-" "Mozilla/5.0 (compatible; Googlebot/2.1; +http://www.google.com/bot.html)" 353 146923
213.60.220.166 - - [22/Jan/2009:11:12:01 +0000] "GET / HTTP/1.1" 200 1266 "http://www.dexigner.com/digital/news-es7083.html" "Mozilla/4.0 (compatible; MSIE 6.0; Windows NT 5.1; SV1; .NET CLR 1.1.4322; .NET CLR 2.0.50727; .NET CLR 1.0.3705)" 480 1627
213.60.220.166 - - [22/Jan/2009:11:12:01 +0000] "GET /index.jpg HTTP/1.1" 200 225683 "http://www.decodeine.com/" "Mozilla/4.0 (compatible; MSIE 6.0; Windows NT 5.1; SV1; .NET CLR 1.1.4322; .NET CLR 2.0.50727; .NET CLR 1.0.3705)" 305 226048
213.60.220.166 - - [22/Jan/2009:11:12:01 +0000] "GET /indexbutton.jpg HTTP/1.1" 200 153759 "http://www.decodeine.com/" "Mozilla/4.0 (compatible; MSIE 6.0; Windows NT 5.1; SV1; .NET CLR 1.1.4322; .NET CLR 2.0.50727; .NET CLR 1.0.3705)" 311 154125
213.60.220.166 - - [22/Jan/2009:11:12:09 +0000] "GET /feidad.html HTTP/1.1" 200 820 "http://www.decodeine.com/" "Mozilla/4.0 (compatible; MSIE 6.0; Windows NT 5.1; SV1; .NET CLR 1.1.4322; .NET CLR 2.0.50727; .NET CLR 1.0.3705)" 468 1179
213.60.220.166 - - [22/Jan/2009:11:12:10 +0000] "GET /dec4b.swf HTTP/1.1" 200 7503350 "http://www.decodeine.com/feidad.html" "Mozilla/4.0 (compatible; MSIE 6.0; Windows NT 5.1; SV1; .NET CLR 1.1.4322; .NET CLR 2.0.50727; .NET CLR 1.0.3705)" 322 7503736
213.60.220.166 - - [22/Jan/2009:11:13:31 +0000] "GET /o1.jpg HTTP/1.1" 200 258267 "http://www.decodeine.com/dec4b.swf" "Mozilla/4.0 (compatible; MSIE 6.0; Windows NT 5.1; SV1; .NET CLR 1.1.4322; .NET CLR 2.0.50727; .NET CLR 1.0.3705)" 346 258633
213.60.220.166 - - [22/Jan/2009:11:13:34 +0000] "GET /o2.jpg HTTP/1.1" 200 216322 "http://www.decodeine.com/o1.jpg" "Mozilla/4.0 (compatible; MSIE 6.0; Windows NT 5.1; SV1; .NET CLR 1.1.4322; .NET CLR 2.0.50727; .NET CLR 1.0.3705)" 343 216687
213.60.220.166 - - [22/Jan/2009:11:13:35 +0000] "GET /o3.jpg HTTP/1.1" 200 153363 "http://www.decodeine.com/o2.jpg" "Mozilla/4.0 (compatible; MSIE 6.0; Windows NT 5.1; SV1; .NET CLR 1.1.4322; .NET CLR 2.0.50727; .NET CLR 1.0.3705)" 343 153729
213.60.220.166 - - [22/Jan/2009:11:13:38 +0000] "GET /o4.jpg HTTP/1.1" 200 34271 "http://www.decodeine.com/o3.jpg" "Mozilla/4.0 (compatible; MSIE 6.0; Windows NT 5.1; SV1; .NET CLR 1.1.4322; .NET CLR 2.0.50727; .NET CLR 1.0.3705)" 343 34634
213.60.220.166 - - [22/Jan/2009:11:13:41 +0000] "GET /o6.jpg HTTP/1.1" 200 70616 "http://www.decodeine.com/o4.jpg" "Mozilla/4.0 (compatible; MSIE 6.0; Windows NT 5.1; SV1; .NET CLR 1.1.4322; .NET CLR 2.0.50727; .NET CLR 1.0.3705)" 343 70981
213.60.220.166 - - [22/Jan/2009:11:13:42 +0000] "GET /o5.jpg HTTP/1.1" 200 60308 "http://www.decodeine.com/o6.jpg" "Mozilla/4.0 (compatible; MSIE 6.0; Windows NT 5.1; SV1; .NET CLR 1.1.4322; .NET CLR 2.0.50727; .NET CLR 1.0.3705)" 343 60672
86.96.226.13 - - [22/Jan/2009:11:14:46 +0000] "GET /log/web.log.1 HTTP/1.1" 200 13484 "http://www.google.ae/search?hl=en&q=HTTP%2F1.1%22+200+3177+%22-%22+&meta=" "Mozilla/4.0 (compatible; MSIE 7.0; Windows NT 5.1; QS 4.2.2.3; Qm2GoPlayer; Qm2GoPlayer; .NET CLR 2.0.50727; .NET CLR 1.1.4322; InfoPath.2; .NET CLR 3.0.04506.30; MS-RTC LM 8)" 849 13849
86.96.226.13 - - [22/Jan/2009:11:14:47 +0000] "GET /favicon.ico HTTP/1.1" 404 360 "-" "Mozilla/4.0 (compatible; MSIE 7.0; Windows NT 5.1; QS 4.2.2.3; Qm2GoPlayer; Qm2GoPlayer; .NET CLR 2.0.50727; .NET CLR 1.1.4322; InfoPath.2; .NET CLR 3.0.04506.30; MS-RTC LM 8)" 471 645
66.249.72.141 - - [22/Jan/2009:11:20:53 +0000] "GET /log/?C=D;O=A HTTP/1.1" 200 3186 "-" "Mozilla/5.0 (compatible; Googlebot/2.1; +http://www.google.com/bot.html)" 293 3460
72.20.109.62 - - [22/Jan/2009:11:26:24 +0000] "GET /robots.txt HTTP/1.1" 404 359 "-" "GurujiBot/1.0 (+http://www.guruji.com/en/WebmasterFAQ.html)" 145 607
72.20.109.62 - - [22/Jan/2009:11:26:24 +0000] "GET / HTTP/1.1" 200 1266 "-" "GurujiBot/1.0 (+http://www.guruji.com/en/WebmasterFAQ.html)" 135 1589
72.20.109.62 - - [22/Jan/2009:11:26:25 +0000] "GET /feidad.html HTTP/1.1" 200 820 "-" "GurujiBot/1.0 (+http://www.guruji.com/en/WebmasterFAQ.html)" 146 1142
66.249.72.141 - - [22/Jan/2009:11:36:03 +0000] "GET /log/?C=N;O=A HTTP/1.1" 200 3186 "-" "Mozilla/5.0 (compatible; Googlebot/2.1; +http://www.google.com/bot.html)" 293 3460
66.249.72.141 - - [22/Jan/2009:12:38:43 +0000] "GET /webalizer/usage_200703.html HTTP/1.1" 200 110824 "-" "Mozilla/5.0 (compatible; Googlebot/2.1; +http://www.google.com/bot.html)" 258 111189
208.80.194.35 - - [22/Jan/2009:22:23:33 +0000] "GET / HTTP/1.0" 200 1266 "-" "Mozilla/4.0 (compatible; MSIE 6.0; Windows NT 5.1; {81C5C242-8D35-668E-2F8C-257FA808E6CA}; .NET CLR 2.0.50727)" 167 1589
208.80.194.36 - - [22/Jan/2009:22:48:19 +0000] "GET / HTTP/1.0" 200 1266 "-" "Mozilla/4.0 (compatible; MSIE 6.0; Windows NT 5.1; {639FA7C2-A65D-8A13-EE74-2CB4F038F601}; acc=marketingsector; acc=none; .NET CLR 1.1.4322)" 197 1589
208.111.154.16 - - [23/Jan/2009:00:04:39 +0000] "GET / HTTP/1.1" 304 - "-" "Mozilla/5.0 (compatible; Charlotte/1.1; http://www.searchme.com/support/)" 235 199
193.47.80.50 - - [23/Jan/2009:02:21:05 +0000] "GET /robots.txt HTTP/1.1" 404 359 "-" "Mozilla/5.0 (compatible; Exabot/3.0; +http://www.exabot.com/go/robot)" 260 607
193.47.80.50 - - [23/Jan/2009:02:21:05 +0000] "GET / HTTP/1.1" 304 - "-" "Mozilla/5.0 (compatible; Exabot/3.0; +http://www.exabot.com/go/robot)" 342 218
66.249.72.141 - - [23/Jan/2009:03:26:38 +0000] "GET /robots.txt HTTP/1.1" 404 359 "-" "Mozilla/5.0 (compatible; Googlebot/2.1; +http://www.google.com/bot.html)" 258 645
66.249.72.141 - - [23/Jan/2009:03:26:38 +0000] "GET /webalizer//usage_200807.html HTTP/1.1" 200 151253 "-" "Mozilla/5.0 (compatible; Googlebot/2.1; +http://www.google.com/bot.html)" 259 151618
72.20.109.62 - - [23/Jan/2009:03:31:02 +0000] "GET /robots.txt HTTP/1.1" 404 359 "-" "GurujiBot/1.0 (+http://www.guruji.com/en/WebmasterFAQ.html)" 145 607
72.20.109.62 - - [23/Jan/2009:03:31:03 +0000] "GET / HTTP/1.1" 200 1266 "-" "GurujiBot/1.0 (+http://www.guruji.com/en/WebmasterFAQ.html)" 135 1589
72.20.109.62 - - [23/Jan/2009:03:31:04 +0000] "GET /feidad.html HTTP/1.1" 200 820 "-" "GurujiBot/1.0 (+http://www.guruji.com/en/WebmasterFAQ.html)" 146 1142
66.249.72.141 - - [23/Jan/2009:04:00:11 +0000] "GET /webalizer/usage_200607.html HTTP/1.1" 200 106726 "-" "Mozilla/5.0 (compatible; Googlebot/2.1; +http://www.google.com/bot.html)" 258 107091
66.249.72.141 - - [23/Jan/2009:04:10:40 +0000] "GET /log/error.log.5 HTTP/1.1" 200 364 "-" "Mozilla/5.0 (compatible; Googlebot/2.1; +http://www.google.com/bot.html)" 246 726
66.249.72.141 - - [23/Jan/2009:04:24:58 +0000] "GET /webalizer/ctry_usage_200505.png HTTP/1.1" 200 3298 "-" "Googlebot-Image/1.0" 209 3659
66.249.72.141 - - [23/Jan/2009:04:54:29 +0000] "GET /webalizer/hourly_usage_200505.png HTTP/1.1" 200 2104 "-" "Googlebot-Image/1.0" 211 2465
66.249.72.141 - - [23/Jan/2009:05:13:35 +0000] "GET /webalizer/usage_200808.html HTTP/1.1" 200 156834 "-" "Mozilla/5.0 (compatible; Googlebot/2.1; +http://www.google.com/bot.html)" 258 157200
66.249.72.141 - - [23/Jan/2009:05:51:19 +0000] "GET /webalizer/usage_200702.html HTTP/1.1" 200 109786 "-" "Mozilla/5.0 (compatible; Googlebot/2.1; +http://www.google.com/bot.html)" 258 110151
66.249.72.141 - - [23/Jan/2009:11:04:51 +0000] "GET /webalizer/usage_200901.html HTTP/1.1" 200 148353 "-" "Mozilla/5.0 (compatible; Googlebot/2.1; +http://www.google.com/bot.html)" 353 148719
72.20.109.36 - - [23/Jan/2009:14:55:46 +0000] "GET /robots.txt HTTP/1.1" 404 359 "-" "GurujiBot/1.0 (+http://www.guruji.com/en/WebmasterFAQ.html)" 145 607
72.20.109.36 - - [23/Jan/2009:14:55:47 +0000] "GET / HTTP/1.1" 200 1266 "-" "GurujiBot/1.0 (+http://www.guruji.com/en/WebmasterFAQ.html)" 135 1589
72.20.109.36 - - [23/Jan/2009:14:55:47 +0000] "GET /feidad.html HTTP/1.1" 200 820 "-" "GurujiBot/1.0 (+http://www.guruji.com/en/WebmasterFAQ.html)" 146 1142
78.140.138.39 - - [23/Jan/2009:16:35:33 +0000] "GET / HTTP/1.1" 200 1266 "-" "Mozilla/5.0 (Windows; U; Windows NT 5.1; en-US; rv:1.9.0.5) Gecko/2008120122 Firefox/3.0.5" 160 1570
66.249.72.141 - - [23/Jan/2009:17:40:28 +0000] "GET /robots.txt HTTP/1.1" 404 359 "-" "Mozilla/5.0 (compatible; Googlebot/2.1; +http://www.google.com/bot.html)" 258 645
66.249.72.141 - - [23/Jan/2009:17:40:28 +0000] "GET /webalizer/usage_200505.html HTTP/1.1" 304 - "-" "Mozilla/5.0 (compatible; Googlebot/2.1; +http://www.google.com/bot.html)" 308 283
66.249.72.141 - - [23/Jan/2009:18:01:59 +0000] "GET /log/web.log.2 HTTP/1.1" 304 - "-" "Mozilla/5.0 (compatible; Googlebot/2.1; +http://www.google.com/bot.html)" 294 283
66.235.124.4 - - [23/Jan/2009:19:19:39 +0000] "GET /robots.txt HTTP/1.1" 404 359 "-" "Mozilla/5.0 (compatible; Ask Jeeves/Teoma; +http://about.ask.com/en/docs/about/webmasters.shtml)" 221 645
66.235.124.4 - - [23/Jan/2009:19:19:55 +0000] "GET / HTTP/1.1" 200 1266 "-" "Mozilla/5.0 (compatible; Ask Jeeves/Teoma; +http://about.ask.com/en/docs/about/webmasters.shtml)" 246 1589
64.111.217.90 - - [23/Jan/2009:20:38:47 +0000] "GET /robots.txt HTTP/1.0" 404 359 "-" "Cabot/Nutch-1.0-dev (Amfibi's web-crawling robot; http://www.amfibi.com/cabot/; help at amfibi dot com)" 201 607
64.111.217.90 - - [23/Jan/2009:20:38:48 +0000] "GET / HTTP/1.0" 200 1266 "-" "Cabot/Nutch-1.0-dev (Amfibi's web-crawling robot; http://www.amfibi.com/cabot/; help at amfibi dot com)" 191 1589
72.30.161.233 - - [24/Jan/2009:02:36:17 +0000] "GET /robots.txt HTTP/1.0" 404 359 "-" "Mozilla/5.0 (compatible; Yahoo! Slurp; http://help.yahoo.com/help/us/ysearch/slurp)" 194 607
72.30.161.233 - - [24/Jan/2009:02:36:19 +0000] "GET / HTTP/1.0" 200 1266 "-" "Mozilla/5.0 (compatible; Yahoo! Slurp; http://help.yahoo.com/help/us/ysearch/slurp)" 243 1589
66.249.72.141 - - [24/Jan/2009:03:05:24 +0000] "GET /webalizer/daily_usage_200505.png HTTP/1.1" 200 3365 "-" "Googlebot-Image/1.0" 210 3726
72.20.109.62 - - [24/Jan/2009:03:21:46 +0000] "GET /robots.txt HTTP/1.1" 404 359 "-" "GurujiBot/1.0 (+http://www.guruji.com/en/WebmasterFAQ.html)" 145 607
72.20.109.62 - - [24/Jan/2009:03:21:46 +0000] "GET / HTTP/1.1" 200 1266 "-" "GurujiBot/1.0 (+http://www.guruji.com/en/WebmasterFAQ.html)" 135 1589
72.20.109.62 - - [24/Jan/2009:03:21:47 +0000] "GET /feidad.html HTTP/1.1" 200 820 "-" "GurujiBot/1.0 (+http://www.guruji.com/en/WebmasterFAQ.html)" 146 1142
66.249.72.141 - - [24/Jan/2009:03:24:55 +0000] "GET /webalizer/usage.png HTTP/1.1" 200 2904 "-" "Googlebot-Image/1.0" 247 3266
72.30.161.233 - - [24/Jan/2009:04:42:31 +0000] "GET /log/?N=A HTTP/1.0" 200 3186 "-" "Mozilla/5.0 (compatible; Yahoo! Slurp; http://help.yahoo.com/help/us/ysearch/slurp)" 251 3422
208.80.194.42 - - [24/Jan/2009:04:59:57 +0000] "GET / HTTP/1.0" 200 1266 "-" "Mozilla/4.0 (compatible; MSIE 6.0; Windows NT 5.1; SV1; yie6)" 118 1589
66.249.72.141 - - [24/Jan/2009:11:04:11 +0000] "GET /robots.txt HTTP/1.1" 404 359 "-" "Mozilla/5.0 (compatible; Googlebot/2.1; +http://www.google.com/bot.html)" 258 645
66.249.72.141 - - [24/Jan/2009:11:04:11 +0000] "GET /webalizer/usage_200901.html HTTP/1.1" 200 149239 "-" "Mozilla/5.0 (compatible; Googlebot/2.1; +http://www.google.com/bot.html)" 353 149604
72.20.109.36 - - [24/Jan/2009:13:43:05 +0000] "GET /robots.txt HTTP/1.1" 404 359 "-" "GurujiBot/1.0 (+http://www.guruji.com/en/WebmasterFAQ.html)" 145 607
72.20.109.36 - - [24/Jan/2009:13:43:05 +0000] "GET / HTTP/1.1" 200 1266 "-" "GurujiBot/1.0 (+http://www.guruji.com/en/WebmasterFAQ.html)" 135 1589
72.20.109.36 - - [24/Jan/2009:13:43:06 +0000] "GET /feidad.html HTTP/1.1" 200 820 "-" "GurujiBot/1.0 (+http://www.guruji.com/en/WebmasterFAQ.html)" 146 1142
64.111.217.90 - - [24/Jan/2009:14:33:50 +0000] "GET /robots.txt HTTP/1.0" 404 359 "-" "Cabot/Nutch-1.0-dev (Amfibi's web-crawling robot; http://www.amfibi.com/cabot/; help at amfibi dot com)" 201 607
64.111.217.90 - - [24/Jan/2009:14:33:50 +0000] "GET /feidad.html HTTP/1.0" 200 820 "-" "Cabot/Nutch-1.0-dev (Amfibi's web-crawling robot; http://www.amfibi.com/cabot/; help at amfibi dot com)" 202 1142
67.195.37.156 - - [24/Jan/2009:16:24:53 +0000] "GET /robots.txt HTTP/1.0" 404 359 "-" "Mozilla/5.0 (compatible; Yahoo! Slurp; http://help.yahoo.com/help/us/ysearch/slurp)" 194 607
67.195.37.156 - - [24/Jan/2009:16:24:53 +0000] "GET / HTTP/1.0" 200 1266 "-" "Mozilla/5.0 (compatible; Yahoo! Slurp; http://help.yahoo.com/help/us/ysearch/slurp)" 228 1589
66.235.124.4 - - [24/Jan/2009:16:28:50 +0000] "GET /robots.txt HTTP/1.1" 404 359 "-" "Mozilla/5.0 (compatible; Ask Jeeves/Teoma; +http://about.ask.com/en/docs/about/webmasters.shtml)" 221 645
66.235.124.4 - - [24/Jan/2009:16:29:05 +0000] "GET / HTTP/1.1" 200 1266 "-" "Mozilla/5.0 (compatible; Ask Jeeves/Teoma; +http://about.ask.com/en/docs/about/webmasters.shtml)" 246 1589
66.249.72.141 - - [24/Jan/2009:19:00:43 +0000] "GET / HTTP/1.1" 200 1266 "-" "Mozilla/5.0 (compatible; Googlebot/2.1; +http://www.google.com/bot.html)" 231 1627
66.249.72.141 - - [24/Jan/2009:20:05:03 +0000] "GET /log/error.log.1 HTTP/1.1" 304 - "-" "Mozilla/5.0 (compatible; Googlebot/2.1; +http://www.google.com/bot.html)" 296 256
208.80.194.41 - - [24/Jan/2009:20:07:51 +0000] "GET / HTTP/1.0" 200 1266 "-" "Mozilla/4.0 (compatible; MSIE 6.0; Windows NT 5.1; SV1; .NET CLR 1.0.3705; .NET CLR 1.1.4322; Media Center PC 4.0; InfoPath.2; .NET CLR 2.0.50727)" 203 1589
66.249.72.141 - - [24/Jan/2009:20:32:48 +0000] "GET /log/web.log.5 HTTP/1.1" 304 - "-" "Mozilla/5.0 (compatible; Googlebot/2.1; +http://www.google.com/bot.html)" 294 283
66.249.72.141 - - [24/Jan/2009:21:06:54 +0000] "GET /index HTTP/1.1" 404 354 "-" "Mozilla/5.0 (compatible; Googlebot/2.1; +http://www.google.com/bot.html)" 236 640
72.30.161.233 - - [24/Jan/2009:22:51:13 +0000] "GET /robots.txt HTTP/1.0" 404 359 "-" "Mozilla/5.0 (compatible; Yahoo! Slurp; http://help.yahoo.com/help/us/ysearch/slurp)" 194 607
72.30.161.233 - - [24/Jan/2009:22:51:15 +0000] "GET /log/web.log HTTP/1.0" 200 120116 "-" "Mozilla/5.0 (compatible; Yahoo! Slurp; http://help.yahoo.com/help/us/ysearch/slurp)" 254 120445
77.75.77.123 - - [25/Jan/2009:02:28:32 +0000] "GET /robots.txt HTTP/1.1" 404 359 "-" "SeznamBot/2.0 (+http://fulltext.seznam.cz/)" 161 607
77.75.77.123 - - [25/Jan/2009:02:28:32 +0000] "GET / HTTP/1.1" 200 1266 "-" "SeznamBot/2.0 (+http://fulltext.seznam.cz/)" 349 1589
193.47.80.50 - - [25/Jan/2009:08:46:19 +0000] "GET /robots.txt HTTP/1.1" 404 359 "-" "Mozilla/5.0 (compatible; Exabot/3.0; +http://www.exabot.com/go/robot)" 260 607
193.47.80.50 - - [25/Jan/2009:08:46:19 +0000] "GET / HTTP/1.1" 304 - "-" "Mozilla/5.0 (compatible; Exabot/3.0; +http://www.exabot.com/go/robot)" 342 218
88.131.106.11 - - [25/Jan/2009:09:44:48 +0000] "GET /robots.txt HTTP/1.0" 404 359 "-" "Speedy Spider (http://www.entireweb.com/about/search_tech/speedy_spider/)" 199 607
88.131.106.11 - - [25/Jan/2009:09:45:09 +0000] "GET /feidad.html HTTP/1.0" 304 - "-" "Speedy Spider (http://www.entireweb.com/about/search_tech/speedy_spider/)" 250 218
86.96.227.86 - - [25/Jan/2009:10:47:42 +0000] "GET / HTTP/1.1" 200 1266 "-" "Mozilla/4.0 (compatible; MSIE 7.0; Windows NT 5.1)" 467 1627
86.96.227.86 - - [25/Jan/2009:10:47:43 +0000] "GET /index.jpg HTTP/1.1" 200 225683 "http://www.decodeine.com/" "Mozilla/4.0 (compatible; MSIE 7.0; Windows NT 5.1)" 351 226048
86.96.227.86 - - [25/Jan/2009:10:47:43 +0000] "GET /indexbutton.jpg HTTP/1.1" 200 153759 "http://www.decodeine.com/" "Mozilla/4.0 (compatible; MSIE 7.0; Windows NT 5.1)" 357 154125
86.96.227.86 - - [25/Jan/2009:10:47:51 +0000] "GET /favicon.ico HTTP/1.1" 404 360 "-" "Mozilla/4.0 (compatible; MSIE 7.0; Windows NT 5.1)" 293 645
86.96.227.86 - - [25/Jan/2009:10:48:23 +0000] "GET /feidad.html HTTP/1.1" 200 820 "http://www.decodeine.com/" "Mozilla/4.0 (compatible; MSIE 7.0; Windows NT 5.1)" 353 1180
86.96.227.86 - - [25/Jan/2009:10:48:24 +0000] "GET /dec4b.swf HTTP/1.1" 200 7503350 "http://www.decodeine.com/feidad.html" "Mozilla/4.0 (compatible; MSIE 7.0; Windows NT 5.1)" 365 7503736
86.96.227.86 - - [25/Jan/2009:11:03:08 +0000] "GET /bs11.jpg HTTP/1.1" 200 28480 "http://www.decodeine.com/dec4b.swf" "Mozilla/4.0 (compatible; MSIE 7.0; Windows NT 5.1)" 391 28844
86.96.227.86 - - [25/Jan/2009:11:03:06 +0000] "GET /bs01.jpg HTTP/1.1" 200 211509 "http://www.decodeine.com/dec4b.swf" "Mozilla/4.0 (compatible; MSIE 7.0; Windows NT 5.1)" 391 34752
66.249.72.141 - - [25/Jan/2009:11:03:22 +0000] "GET /robots.txt HTTP/1.1" 404 359 "-" "Mozilla/5.0 (compatible; Googlebot/2.1; +http://www.google.com/bot.html)" 258 645
66.249.72.141 - - [25/Jan/2009:11:03:22 +0000] "GET /log/?N=A HTTP/1.1" 200 3186 "-" "Mozilla/5.0 (compatible; Googlebot/2.1; +http://www.google.com/bot.html)" 239 3459
66.249.72.141 - - [25/Jan/2009:11:05:03 +0000] "GET /webalizer/usage_200901.html HTTP/1.1" 200 150779 "-" "Mozilla/5.0 (compatible; Googlebot/2.1; +http://www.google.com/bot.html)" 353 151145
86.96.226.16 - - [25/Jan/2009:11:24:58 +0000] "GET / HTTP/1.1" 200 1266 "-" "Mozilla/4.0 (compatible; MSIE 6.0; Windows NT 5.1; SV1; .NET CLR 2.0.50727)" 447 1627
86.96.226.16 - - [25/Jan/2009:11:24:59 +0000] "GET /index.jpg HTTP/1.1" 200 225683 "http://www.decodeine.com/" "Mozilla/4.0 (compatible; MSIE 6.0; Windows NT 5.1; SV1; .NET CLR 2.0.50727)" 331 226048
86.96.226.16 - - [25/Jan/2009:11:24:59 +0000] "GET /indexbutton.jpg HTTP/1.1" 200 153759 "http://www.decodeine.com/" "Mozilla/4.0 (compatible; MSIE 6.0; Windows NT 5.1; SV1; .NET CLR 2.0.50727)" 337 154125
86.96.226.16 - - [25/Jan/2009:11:25:23 +0000] "GET /feidad.html HTTP/1.1" 200 820 "http://www.decodeine.com/" "Mozilla/4.0 (compatible; MSIE 6.0; Windows NT 5.1; SV1; .NET CLR 2.0.50727)" 494 1180
86.96.226.16 - - [25/Jan/2009:11:25:23 +0000] "GET /dec4b.swf HTTP/1.1" 200 7503350 "http://www.decodeine.com/feidad.html" "Mozilla/4.0 (compatible; MSIE 6.0; Windows NT 5.1; SV1; .NET CLR 2.0.50727)" 345 7503736
86.96.227.86 - - [25/Jan/2009:12:15:38 +0000] "GET /hs10.jpg HTTP/1.1" 200 32110 "http://www.decodeine.com/dec4b.swf" "Mozilla/4.0 (compatible; MSIE 6.0; Windows NT 5.1; SV1)" 409 32474
86.96.227.86 - - [25/Jan/2009:12:15:47 +0000] "GET /hs20.jpg HTTP/1.1" 200 152343 "http://www.decodeine.com/hs10.jpg" "Mozilla/4.0 (compatible; MSIE 6.0; Windows NT 5.1; SV1)" 408 152708
86.96.227.86 - - [25/Jan/2009:12:15:57 +0000] "GET /hs01.jpg HTTP/1.1" 200 58624 "http://www.decodeine.com/hs20.jpg" "Mozilla/4.0 (compatible; MSIE 6.0; Windows NT 5.1; SV1)" 408 58987
86.96.227.86 - - [25/Jan/2009:12:16:00 +0000] "GET /hs11.jpg HTTP/1.1" 200 151835 "http://www.decodeine.com/hs01.jpg" "Mozilla/4.0 (compatible; MSIE 6.0; Windows NT 5.1; SV1)" 408 152200
86.96.227.86 - - [25/Jan/2009:12:16:15 +0000] "GET /hsa1.jpg HTTP/1.1" 404 357 "http://www.decodeine.com/dec4b.swf" "Mozilla/4.0 (compatible; MSIE 6.0; Windows NT 5.1; SV1)" 409 643
86.96.227.86 - - [25/Jan/2009:12:16:15 +0000] "GET /hsa4.jpg HTTP/1.1" 404 357 "http://www.decodeine.com/dec4b.swf" "Mozilla/4.0 (compatible; MSIE 6.0; Windows NT 5.1; SV1)" 409 642
86.96.227.86 - - [25/Jan/2009:12:16:09 +0000] "GET /hs12.jpg HTTP/1.1" 200 143988 "http://www.decodeine.com/hs11.jpg" "Mozilla/4.0 (compatible; MSIE 6.0; Windows NT 5.1; SV1)" 408 108600
86.96.227.86 - - [25/Jan/2009:12:16:15 +0000] "GET /hsa2.jpg HTTP/1.1" 404 357 "http://www.decodeine.com/dec4b.swf" "Mozilla/4.0 (compatible; MSIE 6.0; Windows NT 5.1; SV1)" 409 643
86.96.227.86 - - [25/Jan/2009:12:16:15 +0000] "GET /hsa5.jpg HTTP/1.1" 404 357 "http://www.decodeine.com/dec4b.swf" "Mozilla/4.0 (compatible; MSIE 6.0; Windows NT 5.1; SV1)" 409 642
86.96.227.86 - - [25/Jan/2009:12:16:16 +0000] "GET /hsa6.jpg HTTP/1.1" 404 357 "http://www.decodeine.com/dec4b.swf" "Mozilla/4.0 (compatible; MSIE 6.0; Windows NT 5.1; SV1)" 409 642
86.96.227.86 - - [25/Jan/2009:12:16:16 +0000] "GET /hsa7.jpg HTTP/1.1" 404 357 "http://www.decodeine.com/dec4b.swf" "Mozilla/4.0 (compatible; MSIE 6.0; Windows NT 5.1; SV1)" 409 642
86.96.227.86 - - [25/Jan/2009:12:16:18 +0000] "GET /hsa3.jpg HTTP/1.1" 404 357 "http://www.decodeine.com/dec4b.swf" "Mozilla/4.0 (compatible; MSIE 6.0; Windows NT 5.1; SV1)" 409 642
86.96.227.86 - - [25/Jan/2009:12:16:20 +0000] "GET /HarmonicChoreographyFlight.avi HTTP/1.1" 404 379 "-" "Mozilla/4.0 (compatible; MSIE 6.0; Windows NT 5.1; SV1)" 489 664
62.169.232.59 - - [25/Jan/2009:12:39:58 +0000] "HEAD / HTTP/1.1" 200 - "-" "Mozilla/4.0 (compatible; MSIE 7.0; Windows NT 5.2; .NET CLR 1.1.4322; .NET CLR 3.0.04506.30; .NET CLR 2.0.50727; .NET CLR 3.0.04506.648)" 558 323
208.111.154.15 - - [25/Jan/2009:13:48:11 +0000] "GET /robots.txt HTTP/1.1" 404 359 "-" "Mozilla/5.0 (compatible; Charlotte/1.1; http://www.searchme.com/support/)" 195 588
208.111.154.15 - - [25/Jan/2009:13:48:11 +0000] "GET / HTTP/1.1" 304 - "-" "Mozilla/5.0 (compatible; Charlotte/1.1; http://www.searchme.com/support/)" 235 199
189.115.28.3 - - [25/Jan/2009:18:21:43 +0000] "GET / HTTP/1.0" 200 1266 "http://www.landliving.com/categories/Architecture.aspx?5" "Mozilla/4.0 (compatible; MSIE 7.0; Windows NT 5.1; User-agent: Mozilla/4.0 (compatible; MSIE 6.0; Windows NT 5.1; SV1; http://bsalsa.com) ; .NET CLR 2.0.50727)" 482 1589
189.115.28.3 - - [25/Jan/2009:18:21:43 +0000] "GET /indexbutton.jpg HTTP/1.0" 200 153759 "http://www.decodeine.com/" "Mozilla/4.0 (compatible; MSIE 7.0; Windows NT 5.1; User-agent: Mozilla/4.0 (compatible; MSIE 6.0; Windows NT 5.1; SV1; http://bsalsa.com) ; .NET CLR 2.0.50727)" 466 154087
189.115.28.3 - - [25/Jan/2009:18:21:43 +0000] "GET /index.jpg HTTP/1.0" 200 225683 "http://www.decodeine.com/" "Mozilla/4.0 (compatible; MSIE 7.0; Windows NT 5.1; User-agent: Mozilla/4.0 (compatible; MSIE 6.0; Windows NT 5.1; SV1; http://bsalsa.com) ; .NET CLR 2.0.50727)" 460 226011
189.115.28.3 - - [25/Jan/2009:18:22:00 +0000] "GET /favicon.ico HTTP/1.0" 404 360 "-" "Mozilla/4.0 (compatible; MSIE 7.0; Windows NT 5.1; User-agent: Mozilla/4.0 (compatible; MSIE 6.0; Windows NT 5.1; SV1; http://bsalsa.com) ; .NET CLR 2.0.50727)" 402 608
189.115.28.3 - - [25/Jan/2009:18:22:12 +0000] "GET /feidad.html HTTP/1.0" 200 820 "http://www.decodeine.com/" "Mozilla/4.0 (compatible; MSIE 7.0; Windows NT 5.1; User-agent: Mozilla/4.0 (compatible; MSIE 6.0; Windows NT 5.1; SV1; http://bsalsa.com) ; .NET CLR 2.0.50727)" 623 1142
189.115.28.3 - - [25/Jan/2009:18:22:15 +0000] "GET /dec4b.swf HTTP/1.0" 200 7503350 "-" "GbPlugin" 201 563741
189.115.28.3 - - [25/Jan/2009:18:22:13 +0000] "GET /dec4b.swf HTTP/1.0" 200 7503350 "http://www.decodeine.com/feidad.html" "Mozilla/4.0 (compatible; MSIE 7.0; Windows NT 5.1; User-agent: Mozilla/4.0 (compatible; MSIE 6.0; Windows NT 5.1; SV1; http://bsalsa.com) ; .NET CLR 2.0.50727)" 500 625536
66.249.72.141 - - [25/Jan/2009:18:55:44 +0000] "GET /log/web.log.3 HTTP/1.1" 304 - "-" "Mozilla/5.0 (compatible; Googlebot/2.1; +http://www.google.com/bot.html)" 294 256
66.249.72.141 - - [25/Jan/2009:18:55:54 +0000] "GET /log/web.log.4 HTTP/1.1" 304 - "-" "Mozilla/5.0 (compatible; Googlebot/2.1; +http://www.google.com/bot.html)" 294 283
208.80.194.32 - - [26/Jan/2009:01:32:30 +0000] "GET / HTTP/1.0" 200 1266 "-" "Mozilla/4.0 (compatible; MSIE 7.0; Windows NT 5.1; SaveWealth; .NET CLR 1.0.3705; .NET CLR 1.1.4322; Media Center PC 4.0; .NET CLR 2.0.50727)" 198 1589
66.249.72.141 - - [26/Jan/2009:02:36:37 +0000] "GET /robots.txt HTTP/1.1" 404 359 "-" "Googlebot-Image/1.0" 205 645
66.249.72.141 - - [26/Jan/2009:02:36:38 +0000] "GET /webalizer/ctry_usage_200805.png HTTP/1.1" 304 - "-" "Googlebot-Image/1.0" 259 255
208.111.154.15 - - [26/Jan/2009:03:24:02 +0000] "GET /robots.txt HTTP/1.0" 404 359 "-" "Mozilla/5.0 (compatible; Charlotte/1.1; http://www.searchme.com/support/)" 320 645
208.111.154.16 - - [26/Jan/2009:03:24:02 +0000] "GET / HTTP/1.1" 304 - "-" "Mozilla/5.0 (compatible; Charlotte/1.1; http://www.searchme.com/support/)" 235 199
208.111.154.15 - - [26/Jan/2009:05:01:07 +0000] "GET /robots.txt HTTP/1.1" 404 359 "-" "Mozilla/5.0 (compatible; Charlotte/1.1; http://www.searchme.com/support/)" 195 588
208.111.154.15 - - [26/Jan/2009:05:01:09 +0000] "GET / HTTP/1.1" 304 - "-" "Mozilla/5.0 (compatible; Charlotte/1.1; http://www.searchme.com/support/)" 235 199
66.249.72.141 - - [26/Jan/2009:06:13:58 +0000] "GET /webalizer/hourly_usage_200805.png HTTP/1.1" 304 - "-" "Googlebot-Image/1.0" 261 256
66.249.72.141 - - [26/Jan/2009:06:32:42 +0000] "GET /webalizer/usage_200703.html HTTP/1.1" 200 110824 "-" "Mozilla/5.0 (compatible; Googlebot/2.1; +http://www.google.com/bot.html)" 258 111189
66.249.72.141 - - [26/Jan/2009:07:15:24 +0000] "GET /webalizer/usage_200803.html HTTP/1.1" 200 61802 "-" "Mozilla/5.0 (compatible; Googlebot/2.1; +http://www.google.com/bot.html)" 258 62166
66.249.72.141 - - [26/Jan/2009:07:33:11 +0000] "GET /log/?C=D;O=D HTTP/1.1" 200 3186 "-" "Mozilla/5.0 (compatible; Googlebot/2.1; +http://www.google.com/bot.html)" 243 3460
220.246.167.51 - - [26/Jan/2009:10:30:16 +0000] "GET / HTTP/1.1" 200 1266 "http://decodeine.org/" "Mozilla/4.0 (compatible; MSIE 7.0; Windows NT 6.0; SLCC1; .NET CLR 2.0.50727; .NET CLR 3.0.04506; InfoPath.2; OfficeLiveConnector.1.3; OfficeLivePatch.0.0)" 677 1627
220.246.167.51 - - [26/Jan/2009:10:30:16 +0000] "GET /index.jpg HTTP/1.1" 200 225683 "http://www.decodeine.com/" "Mozilla/4.0 (compatible; MSIE 7.0; Windows NT 6.0; SLCC1; .NET CLR 2.0.50727; .NET CLR 3.0.04506; InfoPath.2; OfficeLiveConnector.1.3; OfficeLivePatch.0.0)" 363 226048
220.246.167.51 - - [26/Jan/2009:10:30:16 +0000] "GET /indexbutton.jpg HTTP/1.1" 200 153759 "http://www.decodeine.com/" "Mozilla/4.0 (compatible; MSIE 7.0; Windows NT 6.0; SLCC1; .NET CLR 2.0.50727; .NET CLR 3.0.04506; InfoPath.2; OfficeLiveConnector.1.3; OfficeLivePatch.0.0)" 369 154125
220.246.167.51 - - [26/Jan/2009:10:30:20 +0000] "GET /favicon.ico HTTP/1.1" 404 360 "-" "Mozilla/4.0 (compatible; MSIE 7.0; Windows NT 6.0; SLCC1; .NET CLR 2.0.50727; .NET CLR 3.0.04506; InfoPath.2; OfficeLiveConnector.1.3; OfficeLivePatch.0.0)" 305 645
220.246.167.51 - - [26/Jan/2009:10:30:29 +0000] "GET /feidad.html HTTP/1.1" 200 820 "http://www.decodeine.com/" "Mozilla/4.0 (compatible; MSIE 7.0; Windows NT 6.0; SLCC1; .NET CLR 2.0.50727; .NET CLR 3.0.04506; InfoPath.2; OfficeLiveConnector.1.3; OfficeLivePatch.0.0)" 692 1179
220.246.167.51 - - [26/Jan/2009:10:30:30 +0000] "GET /dec4b.swf HTTP/1.1" 200 7503350 "http://www.decodeine.com/feidad.html" "Mozilla/4.0 (compatible; MSIE 7.0; Windows NT 6.0; SLCC1; .NET CLR 2.0.50727; .NET CLR 3.0.04506; InfoPath.2; OfficeLiveConnector.1.3; OfficeLivePatch.0.0)" 377 7503736
220.246.167.51 - - [26/Jan/2009:10:31:38 +0000] "GET /eh4.jpg HTTP/1.1" 200 58088 "http://www.decodeine.com/dec4b.swf" "Mozilla/4.0 (compatible; MSIE 7.0; Windows NT 6.0; SLCC1; .NET CLR 2.0.50727; .NET CLR 3.0.04506; InfoPath.2; OfficeLiveConnector.1.3; OfficeLivePatch.0.0)" 402 58452
220.246.167.51 - - [26/Jan/2009:10:31:44 +0000] "GET /eh14.jpg HTTP/1.1" 200 111982 "http://www.decodeine.com/eh4.jpg" "Mozilla/4.0 (compatible; MSIE 7.0; Windows NT 6.0; SLCC1; .NET CLR 2.0.50727; .NET CLR 3.0.04506; InfoPath.2; OfficeLiveConnector.1.3; OfficeLivePatch.0.0)" 401 112348
220.246.167.51 - - [26/Jan/2009:10:31:51 +0000] "GET /eh18.jpg HTTP/1.1" 200 119010 "http://www.decodeine.com/eh14.jpg" "Mozilla/4.0 (compatible; MSIE 7.0; Windows NT 6.0; SLCC1; .NET CLR 2.0.50727; .NET CLR 3.0.04506; InfoPath.2; OfficeLiveConnector.1.3; OfficeLivePatch.0.0)" 402 119375
220.246.167.51 - - [26/Jan/2009:10:32:01 +0000] "GET /eh10.jpg HTTP/1.1" 200 105670 "http://www.decodeine.com/eh18.jpg" "Mozilla/4.0 (compatible; MSIE 7.0; Windows NT 6.0; SLCC1; .NET CLR 2.0.50727; .NET CLR 3.0.04506; InfoPath.2; OfficeLiveConnector.1.3; OfficeLivePatch.0.0)" 402 106035
220.246.167.51 - - [26/Jan/2009:10:32:05 +0000] "GET /eh20.jpg HTTP/1.1" 200 70528 "http://www.decodeine.com/eh10.jpg" "Mozilla/4.0 (compatible; MSIE 7.0; Windows NT 6.0; SLCC1; .NET CLR 2.0.50727; .NET CLR 3.0.04506; InfoPath.2; OfficeLiveConnector.1.3; OfficeLivePatch.0.0)" 402 70892
220.246.167.51 - - [26/Jan/2009:10:32:07 +0000] "GET /eh19.jpg HTTP/1.1" 200 64514 "http://www.decodeine.com/eh20.jpg" "Mozilla/4.0 (compatible; MSIE 7.0; Windows NT 6.0; SLCC1; .NET CLR 2.0.50727; .NET CLR 3.0.04506; InfoPath.2; OfficeLiveConnector.1.3; OfficeLivePatch.0.0)" 402 64878
220.246.167.51 - - [26/Jan/2009:10:37:26 +0000] "GET / HTTP/1.1" 304 - "http://www.linkedin.com/in/margotkrasojevic" "Mozilla/4.0 (compatible; MSIE 7.0; Windows NT 6.0; SLCC1; .NET CLR 2.0.50727; .NET CLR 3.0.04506; InfoPath.2; OfficeLiveConnector.1.3; OfficeLivePatch.0.0)" 464 256
220.246.167.51 - - [26/Jan/2009:10:37:26 +0000] "GET /index.jpg HTTP/1.1" 304 - "http://www.decodeine.com/" "Mozilla/4.0 (compatible; MSIE 7.0; Windows NT 6.0; SLCC1; .NET CLR 2.0.50727; .NET CLR 3.0.04506; InfoPath.2; OfficeLiveConnector.1.3; OfficeLivePatch.0.0)" 457 283
220.246.167.51 - - [26/Jan/2009:10:37:26 +0000] "GET /indexbutton.jpg HTTP/1.1" 304 - "http://www.decodeine.com/" "Mozilla/4.0 (compatible; MSIE 7.0; Windows NT 6.0; SLCC1; .NET CLR 2.0.50727; .NET CLR 3.0.04506; InfoPath.2; OfficeLiveConnector.1.3; OfficeLivePatch.0.0)" 463 284
66.249.72.141 - - [26/Jan/2009:11:04:04 +0000] "GET /webalizer/usage_200901.html HTTP/1.1" 200 153010 "-" "Mozilla/5.0 (compatible; Googlebot/2.1; +http://www.google.com/bot.html)" 353 153376
72.30.161.233 - - [26/Jan/2009:15:46:41 +0000] "GET /robots.txt HTTP/1.0" 404 359 "-" "Mozilla/5.0 (compatible; Yahoo! Slurp; http://help.yahoo.com/help/us/ysearch/slurp)" 194 607
72.30.161.233 - - [26/Jan/2009:15:46:41 +0000] "GET /log/error.log.4 HTTP/1.0" 200 1109 "-" "Mozilla/5.0 (compatible; Yahoo! Slurp; http://help.yahoo.com/help/us/ysearch/slurp)" 258 1434
24.213.178.195 - - [26/Jan/2009:18:27:06 +0000] "GET / HTTP/1.1" 200 1266 "http://www.google.com/search?hl=en&sa=X&oi=spell&resnum=0&ct=result&cd=1&q=decodeine.com&spell=1" "Mozilla/4.0 (compatible; MSIE 6.0; Windows NT 5.1; SV1; .NET CLR 1.1.4322)" 460 1627
24.213.178.195 - - [26/Jan/2009:18:27:07 +0000] "GET /index.jpg HTTP/1.1" 200 225683 "http://www.decodeine.com/" "Mozilla/4.0 (compatible; MSIE 6.0; Windows NT 5.1; SV1; .NET CLR 1.1.4322)" 237 226048
24.213.178.195 - - [26/Jan/2009:18:27:07 +0000] "GET /indexbutton.jpg HTTP/1.1" 200 153759 "http://www.decodeine.com/" "Mozilla/4.0 (compatible; MSIE 6.0; Windows NT 5.1; SV1; .NET CLR 1.1.4322)" 243 154125
24.213.178.195 - - [26/Jan/2009:18:27:15 +0000] "GET /feidad.html HTTP/1.1" 200 820 "http://www.decodeine.com/" "Mozilla/4.0 (compatible; MSIE 6.0; Windows NT 5.1; SV1; .NET CLR 1.1.4322)" 400 1179
24.213.178.195 - - [26/Jan/2009:18:27:16 +0000] "GET /dec4b.swf HTTP/1.1" 200 7503350 "http://www.decodeine.com/feidad.html" "Mozilla/4.0 (compatible; MSIE 6.0; Windows NT 5.1; SV1; .NET CLR 1.1.4322)" 276 7503736
72.30.161.233 - - [26/Jan/2009:20:32:48 +0000] "GET /robots.txt HTTP/1.0" 404 359 "-" "Mozilla/5.0 (compatible; Yahoo! Slurp; http://help.yahoo.com/help/us/ysearch/slurp)" 194 607
72.30.161.233 - - [26/Jan/2009:20:32:48 +0000] "GET /log/?S=D HTTP/1.0" 200 3186 "-" "Mozilla/5.0 (compatible; Yahoo! Slurp; http://help.yahoo.com/help/us/ysearch/slurp)" 251 3422
208.111.154.16 - - [26/Jan/2009:20:33:05 +0000] "GET / HTTP/1.1" 304 - "-" "Mozilla/5.0 (compatible; Charlotte/1.1; http://www.searchme.com/support/)" 235 199
66.249.72.141 - - [26/Jan/2009:20:55:59 +0000] "GET /robots.txt HTTP/1.1" 404 359 "-" "Mozilla/5.0 (compatible; Googlebot/2.1; +http://www.google.com/bot.html)" 258 645
66.249.72.141 - - [26/Jan/2009:20:55:59 +0000] "GET /log/?C=N;O=A HTTP/1.1" 200 3186 "-" "Mozilla/5.0 (compatible; Googlebot/2.1; +http://www.google.com/bot.html)" 293 3459
203.27.226.82 - - [26/Jan/2009:22:42:39 +0000] "GET / HTTP/1.0" 200 1266 "-" "-" 40 1589
67.195.37.155 - - [26/Jan/2009:23:31:17 +0000] "GET /robots.txt HTTP/1.0" 404 359 "-" "Mozilla/5.0 (compatible; Yahoo! Slurp; http://help.yahoo.com/help/us/ysearch/slurp)" 194 607
67.195.37.155 - - [26/Jan/2009:23:31:17 +0000] "GET / HTTP/1.0" 200 1266 "-" "Mozilla/5.0 (compatible; Yahoo! Slurp/3.0; http://help.yahoo.com/help/us/ysearch/slurp)" 386 1589
67.195.37.155 - - [26/Jan/2009:23:34:48 +0000] "GET /feidad.html HTTP/1.0" 200 820 "-" "Mozilla/5.0 (compatible; Yahoo! Slurp/3.0; http://help.yahoo.com/help/us/ysearch/slurp)" 397 1142
66.249.72.141 - - [27/Jan/2009:01:49:09 +0000] "GET /hs06.jpg HTTP/1.1" 304 - "-" "Googlebot-Image/1.0" 236 284
208.80.194.36 - - [27/Jan/2009:02:14:26 +0000] "GET / HTTP/1.0" 200 1266 "-" "Mozilla/4.0 (compatible; MSIE 6.0; Windows NT 5.1; SV1; .NET CLR 1.0.3705; .NET CLR 1.1.4322; Media Center PC 3.1; HbTools 4.8.2)" 186 1589
66.249.72.141 - - [27/Jan/2009:02:46:02 +0000] "GET /o1.jpg HTTP/1.1" 200 258267 "-" "Googlebot-Image/1.0" 234 258633
66.249.72.141 - - [27/Jan/2009:03:12:18 +0000] "GET /o2.jpg HTTP/1.1" 200 216322 "-" "Googlebot-Image/1.0" 234 216688
66.249.72.141 - - [27/Jan/2009:03:21:03 +0000] "GET /webalizer/daily_usage_200704.png HTTP/1.1" 304 - "-" "Googlebot-Image/1.0" 260 256
66.249.72.141 - - [27/Jan/2009:04:00:26 +0000] "GET /ob3.jpg HTTP/1.1" 200 72499 "-" "Googlebot-Image/1.0" 235 72864
66.249.72.141 - - [27/Jan/2009:04:17:56 +0000] "GET /hs01.jpg HTTP/1.1" 304 - "-" "Googlebot-Image/1.0" 236 283
66.249.72.141 - - [27/Jan/2009:04:39:49 +0000] "GET /bs01.jpg HTTP/1.1" 200 211509 "-" "Googlebot-Image/1.0" 236 211875
66.235.124.4 - - [27/Jan/2009:05:16:54 +0000] "GET /robots.txt HTTP/1.1" 404 359 "-" "Mozilla/5.0 (compatible; Ask Jeeves/Teoma; +http://about.ask.com/en/docs/about/webmasters.shtml)" 221 645
66.235.124.4 - - [27/Jan/2009:05:17:09 +0000] "GET / HTTP/1.1" 200 1266 "-" "Mozilla/5.0 (compatible; Ask Jeeves/Teoma; +http://about.ask.com/en/docs/about/webmasters.shtml)" 246 1589
66.249.72.141 - - [27/Jan/2009:05:28:05 +0000] "GET /hs18.jpg HTTP/1.1" 304 - "-" "Googlebot-Image/1.0" 236 284
66.249.72.141 - - [27/Jan/2009:05:41:05 +0000] "GET /hs02.jpg HTTP/1.1" 304 - "-" "Googlebot-Image/1.0" 236 283
72.30.161.233 - - [27/Jan/2009:05:45:01 +0000] "GET /robots.txt HTTP/1.0" 404 359 "-" "Mozilla/5.0 (compatible; Yahoo! Slurp; http://help.yahoo.com/help/us/ysearch/slurp)" 194 607
72.30.161.233 - - [27/Jan/2009:05:45:01 +0000] "GET /log/web.log.2 HTTP/1.0" 200 5490 "-" "Mozilla/5.0 (compatible; Yahoo! Slurp; http://help.yahoo.com/help/us/ysearch/slurp)" 256 5815
66.249.72.141 - - [27/Jan/2009:06:11:43 +0000] "GET /hs05.jpg HTTP/1.1" 304 - "-" "Googlebot-Image/1.0" 236 283
64.246.165.180 - - [27/Jan/2009:06:36:06 +0000] "GET /robots.txt HTTP/1.0" 404 359 "http://www.whois.sc/" "SurveyBot/2.3 (Whois Source)" 212 607
64.246.165.180 - - [27/Jan/2009:06:36:06 +0000] "GET / HTTP/1.1" 206 1266 "http://whois.domaintools.com/decodeine.com" "SurveyBot/2.3 (Whois Source)" 351 1636
66.249.72.141 - - [27/Jan/2009:06:37:57 +0000] "GET /hs04.jpg HTTP/1.1" 304 - "-" "Googlebot-Image/1.0" 236 284
66.249.72.141 - - [27/Jan/2009:06:46:42 +0000] "GET /hs14.jpg HTTP/1.1" 304 - "-" "Googlebot-Image/1.0" 236 284
38.100.8.50 - - [27/Jan/2009:07:01:56 +0000] "GET /robots.txt HTTP/1.1" 404 359 "-" "panscient.com" 166 645
38.100.8.50 - - [27/Jan/2009:07:02:00 +0000] "GET / HTTP/1.1" 200 1266 "-" "panscient.com" 188 1627
38.100.8.50 - - [27/Jan/2009:07:02:01 +0000] "GET /feidad.html HTTP/1.1" 200 820 "-" "panscient.com" 199 1179
38.100.8.50 - - [27/Jan/2009:07:02:02 +0000] "GET /dec4b.swf HTTP/1.1" 200 7503350 "-" "panscient.com" 197 18824
38.100.8.50 - - [27/Jan/2009:07:02:04 +0000] "GET /dec4b.swf HTTP/1.1" 200 7503350 "-" "panscient.com" 197 136112
66.249.72.141 - - [27/Jan/2009:07:08:41 +0000] "GET /hs17.jpg HTTP/1.1" 304 - "-" "Googlebot-Image/1.0" 236 284
72.30.161.233 - - [27/Jan/2009:07:35:10 +0000] "GET /log/web.log.1 HTTP/1.0" 200 13484 "-" "Mozilla/5.0 (compatible; Yahoo! Slurp; http://help.yahoo.com/help/us/ysearch/slurp)" 256 13811
66.249.72.141 - - [27/Jan/2009:11:04:11 +0000] "GET /robots.txt HTTP/1.1" 404 359 "-" "Mozilla/5.0 (compatible; Googlebot/2.1; +http://www.google.com/bot.html)" 258 645
66.249.72.141 - - [27/Jan/2009:11:04:11 +0000] "GET /webalizer/usage_200901.html HTTP/1.1" 200 154543 "-" "Mozilla/5.0 (compatible; Googlebot/2.1; +http://www.google.com/bot.html)" 353 154908
66.249.72.141 - - [27/Jan/2009:11:15:00 +0000] "GET /index.jpg HTTP/1.1" 200 225683 "-" "Mozilla/5.0 (compatible; Googlebot/2.1; +http://www.google.com/bot.html)" 240 226049
208.111.154.15 - - [27/Jan/2009:11:41:02 +0000] "GET /robots.txt HTTP/1.0" 404 359 "-" "Mozilla/5.0 (compatible; Charlotte/1.1; http://www.searchme.com/support/)" 320 645
208.111.154.16 - - [27/Jan/2009:11:41:03 +0000] "GET / HTTP/1.1" 304 - "-" "Mozilla/5.0 (compatible; Charlotte/1.1; http://www.searchme.com/support/)" 235 199
66.235.124.4 - - [27/Jan/2009:12:15:53 +0000] "GET / HTTP/1.1" 200 1266 "-" "Mozilla/5.0 (compatible; Ask Jeeves/Teoma; +http://about.ask.com/en/docs/about/webmasters.shtml)" 246 1589
66.249.72.141 - - [27/Jan/2009:14:38:41 +0000] "GET /indexbutton.jpg HTTP/1.1" 200 153759 "-" "Mozilla/5.0 (compatible; Googlebot/2.1; +http://www.google.com/bot.html)" 246 154125
72.30.161.233 - - [27/Jan/2009:16:12:27 +0000] "GET /robots.txt HTTP/1.0" 404 359 "-" "Mozilla/5.0 (compatible; Yahoo! Slurp; http://help.yahoo.com/help/us/ysearch/slurp)" 194 607
72.30.161.233 - - [27/Jan/2009:16:12:28 +0000] "GET /feidad.html HTTP/1.0" 200 820 "-" "Mozilla/5.0 (compatible; Yahoo! Slurp; http://help.yahoo.com/help/us/ysearch/slurp)" 254 1142
38.99.13.125 - - [27/Jan/2009:16:28:09 +0000] "GET /robots.txt HTTP/1.0" 404 359 "-" "Mozilla/5.0 (Twiceler-0.9 http://www.cuil.com/twiceler/robot.html)" 199 607
208.80.194.46 - - [27/Jan/2009:22:07:14 +0000] "GET / HTTP/1.0" 200 1266 "-" "Mozilla/4.0 (compatible; MSIE 6.0; Windows NT 5.0; Avant Browser; .NET CLR 1.1.4322)" 141 1589
84.156.248.13 - - [27/Jan/2009:22:42:03 +0000] "GET /log/error.log.1 HTTP/1.1" 200 4068 "-" "Mozilla/5.0 (Windows; U; Windows NT 5.1; de; rv:1.8.1.11) Gecko/20071127 Firefox/2.0.0.11" 193 4392
66.249.72.141 - - [27/Jan/2009:23:29:13 +0000] "GET /robots.txt HTTP/1.1" 404 359 "-" "Mozilla/5.0 (compatible; Googlebot/2.1; +http://www.google.com/bot.html)" 258 645
66.249.72.141 - - [27/Jan/2009:23:29:13 +0000] "GET /yellowdrag.swf HTTP/1.1" 404 363 "-" "Mozilla/5.0 (compatible; Googlebot/2.1; +http://www.google.com/bot.html)" 245 648
66.249.72.141 - - [27/Jan/2009:23:45:05 +0000] "GET /log/web.log.2 HTTP/1.1" 304 - "-" "Mozilla/5.0 (compatible; Googlebot/2.1; +http://www.google.com/bot.html)" 294 283
66.249.72.141 - - [28/Jan/2009:02:48:41 +0000] "GET /hs03.jpg HTTP/1.1" 304 - "-" "Googlebot-Image/1.0" 236 284
66.249.72.141 - - [28/Jan/2009:03:02:13 +0000] "GET /bs12.jpg HTTP/1.1" 200 139625 "-" "Googlebot-Image/1.0" 236 139991
66.249.72.141 - - [28/Jan/2009:03:08:55 +0000] "GET /hs16.jpg HTTP/1.1" 304 - "-" "Googlebot-Image/1.0" 236 284
66.249.72.141 - - [28/Jan/2009:03:32:32 +0000] "GET /hs11.jpg HTTP/1.1" 304 - "-" "Googlebot-Image/1.0" 236 284
66.235.124.4 - - [28/Jan/2009:04:01:55 +0000] "GET /robots.txt HTTP/1.1" 404 359 "-" "Mozilla/5.0 (compatible; Ask Jeeves/Teoma; +http://about.ask.com/en/docs/about/webmasters.shtml)" 221 645
66.235.124.4 - - [28/Jan/2009:04:02:10 +0000] "GET / HTTP/1.1" 200 1266 "-" "Mozilla/5.0 (compatible; Ask Jeeves/Teoma; +http://about.ask.com/en/docs/about/webmasters.shtml)" 246 1589
66.249.72.141 - - [28/Jan/2009:04:13:01 +0000] "GET /webalizer/ctry_usage_200704.png HTTP/1.1" 304 - "-" "Googlebot-Image/1.0" 259 256
66.249.72.141 - - [28/Jan/2009:05:10:19 +0000] "GET /bs03.jpg HTTP/1.1" 200 137025 "-" "Googlebot-Image/1.0" 236 137391
66.249.72.141 - - [28/Jan/2009:06:21:08 +0000] "GET /bs16.jpg HTTP/1.1" 200 149499 "-" "Googlebot-Image/1.0" 236 149865
66.249.72.141 - - [28/Jan/2009:06:27:52 +0000] "GET /bs02.jpg HTTP/1.1" 200 192720 "-" "Googlebot-Image/1.0" 236 193086
66.249.72.141 - - [28/Jan/2009:06:44:43 +0000] "GET /webalizer/hourly_usage_200704.png HTTP/1.1" 304 - "-" "Googlebot-Image/1.0" 261 256
66.249.72.141 - - [28/Jan/2009:11:04:23 +0000] "GET /webalizer/usage_200901.html HTTP/1.1" 200 155057 "-" "Mozilla/5.0 (compatible; Googlebot/2.1; +http://www.google.com/bot.html)" 353 155423
193.188.90.83 - - [28/Jan/2009:14:04:46 +0000] "GET / HTTP/1.1" 200 1266 "http://www.decodeine.org/" "Mozilla/5.0 (X11; U; Linux i686; en-US; rv:1.9.0.5) Gecko/2008121621 Ubuntu/8.04 (hardy) Firefox/3.0.5" 466 1627
217.169.46.98 - - [28/Jan/2009:14:04:46 +0000] "GET / HTTP/1.1" 200 1266 "-" "Mozilla/4.0" 207 1627
193.188.90.83 - - [28/Jan/2009:14:04:46 +0000] "GET /indexbutton.jpg HTTP/1.1" 200 153759 "http://www.decodeine.com/" "Mozilla/5.0 (X11; U; Linux i686; en-US; rv:1.9.0.5) Gecko/2008121621 Ubuntu/8.04 (hardy) Firefox/3.0.5" 451 154124
193.188.90.83 - - [28/Jan/2009:14:04:47 +0000] "GET /index.jpg HTTP/1.1" 200 225683 "http://www.decodeine.com/" "Mozilla/5.0 (X11; U; Linux i686; en-US; rv:1.9.0.5) Gecko/2008121621 Ubuntu/8.04 (hardy) Firefox/3.0.5" 445 226049
193.188.90.83 - - [28/Jan/2009:14:04:56 +0000] "GET /favicon.ico HTTP/1.1" 404 360 "-" "Mozilla/5.0 (X11; U; Linux i686; en-US; rv:1.9.0.5) Gecko/2008121621 Ubuntu/8.04 (hardy) Firefox/3.0.5" 411 645
193.188.90.83 - - [28/Jan/2009:14:04:59 +0000] "GET /favicon.ico HTTP/1.1" 404 360 "-" "Mozilla/5.0 (X11; U; Linux i686; en-US; rv:1.9.0.5) Gecko/2008121621 Ubuntu/8.04 (hardy) Firefox/3.0.5" 441 645
208.111.154.15 - - [28/Jan/2009:17:50:32 +0000] "GET /robots.txt HTTP/1.1" 404 359 "-" "Mozilla/5.0 (compatible; Charlotte/1.1; http://www.searchme.com/support/)" 195 588
208.111.154.15 - - [28/Jan/2009:17:50:33 +0000] "GET / HTTP/1.1" 304 - "-" "Mozilla/5.0 (compatible; Charlotte/1.1; http://www.searchme.com/support/)" 235 199
66.249.72.141 - - [28/Jan/2009:18:53:37 +0000] "GET /robots.txt HTTP/1.1" 404 359 "-" "Mozilla/5.0 (compatible; Googlebot/2.1; +http://www.google.com/bot.html)" 258 645
66.249.72.141 - - [28/Jan/2009:18:53:39 +0000] "GET /log/error.log.3 HTTP/1.1" 200 611 "-" "Mozilla/5.0 (compatible; Googlebot/2.1; +http://www.google.com/bot.html)" 246 972
66.249.72.141 - - [28/Jan/2009:19:37:01 +0000] "GET / HTTP/1.1" 200 1266 "-" "Mozilla/5.0 (compatible; Googlebot/2.1; +http://www.google.com/bot.html)" 231 1627
66.249.72.141 - - [28/Jan/2009:19:54:55 +0000] "GET /log/?C=M;O=D HTTP/1.1" 200 3186 "-" "Mozilla/5.0 (compatible; Googlebot/2.1; +http://www.google.com/bot.html)" 243 3460
208.80.194.39 - - [28/Jan/2009:21:23:38 +0000] "GET / HTTP/1.0" 200 1266 "-" "Mozilla/4.0 (compatible; MSIE 7.0; Windows NT 5.1; Embedded Web Browser from: http://bsalsa.com/; Mozilla/4.0 (compatible; MSIE 6.0; Windows NT 5.1; SV1; MEGAUPLOAD 1.0); .NET CLR 1.1.4322; .NET CLR 2.0.50727)" 267 1589
66.249.72.141 - - [28/Jan/2009:21:37:11 +0000] "GET /log/?C=S;O=A HTTP/1.1" 200 3186 "-" "Mozilla/5.0 (compatible; Googlebot/2.1; +http://www.google.com/bot.html)" 243 3460
66.249.72.141 - - [28/Jan/2009:23:06:41 +0000] "GET /log/error.log.4 HTTP/1.1" 200 1109 "-" "Mozilla/5.0 (compatible; Googlebot/2.1; +http://www.google.com/bot.html)" 246 1472
66.249.72.141 - - [29/Jan/2009:01:20:52 +0000] "GET /feidad.html HTTP/1.1" 200 820 "-" "Mozilla/5.0 (compatible; Googlebot/2.1; +http://www.google.com/bot.html)" 242 1180
72.30.161.233 - - [29/Jan/2009:01:49:09 +0000] "GET /robots.txt HTTP/1.0" 404 359 "-" "Mozilla/5.0 (compatible; Yahoo! Slurp; http://help.yahoo.com/help/us/ysearch/slurp)" 194 607
72.30.161.233 - - [29/Jan/2009:01:49:10 +0000] "GET / HTTP/1.0" 200 1266 "-" "Mozilla/5.0 (compatible; Yahoo! Slurp; http://help.yahoo.com/help/us/ysearch/slurp)" 243 1589
66.249.72.141 - - [29/Jan/2009:07:25:59 +0000] "GET /robots.txt HTTP/1.1" 404 359 "-" "Mozilla/5.0 (compatible; Googlebot/2.1; +http://www.google.com/bot.html)" 258 645
