89.149.249.184 - - [05/Jun/2009:20:26:27 +0100] "HEAD / HTTP/1.1" 200 - "http://autoversicherung.parkhotel-silverio.at" "Mozilla/4.0 (compatible; MSIE 6.0; Windows NT 5.1; .NET CLR 1.1.4322)" 196 302
89.149.234.42 - - [05/Jun/2009:20:26:27 +0100] "HEAD / HTTP/1.1" 200 - "http://autoversicherung.parkhotel-silverio.at" "msnbot/0.3 (+http://search.msn.com/msnbot.htm)" 173 302
89.149.249.188 - - [05/Jun/2009:20:26:27 +0100] "HEAD / HTTP/1.1" 200 - "http://autoversicherung.parkhotel-silverio.at" "Mozilla/5.0 (Windows; U; Windows NT 5.1; PL; rv:1.7.2) Gecko/20040803" 196 302
89.149.212.91 - - [05/Jun/2009:20:26:27 +0100] "HEAD / HTTP/1.1" 200 - "http://autoversicherung.parkhotel-silverio.at" "Mozilla/5.0 (Windows; U; Windows NT 5.1; PL; rv:1.7.2) Gecko/20040803" 196 302
89.149.212.94 - - [05/Jun/2009:20:26:27 +0100] "HEAD / HTTP/1.1" 200 - "http://autoversicherung.parkhotel-silverio.at" "Mozilla/4.0 (compatible; MSIE 6.0; Windows NT 5.0)" 177 302
89.149.249.189 - - [05/Jun/2009:20:26:27 +0100] "HEAD / HTTP/1.1" 200 - "http://autoversicherung.parkhotel-silverio.at" "Mozilla/5.0 (compatible; Konqueror/3.2; Linux 2.4.27; X11) (KHTML, like Gecko)" 205 302
89.149.207.79 - - [05/Jun/2009:20:26:27 +0100] "HEAD / HTTP/1.1" 200 - "http://autoversicherung.parkhotel-silverio.at" "Mozilla/4.0 (compatible; MSIE 6.0; Windows NT 5.1; SV1; Hotbar4.5.3.0)" 197 302
66.249.72.141 - - [05/Jun/2009:20:52:53 +0100] "GET /bs03.jpg HTTP/1.1" 304 - "-" "Googlebot-Image/1.0" 236 256
89.149.234.43 - - [05/Jun/2009:21:30:34 +0100] "GET /webalizer/usage_200906.html HTTP/1.0" 200 108456 "-" "-" 70 108782
89.149.249.186 - - [05/Jun/2009:21:30:34 +0100] "HEAD / HTTP/1.1" 200 - "http://american-poker-spiel.parkhotel-silverio.at" "msnbot/0.3 (+http://search.msn.com/msnbot.htm)" 177 302
89.149.249.187 - - [05/Jun/2009:21:30:34 +0100] "HEAD / HTTP/1.1" 200 - "http://american-poker-spiel.parkhotel-silverio.at" "Mozilla/4.0 (compatible; MSIE 6.0; Windows 98)" 177 302
89.149.234.42 - - [05/Jun/2009:21:30:34 +0100] "HEAD / HTTP/1.1" 200 - "http://american-poker-spiel.parkhotel-silverio.at" "Mozilla/5.0 (Windows; U; Windows NT 5.1; pl-PL; rv:1.7) Gecko/20040707 Firefox/0.9.2" 215 302
89.149.249.189 - - [05/Jun/2009:21:30:34 +0100] "HEAD / HTTP/1.1" 200 - "http://american-poker-spiel.parkhotel-silverio.at" "Mozilla/5.0 (Windows; U; Windows NT 5.1; pl-PL; rv:1.7) Gecko/20040707 Firefox/0.9.2" 215 302
89.149.249.184 - - [05/Jun/2009:21:30:34 +0100] "HEAD / HTTP/1.1" 200 - "http://american-poker-spiel.parkhotel-silverio.at" "Mozilla/5.0 (Windows; U; Windows NT 5.1; rv:1.7.3) Gecko/20041001 Firefox/0.10.1" 211 302
89.149.249.184 - - [05/Jun/2009:21:30:34 +0100] "HEAD / HTTP/1.1" 200 - "http://american-poker-spiel.parkhotel-silverio.at" "Yahoo-MMCrawler/3.x (mms dash mmcrawler dash support at yahoo dash inc dot com)" 210 302
89.149.212.94 - - [05/Jun/2009:21:30:34 +0100] "HEAD / HTTP/1.1" 200 - "http://american-poker-spiel.parkhotel-silverio.at" "Mozilla/4.0 (compatible; MSIE 6.0; Windows NT 5.0)" 181 302
89.149.234.43 - - [05/Jun/2009:21:30:34 +0100] "HEAD / HTTP/1.1" 200 - "http://american-poker-spiel.parkhotel-silverio.at" "Mozilla/5.0 (Windows; U; Windows NT 5.1; en-US; rv:1.7.5) Gecko/20041107 Firefox/1.0" 215 302
89.149.249.188 - - [05/Jun/2009:21:30:34 +0100] "HEAD / HTTP/1.1" 200 - "http://american-poker-spiel.parkhotel-silverio.at" "Mozilla/4.0 (compatible; MSIE 6.0; Windows 98; .NET CLR 1.1.4322)" 196 302
89.149.249.186 - - [05/Jun/2009:21:30:34 +0100] "HEAD / HTTP/1.1" 200 - "http://american-poker-spiel.parkhotel-silverio.at" "Mozilla/4.0 (compatible; MSIE 5.01; Windows 98; DigExt)" 186 302
89.149.207.78 - - [05/Jun/2009:21:30:34 +0100] "HEAD / HTTP/1.1" 200 - "http://american-poker-spiel.parkhotel-silverio.at" "Mozilla/4.0 (compatible; MSIE 6.0; Windows NT 5.0)" 181 302
89.149.249.185 - - [05/Jun/2009:21:30:34 +0100] "HEAD / HTTP/1.1" 200 - "http://american-poker-spiel.parkhotel-silverio.at" "Mozilla/4.0 (compatible; MSIE 6.0; Windows NT 5.1) Opera 7.54 [pl]" 197 302
89.149.249.182 - - [05/Jun/2009:21:30:34 +0100] "HEAD / HTTP/1.1" 200 - "http://american-poker-spiel.parkhotel-silverio.at" "Mozilla/4.0 (compatible; MSIE 5.01; Windows 98)" 178 302
89.149.249.183 - - [05/Jun/2009:21:30:34 +0100] "HEAD / HTTP/1.1" 200 - "http://american-poker-spiel.parkhotel-silverio.at" "Mozilla/5.0 (Windows; U; Windows NT 5.1; pl-PL; rv:1.7.5) Gecko/20041108 Firefox/1.0" 215 302
89.149.249.182 - - [05/Jun/2009:21:30:34 +0100] "HEAD / HTTP/1.1" 200 - "http://american-poker-spiel.parkhotel-silverio.at" "-" 117 302
89.149.249.189 - - [05/Jun/2009:21:30:34 +0100] "HEAD / HTTP/1.1" 200 - "http://american-poker-spiel.parkhotel-silverio.at" "Mozilla/4.0 (compatible; MSIE 6.0; Windows NT 5.1; SV1; .NET CLR 1.1.4322)" 205 302
89.149.207.79 - - [05/Jun/2009:21:30:34 +0100] "HEAD / HTTP/1.1" 200 - "http://american-poker-spiel.parkhotel-silverio.at" "Mozilla/4.0 (compatible; MSIE 5.01; Windows 98; DigExt)" 186 302
89.149.249.188 - - [05/Jun/2009:21:30:34 +0100] "HEAD / HTTP/1.1" 200 - "http://american-poker-spiel.parkhotel-silverio.at" "Mozilla/4.0 (compatible; MSIE 6.0; Windows NT 5.1; SV1; Neostrada TP 6.1)" 204 302
89.149.249.186 - - [05/Jun/2009:21:30:34 +0100] "HEAD / HTTP/1.1" 200 - "http://american-poker-spiel.parkhotel-silverio.at" "Mozilla/4.0 (compatible; MSIE 5.01; Windows 98; DigExt)" 186 302
89.149.207.79 - - [05/Jun/2009:21:30:34 +0100] "HEAD / HTTP/1.1" 200 - "http://american-poker-spiel.parkhotel-silverio.at" "Mozilla/4.0 (compatible; MSIE 6.0; Windows NT 5.1; FunWebProducts)" 197 302
89.149.234.42 - - [05/Jun/2009:21:30:34 +0100] "HEAD / HTTP/1.1" 200 - "http://american-poker-spiel.parkhotel-silverio.at" "Mozilla/5.0 (compatible; Konqueror/3.2; Linux 2.4.27; X11) (KHTML, like Gecko)" 209 302
89.149.249.182 - - [05/Jun/2009:21:30:34 +0100] "HEAD / HTTP/1.1" 200 - "http://american-poker-spiel.parkhotel-silverio.at" "Mozilla/4.0 (compatible; MSIE 6.0; Windows NT 5.1; Neostrada TP 6.1)" 199 302
66.249.72.141 - - [05/Jun/2009:21:51:27 +0100] "GET /indexbutton.jpg HTTP/1.1" 304 - "-" "Googlebot-Image/1.0" 243 256
66.249.72.141 - - [05/Jun/2009:22:24:08 +0100] "GET /webalizer/ HTTP/1.1" 200 11484 "-" "Mozilla/5.0 (compatible; Googlebot/2.1; +http://www.google.com/bot.html)" 241 11846
89.149.234.43 - - [05/Jun/2009:23:04:38 +0100] "GET /webalizer/usage_200906.html HTTP/1.0" 200 109600 "-" "-" 70 109926
89.149.249.189 - - [05/Jun/2009:23:04:39 +0100] "HEAD / HTTP/1.1" 200 - "http://auto-spiele.parkhotel-silverio.at" "Mozilla/4.0 (compatible; MSIE 6.0; Windows NT 5.1; SV1; Neostrada TP 6.1)" 195 302
89.149.249.186 - - [05/Jun/2009:23:04:39 +0100] "HEAD / HTTP/1.1" 200 - "http://auto-spiele.parkhotel-silverio.at" "Mozilla/5.0 (Windows; U; Windows NT 5.1; rv:1.7.3) Gecko/20041001 Firefox/0.10.1" 202 302
89.149.249.183 - - [05/Jun/2009:23:04:39 +0100] "HEAD / HTTP/1.1" 200 - "http://auto-spiele.parkhotel-silverio.at" "Mozilla/4.0 (compatible; MSIE 6.0; Windows NT 5.1; .NET CLR 1.1.4322)" 191 302
89.149.249.183 - - [05/Jun/2009:23:04:39 +0100] "HEAD / HTTP/1.1" 200 - "http://auto-spiele.parkhotel-silverio.at" "Mozilla/4.0 (compatible; MSIE 5.01; Windows 98; DigExt)" 177 302
89.149.249.182 - - [05/Jun/2009:23:04:39 +0100] "HEAD / HTTP/1.1" 200 - "http://auto-spiele.parkhotel-silverio.at" "Mozilla/4.0 (compatible; MSIE 6.0; Windows NT 5.1) Opera 7.54 [pl]" 188 302
89.149.249.185 - - [05/Jun/2009:23:04:39 +0100] "HEAD / HTTP/1.1" 200 - "http://auto-spiele.parkhotel-silverio.at" "Mozilla/4.0 (compatible; MSIE 5.01; Windows 98)" 169 302
89.149.234.43 - - [05/Jun/2009:23:04:39 +0100] "HEAD / HTTP/1.1" 200 - "http://auto-spiele.parkhotel-silverio.at" "Mozilla/4.0 (compatible; MSIE 6.0; Windows NT 5.1; cw-mep2000-retail)" 191 302
89.149.249.183 - - [05/Jun/2009:23:04:39 +0100] "HEAD / HTTP/1.1" 200 - "http://auto-spiele.parkhotel-silverio.at" "Yahoo-MMCrawler/3.x (mms dash mmcrawler dash support at yahoo dash inc dot com)" 201 302
89.149.212.93 - - [05/Jun/2009:23:04:39 +0100] "HEAD / HTTP/1.1" 200 - "http://auto-spiele.parkhotel-silverio.at" "msnbot/0.3 (+http://search.msn.com/msnbot.htm)" 168 302
89.149.249.184 - - [05/Jun/2009:23:04:39 +0100] "HEAD / HTTP/1.1" 200 - "http://auto-spiele.parkhotel-silverio.at" "Mozilla/4.0 (compatible; MSIE 6.0; Windows NT 5.1; Neostrada TP 6.1)" 190 302
89.149.207.78 - - [05/Jun/2009:23:04:39 +0100] "HEAD / HTTP/1.1" 200 - "http://auto-spiele.parkhotel-silverio.at" "Mozilla/5.0 (compatible; Yahoo! Slurp; http://help.yahoo.com/help/us/ysearch/slurp)" 205 302
89.149.249.189 - - [05/Jun/2009:23:04:39 +0100] "HEAD / HTTP/1.1" 200 - "http://auto-spiele.parkhotel-silverio.at" "Mozilla/4.0 (compatible; MSIE 6.0; Windows NT 5.1; Neostrada Plus 5.6)" 192 302
89.149.212.92 - - [05/Jun/2009:23:04:39 +0100] "HEAD / HTTP/1.1" 200 - "http://auto-spiele.parkhotel-silverio.at" "Mozilla/4.0 (compatible; MSIE 6.0; Windows 98)" 168 302
89.149.212.91 - - [05/Jun/2009:23:04:39 +0100] "HEAD / HTTP/1.1" 200 - "http://auto-spiele.parkhotel-silverio.at" "Mozilla/4.0 (compatible; MSIE 6.0; Windows NT 5.0)" 172 302
89.149.249.185 - - [05/Jun/2009:23:04:39 +0100] "HEAD / HTTP/1.1" 200 - "http://auto-spiele.parkhotel-silverio.at" "Mozilla/4.0 (compatible; MSIE 6.0; Windows NT 5.1) Opera 7.54 [en]" 188 302
89.149.249.182 - - [05/Jun/2009:23:04:39 +0100] "HEAD / HTTP/1.1" 200 - "http://auto-spiele.parkhotel-silverio.at" "Mozilla/5.0 (Windows; U; Windows NT 5.1; rv:1.7.3) Gecko/20041001 Firefox/0.10.1" 202 302
89.149.249.187 - - [05/Jun/2009:23:04:39 +0100] "HEAD / HTTP/1.1" 200 - "http://auto-spiele.parkhotel-silverio.at" "Mozilla/4.0 (compatible; MSIE 6.0; Windows NT 5.1) Opera 7.54 [pl]" 188 302
89.149.249.187 - - [05/Jun/2009:23:04:39 +0100] "HEAD / HTTP/1.1" 200 - "http://auto-spiele.parkhotel-silverio.at" "Mozilla/5.0 (Windows; U; Windows NT 5.1; pl-PL; rv:1.7) Gecko/20040707 Firefox/0.9.2" 206 302
89.149.207.79 - - [05/Jun/2009:23:04:39 +0100] "HEAD / HTTP/1.1" 200 - "http://auto-spiele.parkhotel-silverio.at" "Mozilla/4.0 (compatible; MSIE 6.0; Windows NT 5.1; Neostrada TP 6.1)" 190 302
89.149.249.185 - - [05/Jun/2009:23:04:39 +0100] "HEAD / HTTP/1.1" 200 - "http://auto-spiele.parkhotel-silverio.at" "msnbot/0.3 (+http://search.msn.com/msnbot.htm)" 168 302
89.149.212.91 - - [05/Jun/2009:23:04:39 +0100] "HEAD / HTTP/1.1" 200 - "http://auto-spiele.parkhotel-silverio.at" "Mozilla/4.0 (compatible; MSIE 6.0; Windows NT 5.1; Neostrada TP 6.1)" 190 302
89.149.207.78 - - [05/Jun/2009:23:04:39 +0100] "HEAD / HTTP/1.1" 200 - "http://auto-spiele.parkhotel-silverio.at" "Mozilla/4.0 (compatible; MSIE 6.0; Windows NT 5.1; FunWebProducts)" 188 302
89.149.234.43 - - [05/Jun/2009:23:32:34 +0100] "GET /webalizer/usage_200906.html HTTP/1.0" 200 109600 "-" "-" 70 109926
89.149.207.78 - - [05/Jun/2009:23:32:34 +0100] "HEAD / HTTP/1.1" 200 - "http://erotik-spiel-game.parkhotel-silverio.at" "Mozilla/4.0 (compatible; MSIE 6.0; Windows NT 5.1) Opera 7.54 [en]" 194 302
89.149.249.183 - - [05/Jun/2009:23:32:34 +0100] "HEAD / HTTP/1.1" 200 - "http://erotik-spiel-game.parkhotel-silverio.at" "Mozilla/4.0 (compatible; MSIE 5.01; Windows 98)" 175 302
89.149.212.91 - - [05/Jun/2009:23:32:34 +0100] "HEAD / HTTP/1.1" 200 - "http://erotik-spiel-game.parkhotel-silverio.at" "Mozilla/4.0 (compatible; MSIE 6.0; Windows NT 5.0; Neostrada Plus 5.6)" 198 302
89.149.249.186 - - [05/Jun/2009:23:32:34 +0100] "HEAD / HTTP/1.1" 200 - "http://erotik-spiel-game.parkhotel-silverio.at" "Mozilla/4.0 (compatible; MSIE 6.0; Windows NT 5.1)" 178 302
89.149.234.42 - - [05/Jun/2009:23:32:34 +0100] "HEAD / HTTP/1.1" 200 - "http://erotik-spiel-game.parkhotel-silverio.at" "Mozilla/4.0 (compatible; MSIE 5.0; Windows 98; DigExt)" 182 302
89.149.249.186 - - [05/Jun/2009:23:32:34 +0100] "HEAD / HTTP/1.1" 200 - "http://erotik-spiel-game.parkhotel-silverio.at" "Yahoo-MMCrawler/3.x (mms dash mmcrawler dash support at yahoo dash inc dot com)" 207 302
89.149.249.188 - - [05/Jun/2009:23:32:34 +0100] "HEAD / HTTP/1.1" 200 - "http://erotik-spiel-game.parkhotel-silverio.at" "Mozilla/4.0 (compatible; MSIE 6.0; Windows NT 5.1; SV1; Neostrada TP 6.1)" 201 302
89.149.249.187 - - [05/Jun/2009:23:32:34 +0100] "HEAD / HTTP/1.1" 200 - "http://erotik-spiel-game.parkhotel-silverio.at" "Mozilla/5.0 (Windows; U; Windows NT 5.1; en-US; rv:1.4) Gecko/20030624 Netscape/7.1 (ax)" 216 302
89.149.249.182 - - [05/Jun/2009:23:32:34 +0100] "HEAD / HTTP/1.1" 200 - "http://erotik-spiel-game.parkhotel-silverio.at" "Mozilla/4.0 (compatible; MSIE 6.0; Windows NT 5.1; Neostrada Plus 5.6)" 198 302
89.149.249.187 - - [05/Jun/2009:23:32:34 +0100] "HEAD / HTTP/1.1" 200 - "http://erotik-spiel-game.parkhotel-silverio.at" "Mozilla/4.0 (compatible; MSIE 5.01; Windows 98; DigExt)" 183 302
89.149.249.188 - - [05/Jun/2009:23:32:34 +0100] "HEAD / HTTP/1.1" 200 - "http://erotik-spiel-game.parkhotel-silverio.at" "msnbot/0.3 (+http://search.msn.com/msnbot.htm)" 174 302
89.149.212.94 - - [05/Jun/2009:23:32:34 +0100] "HEAD / HTTP/1.1" 200 - "http://erotik-spiel-game.parkhotel-silverio.at" "Mozilla/5.0 (Windows; U; Windows NT 5.1; pl-PL; rv:1.7) Gecko/20040707 Firefox/0.9.2" 212 302
89.149.212.91 - - [05/Jun/2009:23:32:34 +0100] "HEAD / HTTP/1.1" 200 - "http://erotik-spiel-game.parkhotel-silverio.at" "Mozilla/4.0 (compatible; MSIE 6.0; Windows NT 5.1; .NET CLR 1.1.4322)" 197 302
89.149.249.188 - - [05/Jun/2009:23:32:34 +0100] "HEAD / HTTP/1.1" 200 - "http://erotik-spiel-game.parkhotel-silverio.at" "Mozilla/4.0 (compatible; MSIE 6.0; Windows NT 5.1)" 178 302
89.149.207.78 - - [05/Jun/2009:23:32:34 +0100] "HEAD / HTTP/1.1" 200 - "http://erotik-spiel-game.parkhotel-silverio.at" "Mozilla/5.0 (Windows; U; Windows NT 5.1; PL; rv:1.7.2) Gecko/20040803" 197 302
89.149.249.182 - - [05/Jun/2009:23:32:34 +0100] "HEAD / HTTP/1.1" 200 - "http://erotik-spiel-game.parkhotel-silverio.at" "Mozilla/4.0 (compatible; MSIE 6.0; Windows NT 5.1) Opera 7.54 [pl]" 194 302
89.149.234.42 - - [05/Jun/2009:23:32:34 +0100] "HEAD / HTTP/1.1" 200 - "http://erotik-spiel-game.parkhotel-silverio.at" "Mozilla/4.0 (compatible; MSIE 6.0; Windows 98)" 174 302
89.149.249.185 - - [05/Jun/2009:23:32:34 +0100] "HEAD / HTTP/1.1" 200 - "http://erotik-spiel-game.parkhotel-silverio.at" "Mozilla/4.0 (compatible; MSIE 6.0; Windows NT 5.1) Opera 7.54 [pl]" 194 302
89.149.249.182 - - [05/Jun/2009:23:32:34 +0100] "HEAD / HTTP/1.1" 200 - "http://erotik-spiel-game.parkhotel-silverio.at" "Mozilla/5.0 (Windows; U; Windows NT 5.1; PL; rv:1.7.2) Gecko/20040803" 197 302
89.149.249.188 - - [05/Jun/2009:23:32:34 +0100] "HEAD / HTTP/1.1" 200 - "http://erotik-spiel-game.parkhotel-silverio.at" "Mozilla/4.0 (compatible; MSIE 6.0; Windows NT 5.1; SV1; Hotbar4.5.3.0)" 198 302
89.149.212.91 - - [05/Jun/2009:23:32:34 +0100] "HEAD / HTTP/1.1" 200 - "http://erotik-spiel-game.parkhotel-silverio.at" "Mozilla/5.0 (Windows; U; Windows NT 5.1; rv:1.7.3) Gecko/20041001 Firefox/0.10.1" 208 302
89.149.249.184 - - [05/Jun/2009:23:32:34 +0100] "HEAD / HTTP/1.1" 200 - "http://erotik-spiel-game.parkhotel-silverio.at" "Mozilla/4.0 (compatible; MSIE 6.0; Windows 98; Win 9x 4.90)" 187 302
72.30.161.248 - - [06/Jun/2009:00:07:31 +0100] "GET /robots.txt HTTP/1.0" 404 357 "-" "Mozilla/5.0 (compatible; Yahoo! Slurp; http://help.yahoo.com/help/us/ysearch/slurp)" 194 603
72.30.161.248 - - [06/Jun/2009:00:07:31 +0100] "GET /log/error.log.2 HTTP/1.0" 200 2074 "-" "Mozilla/5.0 (compatible; Yahoo! Slurp/3.0; http://help.yahoo.com/help/us/ysearch/slurp)" 380 2396
66.249.72.141 - - [06/Jun/2009:00:36:47 +0100] "GET /robots.txt HTTP/1.1" 404 357 "-" "Mozilla/5.0 (compatible; Googlebot/2.1; +http://www.google.com/bot.html)" 258 641
66.249.72.141 - - [06/Jun/2009:00:36:47 +0100] "GET /webalizer/usage_200905.html HTTP/1.1" 200 144388 "-" "Mozilla/5.0 (compatible; Googlebot/2.1; +http://www.google.com/bot.html)" 258 144751
89.149.234.43 - - [06/Jun/2009:01:03:06 +0100] "GET /webalizer/usage_200906.html HTTP/1.0" 200 112002 "-" "-" 70 112328
89.149.249.187 - - [06/Jun/2009:01:03:06 +0100] "HEAD / HTTP/1.1" 200 - "http://freie-spiele.parkhotel-silverio.at" "Mozilla/5.0 (Windows; U; Windows NT 5.1; en-US; rv:1.7.5) Gecko/20041107 Firefox/1.0" 207 302
89.149.249.186 - - [06/Jun/2009:01:03:06 +0100] "HEAD / HTTP/1.1" 200 - "http://freie-spiele.parkhotel-silverio.at" "Mozilla/4.0 (compatible; MSIE 6.0; Windows 98; Win 9x 4.90)" 182 302
89.149.212.94 - - [06/Jun/2009:01:03:06 +0100] "HEAD / HTTP/1.1" 200 - "http://freie-spiele.parkhotel-silverio.at" "Mozilla/4.0 (compatible; MSIE 6.0; Windows NT 5.1; .NET CLR 1.1.4322)" 192 302
89.149.249.187 - - [06/Jun/2009:01:03:06 +0100] "HEAD / HTTP/1.1" 200 - "http://freie-spiele.parkhotel-silverio.at" "Mozilla/4.0 (compatible; MSIE 6.0; Windows NT 5.1; SV1; Hotbar4.5.3.0)" 193 302
89.149.249.183 - - [06/Jun/2009:01:03:06 +0100] "HEAD / HTTP/1.1" 200 - "http://freie-spiele.parkhotel-silverio.at" "Mozilla/4.0 (compatible; MSIE 5.01; Windows 98; DigExt)" 178 302
89.149.249.186 - - [06/Jun/2009:01:03:06 +0100] "HEAD / HTTP/1.1" 200 - "http://freie-spiele.parkhotel-silverio.at" "Mozilla/5.0 (Windows; U; Windows NT 5.1; en-US; rv:1.7.5) Gecko/20041107 Firefox/1.0" 207 302
89.149.249.189 - - [06/Jun/2009:01:03:07 +0100] "HEAD / HTTP/1.1" 200 - "http://freie-spiele.parkhotel-silverio.at" "Mozilla/4.0 (compatible; MSIE 6.0; Windows 98; Win 9x 4.90)" 182 302
89.149.249.185 - - [06/Jun/2009:01:03:07 +0100] "HEAD / HTTP/1.1" 200 - "http://freie-spiele.parkhotel-silverio.at" "Mozilla/5.0 (compatible; Yahoo! Slurp; http://help.yahoo.com/help/us/ysearch/slurp)" 206 302
89.149.212.94 - - [06/Jun/2009:01:03:07 +0100] "HEAD / HTTP/1.1" 200 - "http://freie-spiele.parkhotel-silverio.at" "Mozilla/5.0 (Windows; U; Windows NT 5.1; PL; rv:1.7.2) Gecko/20040803" 192 302
89.149.234.42 - - [06/Jun/2009:01:03:07 +0100] "HEAD / HTTP/1.1" 200 - "http://freie-spiele.parkhotel-silverio.at" "Mozilla/4.0 (compatible; MSIE 6.0; Windows 98; .NET CLR 1.1.4322)" 188 302
89.149.212.93 - - [06/Jun/2009:01:03:07 +0100] "HEAD / HTTP/1.1" 200 - "http://freie-spiele.parkhotel-silverio.at" "Mozilla/5.0 (Windows; U; Windows NT 5.1; pl-PL; rv:1.7.5) Gecko/20041108 Firefox/1.0" 207 302
89.149.249.187 - - [06/Jun/2009:01:03:07 +0100] "HEAD / HTTP/1.1" 200 - "http://freie-spiele.parkhotel-silverio.at" "Mozilla/4.0 (compatible; MSIE 5.0; Windows 98; DigExt)" 177 302
89.149.249.183 - - [06/Jun/2009:01:03:07 +0100] "HEAD / HTTP/1.1" 200 - "http://freie-spiele.parkhotel-silverio.at" "Mozilla/4.0 (compatible; MSIE 6.0; Windows NT 5.1; Neostrada TP 6.1)" 191 302
89.149.234.43 - - [06/Jun/2009:01:03:07 +0100] "HEAD / HTTP/1.1" 200 - "http://freie-spiele.parkhotel-silverio.at" "Yahoo-MMCrawler/3.x (mms dash mmcrawler dash support at yahoo dash inc dot com)" 202 302
89.149.212.92 - - [06/Jun/2009:01:03:07 +0100] "HEAD / HTTP/1.1" 200 - "http://freie-spiele.parkhotel-silverio.at" "Mozilla/5.0 (Windows; U; Windows NT 5.1; PL; rv:1.7.2) Gecko/20040803" 192 302
89.149.249.182 - - [06/Jun/2009:01:03:07 +0100] "HEAD / HTTP/1.1" 200 - "http://freie-spiele.parkhotel-silverio.at" "Mozilla/4.0 (compatible; MSIE 5.0; Windows 98; DigExt)" 177 302
89.149.249.183 - - [06/Jun/2009:01:03:07 +0100] "HEAD / HTTP/1.1" 200 - "http://freie-spiele.parkhotel-silverio.at" "Mozilla/4.0 (compatible; MSIE 6.0; Windows NT 5.1) Opera 7.54 [pl]" 189 302
89.149.249.189 - - [06/Jun/2009:01:03:07 +0100] "HEAD / HTTP/1.1" 200 - "http://freie-spiele.parkhotel-silverio.at" "Mozilla/4.0 (compatible; MSIE 6.0; Windows NT 5.1; SV1)" 178 302
89.149.207.79 - - [06/Jun/2009:01:03:07 +0100] "HEAD / HTTP/1.1" 200 - "http://freie-spiele.parkhotel-silverio.at" "Mozilla/4.0 (compatible; MSIE 6.0; Windows NT 5.1; cw-mep2000-retail)" 192 302
89.149.207.78 - - [06/Jun/2009:01:03:07 +0100] "HEAD / HTTP/1.1" 200 - "http://freie-spiele.parkhotel-silverio.at" "Mozilla/4.0 (compatible; MSIE 6.0; Windows NT 5.1; cw-mep2000-retail)" 192 302
89.149.207.78 - - [06/Jun/2009:01:03:07 +0100] "HEAD / HTTP/1.1" 200 - "http://freie-spiele.parkhotel-silverio.at" "Mozilla/4.0 (compatible; MSIE 6.0; Windows NT 5.0)" 173 302
89.149.249.188 - - [06/Jun/2009:01:03:07 +0100] "HEAD / HTTP/1.1" 200 - "http://freie-spiele.parkhotel-silverio.at" "Mozilla/4.0 (compatible; MSIE 6.0; Windows 98)" 169 302
89.149.249.184 - - [06/Jun/2009:01:03:07 +0100] "HEAD / HTTP/1.1" 200 - "http://freie-spiele.parkhotel-silverio.at" "Mozilla/4.0 (compatible; MSIE 6.0; Windows NT 5.1; Neostrada Plus 5.6)" 193 302
119.63.194.131 - - [06/Jun/2009:03:35:41 +0100] "GET / HTTP/1.1" 200 1266 "-" "Baiduspider+(+http://www.baidu.jp/spider/)" 154 1587
216.129.119.14 - - [06/Jun/2009:04:16:10 +0100] "GET /robots.txt HTTP/1.0" 404 357 "-" "Mozilla/5.0 (Twiceler-0.9 http://www.cuil.com/twiceler/robot.html)" 199 603
72.30.161.248 - - [06/Jun/2009:06:09:03 +0100] "GET /log/?N=D HTTP/1.0" 200 3184 "-" "Mozilla/5.0 (compatible; Yahoo! Slurp/3.0; http://help.yahoo.com/help/us/ysearch/slurp)" 373 3418
114.80.93.71 - - [06/Jun/2009:06:23:07 +0100] "GET / HTTP/1.1" 200 1266 "http://www.decodeine.com/" "Mozilla/4.0 (compatible; MSIE 6.0; Windows NT 5.1)" 245 1625
69.58.178.33 - - [06/Jun/2009:07:20:37 +0100] "GET /robots.txt HTTP/1.1" 404 357 "-" "Mozilla/5.0 (X11; U; Linux i686; en-US; rv:1.7.12; ips-agent) Gecko/20050922 Fedora/1.0.7-1.1.fc4 Firefox/1.0.7" 205 584
69.58.178.33 - - [06/Jun/2009:07:20:39 +0100] "GET / HTTP/1.1" 200 1266 "-" "Mozilla/5.0 (X11; U; Linux i686; en-US; rv:1.7.12; ips-agent) Gecko/20050922 Fedora/1.0.7-1.1.fc4 Firefox/1.0.7" 195 1568
69.58.178.33 - - [06/Jun/2009:07:20:40 +0100] "GET /feidad.html HTTP/1.1" 200 820 "-" "Mozilla/5.0 (X11; U; Linux i686; en-US; rv:1.7.12; ips-agent) Gecko/20050922 Fedora/1.0.7-1.1.fc4 Firefox/1.0.7" 206 1121
72.30.161.248 - - [06/Jun/2009:10:49:16 +0100] "GET /robots.txt HTTP/1.0" 404 357 "-" "Mozilla/5.0 (compatible; Yahoo! Slurp; http://help.yahoo.com/help/us/ysearch/slurp)" 194 603
72.30.161.248 - - [06/Jun/2009:10:49:16 +0100] "GET / HTTP/1.0" 200 1266 "-" "Mozilla/5.0 (compatible; Yahoo! Slurp/3.0; http://help.yahoo.com/help/us/ysearch/slurp)" 365 1587
66.249.72.141 - - [06/Jun/2009:11:04:34 +0100] "GET /webalizer/usage_200906.html HTTP/1.1" 200 112327 "-" "Mozilla/5.0 (compatible; Googlebot/2.1; +http://www.google.com/bot.html)" 258 112691
208.80.195.34 - - [06/Jun/2009:15:15:45 +0100] "GET / HTTP/1.0" 200 1266 "-" "Mozilla/4.0 (compatible; MSIE 6.0; America Online Browser 1.1; Windows NT 5.1; SV1; FunWebProducts; .NET CLR 1.1.4322; MEGAUPLOAD 1.0)" 191 1587
72.30.161.248 - - [06/Jun/2009:15:32:59 +0100] "GET /log/error.log.5 HTTP/1.0" 200 364 "-" "Mozilla/5.0 (compatible; Yahoo! Slurp/3.0; http://help.yahoo.com/help/us/ysearch/slurp)" 380 686
89.74.142.42 - - [06/Jun/2009:18:14:02 +0100] "GET / HTTP/1.1" 200 1266 "http://ero.bl0x.info/" "Mozilla/4.0 (compatible; MSIE 5.5; Windows 98)" 228 1625
216.129.119.14 - - [06/Jun/2009:18:21:35 +0100] "GET /indexbutton.jpg HTTP/1.0" 200 153759 "-" "Mozilla/5.0 (Twiceler-0.9 http://www.cuil.com/twiceler/robot.html)" 181 154085
66.249.72.141 - - [06/Jun/2009:18:26:07 +0100] "GET /robots.txt HTTP/1.1" 404 357 "-" "Mozilla/5.0 (compatible; Googlebot/2.1; +http://www.google.com/bot.html)" 258 641
66.249.72.141 - - [06/Jun/2009:18:26:08 +0100] "GET /log/?C=S;O=D HTTP/1.1" 200 3184 "-" "Mozilla/5.0 (compatible; Googlebot/2.1; +http://www.google.com/bot.html)" 243 3455
124.115.0.23 - - [06/Jun/2009:18:39:47 +0100] "HEAD / HTTP/1.1" 200 - "http://www.decodeine.com/" "Sosospider+(+http://help.soso.com/webspider.htm)" 244 359
66.249.72.141 - - [06/Jun/2009:19:16:48 +0100] "GET /webalizer/usage_200902.html HTTP/1.1" 200 152884 "-" "Mozilla/5.0 (compatible; Googlebot/2.1; +http://www.google.com/bot.html)" 258 153247
114.80.93.71 - - [06/Jun/2009:20:06:26 +0100] "GET / HTTP/1.1" 200 1266 "http://www.decodeine.com/" "Mozilla/4.0 (compatible; MSIE 6.0; Windows NT 5.1)" 245 1625
72.30.161.248 - - [06/Jun/2009:21:42:26 +0100] "GET /robots.txt HTTP/1.0" 404 357 "-" "Mozilla/5.0 (compatible; Yahoo! Slurp; http://help.yahoo.com/help/us/ysearch/slurp)" 194 603
72.30.161.248 - - [06/Jun/2009:21:42:26 +0100] "GET /log/error.log.3 HTTP/1.0" 200 611 "-" "Mozilla/5.0 (compatible; Yahoo! Slurp/3.0; http://help.yahoo.com/help/us/ysearch/slurp)" 380 933
58.61.164.207 - - [06/Jun/2009:23:18:33 +0100] "GET /robots.txt HTTP/1.1" 404 357 "http://www.decodeine.com/robots.txt" "Sosospider+(+http://help.soso.com/webspider.htm)" 263 641
193.47.80.50 - - [06/Jun/2009:23:47:15 +0100] "GET /robots.txt HTTP/1.1" 404 357 "-" "Mozilla/5.0 (compatible; Exabot/3.0; +http://www.exabot.com/go/robot)" 260 603
193.47.80.50 - - [06/Jun/2009:23:47:15 +0100] "GET / HTTP/1.1" 304 - "-" "Mozilla/5.0 (compatible; Exabot/3.0; +http://www.exabot.com/go/robot)" 342 216
124.115.1.7 - - [07/Jun/2009:03:35:07 +0100] "GET / HTTP/1.1" 200 1266 "http://www.decodeine.com/" "Mozilla/4.0 (compatible; MSIE 6.0; Windows NT 5.1)" 245 1625
58.61.164.141 - - [07/Jun/2009:03:38:33 +0100] "GET / HTTP/1.1" 200 1266 "http://www.decodeine.com/" "Mozilla/4.0 (compatible; MSIE 6.0; Windows NT 5.1)" 245 1625
58.61.164.40 - - [07/Jun/2009:03:42:08 +0100] "GET / HTTP/1.1" 200 1266 "http://www.decodeine.com/" "Mozilla/4.0 (compatible; MSIE 6.0; Windows NT 5.1)" 245 1625
58.61.164.39 - - [07/Jun/2009:03:47:46 +0100] "GET / HTTP/1.1" 200 1266 "http://www.decodeine.com/" "Mozilla/4.0 (compatible; MSIE 6.0; Windows NT 5.1)" 245 1625
58.61.164.140 - - [07/Jun/2009:03:55:05 +0100] "GET / HTTP/1.1" 200 1266 "http://www.decodeine.com/" "Mozilla/4.0 (compatible; MSIE 6.0; Windows NT 5.1)" 245 1625
58.61.164.139 - - [07/Jun/2009:03:58:29 +0100] "GET / HTTP/1.1" 200 1266 "http://www.decodeine.com/" "Mozilla/4.0 (compatible; MSIE 6.0; Windows NT 5.1)" 245 1625
124.115.1.8 - - [07/Jun/2009:04:03:39 +0100] "GET / HTTP/1.1" 200 1266 "http://www.decodeine.com/" "Mozilla/4.0 (compatible; MSIE 6.0; Windows NT 5.1)" 245 1625
216.129.119.14 - - [07/Jun/2009:04:04:47 +0100] "GET /robots.txt HTTP/1.0" 404 357 "-" "Mozilla/5.0 (Twiceler-0.9 http://www.cuil.com/twiceler/robot.html)" 199 603
69.59.137.140 - - [07/Jun/2009:06:12:07 +0100] "GET / HTTP/1.0" 200 1266 "http://www.chimehost.com" "Mozilla/4.0 (compatible; MSIE 5.5; Windows 98)" 237 1587
114.80.93.71 - - [07/Jun/2009:09:18:02 +0100] "GET / HTTP/1.1" 200 1266 "http://www.decodeine.com/" "Mozilla/4.0 (compatible; MSIE 6.0; Windows NT 5.1)" 245 1625
66.249.72.141 - - [07/Jun/2009:11:04:16 +0100] "GET /robots.txt HTTP/1.1" 404 357 "-" "Mozilla/5.0 (compatible; Googlebot/2.1; +http://www.google.com/bot.html)" 258 641
66.249.72.141 - - [07/Jun/2009:11:04:16 +0100] "GET /webalizer/usage_200906.html HTTP/1.1" 200 114801 "-" "Mozilla/5.0 (compatible; Googlebot/2.1; +http://www.google.com/bot.html)" 258 115164
208.80.195.55 - - [07/Jun/2009:12:04:43 +0100] "GET / HTTP/1.0" 200 1266 "-" "Mozilla/4.0 (compatible; MSIE 7.0; Windows NT 5.1; YPC 3.2.0; FunWebProducts; .NET CLR 1.0.3705; PeoplePal 6.1; .NET CLR 1.1.4322; yplus 5.6.02b)" 202 1587
66.249.72.141 - - [07/Jun/2009:14:47:19 +0100] "GET /hs11.jpg HTTP/1.1" 304 - "-" "Googlebot-Image/1.0" 236 256
124.115.0.23 - - [07/Jun/2009:17:24:58 +0100] "HEAD / HTTP/1.1" 200 - "http://www.decodeine.com/" "Sosospider+(+http://help.soso.com/webspider.htm)" 244 359
66.249.72.141 - - [07/Jun/2009:18:06:41 +0100] "GET /log/?N=A HTTP/1.1" 200 3184 "-" "Mozilla/5.0 (compatible; Googlebot/2.1; +http://www.google.com/bot.html)" 239 3456
66.249.72.141 - - [07/Jun/2009:18:55:10 +0100] "GET /webalizer/usage_200710.html HTTP/1.1" 200 156141 "-" "Mozilla/5.0 (compatible; Googlebot/2.1; +http://www.google.com/bot.html)" 258 156504
220.181.61.234 - - [07/Jun/2009:19:15:06 +0100] "GET / HTTP/1.1" 200 1266 "-" "Sogou web spider/4.0(+http://www.sogou.com/docs/help/webmasters.htm#07)" 275 1587
66.249.72.141 - - [07/Jun/2009:20:38:54 +0100] "GET /webalizer/usage_200710.html%5Cr HTTP/1.1" 404 376 "-" "Mozilla/5.0 (compatible; Googlebot/2.1; +http://www.google.com/bot.html)" 262 660
194.110.162.226 - - [07/Jun/2009:23:37:07 +0100] "GET /webalizer/usage_200903.html HTTP/1.1" 200 154792 "-" "Mozilla/4.0 (compatible; MSIE 6.0; Windows NT 5.1; SV1)" 203 155117
66.249.72.141 - - [08/Jun/2009:01:41:36 +0100] "GET /robots.txt HTTP/1.1" 404 357 "-" "Mozilla/5.0 (compatible; Googlebot/2.1; +http://www.google.com/bot.html)" 258 641
66.249.72.141 - - [08/Jun/2009:01:41:37 +0100] "GET / HTTP/1.1" 200 1266 "-" "Mozilla/5.0 (compatible; Googlebot/2.1; +http://www.google.com/bot.html)" 231 1624
66.249.72.141 - - [08/Jun/2009:02:16:27 +0100] "GET /log/web.log.3 HTTP/1.1" 304 - "-" "Mozilla/5.0 (compatible; Googlebot/2.1; +http://www.google.com/bot.html)" 294 254
216.129.119.14 - - [08/Jun/2009:04:04:48 +0100] "GET /robots.txt HTTP/1.0" 404 357 "-" "Mozilla/5.0 (Twiceler-0.9 http://www.cuil.com/twiceler/robot.html)" 199 603
114.80.93.71 - - [08/Jun/2009:06:37:25 +0100] "GET / HTTP/1.1" 200 1266 "http://www.decodeine.com/" "Mozilla/4.0 (compatible; MSIE 6.0; Windows NT 5.1)" 245 1625
79.28.121.100 - - [08/Jun/2009:08:25:38 +0100] "GET /dec4b.swf HTTP/1.1" 200 7503350 "http://images.google.com/imgres?imgurl=http://www.decodeine.com/hs05.jpg&imgrefurl=http://www.decodeine.com/dec4b.swf&usg=__b54hj7qt1FzAkDORn1wQExizDKk=&h=365&w=602&sz=30&hl=en&start=84&sig2=bcjSk9tZb7VC2-di4Xpstg&um=1&tbnid=Lwfu6KeDn0z4IM:&tbnh=82&tbnw=135&prev=/images%3Fq%3Drenzo%2Bpiano%2Bkansai%26imgcolor%3Dwhite%26ndsp%3D21%26hl%3Den%26rlz%3D1G1GGLQ_ITIT276%26sa%3DN%26start%3D63%26um%3D1&ei=5bwsSsSUO8eN_QaI7vjdCg" "Mozilla/5.0 (X11; U; Linux i686; en-GB; rv:1.9.0.10) Gecko/2009042513 Ubuntu/8.04 (hardy) Firefox/3.0.10" 828 486720
65.94.168.195 - - [08/Jun/2009:09:45:11 +0100] "GET / HTTP/1.0" 200 1266 "-" "Mozilla/4.0 (compatible; MSIE 6.0; Windows NT 5.0)" 142 1587
65.94.168.195 - - [08/Jun/2009:09:45:12 +0100] "GET /feidad.html HTTP/1.0" 200 820 "-" "Mozilla/4.0 (compatible; MSIE 6.0; Windows NT 5.0)" 153 1140
66.249.72.141 - - [08/Jun/2009:11:03:52 +0100] "GET /webalizer/usage_200906.html HTTP/1.1" 200 118908 "-" "Mozilla/5.0 (compatible; Googlebot/2.1; +http://www.google.com/bot.html)" 258 119272
208.80.195.27 - - [08/Jun/2009:11:37:59 +0100] "GET / HTTP/1.0" 200 1266 "-" "Mozilla/4.0 (compatible; MSIE 6.0; Windows NT 5.1; YPC 3.2.0; SV1; yplus 5.3.04b)" 138 1587
66.235.124.4 - - [08/Jun/2009:16:41:32 +0100] "GET /robots.txt HTTP/1.1" 404 357 "-" "Mozilla/5.0 (compatible; Ask Jeeves/Teoma; +http://about.ask.com/en/docs/about/webmasters.shtml)" 221 641
66.235.124.4 - - [08/Jun/2009:16:41:47 +0100] "GET / HTTP/1.1" 200 1266 "-" "Mozilla/5.0 (compatible; Ask Jeeves/Teoma; +http://about.ask.com/en/docs/about/webmasters.shtml)" 246 1587
124.115.4.194 - - [08/Jun/2009:16:51:51 +0100] "HEAD / HTTP/1.1" 200 - "http://www.decodeine.com/" "Sosospider+(+http://help.soso.com/webspider.htm)" 244 359
114.80.93.71 - - [08/Jun/2009:17:43:06 +0100] "GET / HTTP/1.1" 200 1266 "http://www.decodeine.com/" "Mozilla/4.0 (compatible; MSIE 6.0; Windows NT 5.1)" 245 1625
66.249.72.141 - - [08/Jun/2009:20:13:15 +0100] "GET /robots.txt HTTP/1.1" 404 357 "-" "Mozilla/5.0 (compatible; Googlebot/2.1; +http://www.google.com/bot.html)" 258 641
66.249.72.141 - - [08/Jun/2009:20:13:16 +0100] "GET /log/?C=D;O=D HTTP/1.1" 200 3184 "-" "Mozilla/5.0 (compatible; Googlebot/2.1; +http://www.google.com/bot.html)" 243 3455
66.249.72.141 - - [08/Jun/2009:20:17:43 +0100] "GET /log/?C=N;O=A HTTP/1.1" 200 3184 "-" "Mozilla/5.0 (compatible; Googlebot/2.1; +http://www.google.com/bot.html)" 243 3456
81.227.178.167 - - [09/Jun/2009:02:09:56 +0100] "GET / HTTP/1.1" 200 1266 "http://www.dekorfilm.se/bildekor/" "Mozilla/4.0 (compatible; MSIE 5.5; Windows 98)" 240 1625
81.227.178.167 - - [09/Jun/2009:02:09:56 +0100] "GET / HTTP/1.1" 200 1266 "http://www.dekorfilm.se/bildekor/" "Mozilla/4.0 (compatible; MSIE 5.5; Windows 98)" 240 1625
81.227.178.167 - - [09/Jun/2009:02:09:56 +0100] "GET / HTTP/1.1" 200 1266 "http://www.dekorfilm.se/bildekor/" "Mozilla/4.0 (compatible; MSIE 5.5; Windows 98)" 240 1625
81.227.178.167 - - [09/Jun/2009:02:09:56 +0100] "GET / HTTP/1.1" 200 1266 "http://www.dekorfilm.se/dekaler-for-bilar-fonster-dekalen-for-alla-bruk/" "Mozilla/4.0 (compatible; MSIE 5.5; Windows 98)" 279 1625
81.227.178.167 - - [09/Jun/2009:02:09:56 +0100] "GET / HTTP/1.1" 200 1266 "http://www.dekorfilm.se/bildekor/" "Mozilla/4.0 (compatible; MSIE 5.5; Windows 98)" 240 1625
81.227.178.167 - - [09/Jun/2009:02:09:56 +0100] "GET / HTTP/1.1" 200 1266 "http://www.dekorfilm.se/bildekor/" "Mozilla/4.0 (compatible; MSIE 5.5; Windows 98)" 240 1625
81.227.178.167 - - [09/Jun/2009:02:09:56 +0100] "GET / HTTP/1.1" 200 1266 "http://www.dekorfilm.se/dekaler-for-bilar-fonster-dekalen-for-alla-bruk/" "Mozilla/4.0 (compatible; MSIE 5.5; Windows 98)" 279 1625
81.227.178.167 - - [09/Jun/2009:02:09:56 +0100] "GET / HTTP/1.1" 200 1266 "http://www.dekorfilm.se/dekaler-for-bilar-fonster-dekalen-for-alla-bruk/" "Mozilla/4.0 (compatible; MSIE 5.5; Windows 98)" 279 1625
81.227.178.167 - - [09/Jun/2009:02:09:56 +0100] "GET / HTTP/1.1" 200 1266 "http://www.dekorfilm.se/dekaler-for-bilar-fonster-dekalen-for-alla-bruk/" "Mozilla/4.0 (compatible; MSIE 5.5; Windows 98)" 279 1625
81.227.178.167 - - [09/Jun/2009:02:09:56 +0100] "GET / HTTP/1.1" 200 1266 "http://www.dekorfilm.se/dekaler-for-bilar-fonster-dekalen-for-alla-bruk/" "Mozilla/4.0 (compatible; MSIE 5.5; Windows 98)" 279 1625
81.227.178.167 - - [09/Jun/2009:02:09:56 +0100] "GET / HTTP/1.1" 200 1266 "http://www.dekorfilm.se/bildekaler/" "Mozilla/4.0 (compatible; MSIE 5.5; Windows 98)" 242 1625
81.227.178.167 - - [09/Jun/2009:02:09:56 +0100] "GET / HTTP/1.1" 200 1266 "http://www.dekorfilm.se/bildekaler/" "Mozilla/4.0 (compatible; MSIE 5.5; Windows 98)" 242 1625
81.227.178.167 - - [09/Jun/2009:02:09:56 +0100] "GET / HTTP/1.1" 200 1266 "http://www.dekorfilm.se/bildekaler/" "Mozilla/4.0 (compatible; MSIE 5.5; Windows 98)" 242 1625
81.227.178.167 - - [09/Jun/2009:02:09:56 +0100] "GET / HTTP/1.1" 200 1266 "http://www.dekorfilm.se/bildekaler/" "Mozilla/4.0 (compatible; MSIE 5.5; Windows 98)" 242 1625
81.227.178.167 - - [09/Jun/2009:02:09:56 +0100] "GET / HTTP/1.1" 200 1266 "http://www.dekorfilm.se/bildekaler/" "Mozilla/4.0 (compatible; MSIE 5.5; Windows 98)" 242 1625
81.227.178.167 - - [09/Jun/2009:02:09:57 +0100] "GET / HTTP/1.1" 200 1266 "http://www.dekorfilm.se/bildekal/" "Mozilla/4.0 (compatible; MSIE 5.5; Windows 98)" 240 1625
81.227.178.167 - - [09/Jun/2009:02:09:57 +0100] "GET / HTTP/1.1" 200 1266 "http://www.dekorfilm.se/bildekal/" "Mozilla/4.0 (compatible; MSIE 5.5; Windows 98)" 240 1625
81.227.178.167 - - [09/Jun/2009:02:09:58 +0100] "GET / HTTP/1.1" 200 1266 "http://www.dekorfilm.se/bildekal/" "Mozilla/4.0 (compatible; MSIE 5.5; Windows 98)" 240 1625
81.227.178.167 - - [09/Jun/2009:02:09:58 +0100] "GET / HTTP/1.1" 200 1266 "http://www.dekorfilm.se/bildekal/" "Mozilla/4.0 (compatible; MSIE 5.5; Windows 98)" 240 1625
81.227.178.167 - - [09/Jun/2009:02:09:58 +0100] "GET / HTTP/1.1" 200 1266 "http://www.dekorfilm.se/bildekal/" "Mozilla/4.0 (compatible; MSIE 5.5; Windows 98)" 240 1625
81.227.178.167 - - [09/Jun/2009:02:09:58 +0100] "GET / HTTP/1.1" 200 1266 "http://www.dekorfilm.se/solfilm/" "Mozilla/4.0 (compatible; MSIE 5.5; Windows 98)" 239 1625
81.227.178.167 - - [09/Jun/2009:02:09:58 +0100] "GET / HTTP/1.1" 200 1266 "http://www.dekorfilm.se/solfilm/" "Mozilla/4.0 (compatible; MSIE 5.5; Windows 98)" 239 1625
81.227.178.167 - - [09/Jun/2009:02:09:58 +0100] "GET / HTTP/1.1" 200 1266 "http://www.dekorfilm.se/solfilm/" "Mozilla/4.0 (compatible; MSIE 5.5; Windows 98)" 239 1625
81.227.178.167 - - [09/Jun/2009:02:09:58 +0100] "GET / HTTP/1.1" 200 1266 "http://www.dekorfilm.se/solfilm/" "Mozilla/4.0 (compatible; MSIE 5.5; Windows 98)" 239 1625
81.227.178.167 - - [09/Jun/2009:02:09:58 +0100] "GET / HTTP/1.1" 200 1266 "http://www.dekorfilm.se/solfilm/" "Mozilla/4.0 (compatible; MSIE 5.5; Windows 98)" 239 1625
81.227.178.167 - - [09/Jun/2009:02:09:58 +0100] "GET / HTTP/1.1" 200 1266 "http://www.dekorfilm.se/vaggdekor-vaggdekoration/" "Mozilla/4.0 (compatible; MSIE 5.5; Windows 98)" 256 1625
81.227.178.167 - - [09/Jun/2009:02:09:58 +0100] "GET / HTTP/1.1" 200 1266 "http://www.dekorfilm.se/vaggdekor-vaggdekoration/" "Mozilla/4.0 (compatible; MSIE 5.5; Windows 98)" 256 1625
81.227.178.167 - - [09/Jun/2009:02:09:58 +0100] "GET / HTTP/1.1" 200 1266 "http://www.dekorfilm.se/vaggdekor-vaggdekoration/" "Mozilla/4.0 (compatible; MSIE 5.5; Windows 98)" 256 1625
81.227.178.167 - - [09/Jun/2009:02:09:58 +0100] "GET / HTTP/1.1" 200 1266 "http://www.dekorfilm.se/vaggdekor-vaggdekoration/" "Mozilla/4.0 (compatible; MSIE 5.5; Windows 98)" 256 1625
81.227.178.167 - - [09/Jun/2009:02:09:58 +0100] "GET / HTTP/1.1" 200 1266 "http://www.dekorfilm.se/vaggdekor-vaggdekoration/" "Mozilla/4.0 (compatible; MSIE 5.5; Windows 98)" 256 1625
81.227.178.167 - - [09/Jun/2009:02:09:58 +0100] "GET / HTTP/1.1" 200 1266 "http://www.dekorfilm.se/solfilm-bil/" "Mozilla/4.0 (compatible; MSIE 5.5; Windows 98)" 243 1625
81.227.178.167 - - [09/Jun/2009:02:09:58 +0100] "GET / HTTP/1.1" 200 1266 "http://www.dekorfilm.se/solfilm-bil/" "Mozilla/4.0 (compatible; MSIE 5.5; Windows 98)" 243 1625
81.227.178.167 - - [09/Jun/2009:02:09:58 +0100] "GET / HTTP/1.1" 200 1266 "http://www.dekorfilm.se/solfilm-bil/" "Mozilla/4.0 (compatible; MSIE 5.5; Windows 98)" 243 1625
81.227.178.167 - - [09/Jun/2009:02:09:58 +0100] "GET / HTTP/1.1" 200 1266 "http://www.dekorfilm.se/solfilm-bil/" "Mozilla/4.0 (compatible; MSIE 5.5; Windows 98)" 243 1625
81.227.178.167 - - [09/Jun/2009:02:09:58 +0100] "GET / HTTP/1.1" 200 1266 "http://www.dekorfilm.se/solfilm-bil/" "Mozilla/4.0 (compatible; MSIE 5.5; Windows 98)" 243 1625
82.99.254.125 - - [09/Jun/2009:03:44:17 +0100] "GET /dec4b.swf HTTP/1.1" 200 7503350 "http://images.google.com/imgres?imgurl=http://www.decodeine.com/hs20.jpg&imgrefurl=http://www.decodeine.com/dec4b.swf&usg=__reHNXjUGZo8EHaYufeNgKZL93dk=&h=365&w=513&sz=149&hl=en&start=827&um=1&tbnid=aHcDUMg5VVn3RM:&tbnh=93&tbnw=131&prev=/images%3Fq%3Drandom%2Band%2Bsketch%2Bpictures%2Bof%2Belevation%2Bview%26ndsp%3D20%26hl%3Den%26sa%3DN%26start%3D820%26um%3D1" "Mozilla/4.0 (compatible; MSIE 7.0; Windows NT 5.1; .NET CLR 1.1.4322; .NET CLR 2.0.50727)" 791 2639760
82.99.254.125 - - [09/Jun/2009:03:47:37 +0100] "GET /hs20.jpg HTTP/1.1" 200 152343 "http://images.google.com/imgres?imgurl=http://www.decodeine.com/hs20.jpg&imgrefurl=http://www.decodeine.com/dec4b.swf&usg=__reHNXjUGZo8EHaYufeNgKZL93dk=&h=365&w=513&sz=149&hl=en&start=827&um=1&tbnid=aHcDUMg5VVn3RM:&tbnh=93&tbnw=131&prev=/images%3Fq%3Drandom%2Band%2Bsketch%2Bpictures%2Bof%2Belevation%2Bview%26ndsp%3D20%26hl%3Den%26sa%3DN%26start%3D820%26um%3D1" "Mozilla/4.0 (compatible; MSIE 7.0; Windows NT 5.1; .NET CLR 1.1.4322; .NET CLR 2.0.50727)" 790 152707
82.99.254.125 - - [09/Jun/2009:03:47:43 +0100] "GET /favicon.ico HTTP/1.1" 404 358 "-" "Mozilla/4.0 (compatible; MSIE 7.0; Windows NT 5.1; .NET CLR 1.1.4322; .NET CLR 2.0.50727)" 239 641
216.129.119.14 - - [09/Jun/2009:04:04:47 +0100] "GET /robots.txt HTTP/1.0" 404 357 "-" "Mozilla/5.0 (Twiceler-0.9 http://www.cuil.com/twiceler/robot.html)" 199 603
24.12.176.46 - - [09/Jun/2009:04:17:28 +0100] "GET /dec4b.swf HTTP/1.1" 200 7503350 "http://images.google.com/imgres?imgurl=http://www.decodeine.com/o6.jpg&imgrefurl=http://www.decodeine.com/dec4b.swf&usg=__aQLah73Q_18Eog2LWBRuSYk9A3o=&h=330&w=440&sz=69&hl=en&start=448&um=1&tbnid=z-lO-Jro2AjC8M:&tbnh=95&tbnw=127&prev=/images%3Fq%3Dmvrdv%2B%252B%2Bsketches,%2Bdrawings%26ndsp%3D21%26hl%3Den%26sa%3DN%26start%3D441%26um%3D1" "Mozilla/5.0 (Windows; U; Windows NT 5.1; en-US; rv:1.9.0.10) Gecko/2009042316 Firefox/3.0.10" 733 2239640
24.12.176.46 - - [09/Jun/2009:04:17:46 +0100] "GET /o6.jpg HTTP/1.1" 200 70616 "http://images.google.com/imgres?imgurl=http://www.decodeine.com/o6.jpg&imgrefurl=http://www.decodeine.com/dec4b.swf&usg=__aQLah73Q_18Eog2LWBRuSYk9A3o=&h=330&w=440&sz=69&hl=en&start=448&um=1&tbnid=z-lO-Jro2AjC8M:&tbnh=95&tbnw=127&prev=/images%3Fq%3Dmvrdv%2B%252B%2Bsketches,%2Bdrawings%26ndsp%3D21%26hl%3Den%26sa%3DN%26start%3D441%26um%3D1" "Mozilla/5.0 (Windows; U; Windows NT 5.1; en-US; rv:1.9.0.10) Gecko/2009042316 Firefox/3.0.10" 730 70980
24.12.176.46 - - [09/Jun/2009:04:17:51 +0100] "GET /dec4b.swf HTTP/1.1" 206 5310815 "http://images.google.com/imgres?imgurl=http://www.decodeine.com/o6.jpg&imgrefurl=http://www.decodeine.com/dec4b.swf&usg=__aQLah73Q_18Eog2LWBRuSYk9A3o=&h=330&w=440&sz=69&hl=en&start=448&um=1&tbnid=z-lO-Jro2AjC8M:&tbnh=95&tbnw=127&prev=/images%3Fq%3Dmvrdv%2B%252B%2Bsketches,%2Bdrawings%26ndsp%3D21%26hl%3Den%26sa%3DN%26start%3D441%26um%3D1" "Mozilla/5.0 (Windows; U; Windows NT 5.1; en-US; rv:1.9.0.10) Gecko/2009042316 Firefox/3.0.10" 796 1283340
24.12.176.46 - - [09/Jun/2009:04:30:00 +0100] "GET /dec4b.swf HTTP/1.1" 206 4092158 "http://images.google.com/imgres?imgurl=http://www.decodeine.com/o6.jpg&imgrefurl=http://www.decodeine.com/dec4b.swf&usg=__aQLah73Q_18Eog2LWBRuSYk9A3o=&h=330&w=440&sz=69&hl=en&start=505&um=1&tbnid=z-lO-Jro2AjC8M:&tbnh=95&tbnw=127&prev=/images%3Fq%3Dmvrdv%2B%252Bconcept%2Bdrawings%26ndsp%3D21%26hl%3Den%26sa%3DN%26start%3D504%26um%3D1" "Mozilla/5.0 (Windows; U; Windows NT 5.1; en-US; rv:1.9.0.10) Gecko/2009042316 Firefox/3.0.10" 791 242360
59.94.211.220 - - [09/Jun/2009:05:13:46 +0100] "GET / HTTP/1.1" 200 1266 "http://www.decodeine.org/" "Mozilla/4.0 (compatible; MSIE 6.0; Windows NT 5.1; SV1; GTB6; .NET CLR 2.0.50727)" 268 1625
64.246.187.42 - - [09/Jun/2009:06:12:38 +0100] "GET /robots.txt HTTP/1.0" 404 357 "http://www.whois.sc/" "SurveyBot/2.3 (Whois Source)" 212 603
64.246.187.42 - - [09/Jun/2009:06:12:38 +0100] "GET / HTTP/1.1" 206 1266 "http://whois.domaintools.com/decodeine.com" "SurveyBot/2.3 (Whois Source)" 351 1634
114.80.93.71 - - [09/Jun/2009:06:41:44 +0100] "GET / HTTP/1.1" 200 1266 "http://www.decodeine.com/" "Mozilla/4.0 (compatible; MSIE 6.0; Windows NT 5.1)" 245 1625
66.249.72.141 - - [09/Jun/2009:11:03:36 +0100] "GET /robots.txt HTTP/1.1" 404 357 "-" "Mozilla/5.0 (compatible; Googlebot/2.1; +http://www.google.com/bot.html)" 258 641
66.249.72.141 - - [09/Jun/2009:11:03:36 +0100] "GET /webalizer/usage_200906.html HTTP/1.1" 200 122975 "-" "Mozilla/5.0 (compatible; Googlebot/2.1; +http://www.google.com/bot.html)" 258 123338
211.189.18.73 - - [09/Jun/2009:12:03:13 +0100] "GET /log/vwar/convert/mvcw.php?step=1&vwar_root=http://harvestusa.org///administrator//cache/id1.txt?? HTTP/1.1" 404 372 "-" "Mozilla/5.0" 184 618
211.189.18.73 - - [09/Jun/2009:12:03:13 +0100] "GET /vwar/convert/mvcw.php?step=1&vwar_root=http://harvestusa.org///administrator//cache/id1.txt?? HTTP/1.1" 404 368 "-" "Mozilla/5.0" 180 614
208.80.195.31 - - [09/Jun/2009:12:10:12 +0100] "GET / HTTP/1.0" 200 1266 "-" "Mozilla/4.0 (compatible; MSIE 6.0; Windows NT 5.1; .NET CLR 1.1.4322; .NET CLR 1.0.3705; .NET CLR 2.0.50727)" 165 1587
67.68.22.4 - - [09/Jun/2009:13:43:51 +0100] "GET / HTTP/1.0" 200 1266 "-" "Mozilla/4.0 (compatible; MSIE 6.0; Windows NT 5.0)" 142 1587
67.68.22.4 - - [09/Jun/2009:13:43:52 +0100] "GET /feidad.html HTTP/1.0" 200 820 "-" "Mozilla/4.0 (compatible; MSIE 6.0; Windows NT 5.0)" 153 1140
202.181.98.137 - - [09/Jun/2009:14:57:03 +0100] "GET //errors.php?error=http://www.litana.ru/48e58559133e5ed1d37ebb57b6dd9b21/test.txt?? HTTP/1.1" 404 357 "-" "Mozilla/5.0 (Macintosh; U; PPC Mac OS X Mach-O; en-US; rv:1.8b4) Gecko/20050908 Firefox/1.4" 277 603
202.181.98.137 - - [09/Jun/2009:14:57:03 +0100] "GET /log//errors.php?error=http://www.litana.ru/48e58559133e5ed1d37ebb57b6dd9b21/test.txt?? HTTP/1.1" 404 362 "-" "Mozilla/5.0 (Macintosh; U; PPC Mac OS X Mach-O; en-US; rv:1.8b4) Gecko/20050908 Firefox/1.4" 281 608
124.115.0.23 - - [09/Jun/2009:16:08:18 +0100] "HEAD / HTTP/1.1" 200 - "http://www.decodeine.com/" "Sosospider+(+http://help.soso.com/webspider.htm)" 244 359
70.85.249.226 - - [09/Jun/2009:18:29:25 +0100] "GET //include/scripts/export_batch.inc.php?DIR=http://upsstoreflorida.com/images/on.txt?????? HTTP/1.1" 404 383 "-" "libwww-perl/5.805" 209 629
70.85.249.226 - - [09/Jun/2009:18:32:44 +0100] "GET /log/error.log//include/scripts/export_batch.inc.php?DIR=http://upsstoreflorida.com/images/on.txt?????? HTTP/1.1" 404 398 "-" "libwww-perl/5.805" 223 644
70.85.249.226 - - [09/Jun/2009:18:32:45 +0100] "GET //include/scripts/export_batch.inc.php?DIR=http://upsstoreflorida.com/images/on.txt?????? HTTP/1.1" 404 383 "-" "libwww-perl/5.805" 209 629
70.85.249.226 - - [09/Jun/2009:18:32:45 +0100] "GET /log//include/scripts/export_batch.inc.php?DIR=http://upsstoreflorida.com/images/on.txt?????? HTTP/1.1" 404 388 "-" "libwww-perl/5.805" 213 634
220.181.61.234 - - [09/Jun/2009:19:12:31 +0100] "GET / HTTP/1.1" 200 1266 "-" "Sogou web spider/4.0(+http://www.sogou.com/docs/help/webmasters.htm#07)" 275 1587
114.80.93.71 - - [09/Jun/2009:19:33:19 +0100] "GET / HTTP/1.1" 200 1266 "http://www.decodeine.com/" "Mozilla/4.0 (compatible; MSIE 6.0; Windows NT 5.1)" 245 1625
67.249.44.142 - - [09/Jun/2009:20:16:05 +0100] "GET / HTTP/1.1" 200 1266 "http://www.google.com/search?hl=en&client=firefox-a&channel=s&rls=org.mozilla:en-US:official&hs=S76&ei=QbQuSu3EBozyMs6MqfwJ&sa=X&oi=spell&resnum=1&ct=result&cd=1&q=decodeine&spell=1" "Mozilla/5.0 (Windows; U; Windows NT 5.1; en-US; rv:1.8.1.20) Gecko/20081217 Firefox/2.0.0.20" 603 1625
67.249.44.142 - - [09/Jun/2009:20:16:05 +0100] "GET /indexbutton.jpg HTTP/1.1" 200 153759 "http://www.decodeine.com/" "Mozilla/5.0 (Windows; U; Windows NT 5.1; en-US; rv:1.8.1.20) Gecko/20081217 Firefox/2.0.0.20" 382 154123
67.249.44.142 - - [09/Jun/2009:20:16:05 +0100] "GET /index.jpg HTTP/1.1" 200 225683 "http://www.decodeine.com/" "Mozilla/5.0 (Windows; U; Windows NT 5.1; en-US; rv:1.8.1.20) Gecko/20081217 Firefox/2.0.0.20" 376 226046
67.249.44.142 - - [09/Jun/2009:20:16:07 +0100] "GET /favicon.ico HTTP/1.1" 404 358 "-" "Mozilla/5.0 (Windows; U; Windows NT 5.1; en-US; rv:1.8.1.20) Gecko/20081217 Firefox/2.0.0.20" 342 641
66.249.72.141 - - [10/Jun/2009:01:05:48 +0100] "GET /robots.txt HTTP/1.1" 404 357 "-" "Mozilla/5.0 (compatible; Googlebot/2.1; +http://www.google.com/bot.html)" 258 641
66.249.72.141 - - [10/Jun/2009:01:05:49 +0100] "GET /webalizer/usage_200602.html HTTP/1.1" 200 108186 "-" "Mozilla/5.0 (compatible; Googlebot/2.1; +http://www.google.com/bot.html)" 258 108548
93.158.151.24 - - [10/Jun/2009:02:36:15 +0100] "GET /robots.txt HTTP/1.1" 404 357 "-" "YandexSomething/1.0" 136 641
93.158.151.24 - - [10/Jun/2009:02:36:15 +0100] "GET / HTTP/1.1" 200 1266 "-" "YandexSomething/1.0" 431 1625
216.129.119.14 - - [10/Jun/2009:04:04:42 +0100] "GET /robots.txt HTTP/1.0" 404 357 "-" "Mozilla/5.0 (Twiceler-0.9 http://www.cuil.com/twiceler/robot.html)" 199 603
72.30.161.248 - - [10/Jun/2009:05:58:14 +0100] "GET /robots.txt HTTP/1.0" 404 357 "-" "Mozilla/5.0 (compatible; Yahoo! Slurp; http://help.yahoo.com/help/us/ysearch/slurp)" 194 603
72.30.161.248 - - [10/Jun/2009:05:58:14 +0100] "GET / HTTP/1.0" 200 1266 "-" "Mozilla/5.0 (compatible; Yahoo! Slurp/3.0; http://help.yahoo.com/help/us/ysearch/slurp)" 365 1587
114.80.93.71 - - [10/Jun/2009:07:43:27 +0100] "GET / HTTP/1.1" 200 1266 "http://www.decodeine.com/" "Mozilla/4.0 (compatible; MSIE 6.0; Windows NT 5.1)" 245 1625
66.249.72.141 - - [10/Jun/2009:11:03:50 +0100] "GET /webalizer/usage_200906.html HTTP/1.1" 200 125776 "-" "Mozilla/5.0 (compatible; Googlebot/2.1; +http://www.google.com/bot.html)" 353 126140
66.249.72.141 - - [10/Jun/2009:11:59:28 +0100] "GET / HTTP/1.1" 200 1266 "-" "Mozilla/5.0 (iPhone; U; CPU like Mac OS X; en) AppleWebKit/420+ (KHTML, like Gecko) Version/3.0 Mobile/1A543a Safari/419.3 (compatible; Googlebot-Mobile/2.1; +http://www.google.com/bot.html)" 349 1625
208.80.195.38 - - [10/Jun/2009:13:44:45 +0100] "GET / HTTP/1.0" 200 1266 "-" "Mozilla/4.0 (compatible; MSIE 6.0; Windows NT 5.1; SV1; Advanced Searchbar 3.24)" 137 1587
124.115.0.22 - - [10/Jun/2009:14:35:54 +0100] "HEAD / HTTP/1.1" 200 - "http://www.decodeine.com/" "Sosospider+(+http://help.soso.com/webspider.htm)" 244 359
119.63.193.70 - - [10/Jun/2009:16:26:52 +0100] "GET / HTTP/1.1" 200 1266 "-" "Baiduspider+(+http://www.baidu.jp/spider/)" 181 1587
119.63.193.70 - - [10/Jun/2009:17:27:04 +0100] "GET / HTTP/1.1" 200 1266 "-" "Baiduspider+(+http://www.baidu.jp/spider/)" 181 1587
65.94.160.191 - - [10/Jun/2009:17:52:55 +0100] "GET / HTTP/1.0" 200 1266 "-" "Mozilla/4.0 (compatible; MSIE 6.0; Windows NT 5.0)" 142 1587
65.94.160.191 - - [10/Jun/2009:17:52:56 +0100] "GET /feidad.html HTTP/1.0" 200 820 "-" "Mozilla/4.0 (compatible; MSIE 6.0; Windows NT 5.0)" 153 1140
194.110.162.86 - - [10/Jun/2009:20:09:56 +0100] "GET /webalizer/usage_200903.html HTTP/1.1" 200 154792 "-" "Mozilla/4.0 (compatible; MSIE 6.0; Windows NT 5.1; SV1; .NET CLR 1.1.4322; .NET CLR 2.0.50727)" 242 155117
66.249.72.141 - - [10/Jun/2009:20:19:25 +0100] "GET /robots.txt HTTP/1.1" 404 357 "-" "Mozilla/5.0 (iPhone; U; CPU like Mac OS X; en) AppleWebKit/420+ (KHTML, like Gecko) Version/3.0 Mobile/1A543a Safari/419.3 (compatible; Googlebot-Mobile/2.1; +http://www.google.com/bot.html)" 376 641
66.249.72.141 - - [10/Jun/2009:20:19:25 +0100] "GET / HTTP/1.1" 304 - "-" "Mozilla/5.0 (iPhone; U; CPU like Mac OS X; en) AppleWebKit/420+ (KHTML, like Gecko) Version/3.0 Mobile/1A543a Safari/419.3 (compatible; Googlebot-Mobile/2.1; +http://www.google.com/bot.html)" 441 253
204.62.53.203 - - [10/Jun/2009:20:27:22 +0100] "GET /robots.txt HTTP/1.1" 404 357 "-" "Mozilla/5.0 (compatible; Charlotte/1.1; http://www.searchme.com/support/)" 195 584
204.62.53.203 - - [10/Jun/2009:20:27:25 +0100] "GET /feidad.html HTTP/1.1" 304 - "-" "Mozilla/5.0 (compatible; Charlotte/1.1; http://www.searchme.com/support/)" 246 197
114.80.93.71 - - [10/Jun/2009:20:46:41 +0100] "GET / HTTP/1.1" 200 1266 "http://www.decodeine.com/" "Mozilla/4.0 (compatible; MSIE 6.0; Windows NT 5.1)" 245 1625
204.62.53.203 - - [10/Jun/2009:23:10:19 +0100] "GET /robots.txt HTTP/1.1" 404 357 "-" "Mozilla/5.0 (compatible; Charlotte/1.1; http://www.searchme.com/support/)" 195 584
204.62.53.203 - - [10/Jun/2009:23:10:19 +0100] "GET / HTTP/1.1" 304 - "-" "Mozilla/5.0 (compatible; Charlotte/1.1; http://www.searchme.com/support/)" 235 197
