66.249.72.141 - - [09/Apr/2009:09:47:31 +0100] "GET /log/error.log.1 HTTP/1.1" 304 - "-" "Mozilla/5.0 (compatible; Googlebot/2.1; +http://www.google.com/bot.html)" 296 254
38.113.234.181 - - [09/Apr/2009:10:09:46 +0100] "GET /robots.txt HTTP/1.1" 404 357 "-" "voyager/2.0 (http://www.kosmix.com/crawler.html)" 170 603
66.249.72.141 - - [09/Apr/2009:11:05:40 +0100] "GET /webalizer/usage_200904.html HTTP/1.1" 200 113749 "-" "Mozilla/5.0 (compatible; Googlebot/2.1; +http://www.google.com/bot.html)" 258 114112
193.47.80.50 - - [09/Apr/2009:12:24:42 +0100] "GET / HTTP/1.1" 304 - "-" "Mozilla/5.0 (compatible; Exabot/3.0; +http://www.exabot.com/go/robot)" 342 216
66.235.124.4 - - [09/Apr/2009:18:50:53 +0100] "GET /robots.txt HTTP/1.1" 404 357 "-" "Mozilla/5.0 (compatible; Ask Jeeves/Teoma; +http://about.ask.com/en/docs/about/webmasters.shtml)" 221 641
66.235.124.4 - - [09/Apr/2009:18:51:08 +0100] "GET / HTTP/1.1" 200 1266 "-" "Mozilla/5.0 (compatible; Ask Jeeves/Teoma; +http://about.ask.com/en/docs/about/webmasters.shtml)" 246 1587
124.115.0.23 - - [09/Apr/2009:23:02:04 +0100] "HEAD / HTTP/1.1" 200 - "http://www.decodeine.com/" "Sosospider+(+http://help.soso.com/webspider.htm)" 244 359
66.249.72.141 - - [10/Apr/2009:05:29:02 +0100] "GET /robots.txt HTTP/1.1" 404 357 "-" "Mozilla/5.0 (compatible; Googlebot/2.1; +http://www.google.com/bot.html)" 258 641
66.249.72.141 - - [10/Apr/2009:05:29:02 +0100] "GET /webalizer/usage_200711.html HTTP/1.1" 200 149412 "-" "Mozilla/5.0 (compatible; Googlebot/2.1; +http://www.google.com/bot.html)" 258 149775
66.249.72.141 - - [10/Apr/2009:05:43:05 +0100] "GET /webalizer/usage_200807.html HTTP/1.1" 200 151253 "-" "Mozilla/5.0 (compatible; Googlebot/2.1; +http://www.google.com/bot.html)" 258 151617
66.249.72.141 - - [10/Apr/2009:06:12:56 +0100] "GET /webalizer/usage_200901.html HTTP/1.1" 200 158400 "-" "Mozilla/5.0 (compatible; Googlebot/2.1; +http://www.google.com/bot.html)" 258 158764
206.183.1.74 - - [10/Apr/2009:06:54:59 +0100] "GET /robots.txt HTTP/1.0" 404 357 "-" "Mozilla/4.0 (compatible; http://search.thunderstone.com/texis/websearch/about.html)" 240 641
206.183.1.74 - - [10/Apr/2009:06:54:59 +0100] "GET / HTTP/1.0" 200 1266 "-" "Mozilla/4.0 (compatible; http://search.thunderstone.com/texis/websearch/about.html)" 230 1624
206.183.1.74 - - [10/Apr/2009:06:54:59 +0100] "GET /feidad.html HTTP/1.0" 200 820 "-" "Mozilla/4.0 (compatible; http://search.thunderstone.com/texis/websearch/about.html)" 241 1177
66.249.72.141 - - [10/Apr/2009:08:04:56 +0100] "GET /webalizer/usage_200809.html HTTP/1.1" 200 148760 "-" "Mozilla/5.0 (compatible; Googlebot/2.1; +http://www.google.com/bot.html)" 258 149123
66.249.72.141 - - [10/Apr/2009:08:55:07 +0100] "GET /webalizer/usage_200812.html HTTP/1.1" 200 153211 "-" "Mozilla/5.0 (compatible; Googlebot/2.1; +http://www.google.com/bot.html)" 258 153574
66.249.72.141 - - [10/Apr/2009:08:56:44 +0100] "GET /webalizer/usage_200506.html HTTP/1.1" 200 86228 "-" "Mozilla/5.0 (compatible; Googlebot/2.1; +http://www.google.com/bot.html)" 258 86590
66.249.72.141 - - [10/Apr/2009:08:58:21 +0100] "GET /webalizer/usage_200702.html HTTP/1.1" 200 109786 "-" "Mozilla/5.0 (compatible; Googlebot/2.1; +http://www.google.com/bot.html)" 258 110149
66.249.72.141 - - [10/Apr/2009:10:49:51 +0100] "GET /webalizer//usage_200807.html HTTP/1.1" 200 151253 "-" "Mozilla/5.0 (compatible; Googlebot/2.1; +http://www.google.com/bot.html)" 259 151617
38.113.234.180 - - [10/Apr/2009:11:04:51 +0100] "GET /robots.txt HTTP/1.1" 404 357 "-" "voyager/2.0 (http://www.kosmix.com/crawler.html)" 170 603
66.249.72.141 - - [10/Apr/2009:11:05:43 +0100] "GET /webalizer/usage_200904.html HTTP/1.1" 200 119947 "-" "Mozilla/5.0 (compatible; Googlebot/2.1; +http://www.google.com/bot.html)" 258 120310
208.80.195.42 - - [10/Apr/2009:11:51:35 +0100] "GET / HTTP/1.0" 200 1266 "-" "Mozilla/4.0 (compatible; MSIE 6.0; Windows NT 5.1; SV1; InfoPath.2; ZangoToolbar 4.8.3)" 144 1587
66.249.72.141 - - [10/Apr/2009:12:14:26 +0100] "GET /dec4.swf HTTP/1.1" 404 355 "-" "Mozilla/5.0 (compatible; Googlebot/2.1; +http://www.google.com/bot.html)" 239 639
66.249.72.141 - - [10/Apr/2009:12:20:54 +0100] "GET /dec3b.swf HTTP/1.1" 404 356 "-" "Mozilla/5.0 (compatible; Googlebot/2.1; +http://www.google.com/bot.html)" 240 640
66.249.72.141 - - [10/Apr/2009:12:23:15 +0100] "GET /index2.html HTTP/1.1" 404 358 "-" "Mozilla/5.0 (compatible; Googlebot/2.1; +http://www.google.com/bot.html)" 242 642
66.249.72.141 - - [10/Apr/2009:12:30:37 +0100] "GET /log/error.log.2 HTTP/1.1" 304 - "-" "Mozilla/5.0 (compatible; Googlebot/2.1; +http://www.google.com/bot.html)" 296 254
66.249.72.141 - - [10/Apr/2009:12:39:00 +0100] "GET /log/web.log.3 HTTP/1.1" 200 1961 "-" "Mozilla/5.0 (compatible; Googlebot/2.1; +http://www.google.com/bot.html)" 244 2321
72.30.87.96 - - [10/Apr/2009:13:25:26 +0100] "GET /robots.txt HTTP/1.0" 404 357 "-" "Mozilla/5.0 (compatible; Yahoo! Slurp; http://help.yahoo.com/help/us/ysearch/slurp)" 194 603
72.30.87.96 - - [10/Apr/2009:13:25:27 +0100] "GET /log/web.log.2 HTTP/1.0" 200 5490 "-" "Mozilla/5.0 (compatible; Yahoo! Slurp/3.0; http://help.yahoo.com/help/us/ysearch/slurp)" 423 5813
66.249.72.141 - - [10/Apr/2009:13:42:45 +0100] "GET /log/error.log.4 HTTP/1.1" 304 - "-" "Mozilla/5.0 (compatible; Googlebot/2.1; +http://www.google.com/bot.html)" 296 255
94.169.160.102 - - [10/Apr/2009:14:00:14 +0100] "GET /feidad.html HTTP/1.1" 200 820 "http://www.google.com/search?q=Decodeine++Architects&rls=com.microsoft:*:IE-SearchBox&ie=UTF-8&oe=UTF-8&sourceid=ie7&rlz=1I7GGLL_en" "Mozilla/4.0 (compatible; MSIE 7.0; Windows NT 6.0; GTB5; SLCC1; .NET CLR 2.0.50727; Media Center PC 5.0; .NET CLR 3.0.04506; .NET CLR 1.1.4322)" 724 1178
94.169.160.102 - - [10/Apr/2009:14:00:15 +0100] "GET /dec4b.swf HTTP/1.1" 200 7503350 "http://www.decodeine.com/feidad.html" "Mozilla/4.0 (compatible; MSIE 7.0; Windows NT 6.0; GTB5; SLCC1; .NET CLR 2.0.50727; Media Center PC 5.0; .NET CLR 3.0.04506; .NET CLR 1.1.4322)" 390 7503734
94.169.160.102 - - [10/Apr/2009:14:00:19 +0100] "GET /favicon.ico HTTP/1.1" 404 358 "-" "Mozilla/4.0 (compatible; MSIE 7.0; Windows NT 6.0; GTB5; SLCC1; .NET CLR 2.0.50727; Media Center PC 5.0; .NET CLR 3.0.04506; .NET CLR 1.1.4322)" 293 641
66.249.72.141 - - [10/Apr/2009:14:21:20 +0100] "GET /log/web.log.1 HTTP/1.1" 304 - "-" "Mozilla/5.0 (compatible; Googlebot/2.1; +http://www.google.com/bot.html)" 294 256
66.249.72.141 - - [10/Apr/2009:15:40:18 +0100] "GET /log/web.log.4 HTTP/1.1" 304 - "-" "Mozilla/5.0 (compatible; Googlebot/2.1; +http://www.google.com/bot.html)" 294 255
66.249.72.141 - - [10/Apr/2009:16:12:18 +0100] "GET /log/error.log.5 HTTP/1.1" 304 - "-" "Mozilla/5.0 (compatible; Googlebot/2.1; +http://www.google.com/bot.html)" 296 255
124.115.0.160 - - [10/Apr/2009:21:33:14 +0100] "HEAD / HTTP/1.1" 200 - "http://www.decodeine.com/" "Sosospider+(+http://help.soso.com/webspider.htm)" 244 359
72.30.142.249 - - [11/Apr/2009:01:47:28 +0100] "GET /robots.txt HTTP/1.0" 404 357 "-" "Mozilla/5.0 (compatible; Yahoo! Slurp; http://help.yahoo.com/help/us/ysearch/slurp)" 194 603
72.30.142.249 - - [11/Apr/2009:01:47:29 +0100] "GET /log/web.log.1 HTTP/1.0" 200 13484 "-" "Mozilla/5.0 (compatible; Yahoo! Slurp/3.0; http://help.yahoo.com/help/us/ysearch/slurp)" 423 13809
66.235.124.66 - - [11/Apr/2009:02:06:57 +0100] "GET /robots.txt HTTP/1.0" 404 357 "-" "Mozilla/5.0 (compatible; Ask Jeeves/Teoma; +http://about.ask.com/en/docs/about/webmasters.shtml)" 176 603
66.235.124.66 - - [11/Apr/2009:02:06:58 +0100] "GET /indexbutton.jpg HTTP/1.0" 200 153759 "-" "Mozilla/5.0 (compatible; Ask Jeeves/Teoma; +http://about.ask.com/en/docs/about/webmasters.shtml)" 213 154085
72.30.142.249 - - [11/Apr/2009:02:41:02 +0100] "GET /log/?N=D HTTP/1.0" 200 3184 "-" "Mozilla/5.0 (compatible; Yahoo! Slurp/3.0; http://help.yahoo.com/help/us/ysearch/slurp)" 418 3418
206.212.240.2 - - [11/Apr/2009:05:20:55 +0100] "GET /log/web.log/errors.php?error=http://www.casinopaper.org/www/casinoh/MADONGCMD.txt? HTTP/1.1" 404 369 "-" "libwww-perl/5.814" 203 615
206.212.240.2 - - [11/Apr/2009:05:20:55 +0100] "GET /errors.php?error=http://www.casinopaper.org/www/casinoh/MADONGCMD.txt? HTTP/1.1" 404 357 "-" "libwww-perl/5.814" 191 603
206.212.240.2 - - [11/Apr/2009:05:20:55 +0100] "GET /log/errors.php?error=http://www.casinopaper.org/www/casinoh/MADONGCMD.txt? HTTP/1.1" 404 361 "-" "libwww-perl/5.814" 195 607
72.30.142.249 - - [11/Apr/2009:07:50:42 +0100] "GET /robots.txt HTTP/1.0" 404 357 "-" "Mozilla/5.0 (compatible; Yahoo! Slurp; http://help.yahoo.com/help/us/ysearch/slurp)" 194 603
72.30.142.249 - - [11/Apr/2009:07:50:42 +0100] "GET / HTTP/1.0" 200 1266 "-" "Mozilla/5.0 (compatible; Yahoo! Slurp/3.0; http://help.yahoo.com/help/us/ysearch/slurp)" 410 1587
66.249.72.141 - - [11/Apr/2009:11:05:22 +0100] "GET /robots.txt HTTP/1.1" 404 357 "-" "Mozilla/5.0 (compatible; Googlebot/2.1; +http://www.google.com/bot.html)" 258 641
66.249.72.141 - - [11/Apr/2009:11:05:22 +0100] "GET /webalizer/usage_200904.html HTTP/1.1" 200 123496 "-" "Mozilla/5.0 (compatible; Googlebot/2.1; +http://www.google.com/bot.html)" 258 123858
208.111.154.15 - - [11/Apr/2009:11:56:01 +0100] "GET /robots.txt HTTP/1.1" 404 357 "-" "Mozilla/5.0 (compatible; Charlotte/1.1; http://www.searchme.com/support/)" 195 584
208.111.154.15 - - [11/Apr/2009:11:56:02 +0100] "GET /feidad.html HTTP/1.1" 304 - "-" "Mozilla/5.0 (compatible; Charlotte/1.1; http://www.searchme.com/support/)" 246 197
66.249.72.141 - - [11/Apr/2009:18:20:58 +0100] "GET /log/error.log.3 HTTP/1.1" 304 - "-" "Mozilla/5.0 (compatible; Googlebot/2.1; +http://www.google.com/bot.html)" 296 255
208.80.195.41 - - [11/Apr/2009:19:28:00 +0100] "GET / HTTP/1.0" 200 1266 "-" "Mozilla/4.0 (compatible; MSIE 6.0; Windows NT 5.0; yie6_SBC; yplus 5.1.04b)" 132 1587
124.115.0.160 - - [11/Apr/2009:21:04:26 +0100] "HEAD / HTTP/1.1" 200 - "http://www.decodeine.com/" "Sosospider+(+http://help.soso.com/webspider.htm)" 244 359
38.113.234.180 - - [12/Apr/2009:04:36:01 +0100] "GET /robots.txt HTTP/1.1" 404 357 "-" "voyager/2.0 (http://www.kosmix.com/crawler.html)" 170 603
208.111.154.16 - - [12/Apr/2009:08:35:35 +0100] "GET /robots.txt HTTP/1.1" 404 357 "-" "Mozilla/5.0 (compatible; Charlotte/1.1; http://www.searchme.com/support/)" 195 584
208.111.154.16 - - [12/Apr/2009:08:35:36 +0100] "GET / HTTP/1.1" 304 - "-" "Mozilla/5.0 (compatible; Charlotte/1.1; http://www.searchme.com/support/)" 235 197
66.249.72.141 - - [12/Apr/2009:11:06:27 +0100] "GET /robots.txt HTTP/1.1" 404 357 "-" "Mozilla/5.0 (compatible; Googlebot/2.1; +http://www.google.com/bot.html)" 258 641
66.249.72.141 - - [12/Apr/2009:11:06:27 +0100] "GET /webalizer/usage_200904.html HTTP/1.1" 200 124389 "-" "Mozilla/5.0 (compatible; Googlebot/2.1; +http://www.google.com/bot.html)" 258 124751
66.249.72.206 - - [12/Apr/2009:13:39:46 +0100] "GET /webalizer/usage_200903.html HTTP/1.1" 200 154792 "-" "Mozilla/5.0 (compatible; Googlebot/2.1; +http://www.google.com/bot.html)" 258 155155
66.249.72.206 - - [12/Apr/2009:13:51:48 +0100] "GET /webalizer/usage_200808.html HTTP/1.1" 200 156834 "-" "Mozilla/5.0 (compatible; Googlebot/2.1; +http://www.google.com/bot.html)" 258 157198
66.249.72.206 - - [12/Apr/2009:14:13:53 +0100] "GET /webalizer/usage_200607.html HTTP/1.1" 200 106726 "-" "Mozilla/5.0 (compatible; Googlebot/2.1; +http://www.google.com/bot.html)" 258 107089
66.249.72.206 - - [12/Apr/2009:15:18:04 +0100] "GET /log/?N=A HTTP/1.1" 200 3184 "-" "Mozilla/5.0 (compatible; Googlebot/2.1; +http://www.google.com/bot.html)" 239 3456
66.249.72.206 - - [12/Apr/2009:16:14:15 +0100] "GET /yellowdrag3a.swf HTTP/1.1" 404 363 "-" "Mozilla/5.0 (compatible; Googlebot/2.1; +http://www.google.com/bot.html)" 247 647
66.249.72.206 - - [12/Apr/2009:16:18:15 +0100] "GET /webalizer/usage_200801.html HTTP/1.1" 200 147495 "-" "Mozilla/5.0 (compatible; Googlebot/2.1; +http://www.google.com/bot.html)" 258 147859
124.115.0.23 - - [12/Apr/2009:19:42:30 +0100] "HEAD / HTTP/1.1" 200 - "http://www.decodeine.com/" "Sosospider+(+http://help.soso.com/webspider.htm)" 244 359
88.131.106.11 - - [12/Apr/2009:22:14:36 +0100] "GET /robots.txt HTTP/1.0" 404 357 "-" "Speedy Spider (http://www.entireweb.com/about/search_tech/speedy_spider/)" 199 603
88.131.106.11 - - [12/Apr/2009:22:14:36 +0100] "GET / HTTP/1.0" 200 1266 "-" "Speedy Spider (http://www.entireweb.com/about/search_tech/speedy_spider/)" 189 1587
66.249.72.206 - - [12/Apr/2009:23:56:36 +0100] "GET /robots.txt HTTP/1.1" 404 357 "-" "Mozilla/5.0 (compatible; Googlebot/2.1; +http://www.google.com/bot.html)" 258 641
66.249.72.206 - - [12/Apr/2009:23:56:37 +0100] "GET /log/web.log.2 HTTP/1.1" 200 5490 "-" "Mozilla/5.0 (compatible; Googlebot/2.1; +http://www.google.com/bot.html)" 244 5850
66.249.72.206 - - [13/Apr/2009:00:04:29 +0100] "GET /webalizer/ HTTP/1.1" 200 11451 "-" "Mozilla/5.0 (compatible; Googlebot/2.1; +http://www.google.com/bot.html)" 291 11813
88.191.79.43 - - [13/Apr/2009:01:00:29 +0100] "GET /robots.txt HTTP/1.0" 404 357 "http://www.decodeine.com/" "Mozilla/4.0 (compatible; MSIE 6.0; Windows NT 5.1)" 195 603
208.80.195.39 - - [13/Apr/2009:01:52:10 +0100] "GET / HTTP/1.0" 200 1266 "-" "Mozilla/4.0 (compatible; MSIE 7.0; Windows NT 5.1; SIMBAR={0D790AC6-8780-4a97-B8DB-631D1E0DCFAE}; .NET CLR 1.1.4322; IEMB3; IEMB3)" 187 1587
198.82.167.78 - - [13/Apr/2009:04:16:47 +0100] "GET / HTTP/1.1" 200 1266 "http://www.decodeine.org/" "Mozilla/4.0 (compatible; MSIE 7.0; Windows NT 5.1; .NET CLR 1.1.4322; InfoPath.1; .NET CLR 2.0.50727)" 461 1625
198.82.167.78 - - [13/Apr/2009:04:16:47 +0100] "GET /indexbutton.jpg HTTP/1.1" 200 153759 "http://www.decodeine.com/" "Mozilla/4.0 (compatible; MSIE 7.0; Windows NT 5.1; .NET CLR 1.1.4322; InfoPath.1; .NET CLR 2.0.50727)" 315 154123
198.82.167.78 - - [13/Apr/2009:04:16:47 +0100] "GET /index.jpg HTTP/1.1" 200 225683 "http://www.decodeine.com/" "Mozilla/4.0 (compatible; MSIE 7.0; Windows NT 5.1; .NET CLR 1.1.4322; InfoPath.1; .NET CLR 2.0.50727)" 309 226046
198.82.167.78 - - [13/Apr/2009:04:16:49 +0100] "GET /favicon.ico HTTP/1.1" 404 358 "-" "Mozilla/4.0 (compatible; MSIE 7.0; Windows NT 5.1; .NET CLR 1.1.4322; InfoPath.1; .NET CLR 2.0.50727)" 251 641
198.82.167.78 - - [13/Apr/2009:04:16:54 +0100] "GET /feidad.html HTTP/1.1" 200 820 "http://www.decodeine.com/" "Mozilla/4.0 (compatible; MSIE 7.0; Windows NT 5.1; .NET CLR 1.1.4322; InfoPath.1; .NET CLR 2.0.50727)" 472 1177
198.82.167.78 - - [13/Apr/2009:04:16:54 +0100] "GET /dec4b.swf HTTP/1.1" 200 7503350 "http://www.decodeine.com/feidad.html" "Mozilla/4.0 (compatible; MSIE 7.0; Windows NT 5.1; .NET CLR 1.1.4322; InfoPath.1; .NET CLR 2.0.50727)" 349 3130400
198.82.167.78 - - [13/Apr/2009:04:17:25 +0100] "GET /dec4b.swf HTTP/1.1" 206 4425334 "http://www.decodeine.com/feidad.html" "Mozilla/4.0 (compatible; MSIE 7.0; Windows NT 5.1; .NET CLR 1.1.4322; InfoPath.1; .NET CLR 2.0.50727)" 466 208000
208.111.154.16 - - [13/Apr/2009:05:47:16 +0100] "GET /robots.txt HTTP/1.1" 404 357 "-" "Mozilla/5.0 (compatible; Charlotte/1.1; http://www.searchme.com/support/)" 195 584
208.111.154.16 - - [13/Apr/2009:05:47:16 +0100] "GET / HTTP/1.1" 304 - "-" "Mozilla/5.0 (compatible; Charlotte/1.1; http://www.searchme.com/support/)" 235 197
83.59.20.18 - - [13/Apr/2009:09:05:41 +0100] "GET /log/web.log.2 HTTP/1.1" 200 5490 "http://www.google.es/search?hl=es&q=http%2F1.1%22+627&meta=" "Mozilla/4.0 (compatible; MSIE 7.0; Windows NT 5.1)" 293 5851
83.59.20.18 - - [13/Apr/2009:09:05:41 +0100] "GET /favicon.ico HTTP/1.1" 404 358 "-" "Mozilla/4.0 (compatible; MSIE 7.0; Windows NT 5.1)" 200 642
66.249.72.230 - - [13/Apr/2009:09:20:38 +0100] "GET /log/ HTTP/1.1" 200 3184 "-" "Mozilla/5.0 (compatible; Googlebot/2.1; +http://www.google.com/bot.html)" 235 3456
65.55.105.53 - - [13/Apr/2009:09:33:03 +0100] "GET /robots.txt HTTP/1.1" 404 357 "-" "msnbot/1.1 (+http://search.msn.com/msnbot.htm)" 208 603
65.55.105.53 - - [13/Apr/2009:09:33:03 +0100] "GET /feidad.html HTTP/1.1" 200 820 "-" "msnbot/1.1 (+http://search.msn.com/msnbot.htm)" 307 1140
65.55.105.53 - - [13/Apr/2009:09:34:25 +0100] "GET /robots.txt HTTP/1.1" 404 357 "-" "msnbot/1.0 (+http://search.msn.com/msnbot.htm)" 208 603
65.55.105.53 - - [13/Apr/2009:09:34:25 +0100] "GET /dec4b.swf HTTP/1.1" 200 7503350 "-" "msnbot/1.0 (+http://search.msn.com/msnbot.htm)" 267 1222020
89.74.142.42 - - [13/Apr/2009:10:03:19 +0100] "GET / HTTP/1.1" 200 1266 "http://www.blinkmp3.info/includes/recent-searches.php" "Mozilla/4.0 (compatible; MSIE 5.5; Windows 98)" 260 1625
89.74.142.42 - - [13/Apr/2009:10:03:19 +0100] "GET / HTTP/1.1" 200 1266 "http://mental.alleserwer.pl/" "Mozilla/4.0 (compatible; MSIE 5.5; Windows 98)" 235 1625
89.122.57.185 - - [13/Apr/2009:10:20:13 +0100] "HEAD /log/web.log.4 HTTP/1.1" 200 - "-" "Mozilla/5.0 (Windows; U; Windows NT 5.1; pt-BR; rv:1.8.0.1) Gecko/20060111 Firefox/1.5.0.135.3912353515625" 224 323
89.74.142.42 - - [13/Apr/2009:10:59:24 +0100] "GET / HTTP/1.1" 200 1266 "http://www.xtuba.info" "Mozilla/4.0 (compatible; MSIE 5.5; Windows 98)" 228 1625
89.74.142.42 - - [13/Apr/2009:10:59:24 +0100] "GET / HTTP/1.1" 200 1266 "http://www.xtuba.info" "Mozilla/4.0 (compatible; MSIE 5.5; Windows 98)" 223 1587
89.74.142.42 - - [13/Apr/2009:10:59:24 +0100] "GET / HTTP/1.1" 200 1266 "http://www.xtuba.info" "Mozilla/4.0 (compatible; MSIE 5.5; Windows 98)" 223 1587
66.249.72.230 - - [13/Apr/2009:11:05:24 +0100] "GET /webalizer/usage_200904.html HTTP/1.1" 200 129101 "-" "Mozilla/5.0 (compatible; Googlebot/2.1; +http://www.google.com/bot.html)" 258 129464
77.88.26.26 - - [13/Apr/2009:12:44:00 +0100] "GET /robots.txt HTTP/1.1" 404 357 "-" "Yandex/1.01.001 (compatible; Win16; I)" 155 641
77.88.26.26 - - [13/Apr/2009:12:44:00 +0100] "GET / HTTP/1.1" 200 1266 "-" "Yandex/1.01.001 (compatible; Win16; I)" 450 1624
96.240.217.45 - - [13/Apr/2009:15:54:07 +0100] "GET / HTTP/1.1" 200 1266 "http://www.rhizome.org/object.php?o=45901&m=1045445" "Mozilla/5.0 (Windows; U; Windows NT 5.1; en-US; rv:1.9.0.8) Gecko/2009032609 Firefox/3.0.8 (.NET CLR 3.5.30729)" 456 1625
96.240.217.45 - - [13/Apr/2009:15:54:08 +0100] "GET /indexbutton.jpg HTTP/1.1" 200 153759 "http://www.decodeine.com/" "Mozilla/5.0 (Windows; U; Windows NT 5.1; en-US; rv:1.9.0.8) Gecko/2009032609 Firefox/3.0.8 (.NET CLR 3.5.30729)" 415 154123
96.240.217.45 - - [13/Apr/2009:15:54:08 +0100] "GET /index.jpg HTTP/1.1" 200 225683 "http://www.decodeine.com/" "Mozilla/5.0 (Windows; U; Windows NT 5.1; en-US; rv:1.9.0.8) Gecko/2009032609 Firefox/3.0.8 (.NET CLR 3.5.30729)" 409 226046
96.240.217.45 - - [13/Apr/2009:15:54:10 +0100] "GET /favicon.ico HTTP/1.1" 404 358 "-" "Mozilla/5.0 (Windows; U; Windows NT 5.1; en-US; rv:1.9.0.8) Gecko/2009032609 Firefox/3.0.8 (.NET CLR 3.5.30729)" 375 641
96.240.217.45 - - [13/Apr/2009:15:54:13 +0100] "GET /favicon.ico HTTP/1.1" 404 358 "-" "Mozilla/5.0 (Windows; U; Windows NT 5.1; en-US; rv:1.9.0.8) Gecko/2009032609 Firefox/3.0.8 (.NET CLR 3.5.30729)" 405 641
96.240.217.45 - - [13/Apr/2009:15:54:29 +0100] "GET /feidad.html HTTP/1.1" 200 820 "http://www.decodeine.com/" "Mozilla/5.0 (Windows; U; Windows NT 5.1; en-US; rv:1.9.0.8) Gecko/2009032609 Firefox/3.0.8 (.NET CLR 3.5.30729)" 441 1178
96.240.217.45 - - [13/Apr/2009:15:54:29 +0100] "GET /dec4b.swf HTTP/1.1" 200 7503350 "http://www.decodeine.com/feidad.html" "Mozilla/5.0 (Windows; U; Windows NT 5.1; en-US; rv:1.9.0.8) Gecko/2009032609 Firefox/3.0.8 (.NET CLR 3.5.30729)" 450 7503734
96.240.217.45 - - [13/Apr/2009:15:57:09 +0100] "GET /o1.jpg HTTP/1.1" 200 258267 "-" "Mozilla/5.0 (Windows; U; Windows NT 5.1; en-US; rv:1.9.0.8) Gecko/2009032609 Firefox/3.0.8 (.NET CLR 3.5.30729)" 400 258631
96.240.217.45 - - [13/Apr/2009:15:57:23 +0100] "GET /o2.jpg HTTP/1.1" 200 216322 "-" "Mozilla/5.0 (Windows; U; Windows NT 5.1; en-US; rv:1.9.0.8) Gecko/2009032609 Firefox/3.0.8 (.NET CLR 3.5.30729)" 400 216685
96.240.217.45 - - [13/Apr/2009:15:57:30 +0100] "GET /o3.jpg HTTP/1.1" 200 153363 "-" "Mozilla/5.0 (Windows; U; Windows NT 5.1; en-US; rv:1.9.0.8) Gecko/2009032609 Firefox/3.0.8 (.NET CLR 3.5.30729)" 400 153726
96.240.217.45 - - [13/Apr/2009:15:57:37 +0100] "GET /o4.jpg HTTP/1.1" 200 34271 "-" "Mozilla/5.0 (Windows; U; Windows NT 5.1; en-US; rv:1.9.0.8) Gecko/2009032609 Firefox/3.0.8 (.NET CLR 3.5.30729)" 400 34632
96.240.217.45 - - [13/Apr/2009:15:57:41 +0100] "GET /o5.jpg HTTP/1.1" 200 60308 "-" "Mozilla/5.0 (Windows; U; Windows NT 5.1; en-US; rv:1.9.0.8) Gecko/2009032609 Firefox/3.0.8 (.NET CLR 3.5.30729)" 400 60670
96.240.217.45 - - [13/Apr/2009:15:57:50 +0100] "GET /oa1.jpg HTTP/1.1" 404 354 "-" "Mozilla/5.0 (Windows; U; Windows NT 5.1; en-US; rv:1.9.0.8) Gecko/2009032609 Firefox/3.0.8 (.NET CLR 3.5.30729)" 401 637
96.240.217.45 - - [13/Apr/2009:15:58:06 +0100] "GET /Pier.avi HTTP/1.1" 404 355 "http://www.decodeine.com/feidad.html" "Mozilla/5.0 (Windows; U; Windows NT 5.1; en-US; rv:1.9.0.8) Gecko/2009032609 Firefox/3.0.8 (.NET CLR 3.5.30729)" 449 639
96.240.217.45 - - [13/Apr/2009:15:58:30 +0100] "GET /ob1.jpg HTTP/1.1" 200 85887 "-" "Mozilla/5.0 (Windows; U; Windows NT 5.1; en-US; rv:1.9.0.8) Gecko/2009032609 Firefox/3.0.8 (.NET CLR 3.5.30729)" 401 86250
218.186.12.253 - - [13/Apr/2009:15:58:33 +0100] "GET / HTTP/1.1" 200 1266 "http://www.google.co.uk/search?sourceid=navclient&ie=UTF-8&rlz=1T4ACAW_enSG318SG319&q=decodine" "Mozilla/4.0 (compatible; MSIE 7.0; Windows NT 5.1; GTB5; .NET CLR 2.0.50727; eSobiSubscriber 2.0.4.16)" 552 1625
96.240.217.45 - - [13/Apr/2009:15:58:33 +0100] "GET /ob2.jpg HTTP/1.1" 200 45836 "-" "Mozilla/5.0 (Windows; U; Windows NT 5.1; en-US; rv:1.9.0.8) Gecko/2009032609 Firefox/3.0.8 (.NET CLR 3.5.30729)" 401 46197
96.240.217.45 - - [13/Apr/2009:15:58:38 +0100] "GET /ob3.jpg HTTP/1.1" 200 72499 "-" "Mozilla/5.0 (Windows; U; Windows NT 5.1; en-US; rv:1.9.0.8) Gecko/2009032609 Firefox/3.0.8 (.NET CLR 3.5.30729)" 401 72861
218.186.12.13 - - [13/Apr/2009:15:58:37 +0100] "GET /index.jpg HTTP/1.1" 200 225683 "http://www.decodeine.com/" "Mozilla/4.0 (compatible; MSIE 7.0; Windows NT 5.1; GTB5; .NET CLR 2.0.50727; eSobiSubscriber 2.0.4.16)" 386 226047
96.240.217.45 - - [13/Apr/2009:15:58:42 +0100] "GET /ob4.jpg HTTP/1.1" 200 49711 "-" "Mozilla/5.0 (Windows; U; Windows NT 5.1; en-US; rv:1.9.0.8) Gecko/2009032609 Firefox/3.0.8 (.NET CLR 3.5.30729)" 401 50072
218.186.12.13 - - [13/Apr/2009:15:58:37 +0100] "GET /indexbutton.jpg HTTP/1.1" 200 153759 "http://www.decodeine.com/" "Mozilla/4.0 (compatible; MSIE 7.0; Windows NT 5.1; GTB5; .NET CLR 2.0.50727; eSobiSubscriber 2.0.4.16)" 392 154123
96.240.217.45 - - [13/Apr/2009:15:58:45 +0100] "GET /ob5.jpg HTTP/1.1" 200 48243 "-" "Mozilla/5.0 (Windows; U; Windows NT 5.1; en-US; rv:1.9.0.8) Gecko/2009032609 Firefox/3.0.8 (.NET CLR 3.5.30729)" 401 48604
96.240.217.45 - - [13/Apr/2009:15:58:47 +0100] "GET /ob6.jpg HTTP/1.1" 200 89202 "-" "Mozilla/5.0 (Windows; U; Windows NT 5.1; en-US; rv:1.9.0.8) Gecko/2009032609 Firefox/3.0.8 (.NET CLR 3.5.30729)" 401 89564
96.240.217.45 - - [13/Apr/2009:15:58:50 +0100] "GET /ob7.jpg HTTP/1.1" 200 109917 "-" "Mozilla/5.0 (Windows; U; Windows NT 5.1; en-US; rv:1.9.0.8) Gecko/2009032609 Firefox/3.0.8 (.NET CLR 3.5.30729)" 401 110280
96.240.217.45 - - [13/Apr/2009:15:58:55 +0100] "GET /ob8.jpg HTTP/1.1" 200 73607 "-" "Mozilla/5.0 (Windows; U; Windows NT 5.1; en-US; rv:1.9.0.8) Gecko/2009032609 Firefox/3.0.8 (.NET CLR 3.5.30729)" 401 73969
96.240.217.45 - - [13/Apr/2009:15:58:58 +0100] "GET /ob9.jpg HTTP/1.1" 200 71889 "-" "Mozilla/5.0 (Windows; U; Windows NT 5.1; en-US; rv:1.9.0.8) Gecko/2009032609 Firefox/3.0.8 (.NET CLR 3.5.30729)" 401 72251
96.240.217.45 - - [13/Apr/2009:15:59:01 +0100] "GET /oba1.jpg HTTP/1.1" 404 355 "-" "Mozilla/5.0 (Windows; U; Windows NT 5.1; en-US; rv:1.9.0.8) Gecko/2009032609 Firefox/3.0.8 (.NET CLR 3.5.30729)" 402 638
96.240.217.45 - - [13/Apr/2009:15:59:01 +0100] "GET /oba4.jpg HTTP/1.1" 404 355 "-" "Mozilla/5.0 (Windows; U; Windows NT 5.1; en-US; rv:1.9.0.8) Gecko/2009032609 Firefox/3.0.8 (.NET CLR 3.5.30729)" 402 639
96.240.217.45 - - [13/Apr/2009:15:59:01 +0100] "GET /oba2.jpg HTTP/1.1" 404 355 "-" "Mozilla/5.0 (Windows; U; Windows NT 5.1; en-US; rv:1.9.0.8) Gecko/2009032609 Firefox/3.0.8 (.NET CLR 3.5.30729)" 402 639
96.240.217.45 - - [13/Apr/2009:15:59:01 +0100] "GET /oba3.jpg HTTP/1.1" 404 355 "-" "Mozilla/5.0 (Windows; U; Windows NT 5.1; en-US; rv:1.9.0.8) Gecko/2009032609 Firefox/3.0.8 (.NET CLR 3.5.30729)" 402 639
96.240.217.45 - - [13/Apr/2009:15:59:09 +0100] "GET /FOV.avi HTTP/1.1" 404 354 "http://www.decodeine.com/feidad.html" "Mozilla/5.0 (Windows; U; Windows NT 5.1; en-US; rv:1.9.0.8) Gecko/2009032609 Firefox/3.0.8 (.NET CLR 3.5.30729)" 448 637
58.61.164.207 - - [13/Apr/2009:17:11:32 +0100] "GET /robots.txt HTTP/1.1" 404 357 "http://www.decodeine.com/robots.txt" "Sosospider+(+http://help.soso.com/webspider.htm)" 250 641
89.74.142.42 - - [13/Apr/2009:17:24:25 +0100] "GET / HTTP/1.1" 200 1266 "http://www.appleboard.pl" "Mozilla/4.0 (compatible; MSIE 5.5; Windows 98)" 231 1625
124.115.0.23 - - [13/Apr/2009:19:28:37 +0100] "HEAD / HTTP/1.1" 200 - "http://www.decodeine.com/" "Sosospider+(+http://help.soso.com/webspider.htm)" 244 359
122.173.233.137 - - [13/Apr/2009:20:27:45 +0100] "GET / HTTP/1.1" 200 1266 "-" "-" 67 1625
88.191.88.79 - - [13/Apr/2009:22:23:10 +0100] "GET / HTTP/1.0" 200 1266 "-" "Mozilla/4.0 (compatible; MSIE 6.0; Windows NT 5.1)" 149 1587
89.74.142.42 - - [13/Apr/2009:22:40:00 +0100] "GET / HTTP/1.1" 200 1266 "http://erotykazdjecia.blogspot.com/" "Mozilla/4.0 (compatible; MSIE 5.5; Windows 98)" 242 1625
122.173.233.137 - - [13/Apr/2009:23:10:31 +0100] "GET / HTTP/1.1" 200 1266 "-" "-" 67 1625
64.246.165.180 - - [14/Apr/2009:04:00:38 +0100] "GET /robots.txt HTTP/1.0" 404 357 "http://www.whois.sc/" "SurveyBot/2.3 (Whois Source)" 212 603
64.246.165.180 - - [14/Apr/2009:04:00:39 +0100] "GET / HTTP/1.1" 206 1266 "http://whois.domaintools.com/decodeine.com" "SurveyBot/2.3 (Whois Source)" 351 1634
66.235.124.4 - - [14/Apr/2009:04:28:31 +0100] "GET /robots.txt HTTP/1.1" 404 357 "-" "Mozilla/5.0 (compatible; Ask Jeeves/Teoma; +http://about.ask.com/en/docs/about/webmasters.shtml)" 221 641
66.235.124.4 - - [14/Apr/2009:04:28:46 +0100] "GET / HTTP/1.1" 200 1266 "-" "Mozilla/5.0 (compatible; Ask Jeeves/Teoma; +http://about.ask.com/en/docs/about/webmasters.shtml)" 246 1587
66.249.72.141 - - [14/Apr/2009:05:38:50 +0100] "GET /robots.txt HTTP/1.1" 404 357 "-" "Mozilla/5.0 (compatible; Googlebot/2.1; +http://www.google.com/bot.html)" 258 641
66.249.72.141 - - [14/Apr/2009:05:38:50 +0100] "GET / HTTP/1.1" 200 1266 "-" "Mozilla/5.0 (compatible; Googlebot/2.1; +http://www.google.com/bot.html)" 231 1624
66.249.72.141 - - [14/Apr/2009:06:07:34 +0100] "GET /log/web.log.5 HTTP/1.1" 200 2798 "-" "Mozilla/5.0 (compatible; Googlebot/2.1; +http://www.google.com/bot.html)" 244 3159
66.249.72.141 - - [14/Apr/2009:07:33:49 +0100] "GET /log/error.log.1 HTTP/1.1" 304 - "-" "Mozilla/5.0 (compatible; Googlebot/2.1; +http://www.google.com/bot.html)" 296 254
66.249.72.141 - - [14/Apr/2009:08:16:57 +0100] "GET /log/error.log.3 HTTP/1.1" 304 - "-" "Mozilla/5.0 (compatible; Googlebot/2.1; +http://www.google.com/bot.html)" 296 255
208.80.195.44 - - [14/Apr/2009:09:30:00 +0100] "GET / HTTP/1.0" 200 1266 "-" "Mozilla/4.0 (compatible; MSIE 6.0; America Online Browser 1.1; Windows NT 5.1; SV1; FunWebProducts; ZangoToolbar 4.8.2)" 176 1587
66.249.72.141 - - [14/Apr/2009:11:05:58 +0100] "GET /webalizer/usage_200904.html HTTP/1.1" 200 132263 "-" "Mozilla/5.0 (compatible; Googlebot/2.1; +http://www.google.com/bot.html)" 352 132626
124.115.0.23 - - [14/Apr/2009:17:48:30 +0100] "HEAD / HTTP/1.1" 200 - "http://www.decodeine.com/" "Sosospider+(+http://help.soso.com/webspider.htm)" 244 359
72.30.142.249 - - [14/Apr/2009:18:53:01 +0100] "GET /robots.txt HTTP/1.0" 404 357 "-" "Mozilla/5.0 (compatible; Yahoo! Slurp; http://help.yahoo.com/help/us/ysearch/slurp)" 194 603
72.30.142.249 - - [14/Apr/2009:18:53:02 +0100] "GET /log/ HTTP/1.0" 200 3184 "-" "Mozilla/5.0 (compatible; Yahoo! Slurp/3.0; http://help.yahoo.com/help/us/ysearch/slurp)" 414 3418
208.111.154.16 - - [15/Apr/2009:00:51:53 +0100] "GET /robots.txt HTTP/1.1" 404 357 "-" "Mozilla/5.0 (compatible; Charlotte/1.1; http://www.searchme.com/support/)" 195 584
208.111.154.16 - - [15/Apr/2009:00:51:54 +0100] "GET / HTTP/1.1" 304 - "-" "Mozilla/5.0 (compatible; Charlotte/1.1; http://www.searchme.com/support/)" 235 197
82.99.30.4 - - [15/Apr/2009:00:59:42 +0100] "GET /robots.txt HTTP/1.0" 404 357 "-" "Mozilla/4.0 (compatible; MSIE 6.0; Windows NT 5.1)" 153 603
82.99.30.30 - - [15/Apr/2009:00:59:42 +0100] "GET /feidad.html HTTP/1.0" 200 820 "-" "Mozilla/4.0 (compatible; MSIE 6.0; Windows NT 5.1)" 154 1140
91.205.124.11 - - [15/Apr/2009:02:05:40 +0100] "GET /robots.txt HTTP/1.1" 404 357 "-" "Yanga WorldSearch Bot v1.1/beta (http://www.yanga.co.uk/)" 344 584
91.205.124.11 - - [15/Apr/2009:02:05:40 +0100] "GET / HTTP/1.1" 200 1266 "-" "Yanga WorldSearch Bot v1.1/beta (http://www.yanga.co.uk/)" 334 1568
66.249.72.141 - - [15/Apr/2009:02:28:23 +0100] "GET /robots.txt HTTP/1.1" 404 357 "-" "Mozilla/5.0 (compatible; Googlebot/2.1; +http://www.google.com/bot.html)" 258 641
66.249.72.141 - - [15/Apr/2009:02:28:23 +0100] "GET /webalizer/usage_200704.html HTTP/1.1" 200 104070 "-" "Mozilla/5.0 (compatible; Googlebot/2.1; +http://www.google.com/bot.html)" 258 104432
66.249.72.141 - - [15/Apr/2009:03:10:06 +0100] "GET /webalizer/usage_200610.html HTTP/1.1" 200 107332 "-" "Mozilla/5.0 (compatible; Googlebot/2.1; +http://www.google.com/bot.html)" 258 107695
66.249.72.141 - - [15/Apr/2009:03:18:54 +0100] "GET /webalizer/daily_usage_200803.png HTTP/1.1" 304 - "-" "Googlebot-Image/1.0" 260 255
66.249.72.141 - - [15/Apr/2009:03:54:25 +0100] "GET /webalizer/usage_200703.html HTTP/1.1" 200 110824 "-" "Mozilla/5.0 (compatible; Googlebot/2.1; +http://www.google.com/bot.html)" 258 111187
66.249.72.141 - - [15/Apr/2009:06:16:30 +0100] "GET /index HTTP/1.1" 404 352 "-" "Mozilla/5.0 (compatible; Googlebot/2.1; +http://www.google.com/bot.html)" 236 636
66.249.72.141 - - [15/Apr/2009:11:05:50 +0100] "GET /webalizer/usage_200904.html HTTP/1.1" 200 133517 "-" "Mozilla/5.0 (compatible; Googlebot/2.1; +http://www.google.com/bot.html)" 352 133880
66.249.72.141 - - [15/Apr/2009:11:29:27 +0100] "GET /log/web.log.4 HTTP/1.1" 304 - "-" "Mozilla/5.0 (compatible; Googlebot/2.1; +http://www.google.com/bot.html)" 294 255
90.12.53.188 - - [15/Apr/2009:11:49:06 +0100] "GET / HTTP/1.1" 200 1266 "http://www.google.fr/search?hl=fr&q=decodeline.com&btnG=Rechercher&meta=" "Mozilla/4.0 (compatible; MSIE 7.0; Windows NT 5.1; .NET CLR 1.1.4322; .NET CLR 2.0.50727; .NET CLR 3.0.04506.30; .NET CLR 3.0.04506.648)" 570 1625
90.12.53.188 - - [15/Apr/2009:11:49:06 +0100] "GET /index.jpg HTTP/1.1" 200 225683 "http://www.decodeine.com/" "Mozilla/4.0 (compatible; MSIE 7.0; Windows NT 5.1; .NET CLR 1.1.4322; .NET CLR 2.0.50727; .NET CLR 3.0.04506.30; .NET CLR 3.0.04506.648)" 341 226046
90.12.53.188 - - [15/Apr/2009:11:49:06 +0100] "GET /indexbutton.jpg HTTP/1.1" 200 153759 "http://www.decodeine.com/" "Mozilla/4.0 (compatible; MSIE 7.0; Windows NT 5.1; .NET CLR 1.1.4322; .NET CLR 2.0.50727; .NET CLR 3.0.04506.30; .NET CLR 3.0.04506.648)" 347 154123
90.12.53.188 - - [15/Apr/2009:11:49:19 +0100] "GET /favicon.ico HTTP/1.1" 404 358 "-" "Mozilla/4.0 (compatible; MSIE 7.0; Windows NT 5.1; .NET CLR 1.1.4322; .NET CLR 2.0.50727; .NET CLR 3.0.04506.30; .NET CLR 3.0.04506.648)" 286 641
66.249.72.141 - - [15/Apr/2009:12:54:34 +0100] "GET /log/?C=N;O=D HTTP/1.1" 200 3184 "-" "Mozilla/5.0 (compatible; Googlebot/2.1; +http://www.google.com/bot.html)" 293 3456
66.249.72.141 - - [15/Apr/2009:13:04:12 +0100] "GET /webalizer/usage_200803.html HTTP/1.1" 304 - "-" "Mozilla/5.0 (compatible; Googlebot/2.1; +http://www.google.com/bot.html)" 308 256
72.30.142.249 - - [15/Apr/2009:14:41:28 +0100] "GET /robots.txt HTTP/1.0" 404 357 "-" "Mozilla/5.0 (compatible; Yahoo! Slurp; http://help.yahoo.com/help/us/ysearch/slurp)" 194 603
72.30.142.249 - - [15/Apr/2009:14:41:28 +0100] "GET /log/error.log.1 HTTP/1.0" 200 4068 "-" "Mozilla/5.0 (compatible; Yahoo! Slurp/3.0; http://help.yahoo.com/help/us/ysearch/slurp)" 425 4390
124.115.0.22 - - [15/Apr/2009:16:02:30 +0100] "HEAD / HTTP/1.1" 200 - "http://www.decodeine.com/" "Sosospider+(+http://help.soso.com/webspider.htm)" 244 359
220.181.61.234 - - [15/Apr/2009:17:18:43 +0100] "GET / HTTP/1.1" 200 1266 "-" "Sogou web spider/4.0(+http://www.sogou.com/docs/help/webmasters.htm#07)" 275 1587
208.80.195.39 - - [15/Apr/2009:17:51:33 +0100] "GET / HTTP/1.0" 200 1266 "-" "Mozilla/4.0 (compatible; MSIE 7.0; America Online Browser 1.6-standalone; rev1.6; Windows NT 5.1; .NET CLR 1.1.4322; .NET CLR 2.0.50727)" 193 1587
74.6.8.91 - - [15/Apr/2009:20:03:43 +0100] "GET /robots.txt HTTP/1.0" 404 357 "-" "Mozilla/5.0 (compatible; Yahoo! Slurp; http://help.yahoo.com/help/us/ysearch/slurp)" 194 603
74.6.8.91 - - [15/Apr/2009:20:03:43 +0100] "GET /log/?D=A HTTP/1.0" 200 3184 "-" "Mozilla/5.0 (compatible; Yahoo! Slurp/3.0; http://help.yahoo.com/help/us/ysearch/slurp)" 418 3418
74.52.245.146 - - [16/Apr/2009:00:24:56 +0100] "GET / HTTP/1.0" 200 1266 "-" "Mozilla/5.0 (X11; U; Linux i686; en-US; rv:1.7.5) Gecko/20041107 Firefox/1.0" 152 1587
66.249.72.141 - - [16/Apr/2009:03:39:31 +0100] "GET /robots.txt HTTP/1.1" 404 357 "-" "Googlebot-Image/1.0" 205 641
66.249.72.141 - - [16/Apr/2009:03:39:31 +0100] "GET /webalizer/ctry_usage_200803.png HTTP/1.1" 304 - "-" "Googlebot-Image/1.0" 259 254
66.249.72.141 - - [16/Apr/2009:05:30:46 +0100] "GET /webalizer/usage_200804.html HTTP/1.1" 200 61230 "-" "Mozilla/5.0 (compatible; Googlebot/2.1; +http://www.google.com/bot.html)" 258 61591
88.131.106.11 - - [16/Apr/2009:07:40:47 +0100] "GET /robots.txt HTTP/1.0" 404 357 "-" "Speedy Spider (http://www.entireweb.com/about/search_tech/speedy_spider/)" 199 603
88.131.106.11 - - [16/Apr/2009:07:40:47 +0100] "GET /feidad.html HTTP/1.0" 200 820 "-" "Speedy Spider (http://www.entireweb.com/about/search_tech/speedy_spider/)" 200 1140
66.249.72.141 - - [16/Apr/2009:11:09:06 +0100] "GET /webalizer/usage_200904.html HTTP/1.1" 200 134885 "-" "Mozilla/5.0 (compatible; Googlebot/2.1; +http://www.google.com/bot.html)" 258 135248
124.115.0.23 - - [16/Apr/2009:14:58:10 +0100] "HEAD / HTTP/1.1" 200 - "http://www.decodeine.com/" "Sosospider+(+http://help.soso.com/webspider.htm)" 244 359
66.249.72.141 - - [16/Apr/2009:16:28:52 +0100] "GET /robots.txt HTTP/1.1" 404 357 "-" "Mozilla/5.0 (compatible; Googlebot/2.1; +http://www.google.com/bot.html)" 258 641
66.249.72.141 - - [16/Apr/2009:16:28:52 +0100] "GET /log/?C=D;O=A HTTP/1.1" 200 3184 "-" "Mozilla/5.0 (compatible; Googlebot/2.1; +http://www.google.com/bot.html)" 293 3455
66.249.72.141 - - [16/Apr/2009:17:22:16 +0100] "GET /log/?C=N;O=A HTTP/1.1" 200 3184 "-" "Mozilla/5.0 (compatible; Googlebot/2.1; +http://www.google.com/bot.html)" 293 3456
58.61.164.207 - - [16/Apr/2009:17:45:28 +0100] "GET /robots.txt HTTP/1.1" 404 357 "http://www.decodeine.com/robots.txt" "Sosospider+(+http://help.soso.com/webspider.htm)" 250 641
66.235.124.4 - - [16/Apr/2009:21:57:55 +0100] "GET /robots.txt HTTP/1.1" 404 357 "-" "Mozilla/5.0 (compatible; Ask Jeeves/Teoma; +http://about.ask.com/en/docs/about/webmasters.shtml)" 221 641
66.235.124.4 - - [16/Apr/2009:21:58:10 +0100] "GET / HTTP/1.1" 200 1266 "-" "Mozilla/5.0 (compatible; Ask Jeeves/Teoma; +http://about.ask.com/en/docs/about/webmasters.shtml)" 246 1587
38.99.13.120 - - [16/Apr/2009:22:14:56 +0100] "GET /robots.txt HTTP/1.0" 404 357 "-" "Mozilla/5.0 (Twiceler-0.9 http://www.cuil.com/twiceler/robot.html)" 199 603
208.80.195.43 - - [16/Apr/2009:23:00:02 +0100] "GET / HTTP/1.0" 200 1266 "-" "Mozilla/4.0 (compatible; MSIE 6.0; Windows NT 5.1; SV1; .NET CLR 1.1.4322; yplus 5.3.04d)" 146 1587
72.94.249.34 - - [17/Apr/2009:00:30:27 +0100] "GET / HTTP/1.1" 200 1266 "-" "Mozilla/4.0 (compatible; MSIE 6.0; Windows NT 5.1; SV1; .NET CLR 1.1.4322)" 178 1587
220.181.61.214 - - [17/Apr/2009:02:01:01 +0100] "GET /robots.txt HTTP/1.1" 404 357 "-" "-" 73 584
65.55.105.53 - - [17/Apr/2009:10:47:12 +0100] "GET /robots.txt HTTP/1.1" 404 357 "-" "msnbot/1.1 (+http://search.msn.com/msnbot.htm)" 208 603
65.55.105.53 - - [17/Apr/2009:10:47:14 +0100] "GET /feidad.html HTTP/1.1" 200 820 "-" "msnbot/1.1 (+http://search.msn.com/msnbot.htm)" 282 1140
65.55.105.53 - - [17/Apr/2009:10:50:09 +0100] "GET /robots.txt HTTP/1.1" 404 357 "-" "msnbot/1.0 (+http://search.msn.com/msnbot.htm)" 208 603
65.55.105.53 - - [17/Apr/2009:10:50:09 +0100] "GET /dec4b.swf HTTP/1.1" 200 7503350 "-" "msnbot/1.0 (+http://search.msn.com/msnbot.htm)" 267 1302320
66.249.72.141 - - [17/Apr/2009:11:05:22 +0100] "GET /robots.txt HTTP/1.1" 404 357 "-" "Mozilla/5.0 (compatible; Googlebot/2.1; +http://www.google.com/bot.html)" 258 641
66.249.72.141 - - [17/Apr/2009:11:05:22 +0100] "GET /webalizer/usage_200904.html HTTP/1.1" 200 135803 "-" "Mozilla/5.0 (compatible; Googlebot/2.1; +http://www.google.com/bot.html)" 258 136165
124.115.0.23 - - [17/Apr/2009:13:30:47 +0100] "HEAD / HTTP/1.1" 200 - "http://www.decodeine.com/" "Sosospider+(+http://help.soso.com/webspider.htm)" 244 359
220.181.61.214 - - [17/Apr/2009:13:47:22 +0100] "GET /robots.txt HTTP/1.1" 404 357 "-" "-" 73 584
195.128.18.18 - - [17/Apr/2009:14:29:48 +0100] "GET /robots.txt HTTP/1.0" 404 357 "-" "Mozilla/5.0 (compatible; DBLBot/1.0; +http://www.dontbuylists.com/)" 406 641
195.128.18.18 - - [17/Apr/2009:14:29:51 +0100] "GET / HTTP/1.0" 200 1266 "-" "Mozilla/5.0 (compatible; DBLBot/1.0; +http://www.dontbuylists.com/)" 442 1624
195.128.18.18 - - [17/Apr/2009:14:29:55 +0100] "GET /feidad.html HTTP/1.0" 200 820 "-" "Mozilla/5.0 (compatible; DBLBot/1.0; +http://www.dontbuylists.com/)" 453 1177
195.128.18.18 - - [17/Apr/2009:14:29:56 +0100] "GET /sitemap/ HTTP/1.0" 404 355 "-" "Mozilla/5.0 (compatible; DBLBot/1.0; +http://www.dontbuylists.com/)" 450 638
195.128.18.18 - - [17/Apr/2009:14:29:56 +0100] "GET /sitemap.xml HTTP/1.0" 404 358 "-" "Mozilla/5.0 (compatible; DBLBot/1.0; +http://www.dontbuylists.com/)" 421 642
195.128.18.18 - - [17/Apr/2009:14:29:59 +0100] "GET /google_sitemap.xml HTTP/1.0" 404 365 "-" "Mozilla/5.0 (compatible; DBLBot/1.0; +http://www.dontbuylists.com/)" 428 648
220.181.61.214 - - [17/Apr/2009:15:37:33 +0100] "GET / HTTP/1.1" 304 - "-" "Sogou web spider/4.0(+http://www.sogou.com/docs/help/webmasters.htm#07)" 402 216
66.249.72.141 - - [17/Apr/2009:19:50:12 +0100] "GET /webalizer/usage_200812.html HTTP/1.1" 200 153211 "-" "Mozilla/5.0 (compatible; Googlebot/2.1; +http://www.google.com/bot.html)" 258 153574
220.181.61.234 - - [17/Apr/2009:20:30:21 +0100] "GET / HTTP/1.1" 200 1266 "-" "Sogou web spider/4.0(+http://www.sogou.com/docs/help/webmasters.htm#07)" 275 1587
66.249.72.141 - - [17/Apr/2009:20:56:17 +0100] "GET /webalizer/ HTTP/1.1" 200 11452 "-" "Mozilla/5.0 (compatible; Googlebot/2.1; +http://www.google.com/bot.html)" 241 11814
66.249.72.141 - - [17/Apr/2009:21:27:23 +0100] "GET /log/web.log.2 HTTP/1.1" 304 - "-" "Mozilla/5.0 (compatible; Googlebot/2.1; +http://www.google.com/bot.html)" 294 255
66.249.72.141 - - [18/Apr/2009:02:35:26 +0100] "GET /robots.txt HTTP/1.1" 404 357 "-" "Googlebot-Image/1.0" 205 641
66.249.72.141 - - [18/Apr/2009:02:35:26 +0100] "GET /o1.jpg HTTP/1.1" 304 - "-" "Googlebot-Image/1.0" 234 255
208.80.195.27 - - [18/Apr/2009:03:07:35 +0100] "GET / HTTP/1.0" 200 1266 "-" "Mozilla/4.0 (compatible; MSIE 7.0; Windows NT 5.1; ga=MDA0MGNhOTA3OGJh; .NET CLR 2.0.50727)" 148 1587
66.249.72.141 - - [18/Apr/2009:03:42:29 +0100] "GET /bs01.jpg HTTP/1.1" 304 - "-" "Googlebot-Image/1.0" 236 256
124.115.1.8 - - [18/Apr/2009:07:49:55 +0100] "GET / HTTP/1.1" 200 1266 "http://www.decodeine.com/" "Mozilla/4.0 (compatible; MSIE 6.0; Windows NT 5.1)" 245 1625
72.30.65.56 - - [18/Apr/2009:08:32:03 +0100] "GET /robots.txt HTTP/1.0" 404 357 "-" "Mozilla/5.0 (compatible; Yahoo! Slurp; http://help.yahoo.com/help/us/ysearch/slurp)" 194 603
72.30.65.56 - - [18/Apr/2009:08:32:04 +0100] "GET / HTTP/1.0" 200 1266 "-" "Mozilla/5.0 (compatible; Yahoo! Slurp/3.0; http://help.yahoo.com/help/us/ysearch/slurp)" 410 1587
124.115.1.7 - - [18/Apr/2009:09:06:39 +0100] "GET / HTTP/1.1" 200 1266 "http://www.decodeine.com/" "Mozilla/4.0 (compatible; MSIE 6.0; Windows NT 5.1)" 245 1625
58.61.164.141 - - [18/Apr/2009:09:37:02 +0100] "GET / HTTP/1.1" 200 1266 "http://www.decodeine.com/" "Mozilla/4.0 (compatible; MSIE 6.0; Windows NT 5.1)" 245 1625
58.61.164.141 - - [18/Apr/2009:09:40:20 +0100] "GET / HTTP/1.1" 200 1266 "http://www.decodeine.com/" "Mozilla/4.0 (compatible; MSIE 6.0; Windows NT 5.1)" 245 1625
58.61.164.140 - - [18/Apr/2009:10:15:10 +0100] "GET / HTTP/1.1" 200 1266 "http://www.decodeine.com/" "Mozilla/4.0 (compatible; MSIE 6.0; Windows NT 5.1)" 245 1625
66.249.72.141 - - [18/Apr/2009:11:06:09 +0100] "GET /webalizer/usage_200904.html HTTP/1.1" 200 137341 "-" "Mozilla/5.0 (compatible; Googlebot/2.1; +http://www.google.com/bot.html)" 352 137704
38.99.13.120 - - [18/Apr/2009:11:22:25 +0100] "GET /indexbutton.jpg HTTP/1.0" 200 153759 "-" "Mozilla/5.0 (Twiceler-0.9 http://www.cuil.com/twiceler/robot.html)" 181 154085
124.115.0.22 - - [18/Apr/2009:12:04:05 +0100] "HEAD / HTTP/1.1" 200 - "http://www.decodeine.com/" "Sosospider+(+http://help.soso.com/webspider.htm)" 244 359
189.35.16.44 - - [18/Apr/2009:17:59:09 +0100] "GET /log/web.log/aaaimage;image=%7Cid%7C;type=text/plain HTTP/1.1" 404 394 "-" "libwww-perl/5.817" 172 640
189.35.16.44 - - [18/Apr/2009:17:59:10 +0100] "GET /aaaimage;image=%7Cid%7C;type=text/plain HTTP/1.1" 404 382 "-" "libwww-perl/5.817" 160 628
189.35.16.44 - - [18/Apr/2009:17:59:11 +0100] "GET /log/aaaimage;image=%7Cid%7C;type=text/plain HTTP/1.1" 404 386 "-" "libwww-perl/5.817" 164 632
66.249.72.141 - - [18/Apr/2009:22:41:05 +0100] "GET /robots.txt HTTP/1.1" 404 357 "-" "Mozilla/5.0 (compatible; Googlebot/2.1; +http://www.google.com/bot.html)" 258 641
66.249.72.141 - - [18/Apr/2009:22:41:05 +0100] "GET / HTTP/1.1" 200 1266 "-" "Mozilla/5.0 (compatible; Googlebot/2.1; +http://www.google.com/bot.html)" 231 1624
124.115.1.7 - - [19/Apr/2009:00:28:11 +0100] "GET / HTTP/1.1" 200 1266 "http://www.decodeine.com/" "Mozilla/4.0 (compatible; MSIE 6.0; Windows NT 5.1)" 245 1625
219.234.81.33 - - [19/Apr/2009:00:39:40 +0100] "GET /robots.txt HTTP/1.1" 404 357 "-" "-" 73 584
219.234.81.33 - - [19/Apr/2009:00:39:43 +0100] "GET / HTTP/1.1" 200 1266 "-" "Mozilla/4.0 (compatible; MSIE 6.0; Windows NT 5.1; SV1; Avant Browser; InfoPath.1; .NET CLR 2.0.50727; .NET CLR1.1.4322)" 376 1587
66.249.72.141 - - [19/Apr/2009:00:47:31 +0100] "GET /feidad.html HTTP/1.1" 304 - "-" "Mozilla/5.0 (compatible; Googlebot/2.1; +http://www.google.com/bot.html)" 292 254
66.249.72.141 - - [19/Apr/2009:00:54:21 +0100] "GET /log/web.log.5 HTTP/1.1" 200 2798 "-" "Mozilla/5.0 (compatible; Googlebot/2.1; +http://www.google.com/bot.html)" 244 3159
124.115.1.8 - - [19/Apr/2009:00:54:31 +0100] "GET / HTTP/1.1" 200 1266 "http://www.decodeine.com/" "Mozilla/4.0 (compatible; MSIE 6.0; Windows NT 5.1)" 245 1625
58.61.164.141 - - [19/Apr/2009:01:20:52 +0100] "GET / HTTP/1.1" 200 1266 "http://www.decodeine.com/" "Mozilla/4.0 (compatible; MSIE 6.0; Windows NT 5.1)" 245 1625
66.249.72.141 - - [19/Apr/2009:01:26:49 +0100] "GET /log/web.log.3 HTTP/1.1" 304 - "-" "Mozilla/5.0 (compatible; Googlebot/2.1; +http://www.google.com/bot.html)" 294 254
58.61.164.140 - - [19/Apr/2009:01:33:27 +0100] "GET / HTTP/1.1" 200 1266 "http://www.decodeine.com/" "Mozilla/4.0 (compatible; MSIE 6.0; Windows NT 5.1)" 245 1625
58.61.164.139 - - [19/Apr/2009:01:43:58 +0100] "GET / HTTP/1.1" 200 1266 "http://www.decodeine.com/" "Mozilla/4.0 (compatible; MSIE 6.0; Windows NT 5.1)" 245 1625
66.249.72.141 - - [19/Apr/2009:01:46:05 +0100] "GET /webalizer/usage.png HTTP/1.1" 200 3048 "-" "Googlebot-Image/1.0" 247 3408
58.61.164.140 - - [19/Apr/2009:03:21:28 +0100] "GET / HTTP/1.1" 200 1266 "http://www.decodeine.com/" "Mozilla/4.0 (compatible; MSIE 6.0; Windows NT 5.1)" 245 1625
66.249.72.141 - - [19/Apr/2009:03:37:46 +0100] "GET /webalizer/hourly_usage_200803.png HTTP/1.1" 304 - "-" "Googlebot-Image/1.0" 261 255
208.80.195.34 - - [19/Apr/2009:07:29:33 +0100] "GET / HTTP/1.0" 200 1266 "-" "Mozilla/4.0 (compatible; MSIE 7.0; Windows NT 5.1; FunWebProducts; Embedded Web Browser from: http://bsalsa.com/)" 171 1587
91.205.124.11 - - [19/Apr/2009:08:48:22 +0100] "GET /robots.txt HTTP/1.1" 404 357 "-" "Yanga WorldSearch Bot v1.1/beta (http://www.yanga.co.uk/)" 344 584
91.205.124.11 - - [19/Apr/2009:08:48:24 +0100] "GET /feidad.html HTTP/1.1" 200 820 "-" "Yanga WorldSearch Bot v1.1/beta (http://www.yanga.co.uk/)" 345 1121
58.61.164.141 - - [19/Apr/2009:09:06:27 +0100] "GET / HTTP/1.1" 200 1266 "http://www.decodeine.com/" "Mozilla/4.0 (compatible; MSIE 6.0; Windows NT 5.1)" 245 1625
124.115.0.160 - - [19/Apr/2009:10:48:56 +0100] "HEAD / HTTP/1.1" 200 - "http://www.decodeine.com/" "Sosospider+(+http://help.soso.com/webspider.htm)" 244 359
66.249.72.141 - - [19/Apr/2009:11:05:01 +0100] "GET /robots.txt HTTP/1.1" 404 357 "-" "Mozilla/5.0 (compatible; Googlebot/2.1; +http://www.google.com/bot.html)" 258 641
66.249.72.141 - - [19/Apr/2009:11:05:01 +0100] "GET /webalizer/usage_200904.html HTTP/1.1" 200 138906 "-" "Mozilla/5.0 (compatible; Googlebot/2.1; +http://www.google.com/bot.html)" 258 139268
114.80.93.71 - - [19/Apr/2009:13:39:53 +0100] "GET / HTTP/1.1" 200 1266 "http://www.decodeine.com/" "Mozilla/4.0 (compatible; MSIE 6.0; Windows NT 5.1)" 245 1625
66.249.72.141 - - [19/Apr/2009:15:51:18 +0100] "GET /webalizer/usage_200901.html HTTP/1.1" 200 158400 "-" "Mozilla/5.0 (compatible; Googlebot/2.1; +http://www.google.com/bot.html)" 258 158764
82.161.231.16 - - [19/Apr/2009:16:28:30 +0100] "GET / HTTP/1.0" 200 1266 "-" "Mozilla/2.0 (compatible; MSIE 3.0B; Windows NT)" 117 1587
220.228.152.86 - - [19/Apr/2009:17:22:31 +0100] "GET /robots.txt HTTP/1.0" 404 357 "-" "Gaisbot/3.0+(robot06@gais.cs.ccu.edu.tw;+http://gais.cs.ccu.edu.tw/robot.php)" 213 641
220.228.152.87 - - [19/Apr/2009:19:07:02 +0100] "GET / HTTP/1.0" 200 1266 "-" "Gaisbot/3.0+(robot06@gais.cs.ccu.edu.tw;+http://gais.cs.ccu.edu.tw/robot.php)" 203 1625
58.61.164.207 - - [19/Apr/2009:22:01:29 +0100] "GET /robots.txt HTTP/1.1" 404 357 "http://www.decodeine.com/robots.txt" "Sosospider+(+http://help.soso.com/webspider.htm)" 250 641
220.181.61.234 - - [19/Apr/2009:22:17:06 +0100] "GET / HTTP/1.1" 200 1266 "-" "Sogou web spider/4.0(+http://www.sogou.com/docs/help/webmasters.htm#07)" 275 1587
124.115.1.7 - - [19/Apr/2009:23:52:21 +0100] "GET / HTTP/1.1" 200 1266 "http://www.decodeine.com/" "Mozilla/4.0 (compatible; MSIE 6.0; Windows NT 5.1)" 245 1625
58.61.164.140 - - [20/Apr/2009:00:07:22 +0100] "GET / HTTP/1.1" 200 1266 "http://www.decodeine.com/" "Mozilla/4.0 (compatible; MSIE 6.0; Windows NT 5.1)" 245 1625
124.115.1.8 - - [20/Apr/2009:00:26:02 +0100] "GET / HTTP/1.1" 200 1266 "http://www.decodeine.com/" "Mozilla/4.0 (compatible; MSIE 6.0; Windows NT 5.1)" 245 1625
58.61.164.141 - - [20/Apr/2009:00:40:13 +0100] "GET / HTTP/1.1" 200 1266 "http://www.decodeine.com/" "Mozilla/4.0 (compatible; MSIE 6.0; Windows NT 5.1)" 245 1625
58.61.164.139 - - [20/Apr/2009:01:00:01 +0100] "GET / HTTP/1.1" 200 1266 "http://www.decodeine.com/" "Mozilla/4.0 (compatible; MSIE 6.0; Windows NT 5.1)" 245 1625
66.249.72.141 - - [20/Apr/2009:02:41:03 +0100] "GET /robots.txt HTTP/1.1" 404 357 "-" "Mozilla/5.0 (compatible; Googlebot/2.1; +http://www.google.com/bot.html)" 258 641
66.249.72.141 - - [20/Apr/2009:02:41:03 +0100] "GET /log/error.log.2 HTTP/1.1" 304 - "-" "Mozilla/5.0 (compatible; Googlebot/2.1; +http://www.google.com/bot.html)" 296 253
65.55.108.207 - - [20/Apr/2009:02:46:02 +0100] "GET /robots.txt HTTP/1.1" 404 357 "-" "msnbot-media/1.1 (+http://search.msn.com/msnbot.htm)" 214 603
65.55.108.207 - - [20/Apr/2009:02:46:02 +0100] "GET / HTTP/1.1" 200 1266 "-" "msnbot-media/1.1 (+http://search.msn.com/msnbot.htm)" 277 1587
66.249.72.141 - - [20/Apr/2009:02:53:40 +0100] "GET /log/error.log.4 HTTP/1.1" 304 - "-" "Mozilla/5.0 (compatible; Googlebot/2.1; +http://www.google.com/bot.html)" 296 255
66.249.72.141 - - [20/Apr/2009:03:36:13 +0100] "GET /log/web.log.4 HTTP/1.1" 304 - "-" "Mozilla/5.0 (compatible; Googlebot/2.1; +http://www.google.com/bot.html)" 294 255
66.249.72.141 - - [20/Apr/2009:03:44:05 +0100] "GET /webalizer/usage_200803.html HTTP/1.1" 304 - "-" "Mozilla/5.0 (compatible; Googlebot/2.1; +http://www.google.com/bot.html)" 308 256
114.80.93.71 - - [20/Apr/2009:04:40:43 +0100] "GET / HTTP/1.1" 200 1266 "http://www.decodeine.com/" "Mozilla/4.0 (compatible; MSIE 6.0; Windows NT 5.1)" 245 1625
65.55.108.206 - - [20/Apr/2009:07:20:43 +0100] "GET /robots.txt HTTP/1.1" 404 357 "-" "msnbot-media/1.1 (+http://search.msn.com/msnbot.htm)" 214 603
65.55.108.206 - - [20/Apr/2009:07:20:43 +0100] "GET /feidad.html HTTP/1.1" 200 820 "-" "msnbot-media/1.1 (+http://search.msn.com/msnbot.htm)" 288 1140
77.88.26.26 - - [20/Apr/2009:08:27:40 +0100] "GET /robots.txt HTTP/1.1" 404 357 "-" "Yandex/1.01.001 (compatible; Win16; I)" 155 641
77.88.26.26 - - [20/Apr/2009:08:27:40 +0100] "GET / HTTP/1.1" 200 1266 "-" "Yandex/1.01.001 (compatible; Win16; I)" 450 1624
66.235.124.4 - - [20/Apr/2009:10:06:15 +0100] "GET /robots.txt HTTP/1.1" 404 357 "-" "Mozilla/5.0 (compatible; Ask Jeeves/Teoma; +http://about.ask.com/en/docs/about/webmasters.shtml)" 221 641
66.235.124.4 - - [20/Apr/2009:10:06:31 +0100] "GET / HTTP/1.1" 200 1266 "-" "Mozilla/5.0 (compatible; Ask Jeeves/Teoma; +http://about.ask.com/en/docs/about/webmasters.shtml)" 246 1587
66.249.72.141 - - [20/Apr/2009:11:05:06 +0100] "GET /webalizer/usage_200904.html HTTP/1.1" 200 140420 "-" "Mozilla/5.0 (compatible; Googlebot/2.1; +http://www.google.com/bot.html)" 258 140783
208.80.195.34 - - [20/Apr/2009:12:11:19 +0100] "GET / HTTP/1.0" 200 1266 "-" "Mozilla/4.0 (compatible; MSIE 7.0; Windows NT 5.1; Q312461; Cox High Speed Internet Customer; .NET CLR 1.1.4322; .NET CLR 2.0.50727)" 189 1587
