66.249.72.141 - - [13/Jan/2009:11:26:02 +0000] "GET /webalizer/usage_200709.html HTTP/1.1" 200 143580 "-" "Mozilla/5.0 (compatible; Googlebot/2.1; +http://www.google.com/bot.html)" 258 143946
66.235.124.4 - - [13/Jan/2009:16:08:12 +0000] "GET /robots.txt HTTP/1.1" 404 359 "-" "Mozilla/5.0 (compatible; Ask Jeeves/Teoma; +http://about.ask.com/en/docs/about/webmasters.shtml)" 221 645
66.235.124.4 - - [13/Jan/2009:16:08:27 +0000] "GET / HTTP/1.1" 200 1266 "-" "Mozilla/5.0 (compatible; Ask Jeeves/Teoma; +http://about.ask.com/en/docs/about/webmasters.shtml)" 246 1589
208.80.194.54 - - [13/Jan/2009:16:15:50 +0000] "GET / HTTP/1.0" 200 1266 "-" "Mozilla/4.0 (compatible; MSIE 6.0; Windows NT 5.1; .NET CLR 1.1.4322; .NET CLR 2.0.50727; MSN 9.0;MSN 9.1; MSNbVZ02; MSNmen-us; MSNcOTH; MPLUS)" 200 1589
66.249.72.141 - - [13/Jan/2009:18:44:17 +0000] "GET /log/web.log.2 HTTP/1.1" 304 - "-" "Mozilla/5.0 (compatible; Googlebot/2.1; +http://www.google.com/bot.html)" 294 283
202.65.217.50 - - [13/Jan/2009:22:46:03 +0000] "GET /log/errors.php?error=http://automotrizozcar.com/images/readme.txt? HTTP/1.1" 404 363 "-" "libwww-perl/5.803" 187 611
202.65.217.50 - - [13/Jan/2009:22:46:04 +0000] "GET /errors.php?error=http://automotrizozcar.com/images/readme.txt? HTTP/1.1" 404 359 "-" "libwww-perl/5.803" 183 607
66.249.72.141 - - [14/Jan/2009:03:22:43 +0000] "GET /robots.txt HTTP/1.1" 404 359 "-" "Googlebot-Image/1.0" 205 645
66.249.72.141 - - [14/Jan/2009:03:22:43 +0000] "GET /icons/unknown.gif HTTP/1.1" 304 - "-" "Googlebot-Image/1.0" 245 254
88.119.62.124 - - [14/Jan/2009:07:11:03 +0000] "GET /webalizer/usage_200802.html HTTP/1.1" 200 146279 "-" "Mozilla/4.0 (compatible; MSIE 6.0; Windows NT 5.1; SV1)" 158 20440
66.249.72.141 - - [14/Jan/2009:11:03:58 +0000] "GET /webalizer/usage_200901.html HTTP/1.1" 200 134473 "-" "Mozilla/5.0 (compatible; Googlebot/2.1; +http://www.google.com/bot.html)" 353 134839
77.66.40.79 - - [14/Jan/2009:11:14:17 +0000] "GET //admin.php?include_path=http://www.dito.nl/php_content/shop/customer/readme.txt???? HTTP/1.1" 404 358 "-" "libwww-perl/5.79" 175 606
77.66.40.79 - - [14/Jan/2009:11:14:17 +0000] "GET /log//admin.php?include_path=http://www.dito.nl/php_content/shop/customer/readme.txt???? HTTP/1.1" 404 363 "-" "libwww-perl/5.79" 179 611
72.30.79.39 - - [14/Jan/2009:14:10:06 +0000] "GET /robots.txt HTTP/1.0" 404 359 "-" "Mozilla/5.0 (compatible; Yahoo! Slurp; http://help.yahoo.com/help/us/ysearch/slurp)" 194 607
72.30.79.39 - - [14/Jan/2009:14:10:07 +0000] "GET /feidad.html HTTP/1.0" 200 820 "-" "Mozilla/5.0 (compatible; Yahoo! Slurp; http://help.yahoo.com/help/us/ysearch/slurp)" 254 1142
72.30.79.39 - - [14/Jan/2009:16:17:46 +0000] "GET /robots.txt HTTP/1.0" 404 359 "-" "Mozilla/5.0 (compatible; Yahoo! Slurp; http://help.yahoo.com/help/us/ysearch/slurp)" 194 607
72.30.79.39 - - [14/Jan/2009:16:17:47 +0000] "GET / HTTP/1.0" 200 1266 "-" "Mozilla/5.0 (compatible; Yahoo! Slurp; http://help.yahoo.com/help/us/ysearch/slurp)" 243 1589
72.30.79.39 - - [14/Jan/2009:17:33:03 +0000] "GET /log/?D=A HTTP/1.0" 200 3186 "-" "Mozilla/5.0 (compatible; Yahoo! Slurp; http://help.yahoo.com/help/us/ysearch/slurp)" 251 3422
72.30.79.39 - - [14/Jan/2009:22:27:39 +0000] "GET /log/error.log HTTP/1.0" 200 10515 "-" "Mozilla/5.0 (compatible; Yahoo! Slurp; http://help.yahoo.com/help/us/ysearch/slurp)" 256 10842
193.47.80.50 - - [14/Jan/2009:22:31:33 +0000] "GET /robots.txt HTTP/1.1" 404 359 "-" "Mozilla/5.0 (compatible; Exabot/3.0; +http://www.exabot.com/go/robot)" 260 607
193.47.80.50 - - [14/Jan/2009:22:31:33 +0000] "GET / HTTP/1.1" 304 - "-" "Mozilla/5.0 (compatible; Exabot/3.0; +http://www.exabot.com/go/robot)" 342 218
208.80.194.52 - - [14/Jan/2009:22:50:05 +0000] "GET / HTTP/1.0" 200 1266 "-" "Mozilla/4.0 (compatible; MSIE 6.0; AOL 9.0; Windows NT 5.1; SV1; FunWebProducts; .NET CLR 1.0.3705; .NET CLR 1.1.4322; Media Center PC 4.0; .NET CLR 2.0.50727; ZangoToolbar 4.8.2)" 236 1589
66.249.72.141 - - [15/Jan/2009:03:53:13 +0000] "GET /robots.txt HTTP/1.1" 404 359 "-" "Mozilla/5.0 (compatible; Googlebot/2.1; +http://www.google.com/bot.html)" 258 645
66.249.72.141 - - [15/Jan/2009:03:53:13 +0000] "GET /feidad.html HTTP/1.1" 304 - "-" "Mozilla/5.0 (compatible; Googlebot/2.1; +http://www.google.com/bot.html)" 292 255
66.249.72.141 - - [15/Jan/2009:04:35:54 +0000] "GET / HTTP/1.1" 200 1266 "-" "Mozilla/5.0 (compatible; Googlebot/2.1; +http://www.google.com/bot.html)" 231 1627
66.249.72.141 - - [15/Jan/2009:05:44:01 +0000] "GET /log/web.log.5 HTTP/1.1" 304 - "-" "Mozilla/5.0 (compatible; Googlebot/2.1; +http://www.google.com/bot.html)" 294 283
72.30.79.39 - - [15/Jan/2009:09:20:59 +0000] "GET /robots.txt HTTP/1.0" 404 359 "-" "Mozilla/5.0 (compatible; Yahoo! Slurp; http://help.yahoo.com/help/us/ysearch/slurp)" 194 607
72.30.79.39 - - [15/Jan/2009:09:20:59 +0000] "GET /log/error.log.5 HTTP/1.0" 200 364 "-" "Mozilla/5.0 (compatible; Yahoo! Slurp/3.0; http://help.yahoo.com/help/us/ysearch/slurp)" 439 688
62.99.53.186 - - [15/Jan/2009:09:33:17 +0000] "GET / HTTP/1.1" 200 1266 "http://www.google.es/search?sourceid=navclient&hl=es&ie=UTF-8&rls=GGLF,GGLF:1970-01,GGLF:es&q=Decodeine++" "Mozilla/4.0 (compatible; MSIE 6.0; Windows NT 5.0; Q312461)" 483 1627
62.99.53.186 - - [15/Jan/2009:09:33:18 +0000] "GET /indexbutton.jpg HTTP/1.1" 200 153759 "http://www.decodeine.com/" "Mozilla/4.0 (compatible; MSIE 6.0; Windows NT 5.0; Q312461)" 257 154125
62.99.53.186 - - [15/Jan/2009:09:33:18 +0000] "GET /index.jpg HTTP/1.1" 200 225683 "http://www.decodeine.com/" "Mozilla/4.0 (compatible; MSIE 6.0; Windows NT 5.0; Q312461)" 251 226048
62.99.53.186 - - [15/Jan/2009:09:34:19 +0000] "GET /feidad.html HTTP/1.1" 200 820 "http://www.google.es/search?hl=es&rls=GGLF,GGLF:1970-01,GGLF:es&q=Decodeine+architecture&start=10&sa=N" "Mozilla/4.0 (compatible; MSIE 6.0; Windows NT 5.0; Q312461)" 491 1180
69.159.193.250 - - [15/Jan/2009:10:28:22 +0000] "HEAD / HTTP/1.1" 200 - "-" "LWP::Simple/5.814" 122 323
69.159.193.250 - - [15/Jan/2009:10:28:22 +0000] "GET / HTTP/1.1" 200 1266 "-" "Mozilla/5.0 (Windows; U; Windows NT 5.1; en-US; rv:1.8.0.8) Gecko/20061025 Firefox/1.5.0.8" 194 1589
69.159.193.250 - - [15/Jan/2009:10:28:22 +0000] "GET / HTTP/1.1" 200 1266 "-" "libwww-perl/5.814" 121 1589
69.159.193.250 - - [15/Jan/2009:10:28:23 +0000] "GET /home.htm HTTP/1.1" 404 357 "-" "libwww-perl/5.814" 129 605
69.159.193.250 - - [15/Jan/2009:10:28:23 +0000] "GET /home.html HTTP/1.1" 404 358 "-" "libwww-perl/5.814" 130 606
69.159.193.250 - - [15/Jan/2009:10:28:23 +0000] "GET /contact.htm HTTP/1.1" 404 360 "-" "libwww-perl/5.814" 132 608
69.159.193.250 - - [15/Jan/2009:10:28:23 +0000] "GET /contacts.htm HTTP/1.1" 404 361 "-" "libwww-perl/5.814" 133 609
69.159.193.250 - - [15/Jan/2009:10:28:24 +0000] "GET /contacts.html HTTP/1.1" 404 362 "-" "libwww-perl/5.814" 134 610
69.159.193.250 - - [15/Jan/2009:10:28:24 +0000] "GET /contactus.html HTTP/1.1" 404 363 "-" "libwww-perl/5.814" 135 611
69.159.193.250 - - [15/Jan/2009:10:28:24 +0000] "GET /contactus.htm HTTP/1.1" 404 362 "-" "libwww-perl/5.814" 134 610
69.159.193.250 - - [15/Jan/2009:10:28:24 +0000] "GET /contact.html HTTP/1.1" 404 361 "-" "libwww-perl/5.814" 133 609
69.159.193.250 - - [15/Jan/2009:10:28:25 +0000] "GET /index.html HTTP/1.1" 200 1266 "-" "libwww-perl/5.814" 131 1589
69.159.193.250 - - [15/Jan/2009:10:28:25 +0000] "GET /index.htm HTTP/1.1" 404 358 "-" "libwww-perl/5.814" 130 606
69.159.193.250 - - [15/Jan/2009:10:28:25 +0000] "GET /welcome.html HTTP/1.1" 404 361 "-" "libwww-perl/5.814" 133 609
69.159.193.250 - - [15/Jan/2009:10:28:26 +0000] "GET /welcome.htm HTTP/1.1" 404 360 "-" "libwww-perl/5.814" 132 608
69.159.193.250 - - [15/Jan/2009:10:28:26 +0000] "GET /locations.htm HTTP/1.1" 404 362 "-" "libwww-perl/5.814" 134 610
69.159.193.250 - - [15/Jan/2009:10:28:26 +0000] "GET /locations.html HTTP/1.1" 404 363 "-" "libwww-perl/5.814" 135 611
69.159.193.250 - - [15/Jan/2009:10:28:26 +0000] "GET /locations.php HTTP/1.1" 404 362 "-" "libwww-perl/5.814" 134 610
69.159.193.250 - - [15/Jan/2009:10:28:27 +0000] "GET /index.php HTTP/1.1" 404 358 "-" "libwww-perl/5.814" 130 606
66.249.72.141 - - [15/Jan/2009:11:04:32 +0000] "GET /webalizer/usage_200901.html HTTP/1.1" 200 136562 "-" "Mozilla/5.0 (compatible; Googlebot/2.1; +http://www.google.com/bot.html)" 353 136928
86.96.227.86 - - [15/Jan/2009:12:52:40 +0000] "GET /favicon.ico HTTP/1.1" 404 360 "-" "Mozilla/4.0 (compatible; GoogleToolbar 4.0.1601.4978-big; Windows XP 5.1; MSIE 7.0.5730.13)" 276 646
86.96.227.86 - - [15/Jan/2009:12:52:43 +0000] "GET /favicon.gif HTTP/1.1" 404 360 "-" "Mozilla/4.0 (compatible; GoogleToolbar 4.0.1601.4978-big; Windows XP 5.1; MSIE 7.0.5730.13)" 276 645
208.80.194.53 - - [15/Jan/2009:19:42:03 +0000] "GET / HTTP/1.0" 200 1266 "-" "Mozilla/4.0 (compatible; MSIE 7.0; Windows NT 5.1; FunWebProducts; .NET CLR 1.0.3705; .NET CLR 1.1.4322; Media Center PC 4.0; .NET CLR 2.0.50727; .NET CLR 3.0.04506.30; Zango 10.0.341.0)" 243 1589
193.47.80.50 - - [16/Jan/2009:01:17:37 +0000] "GET /robots.txt HTTP/1.1" 404 359 "-" "Mozilla/5.0 (compatible; Exabot/3.0; +http://www.exabot.com/go/robot)" 260 607
193.47.80.50 - - [16/Jan/2009:01:17:37 +0000] "GET / HTTP/1.1" 304 - "-" "Mozilla/5.0 (compatible; Exabot/3.0; +http://www.exabot.com/go/robot)" 342 218
67.34.144.95 - - [16/Jan/2009:01:42:37 +0000] "GET /log/web.log.2 HTTP/1.0" 200 5490 "-" "Mozilla/3.0 (compatible)" 160 5815
66.249.72.141 - - [16/Jan/2009:03:31:28 +0000] "GET /robots.txt HTTP/1.1" 404 359 "-" "Googlebot-Image/1.0" 205 645
66.249.72.141 - - [16/Jan/2009:03:31:29 +0000] "GET /webalizer/hourly_usage_200804.png HTTP/1.1" 200 1766 "-" "Googlebot-Image/1.0" 211 2126
220.181.61.214 - - [16/Jan/2009:04:01:20 +0000] "GET /robots.txt HTTP/1.1" 404 359 "-" "-" 73 588
220.181.61.214 - - [16/Jan/2009:04:01:30 +0000] "GET / HTTP/1.1" 304 - "-" "Sogou web spider/4.0(+http://www.sogou.com/docs/help/webmasters.htm#07)" 402 218
66.235.124.4 - - [16/Jan/2009:05:29:28 +0000] "GET /robots.txt HTTP/1.1" 404 359 "-" "Mozilla/5.0 (compatible; Ask Jeeves/Teoma; +http://about.ask.com/en/docs/about/webmasters.shtml)" 221 645
66.235.124.4 - - [16/Jan/2009:05:29:43 +0000] "GET / HTTP/1.1" 200 1266 "-" "Mozilla/5.0 (compatible; Ask Jeeves/Teoma; +http://about.ask.com/en/docs/about/webmasters.shtml)" 246 1589
38.99.13.125 - - [16/Jan/2009:10:37:28 +0000] "GET /robots.txt HTTP/1.0" 404 359 "-" "Mozilla/5.0 (Twiceler-0.9 http://www.cuil.com/twiceler/robot.html)" 199 607
66.249.72.141 - - [16/Jan/2009:10:51:00 +0000] "GET /log/?C=N;O=D HTTP/1.1" 200 3186 "-" "Mozilla/5.0 (compatible; Googlebot/2.1; +http://www.google.com/bot.html)" 293 3460
66.249.72.141 - - [16/Jan/2009:11:05:45 +0000] "GET /webalizer/usage_200901.html HTTP/1.1" 200 138730 "-" "Mozilla/5.0 (compatible; Googlebot/2.1; +http://www.google.com/bot.html)" 353 139096
66.249.72.141 - - [16/Jan/2009:11:41:56 +0000] "GET /log/web.log.3 HTTP/1.1" 304 - "-" "Mozilla/5.0 (compatible; Googlebot/2.1; +http://www.google.com/bot.html)" 294 256
66.249.72.141 - - [16/Jan/2009:12:07:24 +0000] "GET /log/web.log.1 HTTP/1.1" 304 - "-" "Mozilla/5.0 (compatible; Googlebot/2.1; +http://www.google.com/bot.html)" 294 284
66.249.72.141 - - [16/Jan/2009:12:43:04 +0000] "GET /log/web.log.4 HTTP/1.1" 304 - "-" "Mozilla/5.0 (compatible; Googlebot/2.1; +http://www.google.com/bot.html)" 294 283
208.80.194.35 - - [16/Jan/2009:22:10:16 +0000] "GET / HTTP/1.0" 200 1266 "-" "Mozilla/4.0 (compatible; MSIE 6.0; Windows NT 5.1; FunWebProducts; Alexa Toolbar)" 138 1589
72.30.161.231 - - [16/Jan/2009:22:28:22 +0000] "GET /robots.txt HTTP/1.0" 404 359 "-" "Mozilla/5.0 (compatible; Yahoo! Slurp; http://help.yahoo.com/help/us/ysearch/slurp)" 194 607
72.30.161.231 - - [16/Jan/2009:22:28:22 +0000] "GET /log/ HTTP/1.0" 200 3186 "-" "Mozilla/5.0 (compatible; Yahoo! Slurp; http://help.yahoo.com/help/us/ysearch/slurp)" 247 3422
66.249.72.141 - - [17/Jan/2009:11:03:50 +0000] "GET /robots.txt HTTP/1.1" 404 359 "-" "Mozilla/5.0 (compatible; Googlebot/2.1; +http://www.google.com/bot.html)" 258 645
66.249.72.141 - - [17/Jan/2009:11:03:50 +0000] "GET /webalizer/usage_200901.html HTTP/1.1" 200 138732 "-" "Mozilla/5.0 (compatible; Googlebot/2.1; +http://www.google.com/bot.html)" 353 139097
66.249.72.141 - - [17/Jan/2009:16:10:30 +0000] "GET /log/?C=D;O=A HTTP/1.1" 200 3186 "-" "Mozilla/5.0 (compatible; Googlebot/2.1; +http://www.google.com/bot.html)" 293 3460
67.195.37.97 - - [17/Jan/2009:16:22:43 +0000] "GET /robots.txt HTTP/1.0" 404 359 "-" "Mozilla/5.0 (compatible; Yahoo! Slurp; http://help.yahoo.com/help/us/ysearch/slurp)" 194 607
67.195.37.97 - - [17/Jan/2009:16:22:44 +0000] "GET / HTTP/1.0" 200 1266 "-" "Mozilla/5.0 (compatible; Yahoo! Slurp; http://help.yahoo.com/help/us/ysearch/slurp)" 228 1589
208.80.194.35 - - [17/Jan/2009:19:35:35 +0000] "GET / HTTP/1.0" 200 1266 "-" "Mozilla/4.0 (compatible; MSIE 7.0; America Online Browser 1.1; rev1.2; Windows NT 5.1; TISA; .NET CLR 2.0.50727)" 169 1589
66.249.72.141 - - [17/Jan/2009:20:00:32 +0000] "GET /webalizer/usage_200802.html HTTP/1.1" 200 146279 "-" "Mozilla/5.0 (compatible; Googlebot/2.1; +http://www.google.com/bot.html)" 258 146644
66.249.72.141 - - [17/Jan/2009:21:44:59 +0000] "GET /webalizer/usage_200710.html HTTP/1.1" 200 156141 "-" "Mozilla/5.0 (compatible; Googlebot/2.1; +http://www.google.com/bot.html)" 258 156506
86.96.227.86 - - [18/Jan/2009:07:48:57 +0000] "GET /favicon.ico HTTP/1.1" 404 360 "-" "Mozilla/4.0 (compatible; GoogleToolbar 4.0.1601.4978-big; Windows XP 5.1; MSIE 7.0.5730.13)" 276 646
86.96.227.86 - - [18/Jan/2009:07:49:00 +0000] "GET /favicon.gif HTTP/1.1" 404 360 "-" "Mozilla/4.0 (compatible; GoogleToolbar 4.0.1601.4978-big; Windows XP 5.1; MSIE 7.0.5730.13)" 276 645
66.235.124.4 - - [18/Jan/2009:09:06:36 +0000] "GET /robots.txt HTTP/1.1" 404 359 "-" "Mozilla/5.0 (compatible; Ask Jeeves/Teoma; +http://about.ask.com/en/docs/about/webmasters.shtml)" 221 645
66.235.124.4 - - [18/Jan/2009:09:06:51 +0000] "GET / HTTP/1.1" 200 1266 "-" "Mozilla/5.0 (compatible; Ask Jeeves/Teoma; +http://about.ask.com/en/docs/about/webmasters.shtml)" 246 1589
66.249.72.141 - - [18/Jan/2009:11:05:30 +0000] "GET /robots.txt HTTP/1.1" 404 359 "-" "Mozilla/5.0 (compatible; Googlebot/2.1; +http://www.google.com/bot.html)" 258 645
66.249.72.141 - - [18/Jan/2009:11:05:30 +0000] "GET /webalizer/usage_200901.html HTTP/1.1" 200 140507 "-" "Mozilla/5.0 (compatible; Googlebot/2.1; +http://www.google.com/bot.html)" 353 140872
94.180.30.28 - - [18/Jan/2009:12:22:41 +0000] "GET /webalizer/usage_200811.html HTTP/1.1" 200 152400 "http://www.decodeine.com/webalizer/usage_200811.html" "Mozilla/4.0 (compatible; MSIE 6.0; Windows NT 5.1)" 258 152765
72.30.161.233 - - [18/Jan/2009:13:59:39 +0000] "GET /robots.txt HTTP/1.0" 404 359 "-" "Mozilla/5.0 (compatible; Yahoo! Slurp; http://help.yahoo.com/help/us/ysearch/slurp)" 194 607
72.30.161.233 - - [18/Jan/2009:13:59:39 +0000] "GET / HTTP/1.0" 200 1266 "-" "Mozilla/5.0 (compatible; Yahoo! Slurp; http://help.yahoo.com/help/us/ysearch/slurp)" 243 1589
66.249.72.141 - - [18/Jan/2009:15:45:38 +0000] "GET /log/web.log.2 HTTP/1.1" 304 - "-" "Mozilla/5.0 (compatible; Googlebot/2.1; +http://www.google.com/bot.html)" 294 283
66.249.72.141 - - [18/Jan/2009:16:37:33 +0000] "GET /webalizer/usage_200806.html HTTP/1.1" 200 150137 "-" "Mozilla/5.0 (compatible; Googlebot/2.1; +http://www.google.com/bot.html)" 258 150502
66.249.72.141 - - [18/Jan/2009:18:34:31 +0000] "GET /webalizer/usage_200704.html HTTP/1.1" 200 104070 "-" "Mozilla/5.0 (compatible; Googlebot/2.1; +http://www.google.com/bot.html)" 258 104435
208.80.194.47 - - [18/Jan/2009:20:03:32 +0000] "GET / HTTP/1.0" 200 1266 "-" "Mozilla/4.0 (compatible; MSIE 6.0; America Online Browser 1.1; rev1.5; Windows NT 5.1; .NET CLR 1.0.3705; .NET CLR 1.1.4322; SpamBlockerUtility 4.8.4)" 207 1589
38.99.13.125 - - [18/Jan/2009:20:25:31 +0000] "GET / HTTP/1.0" 200 1266 "-" "Mozilla/5.0 (Twiceler-0.9 http://www.cuil.com/twiceler/robot.html)" 189 1589
38.99.13.125 - - [18/Jan/2009:20:57:37 +0000] "GET / HTTP/1.0" 200 1266 "-" "Mozilla/5.0 (Twiceler-0.9 http://www.cuil.com/twiceler/robot.html)" 189 1589
72.94.249.34 - - [18/Jan/2009:22:41:25 +0000] "GET / HTTP/1.1" 200 1266 "-" "Mozilla/4.0 (compatible; MSIE 6.0; Windows NT 5.1; SV1; .NET CLR 1.1.4322)" 178 1589
67.195.37.173 - - [19/Jan/2009:02:53:20 +0000] "GET /robots.txt HTTP/1.0" 404 359 "-" "Mozilla/5.0 (compatible; Yahoo! Slurp; http://help.yahoo.com/help/us/ysearch/slurp)" 194 607
67.195.37.173 - - [19/Jan/2009:02:53:21 +0000] "GET /feidad.html HTTP/1.0" 200 820 "-" "Mozilla/5.0 (compatible; Yahoo! Slurp; http://help.yahoo.com/help/us/ysearch/slurp)" 239 1142
67.195.37.173 - - [19/Jan/2009:02:53:30 +0000] "GET /dec4b.swf HTTP/1.0" 200 7503350 "-" "Mozilla/5.0 (compatible; Yahoo! Slurp; http://help.yahoo.com/help/us/ysearch/slurp)" 237 761648
72.20.109.37 - - [19/Jan/2009:03:13:50 +0000] "GET /robots.txt HTTP/1.1" 404 359 "-" "GurujiBot/1.0 (+http://www.guruji.com/en/WebmasterFAQ.html)" 145 607
72.20.109.37 - - [19/Jan/2009:03:13:50 +0000] "GET / HTTP/1.1" 200 1266 "-" "GurujiBot/1.0 (+http://www.guruji.com/en/WebmasterFAQ.html)" 135 1589
72.20.109.37 - - [19/Jan/2009:03:13:51 +0000] "GET /feidad.html HTTP/1.1" 200 820 "-" "GurujiBot/1.0 (+http://www.guruji.com/en/WebmasterFAQ.html)" 146 1142
38.99.13.125 - - [19/Jan/2009:08:35:51 +0000] "GET /robots.txt HTTP/1.0" 404 359 "-" "Mozilla/5.0 (Twiceler-0.9 http://www.cuil.com/twiceler/robot.html)" 199 607
208.111.154.15 - - [19/Jan/2009:09:10:26 +0000] "GET /robots.txt HTTP/1.0" 404 359 "-" "Mozilla/5.0 (compatible; Charlotte/1.1; http://www.searchme.com/support/)" 320 645
208.111.154.15 - - [19/Jan/2009:09:10:27 +0000] "GET / HTTP/1.1" 304 - "-" "Mozilla/5.0 (compatible; Charlotte/1.1; http://www.searchme.com/support/)" 235 199
38.113.234.181 - - [19/Jan/2009:10:57:31 +0000] "GET /robots.txt HTTP/1.1" 404 359 "-" "voyager/2.0 (http://www.kosmix.com/crawler.html)" 170 607
66.249.72.141 - - [19/Jan/2009:11:04:54 +0000] "GET /robots.txt HTTP/1.1" 404 359 "-" "Mozilla/5.0 (compatible; Googlebot/2.1; +http://www.google.com/bot.html)" 258 645
66.249.72.141 - - [19/Jan/2009:11:04:54 +0000] "GET /webalizer/usage_200901.html HTTP/1.1" 200 141775 "-" "Mozilla/5.0 (compatible; Googlebot/2.1; +http://www.google.com/bot.html)" 353 142140
208.111.154.16 - - [19/Jan/2009:11:29:59 +0000] "GET /robots.txt HTTP/1.1" 404 359 "-" "Mozilla/5.0 (compatible; Charlotte/1.1; http://www.searchme.com/support/)" 195 588
208.111.154.16 - - [19/Jan/2009:11:30:00 +0000] "GET /feidad.html HTTP/1.1" 200 820 "-" "Mozilla/5.0 (compatible; Charlotte/1.1; http://www.searchme.com/support/)" 246 1123
66.249.72.141 - - [19/Jan/2009:11:34:30 +0000] "GET /log/error.log.4 HTTP/1.1" 200 1109 "-" "Mozilla/5.0 (compatible; Googlebot/2.1; +http://www.google.com/bot.html)" 246 1472
38.99.13.125 - - [19/Jan/2009:12:10:19 +0000] "GET / HTTP/1.0" 200 1266 "-" "Mozilla/5.0 (Twiceler-0.9 http://www.cuil.com/twiceler/robot.html)" 189 1589
38.113.234.180 - - [19/Jan/2009:14:12:03 +0000] "GET / HTTP/1.1" 200 1266 "-" "voyager/2.0 (http://www.kosmix.com/crawler.html)" 160 1589
38.113.234.181 - - [19/Jan/2009:14:18:24 +0000] "GET / HTTP/1.1" 200 1266 "-" "voyager/2.0 (http://www.kosmix.com/crawler.html)" 160 1589
38.99.13.125 - - [19/Jan/2009:14:32:29 +0000] "GET / HTTP/1.0" 200 1266 "-" "Mozilla/5.0 (Twiceler-0.9 http://www.cuil.com/twiceler/robot.html)" 189 1589
88.131.106.11 - - [19/Jan/2009:14:43:04 +0000] "GET /robots.txt HTTP/1.0" 404 359 "-" "Speedy Spider (http://www.entireweb.com/about/search_tech/speedy_spider/)" 199 607
88.131.106.11 - - [19/Jan/2009:14:43:04 +0000] "GET / HTTP/1.0" 200 1266 "-" "Speedy Spider (http://www.entireweb.com/about/search_tech/speedy_spider/)" 189 1589
75.101.197.239 - - [19/Jan/2009:15:01:07 +0000] "GET /robots.txt HTTP/1.0" 404 359 "-" "SimilarPages/Nutch-1.0-dev (SimilarPages Nutch Crawler; http://www.similarpages.com; info at similarpages dot com)" 221 607
75.101.197.239 - - [19/Jan/2009:15:01:07 +0000] "GET / HTTP/1.0" 200 1266 "-" "SimilarPages/Nutch-1.0-dev (SimilarPages Nutch Crawler; http://www.similarpages.com; info at similarpages dot com)" 211 1589
208.111.154.15 - - [19/Jan/2009:16:31:35 +0000] "GET /robots.txt HTTP/1.1" 404 359 "-" "Mozilla/5.0 (compatible; Charlotte/1.1; http://www.searchme.com/support/)" 195 588
208.111.154.15 - - [19/Jan/2009:16:31:35 +0000] "GET / HTTP/1.1" 304 - "-" "Mozilla/5.0 (compatible; Charlotte/1.1; http://www.searchme.com/support/)" 235 199
66.249.72.141 - - [19/Jan/2009:17:26:36 +0000] "GET /feidad.html HTTP/1.1" 304 - "-" "Mozilla/5.0 (compatible; Googlebot/2.1; +http://www.google.com/bot.html)" 292 256
66.249.72.141 - - [19/Jan/2009:17:26:36 +0000] "GET / HTTP/1.1" 200 1266 "-" "Mozilla/5.0 (compatible; Googlebot/2.1; +http://www.google.com/bot.html)" 231 1626
66.249.72.141 - - [19/Jan/2009:19:46:50 +0000] "GET /log/web.log.5 HTTP/1.1" 304 - "-" "Mozilla/5.0 (compatible; Googlebot/2.1; +http://www.google.com/bot.html)" 294 283
208.80.194.32 - - [19/Jan/2009:22:52:43 +0000] "GET / HTTP/1.0" 200 1266 "-" "Mozilla/4.0 (compatible; MSIE 7.0; Windows NT 5.1; .NET CLR 1.1.4322; .NET CLR 2.0.50727; FDM; InfoPath.2)" 163 1589
67.195.37.184 - - [19/Jan/2009:23:28:43 +0000] "GET /robots.txt HTTP/1.0" 404 359 "-" "Mozilla/5.0 (compatible; Yahoo! Slurp; http://help.yahoo.com/help/us/ysearch/slurp)" 194 607
67.195.37.184 - - [19/Jan/2009:23:28:43 +0000] "GET / HTTP/1.0" 200 1266 "-" "Mozilla/5.0 (compatible; Yahoo! Slurp/3.0; http://help.yahoo.com/help/us/ysearch/slurp)" 386 1589
66.235.124.4 - - [20/Jan/2009:00:48:57 +0000] "GET /robots.txt HTTP/1.1" 404 359 "-" "Mozilla/5.0 (compatible; Ask Jeeves/Teoma; +http://about.ask.com/en/docs/about/webmasters.shtml)" 221 645
66.235.124.4 - - [20/Jan/2009:00:49:12 +0000] "GET / HTTP/1.1" 200 1266 "-" "Mozilla/5.0 (compatible; Ask Jeeves/Teoma; +http://about.ask.com/en/docs/about/webmasters.shtml)" 246 1589
77.250.159.201 - - [20/Jan/2009:00:54:32 +0000] "GET /webalizer/usage_200610.html HTTP/1.1" 200 107332 "-" "Mozilla/4.0 (compatible; MSIE 6.0; Windows NT 5.0)" 196 107697
72.30.161.233 - - [20/Jan/2009:02:09:39 +0000] "GET /robots.txt HTTP/1.0" 404 359 "-" "Mozilla/5.0 (compatible; Yahoo! Slurp; http://help.yahoo.com/help/us/ysearch/slurp)" 194 607
72.30.161.233 - - [20/Jan/2009:02:09:39 +0000] "GET /log/web.log.4 HTTP/1.0" 200 4090 "-" "Mozilla/5.0 (compatible; Yahoo! Slurp; http://help.yahoo.com/help/us/ysearch/slurp)" 256 4415
208.111.154.16 - - [20/Jan/2009:02:23:45 +0000] "GET / HTTP/1.1" 304 - "-" "Mozilla/5.0 (compatible; Charlotte/1.1; http://www.searchme.com/support/)" 235 199
64.246.165.200 - - [20/Jan/2009:07:18:28 +0000] "GET /robots.txt HTTP/1.0" 404 359 "http://www.whois.sc/" "SurveyBot/2.3 (Whois Source)" 212 607
64.246.165.200 - - [20/Jan/2009:07:18:29 +0000] "GET / HTTP/1.1" 206 1266 "http://whois.domaintools.com/decodeine.com" "SurveyBot/2.3 (Whois Source)" 351 1636
219.64.114.115 - - [20/Jan/2009:08:24:01 +0000] "GET / HTTP/1.1" 200 1266 "http://www.loanwebworld.com/" "Mozilla/4.0 (compatible; MSIE 5.5; Windows 98)" 235 1627
219.64.114.115 - - [20/Jan/2009:08:24:01 +0000] "GET / HTTP/1.1" 200 1266 "http://www.loanwebworld.com/" "Mozilla/4.0 (compatible; MSIE 5.5; Windows 98)" 235 1627
66.249.72.141 - - [20/Jan/2009:11:04:02 +0000] "GET /robots.txt HTTP/1.1" 404 359 "-" "Mozilla/5.0 (compatible; Googlebot/2.1; +http://www.google.com/bot.html)" 258 645
66.249.72.141 - - [20/Jan/2009:11:04:02 +0000] "GET /webalizer/usage_200901.html HTTP/1.1" 200 143301 "-" "Mozilla/5.0 (compatible; Googlebot/2.1; +http://www.google.com/bot.html)" 353 143666
66.249.72.141 - - [20/Jan/2009:11:05:28 +0000] "GET /webalizer/usage_200810.html HTTP/1.1" 200 158616 "-" "Mozilla/5.0 (compatible; Googlebot/2.1; +http://www.google.com/bot.html)" 258 158982
66.249.72.141 - - [20/Jan/2009:11:46:41 +0000] "GET /adaptation10.swf HTTP/1.1" 404 365 "-" "Mozilla/5.0 (compatible; Googlebot/2.1; +http://www.google.com/bot.html)" 247 651
66.249.72.141 - - [20/Jan/2009:12:12:03 +0000] "GET /webalizer/usage_200611.html HTTP/1.1" 200 104177 "-" "Mozilla/5.0 (compatible; Googlebot/2.1; +http://www.google.com/bot.html)" 258 104542
217.33.74.20 - - [20/Jan/2009:12:28:36 +0000] "GET /webalizer/daily_usage_200612.png HTTP/1.0" 200 3805 "http://www.decodeine.com/webalizer/usage_200612.html" "Mozilla/4.0 (compatible; MSIE 6.0; Windows NT 5.1; SV1; .NET CLR 1.1.4322; .NET CLR 2.0.50727; InfoPath.2)" 583 4166
217.33.74.20 - - [20/Jan/2009:12:28:36 +0000] "GET /webalizer/usage_200612.html HTTP/1.0" 200 103876 "http://www.decodeine.com/webalizer/usage_200612.html" "Mozilla/4.0 (compatible; MSIE 6.0; Windows NT 5.1; SV1; .NET CLR 1.1.4322; .NET CLR 2.0.50727; InfoPath.2)" 739 104241
217.33.74.20 - - [20/Jan/2009:12:28:36 +0000] "GET /webalizer/hourly_usage_200612.png HTTP/1.0" 200 2152 "http://www.decodeine.com/webalizer/usage_200612.html" "Mozilla/4.0 (compatible; MSIE 6.0; Windows NT 5.1; SV1; .NET CLR 1.1.4322; .NET CLR 2.0.50727; InfoPath.2)" 584 2513
217.33.74.20 - - [20/Jan/2009:12:28:36 +0000] "GET /webalizer/ctry_usage_200612.png HTTP/1.0" 200 5597 "http://www.decodeine.com/webalizer/usage_200612.html" "Mozilla/4.0 (compatible; MSIE 6.0; Windows NT 5.1; SV1; .NET CLR 1.1.4322; .NET CLR 2.0.50727; InfoPath.2)" 582 5958
66.249.72.141 - - [20/Jan/2009:12:40:36 +0000] "GET /log/error.log.3 HTTP/1.1" 200 611 "-" "Mozilla/5.0 (compatible; Googlebot/2.1; +http://www.google.com/bot.html)" 246 973
38.113.234.181 - - [20/Jan/2009:12:57:46 +0000] "GET /robots.txt HTTP/1.1" 404 359 "-" "voyager/2.0 (http://www.kosmix.com/crawler.html)" 170 607
66.249.72.141 - - [20/Jan/2009:13:02:48 +0000] "GET /log/?C=M;O=D HTTP/1.1" 200 3186 "-" "Mozilla/5.0 (compatible; Googlebot/2.1; +http://www.google.com/bot.html)" 243 3460
66.249.72.141 - - [20/Jan/2009:13:06:17 +0000] "GET /webalizer/usage_200607.html HTTP/1.1" 200 106726 "-" "Mozilla/5.0 (compatible; Googlebot/2.1; +http://www.google.com/bot.html)" 258 107091
72.30.161.233 - - [20/Jan/2009:15:16:19 +0000] "GET /robots.txt HTTP/1.0" 404 359 "-" "Mozilla/5.0 (compatible; Yahoo! Slurp; http://help.yahoo.com/help/us/ysearch/slurp)" 194 607
72.30.161.233 - - [20/Jan/2009:15:16:19 +0000] "GET /feidad.html HTTP/1.0" 200 820 "-" "Mozilla/5.0 (compatible; Yahoo! Slurp; http://help.yahoo.com/help/us/ysearch/slurp)" 254 1142
72.30.161.233 - - [20/Jan/2009:20:25:04 +0000] "GET /log/web.log.5 HTTP/1.0" 200 2798 "-" "Mozilla/5.0 (compatible; Yahoo! Slurp; http://help.yahoo.com/help/us/ysearch/slurp)" 256 3123
66.249.72.141 - - [20/Jan/2009:21:00:41 +0000] "GET / HTTP/1.1" 200 1266 "-" "Mozilla/5.0 (compatible; Googlebot/2.1; +http://www.google.com/bot.html)" 231 1627
66.249.72.141 - - [20/Jan/2009:22:12:56 +0000] "GET /dec4b.swf HTTP/1.1" 200 7503350 "-" "Mozilla/5.0 (compatible; Googlebot/2.1; +http://www.google.com/bot.html)" 240 7503737
66.249.72.141 - - [20/Jan/2009:23:33:42 +0000] "GET /robots.txt HTTP/1.1" 404 359 "-" "Mozilla/5.0 (compatible; Googlebot/2.1; +http://www.google.com/bot.html)" 258 645
66.249.72.141 - - [20/Jan/2009:23:33:42 +0000] "GET /log/web.log.3 HTTP/1.1" 304 - "-" "Mozilla/5.0 (compatible; Googlebot/2.1; +http://www.google.com/bot.html)" 294 255
66.249.72.141 - - [20/Jan/2009:23:54:58 +0000] "GET /log/web.log.4 HTTP/1.1" 304 - "-" "Mozilla/5.0 (compatible; Googlebot/2.1; +http://www.google.com/bot.html)" 294 283
66.249.72.141 - - [21/Jan/2009:00:37:30 +0000] "GET /log/web.log.1 HTTP/1.1" 304 - "-" "Mozilla/5.0 (compatible; Googlebot/2.1; +http://www.google.com/bot.html)" 294 284
66.249.72.141 - - [21/Jan/2009:01:05:49 +0000] "GET /log/?C=N;O=D HTTP/1.1" 200 3186 "-" "Mozilla/5.0 (compatible; Googlebot/2.1; +http://www.google.com/bot.html)" 293 3460
208.80.194.52 - - [21/Jan/2009:01:09:52 +0000] "GET / HTTP/1.0" 200 1266 "-" "Mozilla/4.0 (compatible; MSIE 6.0; America Online Browser 1.1; Windows NT 5.1; snprtz|T30157281400188; .NET CLR 1.1.4322)" 178 1589
76.25.13.156 - - [21/Jan/2009:04:03:49 +0000] "GET /feidad.html HTTP/1.1" 200 820 "http://www.google.com/search?hl=en&rlz=1W1GGLL_en&q=decodeine+means" "Mozilla/4.0 (compatible; MSIE 7.0; Windows NT 5.1; GTB5; .NET CLR 1.0.3705; .NET CLR 1.1.4322; Media Center PC 4.0; .NET CLR 2.0.50727)" 548 1180
76.25.13.156 - - [21/Jan/2009:04:03:49 +0000] "GET /dec4b.swf HTTP/1.1" 200 7503350 "http://www.decodeine.com/feidad.html" "Mozilla/4.0 (compatible; MSIE 7.0; Windows NT 5.1; GTB5; .NET CLR 1.0.3705; .NET CLR 1.1.4322; Media Center PC 4.0; .NET CLR 2.0.50727)" 383 312180
76.25.13.156 - - [21/Jan/2009:04:04:02 +0000] "GET /dec4b.swf HTTP/1.1" 206 7232212 "http://www.decodeine.com/feidad.html" "Mozilla/4.0 (compatible; MSIE 7.0; Windows NT 5.1; GTB5; .NET CLR 1.0.3705; .NET CLR 1.1.4322; Media Center PC 4.0; .NET CLR 2.0.50727)" 499 4521528
66.249.72.141 - - [21/Jan/2009:05:18:34 +0000] "GET /log/error.log HTTP/1.1" 200 17015 "-" "Mozilla/5.0 (compatible; Googlebot/2.1; +http://www.google.com/bot.html)" 244 17380
66.235.124.4 - - [21/Jan/2009:05:44:25 +0000] "GET /robots.txt HTTP/1.1" 404 359 "-" "Mozilla/5.0 (compatible; Ask Jeeves/Teoma; +http://about.ask.com/en/docs/about/webmasters.shtml)" 221 645
66.235.124.4 - - [21/Jan/2009:05:44:40 +0000] "GET / HTTP/1.1" 200 1266 "-" "Mozilla/5.0 (compatible; Ask Jeeves/Teoma; +http://about.ask.com/en/docs/about/webmasters.shtml)" 246 1589
66.249.72.141 - - [21/Jan/2009:06:57:39 +0000] "GET /webalizer/usage_200506.html HTTP/1.1" 200 86228 "-" "Mozilla/5.0 (compatible; Googlebot/2.1; +http://www.google.com/bot.html)" 258 86592
72.20.109.36 - - [21/Jan/2009:07:30:24 +0000] "GET /robots.txt HTTP/1.1" 404 359 "-" "GurujiBot/1.0 (+http://www.guruji.com/en/WebmasterFAQ.html)" 145 607
72.20.109.36 - - [21/Jan/2009:07:30:24 +0000] "GET / HTTP/1.1" 200 1266 "-" "GurujiBot/1.0 (+http://www.guruji.com/en/WebmasterFAQ.html)" 135 1589
72.20.109.36 - - [21/Jan/2009:07:30:25 +0000] "GET /feidad.html HTTP/1.1" 200 820 "-" "GurujiBot/1.0 (+http://www.guruji.com/en/WebmasterFAQ.html)" 146 1142
66.249.72.141 - - [21/Jan/2009:09:51:03 +0000] "GET /webalizer/usage_200608.html HTTP/1.1" 200 103878 "-" "Mozilla/5.0 (compatible; Googlebot/2.1; +http://www.google.com/bot.html)" 258 104243
62.178.212.42 - - [21/Jan/2009:10:35:46 +0000] "GET / HTTP/1.1" 200 1266 "-" "Mozilla/4.0 (compatible; MSIE 6.0; Windows NT 5.1; SV1; .NET CLR 1.1.4322; .NET CLR 2.0.50727)" 204 1589
62.178.212.42 - - [21/Jan/2009:10:35:46 +0000] "GET /feidad.html HTTP/1.1" 200 820 "-" "Mozilla/4.0 (compatible; MSIE 6.0; Windows NT 5.1; SV1; .NET CLR 1.1.4322; InfoPath.1)" 207 1142
66.249.72.141 - - [21/Jan/2009:10:44:43 +0000] "GET /webalizer/usage_200508.html HTTP/1.1" 200 84852 "-" "Mozilla/5.0 (compatible; Googlebot/2.1; +http://www.google.com/bot.html)" 258 85216
81.138.90.118 - - [21/Jan/2009:11:03:10 +0000] "GET / HTTP/1.1" 200 1266 "-" "Mozilla/4.0 (compatible; MSIE 7.0; Windows NT 5.1; .NET CLR 1.1.4322; .NET CLR 2.0.50727; .NET CLR 3.0.04506.30; .NET CLR 3.0.04506.648)" 552 1627
81.138.90.118 - - [21/Jan/2009:11:03:10 +0000] "GET /index.jpg HTTP/1.1" 200 225683 "http://www.decodeine.com/" "Mozilla/4.0 (compatible; MSIE 7.0; Windows NT 5.1; .NET CLR 1.1.4322; .NET CLR 2.0.50727; .NET CLR 3.0.04506.30; .NET CLR 3.0.04506.648)" 329 226048
81.138.90.118 - - [21/Jan/2009:11:03:11 +0000] "GET /indexbutton.jpg HTTP/1.1" 200 153759 "http://www.decodeine.com/" "Mozilla/4.0 (compatible; MSIE 7.0; Windows NT 5.1; .NET CLR 1.1.4322; .NET CLR 2.0.50727; .NET CLR 3.0.04506.30; .NET CLR 3.0.04506.648)" 335 154125
81.138.90.118 - - [21/Jan/2009:11:03:24 +0000] "GET /feidad.html HTTP/1.1" 200 820 "http://www.decodeine.com/" "Mozilla/4.0 (compatible; MSIE 7.0; Windows NT 5.1; .NET CLR 1.1.4322; .NET CLR 2.0.50727; .NET CLR 3.0.04506.30; .NET CLR 3.0.04506.648)" 599 1179
66.249.72.141 - - [21/Jan/2009:11:03:55 +0000] "GET /webalizer/usage_200901.html HTTP/1.1" 200 145624 "-" "Mozilla/5.0 (compatible; Googlebot/2.1; +http://www.google.com/bot.html)" 353 145990
81.138.90.118 - - [21/Jan/2009:11:03:24 +0000] "GET /dec4b.swf HTTP/1.1" 200 7503350 "http://www.decodeine.com/feidad.html" "Mozilla/4.0 (compatible; MSIE 7.0; Windows NT 5.1; .NET CLR 1.1.4322; .NET CLR 2.0.50727; .NET CLR 3.0.04506.30; .NET CLR 3.0.04506.648)" 343 7503736
81.138.90.118 - - [21/Jan/2009:11:04:59 +0000] "GET /o2.jpg HTTP/1.1" 200 216322 "http://www.decodeine.com/dec4b.swf" "Mozilla/4.0 (compatible; MSIE 7.0; Windows NT 5.1; .NET CLR 1.1.4322; .NET CLR 2.0.50727; .NET CLR 3.0.04506.30; .NET CLR 3.0.04506.648)" 367 216687
81.138.90.118 - - [21/Jan/2009:11:05:04 +0000] "GET /o3.jpg HTTP/1.1" 200 153363 "http://www.decodeine.com/o2.jpg" "Mozilla/4.0 (compatible; MSIE 7.0; Windows NT 5.1; .NET CLR 1.1.4322; .NET CLR 2.0.50727; .NET CLR 3.0.04506.30; .NET CLR 3.0.04506.648)" 364 153728
81.138.90.118 - - [21/Jan/2009:11:05:09 +0000] "GET /o4.jpg HTTP/1.1" 200 34271 "http://www.decodeine.com/o3.jpg" "Mozilla/4.0 (compatible; MSIE 7.0; Windows NT 5.1; .NET CLR 1.1.4322; .NET CLR 2.0.50727; .NET CLR 3.0.04506.30; .NET CLR 3.0.04506.648)" 364 34634
81.138.90.118 - - [21/Jan/2009:11:21:42 +0000] "GET / HTTP/1.1" 200 1266 "-" "Mozilla/4.0 (compatible; MSIE 7.0; Windows NT 5.1; .NET CLR 1.1.4322; .NET CLR 2.0.50727; .NET CLR 3.0.04506.30; .NET CLR 3.0.04506.648)" 552 1627
81.138.90.118 - - [21/Jan/2009:11:21:42 +0000] "GET /index.jpg HTTP/1.1" 200 225683 "http://www.decodeine.com/" "Mozilla/4.0 (compatible; MSIE 7.0; Windows NT 5.1; .NET CLR 1.1.4322; .NET CLR 2.0.50727; .NET CLR 3.0.04506.30; .NET CLR 3.0.04506.648)" 329 226048
81.138.90.118 - - [21/Jan/2009:11:21:43 +0000] "GET /indexbutton.jpg HTTP/1.1" 200 153759 "http://www.decodeine.com/" "Mozilla/4.0 (compatible; MSIE 7.0; Windows NT 5.1; .NET CLR 1.1.4322; .NET CLR 2.0.50727; .NET CLR 3.0.04506.30; .NET CLR 3.0.04506.648)" 335 154125
66.249.72.141 - - [21/Jan/2009:11:21:48 +0000] "GET /yellowdrag2.swf HTTP/1.1" 404 364 "-" "Mozilla/5.0 (compatible; Googlebot/2.1; +http://www.google.com/bot.html)" 246 650
81.138.90.118 - - [21/Jan/2009:11:21:51 +0000] "GET /feidad.html HTTP/1.1" 200 820 "http://www.decodeine.com/" "Mozilla/4.0 (compatible; MSIE 7.0; Windows NT 5.1; .NET CLR 1.1.4322; .NET CLR 2.0.50727; .NET CLR 3.0.04506.30; .NET CLR 3.0.04506.648)" 599 1179
81.138.90.118 - - [21/Jan/2009:11:21:51 +0000] "GET /dec4b.swf HTTP/1.1" 200 7503350 "http://www.decodeine.com/feidad.html" "Mozilla/4.0 (compatible; MSIE 7.0; Windows NT 5.1; .NET CLR 1.1.4322; .NET CLR 2.0.50727; .NET CLR 3.0.04506.30; .NET CLR 3.0.04506.648)" 343 7503736
81.138.90.118 - - [21/Jan/2009:11:23:29 +0000] "GET /o1.jpg HTTP/1.1" 200 258267 "http://www.decodeine.com/dec4b.swf" "Mozilla/4.0 (compatible; MSIE 7.0; Windows NT 5.1; .NET CLR 1.1.4322; .NET CLR 2.0.50727; .NET CLR 3.0.04506.30; .NET CLR 3.0.04506.648)" 367 258632
81.138.90.118 - - [21/Jan/2009:11:23:38 +0000] "GET /o2.jpg HTTP/1.1" 200 216322 "http://www.decodeine.com/o1.jpg" "Mozilla/4.0 (compatible; MSIE 7.0; Windows NT 5.1; .NET CLR 1.1.4322; .NET CLR 2.0.50727; .NET CLR 3.0.04506.30; .NET CLR 3.0.04506.648)" 364 216687
81.138.90.118 - - [21/Jan/2009:11:23:43 +0000] "GET /o3.jpg HTTP/1.1" 200 153363 "http://www.decodeine.com/o2.jpg" "Mozilla/4.0 (compatible; MSIE 7.0; Windows NT 5.1; .NET CLR 1.1.4322; .NET CLR 2.0.50727; .NET CLR 3.0.04506.30; .NET CLR 3.0.04506.648)" 364 153728
81.138.90.118 - - [21/Jan/2009:11:23:47 +0000] "GET /o4.jpg HTTP/1.1" 200 34271 "http://www.decodeine.com/o3.jpg" "Mozilla/4.0 (compatible; MSIE 7.0; Windows NT 5.1; .NET CLR 1.1.4322; .NET CLR 2.0.50727; .NET CLR 3.0.04506.30; .NET CLR 3.0.04506.648)" 364 34634
81.138.90.118 - - [21/Jan/2009:11:23:52 +0000] "GET /o5.jpg HTTP/1.1" 200 60308 "http://www.decodeine.com/o4.jpg" "Mozilla/4.0 (compatible; MSIE 7.0; Windows NT 5.1; .NET CLR 1.1.4322; .NET CLR 2.0.50727; .NET CLR 3.0.04506.30; .NET CLR 3.0.04506.648)" 364 60672
81.138.90.118 - - [21/Jan/2009:11:24:08 +0000] "GET /o7.jpg HTTP/1.1" 200 129833 "http://www.decodeine.com/dec4b.swf" "Mozilla/4.0 (compatible; MSIE 7.0; Windows NT 5.1; .NET CLR 1.1.4322; .NET CLR 2.0.50727; .NET CLR 3.0.04506.30; .NET CLR 3.0.04506.648)" 367 130200
81.138.90.118 - - [21/Jan/2009:11:24:14 +0000] "GET /o8.jpg HTTP/1.1" 200 221331 "http://www.decodeine.com/o7.jpg" "Mozilla/4.0 (compatible; MSIE 7.0; Windows NT 5.1; .NET CLR 1.1.4322; .NET CLR 2.0.50727; .NET CLR 3.0.04506.30; .NET CLR 3.0.04506.648)" 364 221697
81.138.90.118 - - [21/Jan/2009:11:24:35 +0000] "GET /o9.jpg HTTP/1.1" 200 142448 "http://www.decodeine.com/o8.jpg" "Mozilla/4.0 (compatible; MSIE 7.0; Windows NT 5.1; .NET CLR 1.1.4322; .NET CLR 2.0.50727; .NET CLR 3.0.04506.30; .NET CLR 3.0.04506.648)" 364 142815
81.138.90.118 - - [21/Jan/2009:11:24:40 +0000] "GET /o10.jpg HTTP/1.1" 200 59922 "http://www.decodeine.com/o9.jpg" "Mozilla/4.0 (compatible; MSIE 7.0; Windows NT 5.1; .NET CLR 1.1.4322; .NET CLR 2.0.50727; .NET CLR 3.0.04506.30; .NET CLR 3.0.04506.648)" 365 60286
81.138.90.118 - - [21/Jan/2009:11:24:45 +0000] "GET /o11.jpg HTTP/1.1" 200 58591 "http://www.decodeine.com/o10.jpg" "Mozilla/4.0 (compatible; MSIE 7.0; Windows NT 5.1; .NET CLR 1.1.4322; .NET CLR 2.0.50727; .NET CLR 3.0.04506.30; .NET CLR 3.0.04506.648)" 366 58955
81.138.90.118 - - [21/Jan/2009:11:24:50 +0000] "GET /o12.jpg HTTP/1.1" 404 356 "http://www.decodeine.com/o11.jpg" "Mozilla/4.0 (compatible; MSIE 7.0; Windows NT 5.1; .NET CLR 1.1.4322; .NET CLR 2.0.50727; .NET CLR 3.0.04506.30; .NET CLR 3.0.04506.648)" 366 641
81.138.90.118 - - [21/Jan/2009:11:25:23 +0000] "GET /o13.jpg HTTP/1.1" 200 76280 "http://www.decodeine.com/o11.jpg" "Mozilla/4.0 (compatible; MSIE 7.0; Windows NT 5.1; .NET CLR 1.1.4322; .NET CLR 2.0.50727; .NET CLR 3.0.04506.30; .NET CLR 3.0.04506.648)" 366 76645
81.138.90.118 - - [21/Jan/2009:11:25:29 +0000] "GET /o12.jpg HTTP/1.1" 404 356 "http://www.decodeine.com/o13.jpg" "Mozilla/4.0 (compatible; MSIE 7.0; Windows NT 5.1; .NET CLR 1.1.4322; .NET CLR 2.0.50727; .NET CLR 3.0.04506.30; .NET CLR 3.0.04506.648)" 366 641
81.138.90.118 - - [21/Jan/2009:11:26:53 +0000] "GET /hs01.jpg HTTP/1.1" 200 58624 "http://www.decodeine.com/dec4b.swf" "Mozilla/4.0 (compatible; MSIE 7.0; Windows NT 5.1; .NET CLR 1.1.4322; .NET CLR 2.0.50727; .NET CLR 3.0.04506.30; .NET CLR 3.0.04506.648)" 369 58988
81.138.90.118 - - [21/Jan/2009:11:26:56 +0000] "GET /hs11.jpg HTTP/1.1" 200 151835 "http://www.decodeine.com/hs01.jpg" "Mozilla/4.0 (compatible; MSIE 7.0; Windows NT 5.1; .NET CLR 1.1.4322; .NET CLR 2.0.50727; .NET CLR 3.0.04506.30; .NET CLR 3.0.04506.648)" 368 152200
81.138.90.118 - - [21/Jan/2009:11:27:02 +0000] "GET /hs12.jpg HTTP/1.1" 200 143988 "http://www.decodeine.com/hs11.jpg" "Mozilla/4.0 (compatible; MSIE 7.0; Windows NT 5.1; .NET CLR 1.1.4322; .NET CLR 2.0.50727; .NET CLR 3.0.04506.30; .NET CLR 3.0.04506.648)" 368 144353
81.138.90.118 - - [21/Jan/2009:11:27:06 +0000] "GET /hs13.jpg HTTP/1.1" 200 50131 "http://www.decodeine.com/hs12.jpg" "Mozilla/4.0 (compatible; MSIE 7.0; Windows NT 5.1; .NET CLR 1.1.4322; .NET CLR 2.0.50727; .NET CLR 3.0.04506.30; .NET CLR 3.0.04506.648)" 368 50494
81.138.90.118 - - [21/Jan/2009:11:27:19 +0000] "GET /hs14.jpg HTTP/1.1" 200 169029 "http://www.decodeine.com/hs13.jpg" "Mozilla/4.0 (compatible; MSIE 7.0; Windows NT 5.1; .NET CLR 1.1.4322; .NET CLR 2.0.50727; .NET CLR 3.0.04506.30; .NET CLR 3.0.04506.648)" 368 169394
81.138.90.118 - - [21/Jan/2009:11:27:24 +0000] "GET /hs15.jpg HTTP/1.1" 200 40087 "http://www.decodeine.com/hs14.jpg" "Mozilla/4.0 (compatible; MSIE 7.0; Windows NT 5.1; .NET CLR 1.1.4322; .NET CLR 2.0.50727; .NET CLR 3.0.04506.30; .NET CLR 3.0.04506.648)" 368 40450
81.138.90.118 - - [21/Jan/2009:11:27:29 +0000] "GET /hs16.jpg HTTP/1.1" 200 157251 "http://www.decodeine.com/hs15.jpg" "Mozilla/4.0 (compatible; MSIE 7.0; Windows NT 5.1; .NET CLR 1.1.4322; .NET CLR 2.0.50727; .NET CLR 3.0.04506.30; .NET CLR 3.0.04506.648)" 368 157616
81.138.90.118 - - [21/Jan/2009:11:27:33 +0000] "GET /hs17.jpg HTTP/1.1" 200 124968 "http://www.decodeine.com/hs16.jpg" "Mozilla/4.0 (compatible; MSIE 7.0; Windows NT 5.1; .NET CLR 1.1.4322; .NET CLR 2.0.50727; .NET CLR 3.0.04506.30; .NET CLR 3.0.04506.648)" 368 125333
81.138.90.118 - - [21/Jan/2009:11:27:37 +0000] "GET /hs18.jpg HTTP/1.1" 200 123919 "http://www.decodeine.com/hs17.jpg" "Mozilla/4.0 (compatible; MSIE 7.0; Windows NT 5.1; .NET CLR 1.1.4322; .NET CLR 2.0.50727; .NET CLR 3.0.04506.30; .NET CLR 3.0.04506.648)" 368 124284
81.138.90.118 - - [21/Jan/2009:11:27:42 +0000] "GET /hs19.jpg HTTP/1.1" 200 125900 "http://www.decodeine.com/hs18.jpg" "Mozilla/4.0 (compatible; MSIE 7.0; Windows NT 5.1; .NET CLR 1.1.4322; .NET CLR 2.0.50727; .NET CLR 3.0.04506.30; .NET CLR 3.0.04506.648)" 368 126265
81.138.90.118 - - [21/Jan/2009:11:27:46 +0000] "GET /hs20.jpg HTTP/1.1" 200 152343 "http://www.decodeine.com/hs19.jpg" "Mozilla/4.0 (compatible; MSIE 7.0; Windows NT 5.1; .NET CLR 1.1.4322; .NET CLR 2.0.50727; .NET CLR 3.0.04506.30; .NET CLR 3.0.04506.648)" 368 152708
66.249.72.141 - - [21/Jan/2009:11:30:07 +0000] "GET /webalizer/usage_200706.html HTTP/1.1" 200 142042 "-" "Mozilla/5.0 (compatible; Googlebot/2.1; +http://www.google.com/bot.html)" 258 142408
81.138.90.118 - - [21/Jan/2009:11:33:51 +0000] "GET /hs03.jpg HTTP/1.1" 200 117599 "http://www.decodeine.com/hs20.jpg" "Mozilla/4.0 (compatible; MSIE 7.0; Windows NT 5.1; .NET CLR 1.1.4322; .NET CLR 2.0.50727; .NET CLR 3.0.04506.30; .NET CLR 3.0.04506.648)" 368 117965
81.138.90.118 - - [21/Jan/2009:11:33:52 +0000] "GET /hs02.jpg HTTP/1.1" 200 24937 "http://www.decodeine.com/hs03.jpg" "Mozilla/4.0 (compatible; MSIE 7.0; Windows NT 5.1; .NET CLR 1.1.4322; .NET CLR 2.0.50727; .NET CLR 3.0.04506.30; .NET CLR 3.0.04506.648)" 368 25301
81.138.90.118 - - [21/Jan/2009:11:33:55 +0000] "GET /hsa1.jpg HTTP/1.1" 404 357 "http://www.decodeine.com/dec4b.swf" "Mozilla/4.0 (compatible; MSIE 7.0; Windows NT 5.1; .NET CLR 1.1.4322; .NET CLR 2.0.50727; .NET CLR 3.0.04506.30; .NET CLR 3.0.04506.648)" 369 642
81.138.90.118 - - [21/Jan/2009:11:33:56 +0000] "GET /hsa3.jpg HTTP/1.1" 404 357 "http://www.decodeine.com/dec4b.swf" "Mozilla/4.0 (compatible; MSIE 7.0; Windows NT 5.1; .NET CLR 1.1.4322; .NET CLR 2.0.50727; .NET CLR 3.0.04506.30; .NET CLR 3.0.04506.648)" 369 642
81.138.90.118 - - [21/Jan/2009:11:33:56 +0000] "GET /hsa4.jpg HTTP/1.1" 404 357 "http://www.decodeine.com/dec4b.swf" "Mozilla/4.0 (compatible; MSIE 7.0; Windows NT 5.1; .NET CLR 1.1.4322; .NET CLR 2.0.50727; .NET CLR 3.0.04506.30; .NET CLR 3.0.04506.648)" 369 642
81.138.90.118 - - [21/Jan/2009:11:33:56 +0000] "GET /hsa7.jpg HTTP/1.1" 404 357 "http://www.decodeine.com/dec4b.swf" "Mozilla/4.0 (compatible; MSIE 7.0; Windows NT 5.1; .NET CLR 1.1.4322; .NET CLR 2.0.50727; .NET CLR 3.0.04506.30; .NET CLR 3.0.04506.648)" 369 642
81.138.90.118 - - [21/Jan/2009:11:33:56 +0000] "GET /hsa5.jpg HTTP/1.1" 404 357 "http://www.decodeine.com/dec4b.swf" "Mozilla/4.0 (compatible; MSIE 7.0; Windows NT 5.1; .NET CLR 1.1.4322; .NET CLR 2.0.50727; .NET CLR 3.0.04506.30; .NET CLR 3.0.04506.648)" 369 642
81.138.90.118 - - [21/Jan/2009:11:33:56 +0000] "GET /hsa2.jpg HTTP/1.1" 404 357 "http://www.decodeine.com/dec4b.swf" "Mozilla/4.0 (compatible; MSIE 7.0; Windows NT 5.1; .NET CLR 1.1.4322; .NET CLR 2.0.50727; .NET CLR 3.0.04506.30; .NET CLR 3.0.04506.648)" 369 643
81.138.90.118 - - [21/Jan/2009:11:33:56 +0000] "GET /hsa6.jpg HTTP/1.1" 404 357 "http://www.decodeine.com/dec4b.swf" "Mozilla/4.0 (compatible; MSIE 7.0; Windows NT 5.1; .NET CLR 1.1.4322; .NET CLR 2.0.50727; .NET CLR 3.0.04506.30; .NET CLR 3.0.04506.648)" 369 642
81.138.90.118 - - [21/Jan/2009:11:34:21 +0000] "GET /hsa1.jpg HTTP/1.1" 404 357 "http://www.decodeine.com/dec4b.swf" "Mozilla/4.0 (compatible; MSIE 7.0; Windows NT 5.1; .NET CLR 1.1.4322; .NET CLR 2.0.50727; .NET CLR 3.0.04506.30; .NET CLR 3.0.04506.648)" 369 643
81.138.90.118 - - [21/Jan/2009:11:34:21 +0000] "GET /hsa2.jpg HTTP/1.1" 404 357 "http://www.decodeine.com/dec4b.swf" "Mozilla/4.0 (compatible; MSIE 7.0; Windows NT 5.1; .NET CLR 1.1.4322; .NET CLR 2.0.50727; .NET CLR 3.0.04506.30; .NET CLR 3.0.04506.648)" 369 643
81.138.90.118 - - [21/Jan/2009:11:34:22 +0000] "GET /hsa3.jpg HTTP/1.1" 404 357 "http://www.decodeine.com/dec4b.swf" "Mozilla/4.0 (compatible; MSIE 7.0; Windows NT 5.1; .NET CLR 1.1.4322; .NET CLR 2.0.50727; .NET CLR 3.0.04506.30; .NET CLR 3.0.04506.648)" 369 642
81.138.90.118 - - [21/Jan/2009:11:34:22 +0000] "GET /hsa4.jpg HTTP/1.1" 404 357 "http://www.decodeine.com/dec4b.swf" "Mozilla/4.0 (compatible; MSIE 7.0; Windows NT 5.1; .NET CLR 1.1.4322; .NET CLR 2.0.50727; .NET CLR 3.0.04506.30; .NET CLR 3.0.04506.648)" 369 642
81.138.90.118 - - [21/Jan/2009:11:34:22 +0000] "GET /hsa5.jpg HTTP/1.1" 404 357 "http://www.decodeine.com/dec4b.swf" "Mozilla/4.0 (compatible; MSIE 7.0; Windows NT 5.1; .NET CLR 1.1.4322; .NET CLR 2.0.50727; .NET CLR 3.0.04506.30; .NET CLR 3.0.04506.648)" 369 642
81.138.90.118 - - [21/Jan/2009:11:34:22 +0000] "GET /hsa6.jpg HTTP/1.1" 404 357 "http://www.decodeine.com/dec4b.swf" "Mozilla/4.0 (compatible; MSIE 7.0; Windows NT 5.1; .NET CLR 1.1.4322; .NET CLR 2.0.50727; .NET CLR 3.0.04506.30; .NET CLR 3.0.04506.648)" 369 642
81.138.90.118 - - [21/Jan/2009:11:34:22 +0000] "GET /hsa7.jpg HTTP/1.1" 404 357 "http://www.decodeine.com/dec4b.swf" "Mozilla/4.0 (compatible; MSIE 7.0; Windows NT 5.1; .NET CLR 1.1.4322; .NET CLR 2.0.50727; .NET CLR 3.0.04506.30; .NET CLR 3.0.04506.648)" 369 642
81.138.90.118 - - [21/Jan/2009:11:36:13 +0000] "GET /hsa1.jpg HTTP/1.1" 404 357 "http://www.decodeine.com/dec4b.swf" "Mozilla/4.0 (compatible; MSIE 7.0; Windows NT 5.1; .NET CLR 1.1.4322; .NET CLR 2.0.50727; .NET CLR 3.0.04506.30; .NET CLR 3.0.04506.648)" 369 643
81.138.90.118 - - [21/Jan/2009:11:36:13 +0000] "GET /hsa2.jpg HTTP/1.1" 404 357 "http://www.decodeine.com/dec4b.swf" "Mozilla/4.0 (compatible; MSIE 7.0; Windows NT 5.1; .NET CLR 1.1.4322; .NET CLR 2.0.50727; .NET CLR 3.0.04506.30; .NET CLR 3.0.04506.648)" 369 643
81.138.90.118 - - [21/Jan/2009:11:36:13 +0000] "GET /hsa3.jpg HTTP/1.1" 404 357 "http://www.decodeine.com/dec4b.swf" "Mozilla/4.0 (compatible; MSIE 7.0; Windows NT 5.1; .NET CLR 1.1.4322; .NET CLR 2.0.50727; .NET CLR 3.0.04506.30; .NET CLR 3.0.04506.648)" 369 642
81.138.90.118 - - [21/Jan/2009:11:36:13 +0000] "GET /hsa4.jpg HTTP/1.1" 404 357 "http://www.decodeine.com/dec4b.swf" "Mozilla/4.0 (compatible; MSIE 7.0; Windows NT 5.1; .NET CLR 1.1.4322; .NET CLR 2.0.50727; .NET CLR 3.0.04506.30; .NET CLR 3.0.04506.648)" 369 642
81.138.90.118 - - [21/Jan/2009:11:36:13 +0000] "GET /hsa5.jpg HTTP/1.1" 404 357 "http://www.decodeine.com/dec4b.swf" "Mozilla/4.0 (compatible; MSIE 7.0; Windows NT 5.1; .NET CLR 1.1.4322; .NET CLR 2.0.50727; .NET CLR 3.0.04506.30; .NET CLR 3.0.04506.648)" 369 642
81.138.90.118 - - [21/Jan/2009:11:36:13 +0000] "GET /hsa6.jpg HTTP/1.1" 404 357 "http://www.decodeine.com/dec4b.swf" "Mozilla/4.0 (compatible; MSIE 7.0; Windows NT 5.1; .NET CLR 1.1.4322; .NET CLR 2.0.50727; .NET CLR 3.0.04506.30; .NET CLR 3.0.04506.648)" 369 642
81.138.90.118 - - [21/Jan/2009:11:36:13 +0000] "GET /hsa7.jpg HTTP/1.1" 404 357 "http://www.decodeine.com/dec4b.swf" "Mozilla/4.0 (compatible; MSIE 7.0; Windows NT 5.1; .NET CLR 1.1.4322; .NET CLR 2.0.50727; .NET CLR 3.0.04506.30; .NET CLR 3.0.04506.648)" 369 642
81.138.90.118 - - [21/Jan/2009:11:36:14 +0000] "GET /PoolB.avi HTTP/1.1" 404 358 "http://www.decodeine.com/dec4b.swf" "Mozilla/4.0 (compatible; MSIE 7.0; Windows NT 5.1; .NET CLR 1.1.4322; .NET CLR 2.0.50727; .NET CLR 3.0.04506.30; .NET CLR 3.0.04506.648)" 606 643
81.138.90.118 - - [21/Jan/2009:11:36:18 +0000] "GET /feidad.html HTTP/1.1" 200 820 "http://www.decodeine.com/" "Mozilla/4.0 (compatible; MSIE 7.0; Windows NT 5.1; .NET CLR 1.1.4322; .NET CLR 2.0.50727; .NET CLR 3.0.04506.30; .NET CLR 3.0.04506.648)" 331 1179
81.138.90.118 - - [21/Jan/2009:11:36:18 +0000] "GET /dec4b.swf HTTP/1.1" 200 7503350 "http://www.decodeine.com/feidad.html" "Mozilla/4.0 (compatible; MSIE 7.0; Windows NT 5.1; .NET CLR 1.1.4322; .NET CLR 2.0.50727; .NET CLR 3.0.04506.30; .NET CLR 3.0.04506.648)" 343 458440
82.161.231.16 - - [21/Jan/2009:13:07:18 +0000] "GET / HTTP/1.0" 200 1266 "-" "Mozilla/2.0 (compatible; MSIE 3.0B; Windows NT)" 117 1589
66.249.72.141 - - [21/Jan/2009:14:16:10 +0000] "GET /robots.txt HTTP/1.1" 404 359 "-" "Mozilla/5.0 (compatible; Googlebot/2.1; +http://www.google.com/bot.html)" 258 645
66.249.72.141 - - [21/Jan/2009:14:16:10 +0000] "GET /webalizer/usage_200610.html%5Cr HTTP/1.1" 404 378 "-" "Mozilla/5.0 (compatible; Googlebot/2.1; +http://www.google.com/bot.html)" 262 663
193.47.80.50 - - [21/Jan/2009:15:03:49 +0000] "GET /robots.txt HTTP/1.1" 404 359 "-" "Mozilla/5.0 (compatible; Exabot/3.0; +http://www.exabot.com/go/robot)" 260 607
193.47.80.50 - - [21/Jan/2009:15:03:49 +0000] "GET / HTTP/1.1" 304 - "-" "Mozilla/5.0 (compatible; Exabot/3.0; +http://www.exabot.com/go/robot)" 342 218
81.138.90.118 - - [21/Jan/2009:15:15:10 +0000] "GET / HTTP/1.1" 200 1266 "-" "Mozilla/4.0 (compatible; MSIE 7.0; Windows NT 5.1; .NET CLR 1.1.4322; .NET CLR 2.0.50727; .NET CLR 3.0.04506.30; .NET CLR 3.0.04506.648)" 552 1627
81.138.90.118 - - [21/Jan/2009:15:15:11 +0000] "GET /index.jpg HTTP/1.1" 200 225683 "http://www.decodeine.com/" "Mozilla/4.0 (compatible; MSIE 7.0; Windows NT 5.1; .NET CLR 1.1.4322; .NET CLR 2.0.50727; .NET CLR 3.0.04506.30; .NET CLR 3.0.04506.648)" 329 226048
81.138.90.118 - - [21/Jan/2009:15:15:14 +0000] "GET /indexbutton.jpg HTTP/1.1" 200 153759 "http://www.decodeine.com/" "Mozilla/4.0 (compatible; MSIE 7.0; Windows NT 5.1; .NET CLR 1.1.4322; .NET CLR 2.0.50727; .NET CLR 3.0.04506.30; .NET CLR 3.0.04506.648)" 335 154125
81.138.90.118 - - [21/Jan/2009:15:15:23 +0000] "GET /feidad.html HTTP/1.1" 200 820 "http://www.decodeine.com/" "Mozilla/4.0 (compatible; MSIE 7.0; Windows NT 5.1; .NET CLR 1.1.4322; .NET CLR 2.0.50727; .NET CLR 3.0.04506.30; .NET CLR 3.0.04506.648)" 599 1179
81.138.90.118 - - [21/Jan/2009:15:19:36 +0000] "GET /bs02.jpg HTTP/1.1" 200 192720 "http://www.decodeine.com/dec4b.swf" "Mozilla/4.0 (compatible; MSIE 7.0; Windows NT 5.1; .NET CLR 1.1.4322; .NET CLR 2.0.50727; .NET CLR 3.0.04506.30; .NET CLR 3.0.04506.648)" 369 193086
