58.61.164.207 - - [11/Jun/2009:00:10:16 +0100] "GET /robots.txt HTTP/1.1" 404 357 "http://www.decodeine.com/robots.txt" "Sosospider+(+http://help.soso.com/webspider.htm)" 263 641
118.175.4.66 - - [11/Jun/2009:01:15:33 +0100] "GET /dec4b.swf HTTP/1.1" 200 7503350 "http://www.google.co.th/search?q=motion+and+force.swf&hl=th&start=240&sa=N" "Mozilla/4.0 (compatible; MSIE 8.0; Windows NT 5.1; Trident/4.0; InfoPath.1)" 303 4388760
58.61.164.40 - - [11/Jun/2009:04:02:29 +0100] "GET / HTTP/1.1" 200 1266 "http://www.decodeine.com/" "Mozilla/4.0 (compatible; MSIE 6.0; Windows NT 5.1)" 245 1625
216.129.119.14 - - [11/Jun/2009:04:05:50 +0100] "GET /robots.txt HTTP/1.0" 404 357 "-" "Mozilla/5.0 (Twiceler-0.9 http://www.cuil.com/twiceler/robot.html)" 199 603
58.61.164.141 - - [11/Jun/2009:04:21:30 +0100] "GET / HTTP/1.1" 200 1266 "http://www.decodeine.com/" "Mozilla/4.0 (compatible; MSIE 6.0; Windows NT 5.1)" 245 1625
124.115.1.7 - - [11/Jun/2009:04:28:42 +0100] "GET / HTTP/1.1" 200 1266 "http://www.decodeine.com/" "Mozilla/4.0 (compatible; MSIE 6.0; Windows NT 5.1)" 245 1625
66.249.72.141 - - [11/Jun/2009:04:30:22 +0100] "GET /webalizer/usage_200904.html HTTP/1.1" 200 155177 "-" "Mozilla/5.0 (compatible; Googlebot/2.1; +http://www.google.com/bot.html)" 258 155540
58.61.164.139 - - [11/Jun/2009:04:35:49 +0100] "GET / HTTP/1.1" 200 1266 "http://www.decodeine.com/" "Mozilla/4.0 (compatible; MSIE 6.0; Windows NT 5.1)" 245 1625
58.61.164.140 - - [11/Jun/2009:04:36:49 +0100] "GET / HTTP/1.1" 200 1266 "http://www.decodeine.com/" "Mozilla/4.0 (compatible; MSIE 6.0; Windows NT 5.1)" 245 1625
124.115.1.8 - - [11/Jun/2009:04:39:30 +0100] "GET / HTTP/1.1" 200 1266 "http://www.decodeine.com/" "Mozilla/4.0 (compatible; MSIE 6.0; Windows NT 5.1)" 245 1625
58.61.164.39 - - [11/Jun/2009:04:44:40 +0100] "GET / HTTP/1.1" 200 1266 "http://www.decodeine.com/" "Mozilla/4.0 (compatible; MSIE 6.0; Windows NT 5.1)" 245 1625
66.249.72.141 - - [11/Jun/2009:05:22:15 +0100] "GET /log/?C=S;O=A HTTP/1.1" 200 3184 "-" "Mozilla/5.0 (compatible; Googlebot/2.1; +http://www.google.com/bot.html)" 243 3456
66.249.72.141 - - [11/Jun/2009:05:40:35 +0100] "GET /webalizer/usage_200811.html HTTP/1.1" 200 152400 "-" "Mozilla/5.0 (compatible; Googlebot/2.1; +http://www.google.com/bot.html)" 258 152763
66.249.72.141 - - [11/Jun/2009:06:02:05 +0100] "GET /webalizer/usage_200611.html HTTP/1.1" 200 104177 "-" "Mozilla/5.0 (compatible; Googlebot/2.1; +http://www.google.com/bot.html)" 258 104540
114.80.93.71 - - [11/Jun/2009:07:56:31 +0100] "GET / HTTP/1.1" 200 1266 "http://www.decodeine.com/" "Mozilla/4.0 (compatible; MSIE 6.0; Windows NT 5.1)" 245 1625
66.249.72.141 - - [11/Jun/2009:08:33:36 +0100] "GET /robots.txt HTTP/1.1" 404 357 "-" "Mozilla/5.0 (compatible; Googlebot/2.1; +http://www.google.com/bot.html)" 258 641
66.249.72.141 - - [11/Jun/2009:08:33:36 +0100] "GET /yellowdrag.swf HTTP/1.1" 404 361 "-" "Mozilla/5.0 (compatible; Googlebot/2.1; +http://www.google.com/bot.html)" 245 644
81.164.247.132 - - [11/Jun/2009:09:59:47 +0100] "GET /dec4b.swf HTTP/1.1" 200 7503350 "http://images.google.be/imgres?imgurl=http://www.decodeine.com/hs20.jpg&imgrefurl=http://www.decodeine.com/dec4b.swf&usg=__reHNXjUGZo8EHaYufeNgKZL93dk=&h=365&w=513&sz=149&hl=nl&start=1&sig2=2_h-BUBhD1du_XLQDJR5vw&um=1&tbnid=aHcDUMg5VVn3RM:&tbnh=93&tbnw=131&prev=/images%3Fq%3Dacoustic%2Bsoundbuffer%2Bbuilding%26hl%3Dnl%26client%3Dfirefox-a%26rls%3Dorg.mozilla:nl:official%26hs%3DmpL%26sa%3DG%26um%3D1&ei=f8cwSprKAcSw-AbfnvTzBQ" "Mozilla/5.0 (Windows; U; Windows NT 5.1; nl; rv:1.9.0.10) Gecko/2009042316 Firefox/3.0.10" 828 2058600
81.164.247.132 - - [11/Jun/2009:09:59:48 +0100] "GET /hs20.jpg HTTP/1.1" 200 152343 "http://images.google.be/imgres?imgurl=http://www.decodeine.com/hs20.jpg&imgrefurl=http://www.decodeine.com/dec4b.swf&usg=__reHNXjUGZo8EHaYufeNgKZL93dk=&h=365&w=513&sz=149&hl=nl&start=1&sig2=2_h-BUBhD1du_XLQDJR5vw&um=1&tbnid=aHcDUMg5VVn3RM:&tbnh=93&tbnw=131&prev=/images%3Fq%3Dacoustic%2Bsoundbuffer%2Bbuilding%26hl%3Dnl%26client%3Dfirefox-a%26rls%3Dorg.mozilla:nl:official%26hs%3DmpL%26sa%3DG%26um%3D1&ei=f8cwSprKAcSw-AbfnvTzBQ" "Mozilla/5.0 (Windows; U; Windows NT 5.1; nl; rv:1.9.0.10) Gecko/2009042316 Firefox/3.0.10" 827 152707
81.164.247.132 - - [11/Jun/2009:09:59:51 +0100] "GET /dec4b.swf HTTP/1.1" 206 5696255 "http://images.google.be/imgres?imgurl=http://www.decodeine.com/hs20.jpg&imgrefurl=http://www.decodeine.com/dec4b.swf&usg=__reHNXjUGZo8EHaYufeNgKZL93dk=&h=365&w=513&sz=149&hl=nl&start=1&sig2=2_h-BUBhD1du_XLQDJR5vw&um=1&tbnid=aHcDUMg5VVn3RM:&tbnh=93&tbnw=131&prev=/images%3Fq%3Dacoustic%2Bsoundbuffer%2Bbuilding%26hl%3Dnl%26client%3Dfirefox-a%26rls%3Dorg.mozilla:nl:official%26hs%3DmpL%26sa%3DG%26um%3D1&ei=f8cwSprKAcSw-AbfnvTzBQ" "Mozilla/5.0 (Windows; U; Windows NT 5.1; nl; rv:1.9.0.10) Gecko/2009042316 Firefox/3.0.10" 891 807380
66.249.72.141 - - [11/Jun/2009:11:05:04 +0100] "GET /webalizer/usage_200906.html HTTP/1.1" 200 130311 "-" "Mozilla/5.0 (compatible; Googlebot/2.1; +http://www.google.com/bot.html)" 258 130675
124.115.0.160 - - [11/Jun/2009:13:53:45 +0100] "HEAD / HTTP/1.1" 200 - "http://www.decodeine.com/" "Sosospider+(+http://help.soso.com/webspider.htm)" 244 359
66.249.72.141 - - [11/Jun/2009:15:01:52 +0100] "GET /ob14.jpg HTTP/1.1" 304 - "-" "Googlebot-Image/1.0" 236 256
66.235.124.4 - - [11/Jun/2009:15:08:57 +0100] "GET /robots.txt HTTP/1.1" 404 357 "-" "Mozilla/5.0 (compatible; Ask Jeeves/Teoma; +http://about.ask.com/en/docs/about/webmasters.shtml)" 221 641
66.235.124.4 - - [11/Jun/2009:15:09:12 +0100] "GET / HTTP/1.1" 200 1266 "-" "Mozilla/5.0 (compatible; Ask Jeeves/Teoma; +http://about.ask.com/en/docs/about/webmasters.shtml)" 246 1587
66.249.72.141 - - [11/Jun/2009:17:08:50 +0100] "GET /ob16.jpg HTTP/1.1" 304 - "-" "Googlebot-Image/1.0" 236 256
220.181.61.234 - - [11/Jun/2009:19:12:14 +0100] "GET / HTTP/1.1" 200 1266 "-" "Sogou web spider/4.0(+http://www.sogou.com/docs/help/webmasters.htm#07)" 275 1587
88.131.106.11 - - [11/Jun/2009:19:41:56 +0100] "GET /robots.txt HTTP/1.0" 404 357 "-" "Speedy Spider (http://www.entireweb.com/about/search_tech/speedy_spider/)" 199 603
88.131.106.11 - - [11/Jun/2009:19:41:57 +0100] "GET / HTTP/1.0" 200 1266 "-" "Speedy Spider (http://www.entireweb.com/about/search_tech/speedy_spider/)" 189 1587
66.249.72.141 - - [11/Jun/2009:19:54:15 +0100] "GET /ob5.jpg HTTP/1.1" 304 - "-" "Googlebot-Image/1.0" 235 255
219.234.81.33 - - [11/Jun/2009:21:15:17 +0100] "GET / HTTP/1.1" 200 1266 "-" "Mozilla/4.0 (compatible; MSIE 6.0; Windows NT 5.1; SV1; Avant Browser; InfoPath.1; .NET CLR 2.0.50727; .NET CLR1.1.4322)" 376 1587
219.234.81.33 - - [11/Jun/2009:21:15:27 +0100] "GET /robots.txt HTTP/1.1" 404 357 "-" "-" 73 584
114.80.93.71 - - [11/Jun/2009:21:19:54 +0100] "GET / HTTP/1.1" 200 1266 "http://www.decodeine.com/" "Mozilla/4.0 (compatible; MSIE 6.0; Windows NT 5.1)" 245 1625
66.249.72.141 - - [11/Jun/2009:22:00:14 +0100] "GET /robots.txt HTTP/1.1" 404 357 "-" "Googlebot-Image/1.0" 205 641
66.249.72.141 - - [11/Jun/2009:22:00:15 +0100] "GET /hs13.jpg HTTP/1.1" 304 - "-" "Googlebot-Image/1.0" 236 254
208.80.195.36 - - [11/Jun/2009:22:48:04 +0100] "GET / HTTP/1.0" 200 1266 "-" "Mozilla/4.0 (compatible; MSIE 7.0; Windows NT 5.1; .NET CLR 1.1.4322; SpamBlockerUtility 4.8.4; .NET CLR 2.0.50727; Dealio Toolbar 3.1.1)" 194 1587
66.249.72.141 - - [11/Jun/2009:22:58:23 +0100] "GET /ob2.jpg HTTP/1.1" 304 - "-" "Googlebot-Image/1.0" 235 255
195.128.18.18 - - [12/Jun/2009:02:03:19 +0100] "GET /robots.txt HTTP/1.0" 404 357 "-" "Mozilla/5.0 (compatible; DBLBot/1.0; +http://www.dontbuylists.com/)" 406 641
195.128.18.18 - - [12/Jun/2009:02:03:19 +0100] "GET / HTTP/1.0" 200 1266 "-" "Mozilla/5.0 (compatible; DBLBot/1.0; +http://www.dontbuylists.com/)" 442 1625
195.128.18.18 - - [12/Jun/2009:02:03:19 +0100] "GET /feidad.html HTTP/1.0" 200 820 "-" "Mozilla/5.0 (compatible; DBLBot/1.0; +http://www.dontbuylists.com/)" 453 1177
195.128.18.18 - - [12/Jun/2009:02:03:20 +0100] "GET /sitemap/ HTTP/1.0" 404 355 "-" "Mozilla/5.0 (compatible; DBLBot/1.0; +http://www.dontbuylists.com/)" 450 638
195.128.18.18 - - [12/Jun/2009:02:03:20 +0100] "GET /sitemap.xml HTTP/1.0" 404 358 "-" "Mozilla/5.0 (compatible; DBLBot/1.0; +http://www.dontbuylists.com/)" 421 641
195.128.18.18 - - [12/Jun/2009:02:03:20 +0100] "GET /google_sitemap.xml HTTP/1.0" 404 365 "-" "Mozilla/5.0 (compatible; DBLBot/1.0; +http://www.dontbuylists.com/)" 428 648
195.128.18.18 - - [12/Jun/2009:02:03:20 +0100] "GET /robots.txt HTTP/1.0" 404 357 "-" "Mozilla/5.0 (compatible; DBLBot/1.0; +http://www.dontbuylists.com/)" 406 640
195.128.18.18 - - [12/Jun/2009:02:03:21 +0100] "GET / HTTP/1.0" 200 1266 "-" "Mozilla/5.0 (compatible; DBLBot/1.0; +http://www.dontbuylists.com/)" 442 1624
195.128.18.18 - - [12/Jun/2009:02:03:23 +0100] "GET /feidad.html HTTP/1.0" 200 820 "-" "Mozilla/5.0 (compatible; DBLBot/1.0; +http://www.dontbuylists.com/)" 453 1177
195.128.18.18 - - [12/Jun/2009:02:03:23 +0100] "GET /sitemap/ HTTP/1.0" 404 355 "-" "Mozilla/5.0 (compatible; DBLBot/1.0; +http://www.dontbuylists.com/)" 450 638
195.128.18.18 - - [12/Jun/2009:02:03:23 +0100] "GET /sitemap.xml HTTP/1.0" 404 358 "-" "Mozilla/5.0 (compatible; DBLBot/1.0; +http://www.dontbuylists.com/)" 421 641
195.128.18.18 - - [12/Jun/2009:02:03:23 +0100] "GET /google_sitemap.xml HTTP/1.0" 404 365 "-" "Mozilla/5.0 (compatible; DBLBot/1.0; +http://www.dontbuylists.com/)" 428 648
66.249.66.233 - - [12/Jun/2009:02:34:50 +0100] "GET /eh20.jpg HTTP/1.1" 304 - "-" "Googlebot-Image/1.0" 236 256
66.249.66.233 - - [12/Jun/2009:02:50:59 +0100] "GET /no-text1098217948510661253 HTTP/1.1" 404 373 "-" "Googlebot-Image/1.0" 254 657
66.249.66.233 - - [12/Jun/2009:03:10:21 +0100] "GET /eh17.jpg HTTP/1.1" 304 - "-" "Googlebot-Image/1.0" 236 256
216.129.119.14 - - [12/Jun/2009:04:04:56 +0100] "GET /robots.txt HTTP/1.0" 404 357 "-" "Mozilla/5.0 (Twiceler-0.9 http://www.cuil.com/twiceler/robot.html)" 199 603
193.47.80.50 - - [12/Jun/2009:06:14:46 +0100] "GET /robots.txt HTTP/1.1" 404 357 "-" "Mozilla/5.0 (compatible; Exabot/3.0; +http://www.exabot.com/go/robot)" 260 603
193.47.80.50 - - [12/Jun/2009:06:14:46 +0100] "GET / HTTP/1.1" 304 - "-" "Mozilla/5.0 (compatible; Exabot/3.0; +http://www.exabot.com/go/robot)" 342 216
84.78.187.158 - - [12/Jun/2009:06:44:07 +0100] "GET /dec4b.swf HTTP/1.1" 200 7503350 "http://images.google.es/imgres?imgurl=http://www.decodeine.com/bs08.jpg&imgrefurl=http://www.decodeine.com/dec4b.swf&usg=__Ah_EQ-B3wKuhz3U3mY44KYUJGxA=&h=363&w=602&sz=137&hl=en&start=124&sig2=YJqn9Anh5LjndahWhXzCCA&um=1&tbnid=w34nrzSUWQuITM:&tbnh=81&tbnw=135&prev=/images%3Fq%3Dcathedral%2Baxonometric%26ndsp%3D21%26hl%3Den%26client%3Dfirefox-a%26rls%3Dorg.mozilla:en-US:official%26sa%3DN%26start%3D105%26um%3D1&ei=HesxSvbQJIWhjAeGodyRCg" "Mozilla/5.0 (Windows; U; Windows NT 6.0; en-US; rv:1.9.0.10) Gecko/2009042316 Firefox/3.0.10" 832 391280
84.78.187.158 - - [12/Jun/2009:06:44:10 +0100] "GET /bs08.jpg HTTP/1.1" 200 168821 "http://images.google.es/imgres?imgurl=http://www.decodeine.com/bs08.jpg&imgrefurl=http://www.decodeine.com/dec4b.swf&usg=__Ah_EQ-B3wKuhz3U3mY44KYUJGxA=&h=363&w=602&sz=137&hl=en&start=124&sig2=YJqn9Anh5LjndahWhXzCCA&um=1&tbnid=w34nrzSUWQuITM:&tbnh=81&tbnw=135&prev=/images%3Fq%3Dcathedral%2Baxonometric%26ndsp%3D21%26hl%3Den%26client%3Dfirefox-a%26rls%3Dorg.mozilla:en-US:official%26sa%3DN%26start%3D105%26um%3D1&ei=HesxSvbQJIWhjAeGodyRCg" "Mozilla/5.0 (Windows; U; Windows NT 6.0; en-US; rv:1.9.0.10) Gecko/2009042316 Firefox/3.0.10" 831 169185
84.78.187.158 - - [12/Jun/2009:06:45:39 +0100] "GET /bs03.jpg HTTP/1.1" 200 137025 "-" "Mozilla/5.0 (Windows; U; Windows NT 6.0; en-US; rv:1.9.0.10) Gecko/2009042316 Firefox/3.0.10" 383 137389
84.78.187.158 - - [12/Jun/2009:06:44:18 +0100] "GET /dec4b.swf HTTP/1.1" 206 7165015 "http://images.google.es/imgres?imgurl=http://www.decodeine.com/bs08.jpg&imgrefurl=http://www.decodeine.com/dec4b.swf&usg=__Ah_EQ-B3wKuhz3U3mY44KYUJGxA=&h=363&w=602&sz=137&hl=en&start=124&sig2=YJqn9Anh5LjndahWhXzCCA&um=1&tbnid=w34nrzSUWQuITM:&tbnh=81&tbnw=135&prev=/images%3Fq%3Dcathedral%2Baxonometric%26ndsp%3D21%26hl%3Den%26client%3Dfirefox-a%26rls%3Dorg.mozilla:en-US:official%26sa%3DN%26start%3D105%26um%3D1&ei=HesxSvbQJIWhjAeGodyRCg" "Mozilla/5.0 (Windows; U; Windows NT 6.0; en-US; rv:1.9.0.10) Gecko/2009042316 Firefox/3.0.10" 894 7165457
84.78.187.158 - - [12/Jun/2009:06:45:45 +0100] "GET /bs13.jpg HTTP/1.1" 200 141100 "-" "Mozilla/5.0 (Windows; U; Windows NT 6.0; en-US; rv:1.9.0.10) Gecko/2009042316 Firefox/3.0.10" 383 141463
84.78.187.158 - - [12/Jun/2009:06:45:49 +0100] "GET /bs14.jpg HTTP/1.1" 200 181357 "-" "Mozilla/5.0 (Windows; U; Windows NT 6.0; en-US; rv:1.9.0.10) Gecko/2009042316 Firefox/3.0.10" 383 181720
66.249.66.233 - - [12/Jun/2009:07:15:27 +0100] "GET /webalizer/usage_200809.html HTTP/1.1" 200 148760 "-" "Mozilla/5.0 (compatible; Googlebot/2.1; +http://www.google.com/bot.html)" 258 149123
66.249.66.233 - - [12/Jun/2009:07:36:39 +0100] "GET /log/?C=M;O=A HTTP/1.1" 200 3184 "-" "Mozilla/5.0 (compatible; Googlebot/2.1; +http://www.google.com/bot.html)" 243 3456
76.65.81.79 - - [12/Jun/2009:08:47:40 +0100] "GET / HTTP/1.0" 200 1266 "-" "Mozilla/4.0 (compatible; MSIE 6.0; Windows NT 5.0)" 142 1587
76.65.81.79 - - [12/Jun/2009:08:47:40 +0100] "GET /feidad.html HTTP/1.0" 200 820 "-" "Mozilla/4.0 (compatible; MSIE 6.0; Windows NT 5.0)" 153 1140
72.30.161.248 - - [12/Jun/2009:10:24:54 +0100] "GET /robots.txt HTTP/1.0" 404 357 "-" "Mozilla/5.0 (compatible; Yahoo! Slurp; http://help.yahoo.com/help/us/ysearch/slurp)" 194 603
72.30.161.248 - - [12/Jun/2009:10:24:54 +0100] "GET /feidad.html HTTP/1.0" 200 820 "-" "Mozilla/5.0 (compatible; Yahoo! Slurp/3.0; http://help.yahoo.com/help/us/ysearch/slurp)" 376 1140
66.249.66.233 - - [12/Jun/2009:11:05:41 +0100] "GET /robots.txt HTTP/1.1" 404 357 "-" "Mozilla/5.0 (compatible; Googlebot/2.1; +http://www.google.com/bot.html)" 258 641
66.249.66.233 - - [12/Jun/2009:11:05:41 +0100] "GET /webalizer/usage_200906.html HTTP/1.1" 200 133138 "-" "Mozilla/5.0 (compatible; Googlebot/2.1; +http://www.google.com/bot.html)" 258 133501
66.249.66.233 - - [12/Jun/2009:12:00:00 +0100] "GET / HTTP/1.1" 200 1266 "-" "Mozilla/5.0 (compatible; Googlebot/2.1; +http://www.google.com/bot.html)" 231 1625
124.115.0.160 - - [12/Jun/2009:12:59:44 +0100] "HEAD / HTTP/1.1" 200 - "http://www.decodeine.com/" "Sosospider+(+http://help.soso.com/webspider.htm)" 244 359
85.25.124.167 - - [12/Jun/2009:14:02:52 +0100] "GET / HTTP/1.1" 200 1266 "-" "Shelob (shelob@gmx.net)" 194 1568
85.25.124.167 - - [12/Jun/2009:14:02:52 +0100] "GET / HTTP/1.1" 200 1266 "-" "Shelob (shelob@gmx.net)" 194 1568
85.25.124.167 - - [12/Jun/2009:14:02:53 +0100] "GET / HTTP/1.1" 200 1266 "-" "Shelob (shelob@gmx.net)" 194 1568
114.80.93.71 - - [12/Jun/2009:15:03:34 +0100] "GET / HTTP/1.1" 200 1266 "http://www.decodeine.com/" "Mozilla/4.0 (compatible; MSIE 6.0; Windows NT 5.1)" 245 1625
65.55.106.230 - - [12/Jun/2009:16:37:27 +0100] "GET /robots.txt HTTP/1.1" 404 357 "-" "msnbot/2.0b (+http://search.msn.com/msnbot.htm)" 194 641
65.55.106.230 - - [12/Jun/2009:17:14:38 +0100] "GET / HTTP/1.1" 304 - "-" "msnbot/2.0b (+http://search.msn.com/msnbot.htm)" 308 254
66.249.66.233 - - [12/Jun/2009:19:16:09 +0100] "GET /dec4b.swf HTTP/1.1" 200 7503350 "-" "Mozilla/5.0 (compatible; Googlebot/2.1; +http://www.google.com/bot.html)" 240 7503735
208.80.195.39 - - [12/Jun/2009:19:54:51 +0100] "GET / HTTP/1.0" 200 1266 "-" "Mozilla/4.0 (compatible; MSIE 7.0; Windows NT 5.1; .NET CLR 1.1.4322; Hotbar 4.6.1; IEMB3; IEMB3)" 154 1587
66.249.66.233 - - [13/Jun/2009:01:25:42 +0100] "GET /robots.txt HTTP/1.1" 404 357 "-" "Googlebot-Image/1.0" 205 641
66.249.66.233 - - [13/Jun/2009:01:25:42 +0100] "GET /o12.jpg HTTP/1.1" 404 354 "-" "Googlebot-Image/1.0" 235 637
80.74.64.27 - - [13/Jun/2009:03:17:01 +0100] "GET /?_SERVER[DOCUMENT_ROOT]=http://www.teampoint-koeln.de/images/cek.jpg?? HTTP/1.1" 200 1266 "-" "libwww-perl/5.805" 163 1587
216.14.117.22 - - [13/Jun/2009:03:17:29 +0100] "GET /?_SERVER[DOCUMENT_ROOT]=http://www.teampoint-koeln.de/images/cek.jpg?? HTTP/1.1" 200 1266 "-" "libwww-perl/5.820" 191 1587
70.85.165.10 - - [13/Jun/2009:03:18:30 +0100] "GET /?_SERVER[DOCUMENT_ROOT]=http://www.teampoint-koeln.de/images/cek.jpg?? HTTP/1.1" 200 1266 "-" "libwww-perl/5.811" 191 1587
216.14.117.22 - - [13/Jun/2009:03:18:38 +0100] "GET /?_SERVER[DOCUMENT_ROOT]=http://www.teampoint-koeln.de/images/cek.jpg?? HTTP/1.1" 200 1266 "-" "libwww-perl/5.820" 191 1587
70.85.165.10 - - [13/Jun/2009:03:19:08 +0100] "GET /?_SERVER[DOCUMENT_ROOT]=http://www.teampoint-koeln.de/images/cek.jpg?? HTTP/1.1" 200 1266 "-" "libwww-perl/5.811" 191 1587
80.74.64.27 - - [13/Jun/2009:03:19:34 +0100] "GET /?_SERVER[DOCUMENT_ROOT]=http://www.teampoint-koeln.de/images/cek.jpg?? HTTP/1.1" 200 1266 "-" "libwww-perl/5.805" 163 1587
216.14.117.22 - - [13/Jun/2009:03:21:31 +0100] "GET /log/error.log/?_SERVER[DOCUMENT_ROOT]=http://www.teampoint-koeln.de/images/cek.jpg?? HTTP/1.1" 404 361 "-" "libwww-perl/5.820" 205 607
216.14.117.22 - - [13/Jun/2009:03:21:31 +0100] "GET /?_SERVER[DOCUMENT_ROOT]=http://www.teampoint-koeln.de/images/cek.jpg?? HTTP/1.1" 200 1266 "-" "libwww-perl/5.820" 191 1587
216.14.117.22 - - [13/Jun/2009:03:21:31 +0100] "GET /log/?_SERVER[DOCUMENT_ROOT]=http://www.teampoint-koeln.de/images/cek.jpg?? HTTP/1.1" 200 3184 "-" "libwww-perl/5.820" 195 3418
216.14.117.22 - - [13/Jun/2009:03:21:43 +0100] "GET /log/web.log/?_SERVER[DOCUMENT_ROOT]=http://www.teampoint-koeln.de/images/cek.jpg?? HTTP/1.1" 404 359 "-" "libwww-perl/5.820" 203 605
70.85.165.10 - - [13/Jun/2009:03:22:45 +0100] "GET /log/error.log/?_SERVER[DOCUMENT_ROOT]=http://www.teampoint-koeln.de/images/cek.jpg?? HTTP/1.1" 404 361 "-" "libwww-perl/5.811" 205 607
70.85.165.10 - - [13/Jun/2009:03:22:45 +0100] "GET /?_SERVER[DOCUMENT_ROOT]=http://www.teampoint-koeln.de/images/cek.jpg?? HTTP/1.1" 200 1266 "-" "libwww-perl/5.811" 191 1587
70.85.165.10 - - [13/Jun/2009:03:22:45 +0100] "GET /log/?_SERVER[DOCUMENT_ROOT]=http://www.teampoint-koeln.de/images/cek.jpg?? HTTP/1.1" 200 3184 "-" "libwww-perl/5.811" 195 3418
70.85.165.10 - - [13/Jun/2009:03:22:57 +0100] "GET /log/web.log/?_SERVER[DOCUMENT_ROOT]=http://www.teampoint-koeln.de/images/cek.jpg?? HTTP/1.1" 404 359 "-" "libwww-perl/5.811" 203 605
80.74.64.27 - - [13/Jun/2009:03:28:06 +0100] "GET /log/error.log/?_SERVER[DOCUMENT_ROOT]=http://www.teampoint-koeln.de/images/cek.jpg?? HTTP/1.1" 404 361 "-" "libwww-perl/5.805" 177 607
80.74.64.27 - - [13/Jun/2009:03:28:06 +0100] "GET /?_SERVER[DOCUMENT_ROOT]=http://www.teampoint-koeln.de/images/cek.jpg?? HTTP/1.1" 200 1266 "-" "libwww-perl/5.805" 163 1587
80.74.64.27 - - [13/Jun/2009:03:28:07 +0100] "GET /log/?_SERVER[DOCUMENT_ROOT]=http://www.teampoint-koeln.de/images/cek.jpg?? HTTP/1.1" 200 3184 "-" "libwww-perl/5.805" 167 3418
61.250.85.185 - - [13/Jun/2009:03:28:48 +0100] "GET /?_SERVER[DOCUMENT_ROOT]=http://www.teampoint-koeln.de/images/cek.jpg?? HTTP/1.1" 200 1266 "-" "libwww-perl/5.79" 162 1587
61.250.85.185 - - [13/Jun/2009:03:30:07 +0100] "GET /?_SERVER[DOCUMENT_ROOT]=http://www.teampoint-koeln.de/images/cek.jpg?? HTTP/1.1" 200 1266 "-" "libwww-perl/5.79" 162 1587
66.232.143.238 - - [13/Jun/2009:03:33:05 +0100] "GET /?_SERVER[DOCUMENT_ROOT]=http://www.teampoint-koeln.de/images/cek.jpg?? HTTP/1.1" 200 1266 "-" "libwww-perl/5.805" 191 1587
80.74.64.27 - - [13/Jun/2009:03:34:05 +0100] "GET /log/web.log/?_SERVER[DOCUMENT_ROOT]=http://www.teampoint-koeln.de/images/cek.jpg?? HTTP/1.1" 404 359 "-" "libwww-perl/5.805" 175 605
66.232.143.238 - - [13/Jun/2009:03:34:20 +0100] "GET /?_SERVER[DOCUMENT_ROOT]=http://www.teampoint-koeln.de/images/cek.jpg?? HTTP/1.1" 200 1266 "-" "libwww-perl/5.805" 191 1587
61.250.85.185 - - [13/Jun/2009:03:34:39 +0100] "GET /log/web.log/?_SERVER[DOCUMENT_ROOT]=http://www.teampoint-koeln.de/images/cek.jpg?? HTTP/1.1" 404 359 "-" "libwww-perl/5.79" 174 605
61.250.85.185 - - [13/Jun/2009:03:34:40 +0100] "GET /?_SERVER[DOCUMENT_ROOT]=http://www.teampoint-koeln.de/images/cek.jpg?? HTTP/1.1" 200 1266 "-" "libwww-perl/5.79" 162 1587
61.250.85.185 - - [13/Jun/2009:03:34:40 +0100] "GET /log/?_SERVER[DOCUMENT_ROOT]=http://www.teampoint-koeln.de/images/cek.jpg?? HTTP/1.1" 200 3184 "-" "libwww-perl/5.79" 166 3418
93.174.137.184 - - [13/Jun/2009:03:40:48 +0100] "GET /log/?_SERVER[DOCUMENT_ROOT]=http://yoursupplements4you.com/wp-content/themes/bluebrush/images/img08.jpg???? HTTP/1.1" 200 3184 "-" "Mozilla/5.0" 222 3418
93.174.137.184 - - [13/Jun/2009:03:40:48 +0100] "GET /log/error.log%20%20/?_SERVER[DOCUMENT_ROOT]=http://yoursupplements4you.com/wp-content/themes/bluebrush/images/img08.jpg???? HTTP/1.1" 404 363 "-" "Mozilla/5.0" 238 609
93.174.137.184 - - [13/Jun/2009:03:40:48 +0100] "GET /?_SERVER[DOCUMENT_ROOT]=http://yoursupplements4you.com/wp-content/themes/bluebrush/images/img08.jpg???? HTTP/1.1" 200 1266 "-" "Mozilla/5.0" 218 1587
93.174.137.184 - - [13/Jun/2009:03:40:52 +0100] "GET /log/web.log%20%20/?_SERVER[DOCUMENT_ROOT]=http://yoursupplements4you.com/wp-content/themes/bluebrush/images/img08.jpg???? HTTP/1.1" 404 361 "-" "Mozilla/5.0" 236 607
213.189.224.21 - - [13/Jun/2009:03:42:56 +0100] "GET /log/?_SERVER[DOCUMENT_ROOT]=http://yoursupplements4you.com/wp-content/themes/bluebrush/images/img08.jpg???? HTTP/1.1" 200 3184 "-" "Mozilla/5.0" 222 3418
213.189.224.21 - - [13/Jun/2009:03:42:56 +0100] "GET /log/error.log%20%20/?_SERVER[DOCUMENT_ROOT]=http://yoursupplements4you.com/wp-content/themes/bluebrush/images/img08.jpg???? HTTP/1.1" 404 363 "-" "Mozilla/5.0" 238 609
213.189.224.21 - - [13/Jun/2009:03:42:56 +0100] "GET /?_SERVER[DOCUMENT_ROOT]=http://yoursupplements4you.com/wp-content/themes/bluebrush/images/img08.jpg???? HTTP/1.1" 200 1266 "-" "Mozilla/5.0" 218 1587
213.189.224.21 - - [13/Jun/2009:03:42:59 +0100] "GET /log/web.log%20%20/?_SERVER[DOCUMENT_ROOT]=http://yoursupplements4you.com/wp-content/themes/bluebrush/images/img08.jpg???? HTTP/1.1" 404 361 "-" "Mozilla/5.0" 236 607
66.232.143.238 - - [13/Jun/2009:03:43:54 +0100] "GET /log/web.log/?_SERVER[DOCUMENT_ROOT]=http://www.teampoint-koeln.de/images/cek.jpg?? HTTP/1.1" 404 359 "-" "libwww-perl/5.805" 203 605
66.232.143.238 - - [13/Jun/2009:03:43:56 +0100] "GET /?_SERVER[DOCUMENT_ROOT]=http://www.teampoint-koeln.de/images/cek.jpg?? HTTP/1.1" 200 1266 "-" "libwww-perl/5.805" 191 1587
61.109.250.29 - - [13/Jun/2009:03:43:56 +0100] "GET /log/web.log%20%20/?_SERVER[DOCUMENT_ROOT]=http://yoursupplements4you.com/wp-content/themes/bluebrush/images/img08.jpg???? HTTP/1.1" 404 361 "-" "Mozilla/5.0" 208 607
61.109.250.29 - - [13/Jun/2009:03:43:57 +0100] "GET /log/?_SERVER[DOCUMENT_ROOT]=http://yoursupplements4you.com/wp-content/themes/bluebrush/images/img08.jpg???? HTTP/1.1" 200 3184 "-" "Mozilla/5.0" 194 3418
61.109.250.29 - - [13/Jun/2009:03:43:57 +0100] "GET /?_SERVER[DOCUMENT_ROOT]=http://yoursupplements4you.com/wp-content/themes/bluebrush/images/img08.jpg???? HTTP/1.1" 200 1266 "-" "Mozilla/5.0" 190 1587
66.232.143.238 - - [13/Jun/2009:03:43:57 +0100] "GET /log/?_SERVER[DOCUMENT_ROOT]=http://www.teampoint-koeln.de/images/cek.jpg?? HTTP/1.1" 200 3184 "-" "libwww-perl/5.805" 195 3418
61.109.250.29 - - [13/Jun/2009:03:45:49 +0100] "GET /log/error.log%20%20/?_SERVER[DOCUMENT_ROOT]=http://yoursupplements4you.com/wp-content/themes/bluebrush/images/img08.jpg???? HTTP/1.1" 404 363 "-" "Mozilla/5.0" 210 609
61.250.85.185 - - [13/Jun/2009:03:48:22 +0100] "GET /log/error.log/?_SERVER[DOCUMENT_ROOT]=http://www.teampoint-koeln.de/images/cek.jpg?? HTTP/1.1" 404 361 "-" "libwww-perl/5.79" 176 607
66.232.143.238 - - [13/Jun/2009:04:04:55 +0100] "GET /log/error.log/?_SERVER[DOCUMENT_ROOT]=http://www.teampoint-koeln.de/images/cek.jpg?? HTTP/1.1" 404 361 "-" "libwww-perl/5.805" 205 607
66.249.66.233 - - [13/Jun/2009:04:41:22 +0100] "GET /ob19.jpg HTTP/1.1" 304 - "-" "Googlebot-Image/1.0" 236 255
66.249.66.233 - - [13/Jun/2009:06:44:25 +0100] "GET /o13.jpg HTTP/1.1" 304 - "-" "Googlebot-Image/1.0" 235 256
66.249.66.233 - - [13/Jun/2009:07:41:21 +0100] "GET /webalizer/usage_200711.html HTTP/1.1" 200 149412 "-" "Mozilla/5.0 (compatible; Googlebot/2.1; +http://www.google.com/bot.html)" 258 149776
216.129.119.14 - - [13/Jun/2009:07:56:12 +0100] "GET /robots.txt HTTP/1.0" 404 357 "-" "Mozilla/5.0 (Twiceler-0.9 http://www.cuil.com/twiceler/robot.html)" 199 603
66.249.66.233 - - [13/Jun/2009:08:22:15 +0100] "GET /no-text-3557436723833523126 HTTP/1.1" 404 374 "-" "Googlebot-Image/1.0" 255 658
66.249.66.233 - - [13/Jun/2009:09:03:44 +0100] "GET /webalizer//usage_200807.html HTTP/1.1" 200 151253 "-" "Mozilla/5.0 (compatible; Googlebot/2.1; +http://www.google.com/bot.html)" 259 151617
66.249.66.233 - - [13/Jun/2009:09:27:39 +0100] "GET /webalizer/usage_200807.html HTTP/1.1" 200 151253 "-" "Mozilla/5.0 (compatible; Googlebot/2.1; +http://www.google.com/bot.html)" 258 151617
66.249.66.233 - - [13/Jun/2009:09:29:33 +0100] "GET /adaptation10.swf HTTP/1.1" 404 363 "-" "Mozilla/5.0 (compatible; Googlebot/2.1; +http://www.google.com/bot.html)" 247 647
66.249.66.233 - - [13/Jun/2009:11:08:11 +0100] "GET /webalizer/usage_200906.html HTTP/1.1" 200 135849 "-" "Mozilla/5.0 (compatible; Googlebot/2.1; +http://www.google.com/bot.html)" 258 136213
124.115.0.22 - - [13/Jun/2009:11:49:38 +0100] "HEAD / HTTP/1.1" 200 - "http://www.decodeine.com/" "Sosospider+(+http://help.soso.com/webspider.htm)" 244 359
66.249.66.233 - - [13/Jun/2009:11:58:37 +0100] "GET /yellowdrag3a.swf HTTP/1.1" 404 363 "-" "Mozilla/5.0 (compatible; Googlebot/2.1; +http://www.google.com/bot.html)" 247 647
205.178.184.156 - - [13/Jun/2009:12:00:36 +0100] "HEAD / HTTP/1.1" 200 - "-" "Mozilla/5.0 (Windows; U; Windows NT 5.1; en-US; rv:1.8.1.12) Gecko/20080201 Firefox/2.0.0.12" 169 321
66.249.66.233 - - [13/Jun/2009:12:56:48 +0100] "GET /hs02.jpg HTTP/1.1" 304 - "-" "Googlebot-Image/1.0" 236 255
66.249.66.233 - - [13/Jun/2009:14:11:26 +0100] "GET /robots.txt HTTP/1.1" 404 357 "-" "Mozilla/5.0 (compatible; Googlebot/2.1; +http://www.google.com/bot.html)" 258 641
66.249.66.233 - - [13/Jun/2009:14:11:26 +0100] "GET /log/error.log.2 HTTP/1.1" 304 - "-" "Mozilla/5.0 (compatible; Googlebot/2.1; +http://www.google.com/bot.html)" 296 253
66.249.66.233 - - [13/Jun/2009:15:21:59 +0100] "GET /o6.jpg HTTP/1.1" 304 - "-" "Googlebot-Image/1.0" 234 283
208.80.195.45 - - [13/Jun/2009:16:38:19 +0100] "GET / HTTP/1.0" 200 1266 "-" "Mozilla/4.0 (compatible; MSIE 6.0; AOL 9.0; Windows NT 5.1; SV1; FunWebProducts; InfoPath.2)" 149 1587
66.249.66.233 - - [13/Jun/2009:17:15:35 +0100] "GET /hs17.jpg HTTP/1.1" 304 - "-" "Googlebot-Image/1.0" 236 256
79.175.67.158 - - [13/Jun/2009:19:38:23 +0100] "GET / HTTP/1.1" 200 1266 "http://www.decodeine.org/" "Mozilla/5.0 (Windows; U; Windows NT 5.1; en-GB; rv:1.9.0.11) Gecko/2009060215 Firefox/3.0.11" 411 1625
79.175.67.158 - - [13/Jun/2009:19:38:23 +0100] "GET /index.jpg HTTP/1.1" 200 225683 "http://www.decodeine.com/" "Mozilla/5.0 (Windows; U; Windows NT 5.1; en-GB; rv:1.9.0.11) Gecko/2009060215 Firefox/3.0.11" 390 226046
79.175.67.158 - - [13/Jun/2009:19:38:23 +0100] "GET /indexbutton.jpg HTTP/1.1" 200 153759 "http://www.decodeine.com/" "Mozilla/5.0 (Windows; U; Windows NT 5.1; en-GB; rv:1.9.0.11) Gecko/2009060215 Firefox/3.0.11" 396 154123
79.175.67.158 - - [13/Jun/2009:19:38:31 +0100] "GET /favicon.ico HTTP/1.1" 404 358 "-" "Mozilla/5.0 (Windows; U; Windows NT 5.1; en-GB; rv:1.9.0.11) Gecko/2009060215 Firefox/3.0.11" 356 641
79.175.67.158 - - [13/Jun/2009:19:38:34 +0100] "GET /favicon.ico HTTP/1.1" 404 358 "-" "Mozilla/5.0 (Windows; U; Windows NT 5.1; en-GB; rv:1.9.0.11) Gecko/2009060215 Firefox/3.0.11" 386 641
79.175.67.158 - - [13/Jun/2009:19:40:21 +0100] "GET /feidad.html HTTP/1.1" 200 820 "http://www.decodeine.com/" "Mozilla/5.0 (Windows; U; Windows NT 5.1; en-GB; rv:1.9.0.11) Gecko/2009060215 Firefox/3.0.11" 422 1178
79.175.67.158 - - [13/Jun/2009:19:40:21 +0100] "GET /dec4b.swf HTTP/1.1" 200 7503350 "http://www.decodeine.com/feidad.html" "Mozilla/5.0 (Windows; U; Windows NT 5.1; en-GB; rv:1.9.0.11) Gecko/2009060215 Firefox/3.0.11" 431 7503734
114.80.93.71 - - [13/Jun/2009:20:31:03 +0100] "GET / HTTP/1.1" 200 1266 "http://www.decodeine.com/" "Mozilla/4.0 (compatible; MSIE 6.0; Windows NT 5.1)" 245 1625
66.249.66.233 - - [13/Jun/2009:21:16:58 +0100] "GET / HTTP/1.1" 200 1266 "-" "Mozilla/5.0 (iPhone; U; CPU like Mac OS X; en) AppleWebKit/420+ (KHTML, like Gecko) Version/3.0 Mobile/1A543a Safari/419.3 (compatible; Googlebot-Mobile/2.1; +http://www.google.com/bot.html)" 349 1625
72.30.161.248 - - [13/Jun/2009:21:57:18 +0100] "GET /robots.txt HTTP/1.0" 404 357 "-" "Mozilla/5.0 (compatible; Yahoo! Slurp; http://help.yahoo.com/help/us/ysearch/slurp)" 194 603
72.30.161.248 - - [13/Jun/2009:21:57:19 +0100] "GET /log/?N=D HTTP/1.0" 200 3184 "-" "Mozilla/5.0 (compatible; Yahoo! Slurp/3.0; http://help.yahoo.com/help/us/ysearch/slurp)" 373 3418
66.249.66.233 - - [13/Jun/2009:23:07:14 +0100] "GET / HTTP/1.1" 304 - "-" "Mozilla/5.0 (iPhone; U; CPU like Mac OS X; en) AppleWebKit/420+ (KHTML, like Gecko) Version/3.0 Mobile/1A543a Safari/419.3 (compatible; Googlebot-Mobile/2.1; +http://www.google.com/bot.html)" 441 254
66.249.66.233 - - [13/Jun/2009:23:51:40 +0100] "GET /hs16.jpg HTTP/1.1" 304 - "-" "Googlebot-Image/1.0" 236 256
93.158.151.24 - - [14/Jun/2009:01:09:55 +0100] "GET /robots.txt HTTP/1.1" 404 357 "-" "YandexSomething/1.0" 136 641
93.158.151.24 - - [14/Jun/2009:01:09:55 +0100] "GET / HTTP/1.1" 200 1266 "-" "YandexSomething/1.0" 431 1625
66.249.66.233 - - [14/Jun/2009:01:45:25 +0100] "GET /eha1.jpg HTTP/1.1" 404 355 "-" "Googlebot-Image/1.0" 236 639
72.30.161.248 - - [14/Jun/2009:01:54:17 +0100] "GET /log/error.log HTTP/1.0" 200 173589 "-" "Mozilla/5.0 (compatible; Yahoo! Slurp/3.0; http://help.yahoo.com/help/us/ysearch/slurp)" 378 173916
58.61.164.40 - - [14/Jun/2009:04:17:42 +0100] "GET / HTTP/1.1" 200 1266 "http://www.decodeine.com/" "Mozilla/4.0 (compatible; MSIE 6.0; Windows NT 5.1)" 245 1625
58.61.164.39 - - [14/Jun/2009:04:18:41 +0100] "GET / HTTP/1.1" 200 1266 "http://www.decodeine.com/" "Mozilla/4.0 (compatible; MSIE 6.0; Windows NT 5.1)" 245 1625
58.61.164.141 - - [14/Jun/2009:04:26:30 +0100] "GET / HTTP/1.1" 200 1266 "http://www.decodeine.com/" "Mozilla/4.0 (compatible; MSIE 6.0; Windows NT 5.1)" 245 1625
58.61.164.139 - - [14/Jun/2009:04:29:33 +0100] "GET / HTTP/1.1" 200 1266 "http://www.decodeine.com/" "Mozilla/4.0 (compatible; MSIE 6.0; Windows NT 5.1)" 245 1625
124.115.1.8 - - [14/Jun/2009:04:31:12 +0100] "GET / HTTP/1.1" 200 1266 "http://www.decodeine.com/" "Mozilla/4.0 (compatible; MSIE 6.0; Windows NT 5.1)" 245 1625
58.61.164.140 - - [14/Jun/2009:04:34:49 +0100] "GET / HTTP/1.1" 200 1266 "http://www.decodeine.com/" "Mozilla/4.0 (compatible; MSIE 6.0; Windows NT 5.1)" 245 1625
124.115.1.7 - - [14/Jun/2009:04:37:59 +0100] "GET / HTTP/1.1" 200 1266 "http://www.decodeine.com/" "Mozilla/4.0 (compatible; MSIE 6.0; Windows NT 5.1)" 245 1625
66.249.66.233 - - [14/Jun/2009:07:03:13 +0100] "GET /robots.txt HTTP/1.1" 404 357 "-" "Mozilla/5.0 (compatible; Googlebot/2.1; +http://www.google.com/bot.html)" 258 641
66.249.66.233 - - [14/Jun/2009:07:03:13 +0100] "GET /webalizer/usage_200903.html HTTP/1.1" 200 154792 "-" "Mozilla/5.0 (compatible; Googlebot/2.1; +http://www.google.com/bot.html)" 258 155154
66.249.66.233 - - [14/Jun/2009:07:25:27 +0100] "GET /webalizer/usage_200607.html HTTP/1.1" 200 106726 "-" "Mozilla/5.0 (compatible; Googlebot/2.1; +http://www.google.com/bot.html)" 258 107089
66.249.66.233 - - [14/Jun/2009:07:55:06 +0100] "GET /log/?C=D;O=D HTTP/1.1" 200 3184 "-" "Mozilla/5.0 (compatible; Googlebot/2.1; +http://www.google.com/bot.html)" 243 3456
216.129.119.14 - - [14/Jun/2009:08:01:09 +0100] "GET /robots.txt HTTP/1.0" 404 357 "-" "Mozilla/5.0 (Twiceler-0.9 http://www.cuil.com/twiceler/robot.html)" 199 603
66.249.66.233 - - [14/Jun/2009:08:52:52 +0100] "GET /o11.jpg HTTP/1.1" 304 - "-" "Googlebot-Image/1.0" 235 256
78.137.50.210 - - [14/Jun/2009:09:09:16 +0100] "GET /dec4b.swf HTTP/1.1" 200 7503350 "-" "Opera/9.27 (Windows NT 5.1; U; ru)" 402 7025760
72.30.161.248 - - [14/Jun/2009:09:11:14 +0100] "GET /robots.txt HTTP/1.0" 404 357 "-" "Mozilla/5.0 (compatible; Yahoo! Slurp; http://help.yahoo.com/help/us/ysearch/slurp)" 194 603
72.30.161.248 - - [14/Jun/2009:09:11:14 +0100] "GET /log/error.log.1 HTTP/1.0" 200 4068 "-" "Mozilla/5.0 (compatible; Yahoo! Slurp/3.0; http://help.yahoo.com/help/us/ysearch/slurp)" 380 4390
66.249.66.233 - - [14/Jun/2009:10:15:36 +0100] "GET /o4.jpg HTTP/1.1" 304 - "-" "Googlebot-Image/1.0" 234 255
66.249.66.233 - - [14/Jun/2009:11:03:47 +0100] "GET /webalizer/usage_200906.html HTTP/1.1" 200 138558 "-" "Mozilla/5.0 (compatible; Googlebot/2.1; +http://www.google.com/bot.html)" 258 138922
66.249.66.233 - - [14/Jun/2009:11:10:46 +0100] "GET /bs14.jpg HTTP/1.1" 304 - "-" "Googlebot-Image/1.0" 236 256
66.249.66.233 - - [14/Jun/2009:11:48:41 +0100] "GET /o7.jpg HTTP/1.1" 304 - "-" "Googlebot-Image/1.0" 234 283
124.115.0.23 - - [14/Jun/2009:11:49:36 +0100] "HEAD / HTTP/1.1" 200 - "http://www.decodeine.com/" "Sosospider+(+http://help.soso.com/webspider.htm)" 244 359
66.249.66.233 - - [14/Jun/2009:12:19:43 +0100] "GET /eh14.jpg HTTP/1.1" 304 - "-" "Googlebot-Image/1.0" 236 283
66.249.66.233 - - [14/Jun/2009:12:54:11 +0100] "GET /Margot.jpg HTTP/1.1" 404 357 "-" "Googlebot-Image/1.0" 238 641
208.80.195.31 - - [14/Jun/2009:13:04:10 +0100] "GET / HTTP/1.0" 200 1266 "-" "Mozilla/4.0 (compatible; MSIE 6.0; America Online Browser 1.1; Windows NT 5.1; {BAF02B0F-0CDA-46D1-9881-FD8E8F65B804}; SV1; (R1 1.3))" 190 1587
220.181.61.234 - - [14/Jun/2009:19:14:17 +0100] "GET / HTTP/1.1" 200 1266 "-" "Sogou web spider/4.0(+http://www.sogou.com/docs/help/webmasters.htm#07)" 275 1587
93.181.208.215 - - [14/Jun/2009:22:26:04 +0100] "GET / HTTP/1.0" 200 1266 "http://jbm.ru/" "Mozilla/5.0 (Windows; U; Windows XP; ru; rv:1.8.1.7) Gecko/20070914 Firefox/2.0.0.7" 186 1587
66.249.66.233 - - [14/Jun/2009:23:54:14 +0100] "GET /robots.txt HTTP/1.1" 404 357 "-" "Googlebot-Image/1.0" 205 641
66.249.66.233 - - [14/Jun/2009:23:54:15 +0100] "GET /o12.jpg HTTP/1.1" 404 354 "-" "Googlebot-Image/1.0" 235 637
66.249.66.233 - - [15/Jun/2009:02:02:25 +0100] "GET /ob19.jpg HTTP/1.1" 304 - "-" "Googlebot-Image/1.0" 236 255
77.234.3.30 - - [15/Jun/2009:02:37:31 +0100] "GET / HTTP/1.0" 200 1266 "http://jbm.ru/" "Mozilla/5.0 (Windows; U; Windows NT 5.0; ru; rv:1.8.1.7) Gecko/20070914 Firefox/2.0.0.7" 190 1587
66.235.124.4 - - [15/Jun/2009:02:55:16 +0100] "GET /robots.txt HTTP/1.1" 404 357 "-" "Mozilla/5.0 (compatible; Ask Jeeves/Teoma; +http://about.ask.com/en/docs/about/webmasters.shtml)" 221 641
66.235.124.4 - - [15/Jun/2009:02:55:31 +0100] "GET / HTTP/1.1" 200 1266 "-" "Mozilla/5.0 (compatible; Ask Jeeves/Teoma; +http://about.ask.com/en/docs/about/webmasters.shtml)" 246 1587
58.61.164.207 - - [15/Jun/2009:03:23:29 +0100] "GET /robots.txt HTTP/1.1" 404 357 "http://www.decodeine.com/robots.txt" "Sosospider+(+http://help.soso.com/webspider.htm)" 263 641
66.249.66.233 - - [15/Jun/2009:05:03:38 +0100] "GET /o9.jpg HTTP/1.1" 304 - "-" "Googlebot-Image/1.0" 234 283
66.249.66.233 - - [15/Jun/2009:05:25:48 +0100] "GET /no-text-3557436723833523126 HTTP/1.1" 404 374 "-" "Googlebot-Image/1.0" 255 658
66.249.66.233 - - [15/Jun/2009:06:30:53 +0100] "GET /log/error.log.1 HTTP/1.1" 200 4068 "-" "Mozilla/5.0 (compatible; Googlebot/2.1; +http://www.google.com/bot.html)" 246 4428
66.249.66.233 - - [15/Jun/2009:06:48:16 +0100] "GET /log/ HTTP/1.1" 200 3184 "-" "Mozilla/5.0 (compatible; Googlebot/2.1; +http://www.google.com/bot.html)" 235 3456
69.238.212.112 - - [15/Jun/2009:07:37:04 +0100] "GET /hs16.jpg HTTP/1.1" 200 157251 "http://images.google.com/imgres?imgurl=http://www.decodeine.com/hs16.jpg&imgrefurl=http://www.decodeine.com/dec4b.swf&usg=__R7pw9-Z1d8H_7NZTm0rANc1shxs=&h=363&w=602&sz=154&hl=en&start=27&um=1&tbnid=e7GSQxQrlkBqmM:&tbnh=81&tbnw=135&prev=/images%3Fq%3Drenzo%2Bpiano%2B-%2Bexploded%2Baxonometric%26ndsp%3D20%26hl%3Den%26sa%3DN%26start%3D20%26um%3D1" "Mozilla/5.0 (Macintosh; U; PPC Mac OS X Mach-O; en-US; rv:1.8.1.20) Gecko/20081217 Firefox/2.0.0.20" 812 157615
66.249.66.233 - - [15/Jun/2009:07:45:56 +0100] "GET /hs01.jpg HTTP/1.1" 304 - "-" "Googlebot-Image/1.0" 236 255
216.129.119.14 - - [15/Jun/2009:07:56:14 +0100] "GET /robots.txt HTTP/1.0" 404 357 "-" "Mozilla/5.0 (Twiceler-0.9 http://www.cuil.com/twiceler/robot.html)" 199 603
66.249.66.233 - - [15/Jun/2009:07:57:54 +0100] "GET /hsa7.jpg HTTP/1.1" 404 355 "-" "Googlebot-Image/1.0" 236 639
66.249.66.233 - - [15/Jun/2009:08:16:42 +0100] "GET /hs02.jpg HTTP/1.1" 304 - "-" "Googlebot-Image/1.0" 236 255
66.249.66.233 - - [15/Jun/2009:08:28:40 +0100] "GET /o13.jpg HTTP/1.1" 304 - "-" "Googlebot-Image/1.0" 235 256
66.249.66.233 - - [15/Jun/2009:09:06:16 +0100] "GET /no-text-5894454082109235368 HTTP/1.1" 404 374 "-" "Googlebot-Image/1.0" 255 658
66.249.66.233 - - [15/Jun/2009:09:25:03 +0100] "GET /hs08.jpg HTTP/1.1" 304 - "-" "Googlebot-Image/1.0" 236 255
208.80.195.36 - - [15/Jun/2009:09:38:26 +0100] "GET / HTTP/1.0" 200 1266 "-" "Mozilla/4.0 (compatible; MSIE 6.0; Windows NT 5.1; SV1; DigExt; FunWebProducts)" 136 1587
66.249.66.233 - - [15/Jun/2009:09:39:06 +0100] "GET /webalizer/usage_200801.html HTTP/1.1" 200 147495 "-" "Mozilla/5.0 (compatible; Googlebot/2.1; +http://www.google.com/bot.html)" 258 147859
66.249.66.233 - - [15/Jun/2009:11:03:59 +0100] "GET /webalizer/usage_200906.html HTTP/1.1" 200 139441 "-" "Mozilla/5.0 (compatible; Googlebot/2.1; +http://www.google.com/bot.html)" 258 139805
124.115.4.194 - - [15/Jun/2009:11:23:53 +0100] "HEAD / HTTP/1.1" 200 - "http://www.decodeine.com/" "Sosospider+(+http://help.soso.com/webspider.htm)" 244 359
66.249.66.233 - - [15/Jun/2009:12:43:18 +0100] "GET /robots.txt HTTP/1.1" 404 357 "-" "Googlebot-Image/1.0" 205 641
66.249.66.233 - - [15/Jun/2009:12:43:19 +0100] "GET /no-text-6295002347118144649 HTTP/1.1" 404 374 "-" "Googlebot-Image/1.0" 255 657
66.249.66.233 - - [15/Jun/2009:15:15:25 +0100] "GET /o6.jpg HTTP/1.1" 304 - "-" "Googlebot-Image/1.0" 234 283
66.249.66.233 - - [15/Jun/2009:15:39:20 +0100] "GET /hs17.jpg HTTP/1.1" 304 - "-" "Googlebot-Image/1.0" 236 256
121.9.221.189 - - [15/Jun/2009:18:35:00 +0100] "GET / HTTP/1.1" 200 1266 "http://www.chimehost.com" "Mozilla/4.0 (compatible; MSIE 5.5; Windows 98)" 225 1568
41.210.252.11 - - [15/Jun/2009:18:35:00 +0100] "GET / HTTP/1.1" 200 1266 "http://www.chimehost.com/web_hosting/web_hosting.html" "Mozilla/4.0 (compatible; MSIE 5.5; Windows 98)" 322 1625
190.146.66.244 - - [15/Jun/2009:18:35:06 +0100] "GET / HTTP/1.1" 200 1266 "http://www.chimehost.com/web_hosting/web_hosting_plan2.html" "Mozilla/4.0 (compatible; MSIE 5.5; Windows 98)" 261 1587
199.84.162.26 - - [15/Jun/2009:20:22:51 +0100] "GET / HTTP/1.1" 200 1266 "http://www.decodeine.org/" "Mozilla/5.0 (Macintosh; U; PPC Mac OS X 10.4; en-US; rv:1.9.0.11) Gecko/2009060214 Firefox/3.0.11" 416 1625
199.84.162.26 - - [15/Jun/2009:20:22:51 +0100] "GET /index.jpg HTTP/1.1" 200 225683 "http://www.decodeine.com/" "Mozilla/5.0 (Macintosh; U; PPC Mac OS X 10.4; en-US; rv:1.9.0.11) Gecko/2009060214 Firefox/3.0.11" 395 226046
199.84.162.26 - - [15/Jun/2009:20:22:51 +0100] "GET /indexbutton.jpg HTTP/1.1" 200 153759 "http://www.decodeine.com/" "Mozilla/5.0 (Macintosh; U; PPC Mac OS X 10.4; en-US; rv:1.9.0.11) Gecko/2009060214 Firefox/3.0.11" 401 154123
199.84.162.26 - - [15/Jun/2009:20:22:54 +0100] "GET /favicon.ico HTTP/1.1" 404 358 "-" "Mozilla/5.0 (Macintosh; U; PPC Mac OS X 10.4; en-US; rv:1.9.0.11) Gecko/2009060214 Firefox/3.0.11" 361 641
199.84.162.26 - - [15/Jun/2009:20:22:57 +0100] "GET /favicon.ico HTTP/1.1" 404 358 "-" "Mozilla/5.0 (Macintosh; U; PPC Mac OS X 10.4; en-US; rv:1.9.0.11) Gecko/2009060214 Firefox/3.0.11" 391 641
199.84.162.26 - - [15/Jun/2009:20:22:58 +0100] "GET /feidad.html HTTP/1.1" 200 820 "http://www.decodeine.com/" "Mozilla/5.0 (Macintosh; U; PPC Mac OS X 10.4; en-US; rv:1.9.0.11) Gecko/2009060214 Firefox/3.0.11" 427 1177
199.84.162.26 - - [15/Jun/2009:20:22:58 +0100] "GET /dec4b.swf HTTP/1.1" 200 7503350 "http://www.decodeine.com/feidad.html" "Mozilla/5.0 (Macintosh; U; PPC Mac OS X 10.4; en-US; rv:1.9.0.11) Gecko/2009060214 Firefox/3.0.11" 436 7503734
199.84.162.26 - - [15/Jun/2009:20:24:30 +0100] "GET /hsa1.jpg HTTP/1.1" 404 355 "-" "Mozilla/5.0 (Macintosh; U; PPC Mac OS X 10.4; en-US; rv:1.9.0.11) Gecko/2009060214 Firefox/3.0.11" 388 639
199.84.162.26 - - [15/Jun/2009:20:24:30 +0100] "GET /hsa2.jpg HTTP/1.1" 404 355 "-" "Mozilla/5.0 (Macintosh; U; PPC Mac OS X 10.4; en-US; rv:1.9.0.11) Gecko/2009060214 Firefox/3.0.11" 388 639
199.84.162.26 - - [15/Jun/2009:20:24:30 +0100] "GET /hsa3.jpg HTTP/1.1" 404 355 "-" "Mozilla/5.0 (Macintosh; U; PPC Mac OS X 10.4; en-US; rv:1.9.0.11) Gecko/2009060214 Firefox/3.0.11" 388 639
199.84.162.26 - - [15/Jun/2009:20:24:30 +0100] "GET /hsa4.jpg HTTP/1.1" 404 355 "-" "Mozilla/5.0 (Macintosh; U; PPC Mac OS X 10.4; en-US; rv:1.9.0.11) Gecko/2009060214 Firefox/3.0.11" 388 639
199.84.162.26 - - [15/Jun/2009:20:24:30 +0100] "GET /hsa5.jpg HTTP/1.1" 404 355 "-" "Mozilla/5.0 (Macintosh; U; PPC Mac OS X 10.4; en-US; rv:1.9.0.11) Gecko/2009060214 Firefox/3.0.11" 388 639
199.84.162.26 - - [15/Jun/2009:20:24:30 +0100] "GET /hsa6.jpg HTTP/1.1" 404 355 "-" "Mozilla/5.0 (Macintosh; U; PPC Mac OS X 10.4; en-US; rv:1.9.0.11) Gecko/2009060214 Firefox/3.0.11" 388 639
199.84.162.26 - - [15/Jun/2009:20:24:30 +0100] "GET /hsa7.jpg HTTP/1.1" 404 355 "-" "Mozilla/5.0 (Macintosh; U; PPC Mac OS X 10.4; en-US; rv:1.9.0.11) Gecko/2009060214 Firefox/3.0.11" 388 638
199.84.162.26 - - [15/Jun/2009:20:24:31 +0100] "GET /HarmonicFeidad.avi HTTP/1.1" 404 365 "http://www.decodeine.com/feidad.html" "Mozilla/5.0 (Macintosh; U; PPC Mac OS X 10.4; en-US; rv:1.9.0.11) Gecko/2009060214 Firefox/3.0.11" 445 648
199.84.162.26 - - [15/Jun/2009:20:24:50 +0100] "GET /eha1.jpg HTTP/1.1" 404 355 "-" "Mozilla/5.0 (Macintosh; U; PPC Mac OS X 10.4; en-US; rv:1.9.0.11) Gecko/2009060214 Firefox/3.0.11" 388 639
199.84.162.26 - - [15/Jun/2009:20:25:01 +0100] "GET /eha1.jpg HTTP/1.1" 404 355 "-" "Mozilla/5.0 (Macintosh; U; PPC Mac OS X 10.4; en-US; rv:1.9.0.11) Gecko/2009060214 Firefox/3.0.11" 388 638
199.84.162.26 - - [15/Jun/2009:20:25:01 +0100] "GET /Hospital.avi HTTP/1.1" 404 359 "http://www.decodeine.com/feidad.html" "Mozilla/5.0 (Macintosh; U; PPC Mac OS X 10.4; en-US; rv:1.9.0.11) Gecko/2009060214 Firefox/3.0.11" 439 642
66.249.66.233 - - [16/Jun/2009:01:01:35 +0100] "GET /robots.txt HTTP/1.1" 404 357 "-" "Googlebot-Image/1.0" 205 641
66.249.66.233 - - [16/Jun/2009:01:01:35 +0100] "GET /eha1.jpg HTTP/1.1" 404 355 "-" "Googlebot-Image/1.0" 236 638
66.249.66.233 - - [16/Jun/2009:02:17:35 +0100] "GET /no-text-1799619694249186033 HTTP/1.1" 404 374 "-" "Googlebot-Image/1.0" 255 658
208.80.195.27 - - [16/Jun/2009:06:23:56 +0100] "GET / HTTP/1.0" 200 1266 "-" "Mozilla/4.0 (compatible; MSIE 6.0; Windows NT 5.1; SV1; FunWebProducts; SIMBAR Enabled; SIMBAR={2D8224FB-E5D4-4ed6-8DAC-509E92BD3514})" 191 1587
66.249.66.233 - - [16/Jun/2009:06:46:44 +0100] "GET /o11.jpg HTTP/1.1" 304 - "-" "Googlebot-Image/1.0" 235 256
64.246.165.150 - - [16/Jun/2009:07:42:34 +0100] "GET /robots.txt HTTP/1.0" 404 357 "http://www.whois.sc/" "SurveyBot/2.3 (Whois Source)" 212 603
64.246.165.150 - - [16/Jun/2009:07:42:35 +0100] "GET / HTTP/1.1" 206 1266 "http://whois.domaintools.com/decodeine.com" "SurveyBot/2.3 (Whois Source)" 351 1634
66.249.66.233 - - [16/Jun/2009:07:58:44 +0100] "GET /ob10.jpg HTTP/1.1" 304 - "-" "Googlebot-Image/1.0" 236 255
66.249.66.233 - - [16/Jun/2009:08:34:44 +0100] "GET /o10.jpg HTTP/1.1" 304 - "-" "Googlebot-Image/1.0" 235 256
216.129.119.14 - - [16/Jun/2009:08:44:16 +0100] "GET /robots.txt HTTP/1.0" 404 357 "-" "Mozilla/5.0 (Twiceler-0.9 http://www.cuil.com/twiceler/robot.html)" 199 603
66.249.66.233 - - [16/Jun/2009:09:03:53 +0100] "GET /o4.jpg HTTP/1.1" 304 - "-" "Googlebot-Image/1.0" 234 255
124.115.4.194 - - [16/Jun/2009:09:43:01 +0100] "HEAD / HTTP/1.1" 200 - "http://www.decodeine.com/" "Sosospider+(+http://help.soso.com/webspider.htm)" 244 359
66.249.66.233 - - [16/Jun/2009:11:04:57 +0100] "GET /webalizer/usage_200906.html HTTP/1.1" 200 141650 "-" "Mozilla/5.0 (compatible; Googlebot/2.1; +http://www.google.com/bot.html)" 258 142014
66.249.66.233 - - [16/Jun/2009:11:21:03 +0100] "GET /bs14.jpg HTTP/1.1" 304 - "-" "Googlebot-Image/1.0" 236 256
66.249.66.233 - - [16/Jun/2009:11:36:28 +0100] "GET /o7.jpg HTTP/1.1" 304 - "-" "Googlebot-Image/1.0" 234 283
216.129.119.14 - - [16/Jun/2009:12:02:01 +0100] "GET / HTTP/1.0" 200 1266 "-" "Mozilla/5.0 (Twiceler-0.9 http://www.cuil.com/twiceler/robot.html)" 189 1587
66.249.66.233 - - [16/Jun/2009:12:27:55 +0100] "GET /eh14.jpg HTTP/1.1" 304 - "-" "Googlebot-Image/1.0" 236 283
66.249.66.233 - - [16/Jun/2009:12:29:38 +0100] "GET /Margot.jpg HTTP/1.1" 404 357 "-" "Googlebot-Image/1.0" 238 641
124.115.2.231 - - [16/Jun/2009:13:24:10 +0100] "GET /robots.txt HTTP/1.1" 404 357 "http://www.decodeine.com/robots.txt" "Mozilla/4.0 (compatible; MSIE 6.0; Windows NT 5.1)" 242 641
213.189.224.21 - - [16/Jun/2009:13:50:20 +0100] "GET /?_SERVER[DOCUMENT_ROOT]=http://yoursupplements4you.com/wp-content/themes/bluebrush/images/img08.jpg???? HTTP/1.1" 200 1266 "-" "Mozilla/5.0" 218 1587
213.189.224.21 - - [16/Jun/2009:13:50:20 +0100] "GET /log/error.log%20%20/?_SERVER[DOCUMENT_ROOT]=http://yoursupplements4you.com/wp-content/themes/bluebrush/images/img08.jpg???? HTTP/1.1" 404 363 "-" "Mozilla/5.0" 238 609
213.189.224.21 - - [16/Jun/2009:13:50:20 +0100] "GET /log/web.log%20%20/?_SERVER[DOCUMENT_ROOT]=http://yoursupplements4you.com/wp-content/themes/bluebrush/images/img08.jpg???? HTTP/1.1" 404 361 "-" "Mozilla/5.0" 236 607
213.189.224.21 - - [16/Jun/2009:13:50:20 +0100] "GET /log/?_SERVER[DOCUMENT_ROOT]=http://yoursupplements4you.com/wp-content/themes/bluebrush/images/img08.jpg???? HTTP/1.1" 200 3184 "-" "Mozilla/5.0" 222 3418
66.249.66.233 - - [16/Jun/2009:13:57:04 +0100] "GET /robots.txt HTTP/1.1" 404 357 "-" "Googlebot-Image/1.0" 205 641
66.249.66.233 - - [16/Jun/2009:13:57:04 +0100] "GET /eh7.jpg HTTP/1.1" 304 - "-" "Googlebot-Image/1.0" 235 255
66.249.66.233 - - [16/Jun/2009:15:14:43 +0100] "GET / HTTP/1.1" 200 1266 "-" "Mozilla/5.0 (compatible; Googlebot/2.1; +http://www.google.com/bot.html)" 231 1625
66.249.66.233 - - [16/Jun/2009:15:46:34 +0100] "GET /log/web.log.3 HTTP/1.1" 304 - "-" "Mozilla/5.0 (compatible; Googlebot/2.1; +http://www.google.com/bot.html)" 294 254
66.249.66.233 - - [16/Jun/2009:15:51:57 +0100] "GET /hs16.jpg HTTP/1.1" 304 - "-" "Googlebot-Image/1.0" 236 256
66.249.66.233 - - [16/Jun/2009:17:31:09 +0100] "GET /log/web.log.5 HTTP/1.1" 304 - "-" "Mozilla/5.0 (compatible; Googlebot/2.1; +http://www.google.com/bot.html)" 294 255
61.109.250.29 - - [16/Jun/2009:17:41:15 +0100] "GET /log/?_SERVER[DOCUMENT_ROOT]=http://yoursupplements4you.com/wp-content/themes/bluebrush/images/img08.jpg???? HTTP/1.1" 200 3184 "-" "Mozilla/5.0" 194 3418
61.109.250.29 - - [16/Jun/2009:17:41:15 +0100] "GET /log/web.log%20%20/?_SERVER[DOCUMENT_ROOT]=http://yoursupplements4you.com/wp-content/themes/bluebrush/images/img08.jpg???? HTTP/1.1" 404 361 "-" "Mozilla/5.0" 208 607
61.109.250.29 - - [16/Jun/2009:17:41:15 +0100] "GET /?_SERVER[DOCUMENT_ROOT]=http://yoursupplements4you.com/wp-content/themes/bluebrush/images/img08.jpg???? HTTP/1.1" 200 1266 "-" "Mozilla/5.0" 190 1587
61.109.250.29 - - [16/Jun/2009:17:44:12 +0100] "GET /log/error.log%20%20/?_SERVER[DOCUMENT_ROOT]=http://yoursupplements4you.com/wp-content/themes/bluebrush/images/img08.jpg???? HTTP/1.1" 404 363 "-" "Mozilla/5.0" 210 609
220.181.61.234 - - [16/Jun/2009:19:17:08 +0100] "GET / HTTP/1.1" 200 1266 "-" "Sogou web spider/4.0(+http://www.sogou.com/docs/help/webmasters.htm#07)" 275 1587
86.134.77.29 - - [16/Jun/2009:21:11:24 +0100] "GET /dec4b.swf HTTP/1.1" 200 7503350 "http://images.google.co.uk/imgres?imgurl=http://www.decodeine.com/hs20.jpg&imgrefurl=http://www.decodeine.com/dec4b.swf&usg=__reHNXjUGZo8EHaYufeNgKZL93dk=&h=365&w=513&sz=149&hl=en&start=21&um=1&tbnid=aHcDUMg5VVn3RM:&tbnh=93&tbnw=131&prev=/images%3Fq%3Damphitheatre%2Bcanopy%26ndsp%3D20%26hl%3Den%26cr%3DcountryUK%257CcountryGB%26rlz%3D1T4ADBF_en-GBGB283GB285%26sa%3DN%26start%3D20%26um%3D1" "Mozilla/4.0 (compatible; MSIE 7.0; Windows NT 5.1; YPC 3.2.0; FunWebProducts; GTB6; InfoPath.2; .NET CLR 2.0.50727; .NET CLR 3.0.4506.2152; .NET CLR 3.5.30729)" 999 792780
86.134.77.29 - - [16/Jun/2009:21:11:25 +0100] "GET /hs20.jpg HTTP/1.1" 200 152343 "http://images.google.co.uk/imgres?imgurl=http://www.decodeine.com/hs20.jpg&imgrefurl=http://www.decodeine.com/dec4b.swf&usg=__reHNXjUGZo8EHaYufeNgKZL93dk=&h=365&w=513&sz=149&hl=en&start=21&um=1&tbnid=aHcDUMg5VVn3RM:&tbnh=93&tbnw=131&prev=/images%3Fq%3Damphitheatre%2Bcanopy%26ndsp%3D20%26hl%3Den%26cr%3DcountryUK%257CcountryGB%26rlz%3D1T4ADBF_en-GBGB283GB285%26sa%3DN%26start%3D20%26um%3D1" "Mozilla/4.0 (compatible; MSIE 7.0; Windows NT 5.1; YPC 3.2.0; FunWebProducts; GTB6; InfoPath.2; .NET CLR 2.0.50727; .NET CLR 3.0.4506.2152; .NET CLR 3.5.30729)" 998 152707
86.134.77.29 - - [16/Jun/2009:21:11:26 +0100] "GET /favicon.ico HTTP/1.1" 404 358 "-" "Mozilla/4.0 (compatible; MSIE 7.0; Windows NT 5.1; YPC 3.2.0; FunWebProducts; GTB6; InfoPath.2; .NET CLR 2.0.50727; .NET CLR 3.0.4506.2152; .NET CLR 3.5.30729)" 309 641
86.134.77.29 - - [16/Jun/2009:21:11:31 +0100] "GET /dec4b.swf HTTP/1.1" 206 7054055 "-" "Mozilla/4.0 (compatible; MSIE 7.0; Windows NT 5.1; YPC 3.2.0; FunWebProducts; GTB6; InfoPath.2; .NET CLR 2.0.50727; .NET CLR 3.0.4506.2152; .NET CLR 3.5.30729)" 715 454060
66.249.66.233 - - [17/Jun/2009:01:09:58 +0100] "GET /o9.jpg HTTP/1.1" 304 - "-" "Googlebot-Image/1.0" 234 283
66.249.66.233 - - [17/Jun/2009:01:27:50 +0100] "GET /webalizer/usage_200703.html HTTP/1.1" 200 110824 "-" "Mozilla/5.0 (compatible; Googlebot/2.1; +http://www.google.com/bot.html)" 258 111187
220.181.61.214 - - [17/Jun/2009:02:04:42 +0100] "GET /robots.txt HTTP/1.1" 404 357 "-" "-" 73 584
